Build Information
Failed to build ZendeskSDKFayeClient, reference 1.17.0 (72fd0e), with Swift 6.4 for visionOS using Xcode 27.0 on 3 Oct 2026 10:21:44 UTC.
Build Command
env DEVELOPER_DIR=/Applications/Xcode-27.0.0-Release.Candidate.app xcrun xcodebuild -IDEClonedSourcePackagesDirPathOverride=$PWD/.dependencies -skipMacroValidation -skipPackagePluginValidation -derivedDataPath $PWD/.derivedData build -scheme ZendeskSDKFayeClient -destination generic/platform=xrOSBuild Log
========================================
RunAll
========================================
Builder version: 5.1.1
Interrupt handler set up.
========================================
Checkout
========================================
Clone URL: https://github.com/zendesk/sdk_faye_client_ios.git
Reference: 1.17.0
Initialized empty Git repository in /Users/admin/builder/spi-builder-workspace/.git/
From https://github.com/zendesk/sdk_faye_client_ios
* tag 1.17.0 -> FETCH_HEAD
HEAD is now at 72fd0ee [RELEASE] New version 1.17.0
Cloned https://github.com/zendesk/sdk_faye_client_ios.git
Revision (git rev-parse @):
72fd0ee896b681eeb7ff51f05b41cae81b68479c
SUCCESS checkout https://github.com/zendesk/sdk_faye_client_ios.git at 1.17.0
========================================
Build
========================================
Selected platform: visionOS
Swift version: 6.4
Building package at path: $PWD
https://github.com/zendesk/sdk_faye_client_ios.git
Command line invocation:
/Applications/Xcode-27.0.0-Release.Candidate.app/Contents/Developer/usr/bin/xcodebuild -IDEClonedSourcePackagesDirPathOverride=/Users/admin/builder/spi-builder-workspace/.dependencies -resolvePackageDependencies
Resolve Package Graph
Fetching from https://github.com/zendesk/sdk_logger_ios
Fetching from https://github.com/zendesk/sdk_socket_client_ios
Creating working copy of package ‘sdk_logger_ios’
Checking out 0.12.0 of package ‘sdk_logger_ios’
Creating working copy of package ‘sdk_socket_client_ios’
Checking out 1.15.0 of package ‘sdk_socket_client_ios’
Resolve Package Graph
Resolved source packages:
ZendeskSDKFayeClient: /Users/admin/builder/spi-builder-workspace
ZendeskSDKLogger: https://github.com/zendesk/sdk_logger_ios @ 0.12.0
ZendeskSDKSocketClient: https://github.com/zendesk/sdk_socket_client_ios @ 1.15.0
resolved source packages: ZendeskSDKFayeClient, ZendeskSDKLogger, ZendeskSDKSocketClient
2026-10-03 06:20:56.288 xcodebuild[529:3017] [MT] IDERunDestination: Supported platforms for the buildables in the current scheme is empty.
{
"dependencies" : [
{
"identity" : "sdk_socket_client_ios",
"requirement" : {
"range" : [
{
"lower_bound" : "1.15.0",
"upper_bound" : "2.0.0"
}
]
},
"type" : "sourceControl",
"url" : "https://github.com/zendesk/sdk_socket_client_ios"
},
{
"identity" : "sdk_logger_ios",
"requirement" : {
"range" : [
{
"lower_bound" : "0.12.0",
"upper_bound" : "1.0.0"
}
]
},
"type" : "sourceControl",
"url" : "https://github.com/zendesk/sdk_logger_ios"
}
],
"manifest_display_name" : "ZendeskSDKFayeClient",
"name" : "ZendeskSDKFayeClient",
"path" : "/Users/admin/builder/spi-builder-workspace",
"platforms" : [
{
"name" : "ios",
"version" : "16.0"
}
],
"products" : [
{
"name" : "ZendeskSDKFayeClient",
"targets" : [
"ZendeskSDKFayeClientTargets"
],
"type" : {
"library" : [
"automatic"
]
}
}
],
"targets" : [
{
"c99name" : "ZendeskSDKFayeClientTargets",
"module_type" : "SwiftTarget",
"name" : "ZendeskSDKFayeClientTargets",
"path" : "Sources",
"product_dependencies" : [
"ZendeskSDKSocketClient",
"ZendeskSDKLogger"
],
"product_memberships" : [
"ZendeskSDKFayeClient"
],
"sources" : [
"Placeholder.swift"
],
"target_dependencies" : [
"ZendeskSDKFayeClient"
],
"type" : "library"
},
{
"c99name" : "ZendeskSDKFayeClient",
"module_type" : "BinaryTarget",
"name" : "ZendeskSDKFayeClient",
"path" : "ZendeskSDKFayeClient.xcframework",
"product_memberships" : [
"ZendeskSDKFayeClient"
],
"sources" : [
],
"type" : "binary"
}
],
"tools_version" : "5.7"
}
warning: 'spi-builder-workspace': /Users/admin/builder/spi-builder-workspace/Package.swift:17:10: warning: 'package(name:url:from:)' is deprecated: use package(url:from:) instead [#DeprecatedDeclaration]
15 | ],
16 | dependencies: [
17 | .package(
| `- warning: 'package(name:url:from:)' is deprecated: use package(url:from:) instead [#DeprecatedDeclaration]
18 | name: "ZendeskSDKSocketClient",
19 | url: "https://github.com/zendesk/sdk_socket_client_ios",
/Users/admin/builder/spi-builder-workspace/Package.swift:22:10: warning: 'package(name:url:from:)' is deprecated: use package(url:from:) instead [#DeprecatedDeclaration]
20 | from: "1.15.0"
21 | ),
22 | .package(
| `- warning: 'package(name:url:from:)' is deprecated: use package(url:from:) instead [#DeprecatedDeclaration]
23 | name: "ZendeskSDKLogger",
24 | url: "https://github.com/zendesk/sdk_logger_ios",
[#DeprecatedDeclaration]: <https://docs.swift.org/compiler/documentation/diagnostics/deprecated-declaration>
{
"workspace" : {
"name" : "ZendeskSDKFayeClient",
"schemes" : [
"ZendeskSDKFayeClient"
]
}
}
2026-10-03 06:21:37.407 xcodebuild[732:4544] [MT] IDERunDestination: Supported platforms for the buildables in the current scheme is empty.
Running build ...
env DEVELOPER_DIR=/Applications/Xcode-27.0.0-Release.Candidate.app xcrun xcodebuild -IDEClonedSourcePackagesDirPathOverride=$PWD/.dependencies -skipMacroValidation -skipPackagePluginValidation -derivedDataPath $PWD/.derivedData build -scheme ZendeskSDKFayeClient -destination generic/platform=xrOS
Command line invocation:
/Applications/Xcode-27.0.0-Release.Candidate.app/Contents/Developer/usr/bin/xcodebuild -IDEClonedSourcePackagesDirPathOverride=/Users/admin/builder/spi-builder-workspace/.dependencies -skipMacroValidation -skipPackagePluginValidation -derivedDataPath /Users/admin/builder/spi-builder-workspace/.derivedData build -scheme ZendeskSDKFayeClient -destination generic/platform=xrOS
Resolve Package Graph
Resolve Package Graph
Resolved source packages:
ZendeskSDKFayeClient: /Users/admin/builder/spi-builder-workspace
ZendeskSDKLogger: https://github.com/zendesk/sdk_logger_ios @ 0.12.0
ZendeskSDKSocketClient: https://github.com/zendesk/sdk_socket_client_ios @ 1.15.0
ComputePackagePrebuildTargetDependencyGraph
Prepare packages
CreateBuildRequest
SendProjectDescription
CreateBuildOperation
ComputeTargetDependencyGraph
note: Building targets in dependency order
note: Target dependency graph (5 targets)
Target 'ZendeskSDKFayeClient-product' in project 'ZendeskSDKFayeClient'
➜ Explicit dependency on target 'ZendeskSDKFayeClientTargets' in project 'ZendeskSDKFayeClient'
➜ Explicit dependency on target 'ZendeskSDKSocketClient-product' in project 'ZendeskSDKSocketClient'
➜ Explicit dependency on target 'ZendeskSDKLogger-product' in project 'ZendeskSDKLogger'
Target 'ZendeskSDKFayeClientTargets' in project 'ZendeskSDKFayeClient'
➜ Explicit dependency on target 'ZendeskSDKSocketClient-product' in project 'ZendeskSDKSocketClient'
➜ Explicit dependency on target 'ZendeskSDKLogger-product' in project 'ZendeskSDKLogger'
Target 'ZendeskSDKSocketClient-product' in project 'ZendeskSDKSocketClient'
➜ Explicit dependency on target 'ZendeskSDKSocketClientTargets' in project 'ZendeskSDKSocketClient'
➜ Explicit dependency on target 'ZendeskSDKLogger-product' in project 'ZendeskSDKLogger'
Target 'ZendeskSDKSocketClientTargets' in project 'ZendeskSDKSocketClient'
➜ Explicit dependency on target 'ZendeskSDKLogger-product' in project 'ZendeskSDKLogger'
Target 'ZendeskSDKLogger-product' in project 'ZendeskSDKLogger' (no dependencies)
GatherProvisioningInputs
CreateBuildDescription
ExecuteExternalTool /Applications/Xcode-27.0.0-Release.Candidate.app/Contents/Developer/Toolchains/XcodeDefault.xctoolchain/usr/bin/clang -v -E -dM -isysroot /Applications/Xcode-27.0.0-Release.Candidate.app/Contents/Developer/Platforms/XROS.platform/Developer/SDKs/XROS27.0.sdk -x c -c /dev/null
ExecuteExternalTool /Applications/Xcode-27.0.0-Release.Candidate.app/Contents/Developer/Toolchains/XcodeDefault.xctoolchain/usr/bin/swiftc --version
ExecuteExternalTool /Applications/Xcode-27.0.0-Release.Candidate.app/Contents/Developer/Toolchains/XcodeDefault.xctoolchain/usr/bin/ld -version_details
Build description signature: b73626838b390f055538595c11b85ecc
Build description path: /Users/admin/builder/spi-builder-workspace/.derivedData/Build/Intermediates.noindex/XCBuildData/b73626838b390f055538595c11b85ecc.xcbuilddata
/Users/admin/builder/spi-builder-workspace/ZendeskSDKFayeClient.xcframework:1:1: error: While building for visionOS, no library for this platform was found in '/Users/admin/builder/spi-builder-workspace/ZendeskSDKFayeClient.xcframework'. (in target 'ZendeskSDKFayeClientTargets' from project 'ZendeskSDKFayeClient')
/Users/admin/builder/spi-builder-workspace/.dependencies/checkouts/sdk_logger_ios/ZendeskSDKLogger.xcframework:1:1: error: While building for visionOS, no library for this platform was found in '/Users/admin/builder/spi-builder-workspace/.dependencies/checkouts/sdk_logger_ios/ZendeskSDKLogger.xcframework'. (in target 'ZendeskSDKFayeClientTargets' from project 'ZendeskSDKFayeClient')
/Users/admin/builder/spi-builder-workspace/.dependencies/checkouts/sdk_logger_ios/ZendeskSDKLogger.xcframework:1:1: error: While building for visionOS, no library for this platform was found in '/Users/admin/builder/spi-builder-workspace/.dependencies/checkouts/sdk_logger_ios/ZendeskSDKLogger.xcframework'. (in target 'ZendeskSDKLogger-product' from project 'ZendeskSDKLogger')
/Users/admin/builder/spi-builder-workspace/.dependencies/checkouts/sdk_socket_client_ios/ZendeskSDKSocketClient.xcframework:1:1: error: While building for visionOS, no library for this platform was found in '/Users/admin/builder/spi-builder-workspace/.dependencies/checkouts/sdk_socket_client_ios/ZendeskSDKSocketClient.xcframework'. (in target 'ZendeskSDKSocketClientTargets' from project 'ZendeskSDKSocketClient')
/Users/admin/builder/spi-builder-workspace/.dependencies/checkouts/sdk_logger_ios/ZendeskSDKLogger.xcframework:1:1: error: While building for visionOS, no library for this platform was found in '/Users/admin/builder/spi-builder-workspace/.dependencies/checkouts/sdk_logger_ios/ZendeskSDKLogger.xcframework'. (in target 'ZendeskSDKSocketClientTargets' from project 'ZendeskSDKSocketClient')
/Users/admin/builder/spi-builder-workspace/ZendeskSDKFayeClient.xcframework:1:1: error: While building for visionOS, no library for this platform was found in '/Users/admin/builder/spi-builder-workspace/ZendeskSDKFayeClient.xcframework'. (in target 'ZendeskSDKFayeClient-product' from project 'ZendeskSDKFayeClient')
/Users/admin/builder/spi-builder-workspace/.dependencies/checkouts/sdk_logger_ios/ZendeskSDKLogger.xcframework:1:1: error: While building for visionOS, no library for this platform was found in '/Users/admin/builder/spi-builder-workspace/.dependencies/checkouts/sdk_logger_ios/ZendeskSDKLogger.xcframework'. (in target 'ZendeskSDKFayeClient-product' from project 'ZendeskSDKFayeClient')
/Users/admin/builder/spi-builder-workspace/.dependencies/checkouts/sdk_socket_client_ios/ZendeskSDKSocketClient.xcframework:1:1: error: While building for visionOS, no library for this platform was found in '/Users/admin/builder/spi-builder-workspace/.dependencies/checkouts/sdk_socket_client_ios/ZendeskSDKSocketClient.xcframework'. (in target 'ZendeskSDKFayeClient-product' from project 'ZendeskSDKFayeClient')
/Users/admin/builder/spi-builder-workspace/.dependencies/checkouts/sdk_logger_ios/ZendeskSDKLogger.xcframework:1:1: error: While building for visionOS, no library for this platform was found in '/Users/admin/builder/spi-builder-workspace/.dependencies/checkouts/sdk_logger_ios/ZendeskSDKLogger.xcframework'. (in target 'ZendeskSDKFayeClient-product' from project 'ZendeskSDKFayeClient')
/Users/admin/builder/spi-builder-workspace/.dependencies/checkouts/sdk_logger_ios/ZendeskSDKLogger.xcframework:1:1: error: While building for visionOS, no library for this platform was found in '/Users/admin/builder/spi-builder-workspace/.dependencies/checkouts/sdk_logger_ios/ZendeskSDKLogger.xcframework'. (in target 'ZendeskSDKFayeClient-product' from project 'ZendeskSDKFayeClient')
/Users/admin/builder/spi-builder-workspace/.dependencies/checkouts/sdk_socket_client_ios/ZendeskSDKSocketClient.xcframework:1:1: error: While building for visionOS, no library for this platform was found in '/Users/admin/builder/spi-builder-workspace/.dependencies/checkouts/sdk_socket_client_ios/ZendeskSDKSocketClient.xcframework'. (in target 'ZendeskSDKSocketClient-product' from project 'ZendeskSDKSocketClient')
/Users/admin/builder/spi-builder-workspace/.dependencies/checkouts/sdk_logger_ios/ZendeskSDKLogger.xcframework:1:1: error: While building for visionOS, no library for this platform was found in '/Users/admin/builder/spi-builder-workspace/.dependencies/checkouts/sdk_logger_ios/ZendeskSDKLogger.xcframework'. (in target 'ZendeskSDKSocketClient-product' from project 'ZendeskSDKSocketClient')
/Users/admin/builder/spi-builder-workspace/.dependencies/checkouts/sdk_logger_ios/ZendeskSDKLogger.xcframework:1:1: error: While building for visionOS, no library for this platform was found in '/Users/admin/builder/spi-builder-workspace/.dependencies/checkouts/sdk_logger_ios/ZendeskSDKLogger.xcframework'. (in target 'ZendeskSDKSocketClient-product' from project 'ZendeskSDKSocketClient')
2026-10-03 06:21:39.945 xcodebuild[733:4589] [MT] IDERunDestination: Supported platforms for the buildables in the current scheme is empty.
** BUILD FAILED **
The following build commands failed:
Building workspace ZendeskSDKFayeClient with scheme ZendeskSDKFayeClient
(1 failure)
Command line invocation:
/Applications/Xcode-27.0.0-Release.Candidate.app/Contents/Developer/usr/bin/xcodebuild -IDEClonedSourcePackagesDirPathOverride=/Users/admin/builder/spi-builder-workspace/.dependencies -resolvePackageDependencies
Resolve Package Graph
Resolved source packages:
ZendeskSDKLogger: https://github.com/zendesk/sdk_logger_ios @ 0.12.0
ZendeskSDKFayeClient: /Users/admin/builder/spi-builder-workspace
ZendeskSDKSocketClient: https://github.com/zendesk/sdk_socket_client_ios @ 1.15.0
resolved source packages: ZendeskSDKLogger, ZendeskSDKFayeClient, ZendeskSDKSocketClient
2026-10-03 06:21:41.854 xcodebuild[763:4782] [MT] IDERunDestination: Supported platforms for the buildables in the current scheme is empty.
{
"dependencies" : [
{
"identity" : "sdk_socket_client_ios",
"requirement" : {
"range" : [
{
"lower_bound" : "1.15.0",
"upper_bound" : "2.0.0"
}
]
},
"type" : "sourceControl",
"url" : "https://github.com/zendesk/sdk_socket_client_ios"
},
{
"identity" : "sdk_logger_ios",
"requirement" : {
"range" : [
{
"lower_bound" : "0.12.0",
"upper_bound" : "1.0.0"
}
]
},
"type" : "sourceControl",
"url" : "https://github.com/zendesk/sdk_logger_ios"
}
],
"manifest_display_name" : "ZendeskSDKFayeClient",
"name" : "ZendeskSDKFayeClient",
"path" : "/Users/admin/builder/spi-builder-workspace",
"platforms" : [
{
"name" : "ios",
"version" : "16.0"
}
],
"products" : [
{
"name" : "ZendeskSDKFayeClient",
"targets" : [
"ZendeskSDKFayeClientTargets"
],
"type" : {
"library" : [
"automatic"
]
}
}
],
"targets" : [
{
"c99name" : "ZendeskSDKFayeClientTargets",
"module_type" : "SwiftTarget",
"name" : "ZendeskSDKFayeClientTargets",
"path" : "Sources",
"product_dependencies" : [
"ZendeskSDKSocketClient",
"ZendeskSDKLogger"
],
"product_memberships" : [
"ZendeskSDKFayeClient"
],
"sources" : [
"Placeholder.swift"
],
"target_dependencies" : [
"ZendeskSDKFayeClient"
],
"type" : "library"
},
{
"c99name" : "ZendeskSDKFayeClient",
"module_type" : "BinaryTarget",
"name" : "ZendeskSDKFayeClient",
"path" : "ZendeskSDKFayeClient.xcframework",
"product_memberships" : [
"ZendeskSDKFayeClient"
],
"sources" : [
],
"type" : "binary"
}
],
"tools_version" : "5.7"
}
{
"workspace" : {
"name" : "ZendeskSDKFayeClient",
"schemes" : [
"ZendeskSDKFayeClient"
]
}
}
2026-10-03 06:21:43.128 xcodebuild[771:4839] [MT] IDERunDestination: Supported platforms for the buildables in the current scheme is empty.
Running build ...
env DEVELOPER_DIR=/Applications/Xcode-27.0.0-Release.Candidate.app xcrun xcodebuild -IDEClonedSourcePackagesDirPathOverride=$PWD/.dependencies -skipMacroValidation -skipPackagePluginValidation -derivedDataPath $PWD/.derivedData build -scheme ZendeskSDKFayeClient -destination generic/platform=xrOS
Command line invocation:
/Applications/Xcode-27.0.0-Release.Candidate.app/Contents/Developer/usr/bin/xcodebuild -IDEClonedSourcePackagesDirPathOverride=/Users/admin/builder/spi-builder-workspace/.dependencies -skipMacroValidation -skipPackagePluginValidation -derivedDataPath /Users/admin/builder/spi-builder-workspace/.derivedData build -scheme ZendeskSDKFayeClient -destination generic/platform=xrOS
Resolve Package Graph
Resolved source packages:
ZendeskSDKFayeClient: /Users/admin/builder/spi-builder-workspace
ZendeskSDKSocketClient: https://github.com/zendesk/sdk_socket_client_ios @ 1.15.0
ZendeskSDKLogger: https://github.com/zendesk/sdk_logger_ios @ 0.12.0
ComputePackagePrebuildTargetDependencyGraph
Prepare packages
CreateBuildRequest
SendProjectDescription
CreateBuildOperation
ComputeTargetDependencyGraph
note: Building targets in dependency order
note: Target dependency graph (5 targets)
Target 'ZendeskSDKFayeClient-product' in project 'ZendeskSDKFayeClient'
➜ Explicit dependency on target 'ZendeskSDKFayeClientTargets' in project 'ZendeskSDKFayeClient'
➜ Explicit dependency on target 'ZendeskSDKSocketClient-product' in project 'ZendeskSDKSocketClient'
➜ Explicit dependency on target 'ZendeskSDKLogger-product' in project 'ZendeskSDKLogger'
Target 'ZendeskSDKFayeClientTargets' in project 'ZendeskSDKFayeClient'
➜ Explicit dependency on target 'ZendeskSDKSocketClient-product' in project 'ZendeskSDKSocketClient'
➜ Explicit dependency on target 'ZendeskSDKLogger-product' in project 'ZendeskSDKLogger'
Target 'ZendeskSDKSocketClient-product' in project 'ZendeskSDKSocketClient'
➜ Explicit dependency on target 'ZendeskSDKSocketClientTargets' in project 'ZendeskSDKSocketClient'
➜ Explicit dependency on target 'ZendeskSDKLogger-product' in project 'ZendeskSDKLogger'
Target 'ZendeskSDKSocketClientTargets' in project 'ZendeskSDKSocketClient'
➜ Explicit dependency on target 'ZendeskSDKLogger-product' in project 'ZendeskSDKLogger'
Target 'ZendeskSDKLogger-product' in project 'ZendeskSDKLogger' (no dependencies)
GatherProvisioningInputs
CreateBuildDescription
/Users/admin/builder/spi-builder-workspace/.dependencies/checkouts/sdk_logger_ios/ZendeskSDKLogger.xcframework:1:1: error: While building for visionOS, no library for this platform was found in '/Users/admin/builder/spi-builder-workspace/.dependencies/checkouts/sdk_logger_ios/ZendeskSDKLogger.xcframework'. (in target 'ZendeskSDKSocketClient-product' from project 'ZendeskSDKSocketClient')
/Users/admin/builder/spi-builder-workspace/.dependencies/checkouts/sdk_logger_ios/ZendeskSDKLogger.xcframework:1:1: error: While building for visionOS, no library for this platform was found in '/Users/admin/builder/spi-builder-workspace/.dependencies/checkouts/sdk_logger_ios/ZendeskSDKLogger.xcframework'. (in target 'ZendeskSDKSocketClient-product' from project 'ZendeskSDKSocketClient')
/Users/admin/builder/spi-builder-workspace/.dependencies/checkouts/sdk_socket_client_ios/ZendeskSDKSocketClient.xcframework:1:1: error: While building for visionOS, no library for this platform was found in '/Users/admin/builder/spi-builder-workspace/.dependencies/checkouts/sdk_socket_client_ios/ZendeskSDKSocketClient.xcframework'. (in target 'ZendeskSDKSocketClient-product' from project 'ZendeskSDKSocketClient')
/Users/admin/builder/spi-builder-workspace/.dependencies/checkouts/sdk_logger_ios/ZendeskSDKLogger.xcframework:1:1: error: While building for visionOS, no library for this platform was found in '/Users/admin/builder/spi-builder-workspace/.dependencies/checkouts/sdk_logger_ios/ZendeskSDKLogger.xcframework'. (in target 'ZendeskSDKFayeClientTargets' from project 'ZendeskSDKFayeClient')
/Users/admin/builder/spi-builder-workspace/ZendeskSDKFayeClient.xcframework:1:1: error: While building for visionOS, no library for this platform was found in '/Users/admin/builder/spi-builder-workspace/ZendeskSDKFayeClient.xcframework'. (in target 'ZendeskSDKFayeClientTargets' from project 'ZendeskSDKFayeClient')
/Users/admin/builder/spi-builder-workspace/.dependencies/checkouts/sdk_logger_ios/ZendeskSDKLogger.xcframework:1:1: error: While building for visionOS, no library for this platform was found in '/Users/admin/builder/spi-builder-workspace/.dependencies/checkouts/sdk_logger_ios/ZendeskSDKLogger.xcframework'. (in target 'ZendeskSDKSocketClientTargets' from project 'ZendeskSDKSocketClient')
/Users/admin/builder/spi-builder-workspace/.dependencies/checkouts/sdk_socket_client_ios/ZendeskSDKSocketClient.xcframework:1:1: error: While building for visionOS, no library for this platform was found in '/Users/admin/builder/spi-builder-workspace/.dependencies/checkouts/sdk_socket_client_ios/ZendeskSDKSocketClient.xcframework'. (in target 'ZendeskSDKSocketClientTargets' from project 'ZendeskSDKSocketClient')
/Users/admin/builder/spi-builder-workspace/.dependencies/checkouts/sdk_logger_ios/ZendeskSDKLogger.xcframework:1:1: error: While building for visionOS, no library for this platform was found in '/Users/admin/builder/spi-builder-workspace/.dependencies/checkouts/sdk_logger_ios/ZendeskSDKLogger.xcframework'. (in target 'ZendeskSDKFayeClient-product' from project 'ZendeskSDKFayeClient')
/Users/admin/builder/spi-builder-workspace/.dependencies/checkouts/sdk_logger_ios/ZendeskSDKLogger.xcframework:1:1: error: While building for visionOS, no library for this platform was found in '/Users/admin/builder/spi-builder-workspace/.dependencies/checkouts/sdk_logger_ios/ZendeskSDKLogger.xcframework'. (in target 'ZendeskSDKFayeClient-product' from project 'ZendeskSDKFayeClient')
/Users/admin/builder/spi-builder-workspace/.dependencies/checkouts/sdk_logger_ios/ZendeskSDKLogger.xcframework:1:1: error: While building for visionOS, no library for this platform was found in '/Users/admin/builder/spi-builder-workspace/.dependencies/checkouts/sdk_logger_ios/ZendeskSDKLogger.xcframework'. (in target 'ZendeskSDKFayeClient-product' from project 'ZendeskSDKFayeClient')
/Users/admin/builder/spi-builder-workspace/.dependencies/checkouts/sdk_socket_client_ios/ZendeskSDKSocketClient.xcframework:1:1: error: While building for visionOS, no library for this platform was found in '/Users/admin/builder/spi-builder-workspace/.dependencies/checkouts/sdk_socket_client_ios/ZendeskSDKSocketClient.xcframework'. (in target 'ZendeskSDKFayeClient-product' from project 'ZendeskSDKFayeClient')
/Users/admin/builder/spi-builder-workspace/ZendeskSDKFayeClient.xcframework:1:1: error: While building for visionOS, no library for this platform was found in '/Users/admin/builder/spi-builder-workspace/ZendeskSDKFayeClient.xcframework'. (in target 'ZendeskSDKFayeClient-product' from project 'ZendeskSDKFayeClient')
/Users/admin/builder/spi-builder-workspace/.dependencies/checkouts/sdk_logger_ios/ZendeskSDKLogger.xcframework:1:1: error: While building for visionOS, no library for this platform was found in '/Users/admin/builder/spi-builder-workspace/.dependencies/checkouts/sdk_logger_ios/ZendeskSDKLogger.xcframework'. (in target 'ZendeskSDKLogger-product' from project 'ZendeskSDKLogger')
2026-10-03 06:21:44.115 xcodebuild[772:4864] [MT] IDERunDestination: Supported platforms for the buildables in the current scheme is empty.
** BUILD FAILED **
The following build commands failed:
Building workspace ZendeskSDKFayeClient with scheme ZendeskSDKFayeClient
(1 failure)
BUILD FAILURE 6.4 visionOS