The Swift Package Index logo.Swift Package Index

Build Information

Failed to build Blend, reference v1.0.0 (91b042), with Swift 6.4 for watchOS using Xcode 27.0 on 23 Sep 2026 00:46:11 UTC.

Build Command

env DEVELOPER_DIR=/Applications/Xcode-27.0.0-Release.Candidate.app xcrun xcodebuild -IDEClonedSourcePackagesDirPathOverride=$PWD/.dependencies -skipMacroValidation -skipPackagePluginValidation -derivedDataPath $PWD/.derivedData build -scheme Blend -destination generic/platform=watchOS

Build Log

========================================
RunAll
========================================
Builder version: 5.1.0
Interrupt handler set up.
========================================
Checkout
========================================
Clone URL: https://github.com/convenience-init/Blend.git
Reference: v1.0.0
Initialized empty Git repository in /Users/admin/builder/spi-builder-workspace/.git/
From https://github.com/convenience-init/Blend
 * tag               v1.0.0     -> FETCH_HEAD
HEAD is now at 91b0428 Fix .gitignore to properly ignore build directories
Cloned https://github.com/convenience-init/Blend.git
Revision (git rev-parse @):
91b0428ee548c2aa619b5b8d5b09a63a0395ba16
SUCCESS checkout https://github.com/convenience-init/Blend.git at v1.0.0
========================================
Build
========================================
Selected platform:         watchOS
Swift version:             6.4
Building package at path:  $PWD
https://github.com/convenience-init/Blend.git
Command line invocation:
    /Applications/Xcode-27.0.0-Release.Candidate.app/Contents/Developer/usr/bin/xcodebuild -IDEClonedSourcePackagesDirPathOverride=/Users/admin/builder/spi-builder-workspace/.dependencies -resolvePackageDependencies
Resolve Package Graph
Resolve Package Graph
Resolved source packages:
  Blend: /Users/admin/builder/spi-builder-workspace
resolved source packages: Blend
2026-09-22 20:45:23.528 xcodebuild[529:3037] [MT] IDERunDestination: Supported platforms for the buildables in the current scheme is empty.
{
  "default_localization" : "en",
  "dependencies" : [
  ],
  "manifest_display_name" : "Blend",
  "name" : "Blend",
  "path" : "/Users/admin/builder/spi-builder-workspace",
  "platforms" : [
    {
      "name" : "ios",
      "version" : "18.0"
    },
    {
      "name" : "macos",
      "version" : "15.0"
    }
  ],
  "products" : [
    {
      "name" : "Blend",
      "targets" : [
        "Blend"
      ],
      "type" : {
        "library" : [
          "automatic"
        ]
      }
    }
  ],
  "swift_languages_versions" : [
    "6"
  ],
  "targets" : [
    {
      "c99name" : "BlendTests",
      "module_type" : "SwiftTarget",
      "name" : "BlendTests",
      "path" : "Tests/BlendTests",
      "sources" : [
        "Core/Networking/AdvancedNetworkManagerCacheTests.swift",
        "Core/Networking/AdvancedNetworkManagerCachingTests.swift",
        "Core/Networking/AdvancedNetworkManagerCoreTests.swift",
        "Core/Networking/AdvancedNetworkManagerDeduplicationTests.swift",
        "Core/Networking/AdvancedNetworkManagerRetryTests.swift",
        "Core/Networking/MockURLSessionErrorPrecedenceTests.swift",
        "Core/Networking/MockURLSessionErrorTests.swift",
        "Core/Networking/MockURLSessionHeaderResolutionTests.swift",
        "Core/Networking/MockURLSessionTests.swift",
        "Core/Protocols/AsyncRequestableProtocolTests.swift",
        "Image/Cache/CacheActorTests.swift",
        "Image/Service/ImageServiceBasicTests.swift",
        "Image/Service/ImageServiceCachingTests.swift",
        "Image/Service/ImageServiceEdgeCaseTests.swift",
        "Image/Service/ImageServiceErrorTests.swift",
        "Image/Service/ImageServiceLRUCacheTests.swift",
        "Image/Service/ImageServicePerformanceTests.swift",
        "Image/Service/ImageServiceTests.swift",
        "Image/Service/ImageServiceUploadTests.swift",
        "Infrastructure/PlatformAbstractionTests.swift",
        "Mocks/MockNetworking.swift",
        "Mocks/TestHelpers.swift",
        "SwiftUIUploadTestHelpers.swift",
        "UI/SwiftUIBasicLoadingTests.swift",
        "UI/SwiftUIConcurrentLoadingTests.swift",
        "UI/SwiftUIIntegrationTests.swift",
        "UI/SwiftUIUploadBasicTests.swift",
        "UI/SwiftUIUploadErrorTests.swift",
        "UI/SwiftUIUploadRetryTests.swift"
      ],
      "target_dependencies" : [
        "Blend"
      ],
      "type" : "test"
    },
    {
      "c99name" : "Blend",
      "module_type" : "SwiftTarget",
      "name" : "Blend",
      "path" : "Sources/Blend",
      "product_memberships" : [
        "Blend"
      ],
      "resources" : [
        {
          "path" : "/Users/admin/builder/spi-builder-workspace/Sources/Blend/Infrastructure/Resources/en.lproj/Localizable.strings",
          "rule" : {
            "process" : {
              "localization" : "en"
            }
          }
        }
      ],
      "sources" : [
        "Core/Errors/AuthErrorMessages.swift",
        "Core/Errors/DataProcessingErrorMessages.swift",
        "Core/Errors/HTTPErrorMessages.swift",
        "Core/Errors/NetworkConnectivityErrorMessages.swift",
        "Core/Errors/NetworkError+Comparison.swift",
        "Core/Errors/NetworkError+Equatable.swift",
        "Core/Errors/NetworkError+Helpers.swift",
        "Core/Errors/NetworkError+LocalizedError.swift",
        "Core/Errors/NetworkError+Wrapping.swift",
        "Core/Errors/NetworkError.swift",
        "Core/Errors/NetworkErrorMessages.swift",
        "Core/Errors/NetworkErrorRecovery.swift",
        "Core/Errors/TestErrorMessages.swift",
        "Core/Networking/AdvancedNetworkManager.swift",
        "Core/Networking/NetworkUtilities.swift",
        "Core/Networking/RequestMethod.swift",
        "Core/Networking/RequestUtilities.swift",
        "Core/Networking/TransportCustomErrorMessages.swift",
        "Core/Networking/TransportErrorDescriptions.swift",
        "Core/Protocols/AdvancedAsyncRequestable.swift",
        "Core/Protocols/AsyncRequestable.swift",
        "Core/Protocols/Endpoint.swift",
        "Core/Protocols/NetworkProtocols.swift",
        "Core/Utilities/TestClock.swift",
        "Image/Cache/Cache.swift",
        "Image/Cache/CacheActor.swift",
        "Image/Operations/MIMETypeDetector.swift",
        "Image/Operations/MultipartBuilder.swift",
        "Image/Platform/NSImage+DataRepresentation.swift",
        "Image/Service/ImageService+CacheManagement.swift",
        "Image/Service/ImageService+Fetching.swift",
        "Image/Service/ImageService+Helpers.swift",
        "Image/Service/ImageService+JSONEncoding.swift",
        "Image/Service/ImageService+SwiftUI.swift",
        "Image/Service/ImageService+Upload.swift",
        "Image/Service/ImageService.swift",
        "Infrastructure/Cache/DefaultNetworkCache.swift",
        "Infrastructure/Configuration/BlendConfig.swift",
        "Infrastructure/Configuration/RetryPolicy.swift",
        "Infrastructure/Utilities/RequestInterceptor.swift",
        "UI/SwiftUI/SwiftUIExtensions.swift"
      ],
      "type" : "library"
    }
  ],
  "tools_version" : "6.0"
}
{
  "workspace" : {
    "name" : "Blend",
    "schemes" : [
      "Blend"
    ]
  }
}
2026-09-22 20:45:55.617 xcodebuild[626:3856] [MT] IDERunDestination: Supported platforms for the buildables in the current scheme is empty.
Running build ...
env DEVELOPER_DIR=/Applications/Xcode-27.0.0-Release.Candidate.app xcrun xcodebuild -IDEClonedSourcePackagesDirPathOverride=$PWD/.dependencies -skipMacroValidation -skipPackagePluginValidation -derivedDataPath $PWD/.derivedData build -scheme Blend -destination generic/platform=watchOS
Command line invocation:
    /Applications/Xcode-27.0.0-Release.Candidate.app/Contents/Developer/usr/bin/xcodebuild -IDEClonedSourcePackagesDirPathOverride=/Users/admin/builder/spi-builder-workspace/.dependencies -skipMacroValidation -skipPackagePluginValidation -derivedDataPath /Users/admin/builder/spi-builder-workspace/.derivedData build -scheme Blend -destination generic/platform=watchOS
Resolve Package Graph
Resolved source packages:
  Blend: /Users/admin/builder/spi-builder-workspace
ComputePackagePrebuildTargetDependencyGraph
Prepare packages
CreateBuildRequest
SendProjectDescription
CreateBuildOperation
ComputeTargetDependencyGraph
note: Building targets in dependency order
note: Target dependency graph (3 targets)
    Target 'Blend-product' in project 'Blend'
        ➜ Explicit dependency on target 'Blend' in project 'Blend'
        ➜ Explicit dependency on target 'Blend_Blend' in project 'Blend'
    Target 'Blend' in project 'Blend'
        ➜ Explicit dependency on target 'Blend_Blend' in project 'Blend'
    Target 'Blend_Blend' in project 'Blend' (no dependencies)
GatherProvisioningInputs
CreateBuildDescription
ExecuteExternalTool /Applications/Xcode-27.0.0-Release.Candidate.app/Contents/Developer/Toolchains/XcodeDefault.xctoolchain/usr/bin/clang -v -E -dM -isysroot /Applications/Xcode-27.0.0-Release.Candidate.app/Contents/Developer/Platforms/WatchOS.platform/Developer/SDKs/WatchOS27.0.sdk -x c -c /dev/null
ExecuteExternalTool /Applications/Xcode-27.0.0-Release.Candidate.app/Contents/Developer/Toolchains/XcodeDefault.xctoolchain/usr/bin/swiftc --version
ExecuteExternalTool /Applications/Xcode-27.0.0-Release.Candidate.app/Contents/Developer/Toolchains/XcodeDefault.xctoolchain/usr/bin/ld -version_details
Build description signature: 3aef4dc61e0e487c8fd3c9fbdd33241c
Build description path: /Users/admin/builder/spi-builder-workspace/.derivedData/Build/Intermediates.noindex/XCBuildData/3aef4dc61e0e487c8fd3c9fbdd33241c.xcbuilddata
CreateBuildDirectory /Users/admin/builder/spi-builder-workspace/.derivedData/SDKExplicitPrecompiledModules
    cd /Users/admin/builder/spi-builder-workspace/.swiftpm/xcode
    builtin-create-build-directory /Users/admin/builder/spi-builder-workspace/.derivedData/SDKExplicitPrecompiledModules
CreateBuildDirectory /Users/admin/builder/spi-builder-workspace/.derivedData/CompilationCache.noindex
    cd /Users/admin/builder/spi-builder-workspace/.swiftpm/xcode
    builtin-create-build-directory /Users/admin/builder/spi-builder-workspace/.derivedData/CompilationCache.noindex
CreateBuildDirectory /Users/admin/builder/spi-builder-workspace/.derivedData/ModuleCache.noindex
    cd /Users/admin/builder/spi-builder-workspace/.swiftpm/xcode
    builtin-create-build-directory /Users/admin/builder/spi-builder-workspace/.derivedData/ModuleCache.noindex
ClangStatCache /Applications/Xcode-27.0.0-Release.Candidate.app/Contents/Developer/Toolchains/XcodeDefault.xctoolchain/usr/bin/clang-stat-cache /Applications/Xcode-27.0.0-Release.Candidate.app/Contents/Developer/Platforms/WatchOS.platform/Developer/SDKs/WatchOS27.0.sdk /Users/admin/builder/spi-builder-workspace/.derivedData/SDKStatCaches.noindex/watchos27.0-24R360-e829b21a6f8c9b70876ba0858053c04477534ef55a1706bf4c1112bbb242f0a2.sdkstatcache
    cd /Users/admin/builder/spi-builder-workspace/.swiftpm/xcode
    /Applications/Xcode-27.0.0-Release.Candidate.app/Contents/Developer/Toolchains/XcodeDefault.xctoolchain/usr/bin/clang-stat-cache /Applications/Xcode-27.0.0-Release.Candidate.app/Contents/Developer/Platforms/WatchOS.platform/Developer/SDKs/WatchOS27.0.sdk -o /Users/admin/builder/spi-builder-workspace/.derivedData/SDKStatCaches.noindex/watchos27.0-24R360-e829b21a6f8c9b70876ba0858053c04477534ef55a1706bf4c1112bbb242f0a2.sdkstatcache
CreateBuildDirectory /Users/admin/builder/spi-builder-workspace/.derivedData/Build/Intermediates.noindex
    cd /Users/admin/builder/spi-builder-workspace/.swiftpm/xcode
    builtin-create-build-directory /Users/admin/builder/spi-builder-workspace/.derivedData/Build/Intermediates.noindex
CreateBuildDirectory /Users/admin/builder/spi-builder-workspace/.derivedData/Build/Products
    cd /Users/admin/builder/spi-builder-workspace/.swiftpm/xcode
    builtin-create-build-directory /Users/admin/builder/spi-builder-workspace/.derivedData/Build/Products
CreateBuildDirectory /Users/admin/builder/spi-builder-workspace/.derivedData/Build/Intermediates.noindex/PrecompiledHeaders
    cd /Users/admin/builder/spi-builder-workspace/.swiftpm/xcode
    builtin-create-build-directory /Users/admin/builder/spi-builder-workspace/.derivedData/Build/Intermediates.noindex/PrecompiledHeaders
CreateBuildDirectory /Users/admin/builder/spi-builder-workspace/.derivedData/Build/Intermediates.noindex/ExplicitPrecompiledModules
    cd /Users/admin/builder/spi-builder-workspace/.swiftpm/xcode
    builtin-create-build-directory /Users/admin/builder/spi-builder-workspace/.derivedData/Build/Intermediates.noindex/ExplicitPrecompiledModules
CreateBuildDirectory /Users/admin/builder/spi-builder-workspace/.derivedData/Build/Intermediates.noindex/SwiftExplicitPrecompiledModules
    cd /Users/admin/builder/spi-builder-workspace/.swiftpm/xcode
    builtin-create-build-directory /Users/admin/builder/spi-builder-workspace/.derivedData/Build/Intermediates.noindex/SwiftExplicitPrecompiledModules
CreateBuildDirectory /Users/admin/builder/spi-builder-workspace/.derivedData/Build/Intermediates.noindex/EagerLinkingTBDs/Debug-watchos
    cd /Users/admin/builder/spi-builder-workspace/.swiftpm/xcode
    builtin-create-build-directory /Users/admin/builder/spi-builder-workspace/.derivedData/Build/Intermediates.noindex/EagerLinkingTBDs/Debug-watchos
CreateBuildDirectory /Users/admin/builder/spi-builder-workspace/.derivedData/Build/Products/Debug-watchos
    cd /Users/admin/builder/spi-builder-workspace/.swiftpm/xcode
    builtin-create-build-directory /Users/admin/builder/spi-builder-workspace/.derivedData/Build/Products/Debug-watchos
CreateBuildDirectory /Users/admin/builder/spi-builder-workspace/.derivedData/Build/Products/Debug-watchos/PackageFrameworks
    cd /Users/admin/builder/spi-builder-workspace/.swiftpm/xcode
    builtin-create-build-directory /Users/admin/builder/spi-builder-workspace/.derivedData/Build/Products/Debug-watchos/PackageFrameworks
MkDir /Users/admin/builder/spi-builder-workspace/.derivedData/Build/Products/Debug-watchos/Blend_Blend.bundle (in target 'Blend_Blend' from project 'Blend')
    cd /Users/admin/builder/spi-builder-workspace
    /bin/mkdir -p /Users/admin/builder/spi-builder-workspace/.derivedData/Build/Products/Debug-watchos/Blend_Blend.bundle
WriteAuxiliaryFile /Users/admin/builder/spi-builder-workspace/.derivedData/Build/Intermediates.noindex/Blend.build/Debug-watchos/Blend_Blend-b.build/Blend_Blend.DependencyMetadataFileList (in target 'Blend_Blend' from project 'Blend')
    cd /Users/admin/builder/spi-builder-workspace
    write-file /Users/admin/builder/spi-builder-workspace/.derivedData/Build/Intermediates.noindex/Blend.build/Debug-watchos/Blend_Blend-b.build/Blend_Blend.DependencyMetadataFileList
WriteAuxiliaryFile /Users/admin/builder/spi-builder-workspace/.derivedData/Build/Intermediates.noindex/Blend.build/Debug-watchos/Blend_Blend-b.build/Blend_Blend.DependencyStaticMetadataFileList (in target 'Blend_Blend' from project 'Blend')
    cd /Users/admin/builder/spi-builder-workspace
    write-file /Users/admin/builder/spi-builder-workspace/.derivedData/Build/Intermediates.noindex/Blend.build/Debug-watchos/Blend_Blend-b.build/Blend_Blend.DependencyStaticMetadataFileList
WriteAuxiliaryFile /Users/admin/builder/spi-builder-workspace/.derivedData/Build/Intermediates.noindex/Blend.build/Debug-watchos/Blend_Blend-b.build/empty-Blend_Blend.plist (in target 'Blend_Blend' from project 'Blend')
    cd /Users/admin/builder/spi-builder-workspace
    write-file /Users/admin/builder/spi-builder-workspace/.derivedData/Build/Intermediates.noindex/Blend.build/Debug-watchos/Blend_Blend-b.build/empty-Blend_Blend.plist
WriteAuxiliaryFile /Users/admin/builder/spi-builder-workspace/.derivedData/Build/Intermediates.noindex/Blend.build/Debug-watchos/Blend-t.build/Objects-normal/arm64_32/Blend-OutputFileMap.json (in target 'Blend' from project 'Blend')
    cd /Users/admin/builder/spi-builder-workspace
    write-file /Users/admin/builder/spi-builder-workspace/.derivedData/Build/Intermediates.noindex/Blend.build/Debug-watchos/Blend-t.build/Objects-normal/arm64_32/Blend-OutputFileMap.json
WriteAuxiliaryFile /Users/admin/builder/spi-builder-workspace/.derivedData/Build/Intermediates.noindex/Blend.build/Debug-watchos/Blend-t.build/Objects-normal/arm64_32/Blend_const_extract_protocols.json (in target 'Blend' from project 'Blend')
    cd /Users/admin/builder/spi-builder-workspace
    write-file /Users/admin/builder/spi-builder-workspace/.derivedData/Build/Intermediates.noindex/Blend.build/Debug-watchos/Blend-t.build/Objects-normal/arm64_32/Blend_const_extract_protocols.json
WriteAuxiliaryFile /Users/admin/builder/spi-builder-workspace/.derivedData/Build/Intermediates.noindex/Blend.build/Debug-watchos/Blend-t.build/Objects-normal/arm64_32/Blend.LinkFileList (in target 'Blend' from project 'Blend')
    cd /Users/admin/builder/spi-builder-workspace
    write-file /Users/admin/builder/spi-builder-workspace/.derivedData/Build/Intermediates.noindex/Blend.build/Debug-watchos/Blend-t.build/Objects-normal/arm64_32/Blend.LinkFileList
WriteAuxiliaryFile /Users/admin/builder/spi-builder-workspace/.derivedData/Build/Intermediates.noindex/Blend.build/Debug-watchos/Blend-t.build/Objects-normal/arm64_32/Blend.SwiftConstValuesFileList (in target 'Blend' from project 'Blend')
    cd /Users/admin/builder/spi-builder-workspace
    write-file /Users/admin/builder/spi-builder-workspace/.derivedData/Build/Intermediates.noindex/Blend.build/Debug-watchos/Blend-t.build/Objects-normal/arm64_32/Blend.SwiftConstValuesFileList
WriteAuxiliaryFile /Users/admin/builder/spi-builder-workspace/.derivedData/Build/Intermediates.noindex/Blend.build/Debug-watchos/Blend-t.build/Objects-normal/arm64_32/Blend.SwiftFileList (in target 'Blend' from project 'Blend')
    cd /Users/admin/builder/spi-builder-workspace
    write-file /Users/admin/builder/spi-builder-workspace/.derivedData/Build/Intermediates.noindex/Blend.build/Debug-watchos/Blend-t.build/Objects-normal/arm64_32/Blend.SwiftFileList
WriteAuxiliaryFile /Users/admin/builder/spi-builder-workspace/.derivedData/Build/Intermediates.noindex/Blend.build/Debug-watchos/Blend-t.build/Objects-normal/arm64/Blend_const_extract_protocols.json (in target 'Blend' from project 'Blend')
    cd /Users/admin/builder/spi-builder-workspace
    write-file /Users/admin/builder/spi-builder-workspace/.derivedData/Build/Intermediates.noindex/Blend.build/Debug-watchos/Blend-t.build/Objects-normal/arm64/Blend_const_extract_protocols.json
WriteAuxiliaryFile /Users/admin/builder/spi-builder-workspace/.derivedData/Build/Intermediates.noindex/Blend.build/Debug-watchos/Blend-t.build/Objects-normal/arm64/Blend.SwiftFileList (in target 'Blend' from project 'Blend')
    cd /Users/admin/builder/spi-builder-workspace
    write-file /Users/admin/builder/spi-builder-workspace/.derivedData/Build/Intermediates.noindex/Blend.build/Debug-watchos/Blend-t.build/Objects-normal/arm64/Blend.SwiftFileList
WriteAuxiliaryFile /Users/admin/builder/spi-builder-workspace/.derivedData/Build/Intermediates.noindex/Blend.build/Debug-watchos/Blend-t.build/Objects-normal/arm64/Blend.SwiftConstValuesFileList (in target 'Blend' from project 'Blend')
    cd /Users/admin/builder/spi-builder-workspace
    write-file /Users/admin/builder/spi-builder-workspace/.derivedData/Build/Intermediates.noindex/Blend.build/Debug-watchos/Blend-t.build/Objects-normal/arm64/Blend.SwiftConstValuesFileList
WriteAuxiliaryFile /Users/admin/builder/spi-builder-workspace/.derivedData/Build/Intermediates.noindex/Blend.build/Debug-watchos/Blend-t.build/Objects-normal/arm64/Blend.LinkFileList (in target 'Blend' from project 'Blend')
    cd /Users/admin/builder/spi-builder-workspace
    write-file /Users/admin/builder/spi-builder-workspace/.derivedData/Build/Intermediates.noindex/Blend.build/Debug-watchos/Blend-t.build/Objects-normal/arm64/Blend.LinkFileList
WriteAuxiliaryFile /Users/admin/builder/spi-builder-workspace/.derivedData/Build/Intermediates.noindex/Blend.build/Debug-watchos/Blend-t.build/Objects-normal/arm64/Blend-OutputFileMap.json (in target 'Blend' from project 'Blend')
    cd /Users/admin/builder/spi-builder-workspace
    write-file /Users/admin/builder/spi-builder-workspace/.derivedData/Build/Intermediates.noindex/Blend.build/Debug-watchos/Blend-t.build/Objects-normal/arm64/Blend-OutputFileMap.json
WriteAuxiliaryFile /Users/admin/builder/spi-builder-workspace/.derivedData/Build/Intermediates.noindex/Blend.build/Debug-watchos/Blend-t.build/DerivedSources/resource_bundle_accessor.swift (in target 'Blend' from project 'Blend')
    cd /Users/admin/builder/spi-builder-workspace
    write-file /Users/admin/builder/spi-builder-workspace/.derivedData/Build/Intermediates.noindex/Blend.build/Debug-watchos/Blend-t.build/DerivedSources/resource_bundle_accessor.swift
WriteAuxiliaryFile /Users/admin/builder/spi-builder-workspace/.derivedData/Build/Intermediates.noindex/Blend.build/Debug-watchos/Blend-t.build/Blend.modulemap (in target 'Blend' from project 'Blend')
    cd /Users/admin/builder/spi-builder-workspace
    write-file /Users/admin/builder/spi-builder-workspace/.derivedData/Build/Intermediates.noindex/Blend.build/Debug-watchos/Blend-t.build/Blend.modulemap
WriteAuxiliaryFile /Users/admin/builder/spi-builder-workspace/.derivedData/Build/Intermediates.noindex/Blend.build/Debug-watchos/Blend-t.build/Blend.DependencyStaticMetadataFileList (in target 'Blend' from project 'Blend')
    cd /Users/admin/builder/spi-builder-workspace
    write-file /Users/admin/builder/spi-builder-workspace/.derivedData/Build/Intermediates.noindex/Blend.build/Debug-watchos/Blend-t.build/Blend.DependencyStaticMetadataFileList
WriteAuxiliaryFile /Users/admin/builder/spi-builder-workspace/.derivedData/Build/Intermediates.noindex/Blend.build/Debug-watchos/Blend-t.build/Blend.DependencyMetadataFileList (in target 'Blend' from project 'Blend')
    cd /Users/admin/builder/spi-builder-workspace
    write-file /Users/admin/builder/spi-builder-workspace/.derivedData/Build/Intermediates.noindex/Blend.build/Debug-watchos/Blend-t.build/Blend.DependencyMetadataFileList
Copy /Users/admin/builder/spi-builder-workspace/.derivedData/Build/Intermediates.noindex/GeneratedModuleMaps-watchos/Blend.modulemap /Users/admin/builder/spi-builder-workspace/.derivedData/Build/Intermediates.noindex/Blend.build/Debug-watchos/Blend-t.build/Blend.modulemap (in target 'Blend' from project 'Blend')
    cd /Users/admin/builder/spi-builder-workspace
    builtin-copy -exclude .DS_Store -exclude CVS -exclude .svn -exclude .git -exclude .hg -resolve-src-symlinks /Users/admin/builder/spi-builder-workspace/.derivedData/Build/Intermediates.noindex/Blend.build/Debug-watchos/Blend-t.build/Blend.modulemap /Users/admin/builder/spi-builder-workspace/.derivedData/Build/Intermediates.noindex/GeneratedModuleMaps-watchos
ProcessInfoPlistFile /Users/admin/builder/spi-builder-workspace/.derivedData/Build/Products/Debug-watchos/Blend_Blend.bundle/Info.plist /Users/admin/builder/spi-builder-workspace/.derivedData/Build/Intermediates.noindex/Blend.build/Debug-watchos/Blend_Blend-b.build/empty-Blend_Blend.plist (in target 'Blend_Blend' from project 'Blend')
    cd /Users/admin/builder/spi-builder-workspace
    builtin-infoPlistUtility /Users/admin/builder/spi-builder-workspace/.derivedData/Build/Intermediates.noindex/Blend.build/Debug-watchos/Blend_Blend-b.build/empty-Blend_Blend.plist -producttype com.apple.product-type.bundle -expandbuildsettings -format binary -platform watchos -o /Users/admin/builder/spi-builder-workspace/.derivedData/Build/Products/Debug-watchos/Blend_Blend.bundle/Info.plist
CpResource /Users/admin/builder/spi-builder-workspace/.derivedData/Build/Products/Debug-watchos/Blend_Blend.bundle/en.lproj/Localizable.strings /Users/admin/builder/spi-builder-workspace/Sources/Blend/Infrastructure/Resources/en.lproj/Localizable.strings (in target 'Blend_Blend' from project 'Blend')
    cd /Users/admin/builder/spi-builder-workspace
    builtin-copy -exclude .DS_Store -exclude CVS -exclude .svn -exclude .git -exclude .hg -resolve-src-symlinks /Users/admin/builder/spi-builder-workspace/Sources/Blend/Infrastructure/Resources/en.lproj/Localizable.strings /Users/admin/builder/spi-builder-workspace/.derivedData/Build/Products/Debug-watchos/Blend_Blend.bundle/en.lproj
RegisterExecutionPolicyException /Users/admin/builder/spi-builder-workspace/.derivedData/Build/Products/Debug-watchos/Blend_Blend.bundle (in target 'Blend_Blend' from project 'Blend')
    cd /Users/admin/builder/spi-builder-workspace
    builtin-RegisterExecutionPolicyException /Users/admin/builder/spi-builder-workspace/.derivedData/Build/Products/Debug-watchos/Blend_Blend.bundle
Touch /Users/admin/builder/spi-builder-workspace/.derivedData/Build/Products/Debug-watchos/Blend_Blend.bundle (in target 'Blend_Blend' from project 'Blend')
    cd /Users/admin/builder/spi-builder-workspace
    /usr/bin/touch -c /Users/admin/builder/spi-builder-workspace/.derivedData/Build/Products/Debug-watchos/Blend_Blend.bundle
SwiftDriver Blend normal arm64 com.apple.xcode.tools.swift.compiler (in target 'Blend' from project 'Blend')
    cd /Users/admin/builder/spi-builder-workspace/.swiftpm/xcode
    builtin-SwiftDriver -- /Applications/Xcode-27.0.0-Release.Candidate.app/Contents/Developer/Toolchains/XcodeDefault.xctoolchain/usr/bin/swiftc -parse-as-library -module-name Blend -Onone @/Users/admin/builder/spi-builder-workspace/.derivedData/Build/Intermediates.noindex/Blend.build/Debug-watchos/Blend-t.build/Objects-normal/arm64/Blend.SwiftFileList -DSWIFT_PACKAGE -DDEBUG -DSWIFT_MODULE_RESOURCE_BUNDLE_AVAILABLE -DXcode -plugin-path /Applications/Xcode-27.0.0-Release.Candidate.app/Contents/Developer/Toolchains/XcodeDefault.xctoolchain/usr/lib/swift/host/plugins/testing -enable-experimental-feature DebugDescriptionMacro -sdk /Applications/Xcode-27.0.0-Release.Candidate.app/Contents/Developer/Platforms/WatchOS.platform/Developer/SDKs/WatchOS27.0.sdk -target arm64-apple-watchos11.0 -g -module-cache-path /Users/admin/builder/spi-builder-workspace/.derivedData/ModuleCache.noindex -Xfrontend -serialize-debugging-options -profile-coverage-mapping -profile-generate -enable-testing -index-store-path /Users/admin/builder/spi-builder-workspace/.derivedData/Index.noindex/DataStore -Xcc -D_LIBCPP_HARDENING_MODE\=_LIBCPP_HARDENING_MODE_DEBUG -swift-version 6 -I /Users/admin/builder/spi-builder-workspace/.derivedData/Build/Products/Debug-watchos -Isystem /Applications/Xcode-27.0.0-Release.Candidate.app/Contents/Developer/Platforms/WatchOS.platform/Developer/usr/lib -F /Users/admin/builder/spi-builder-workspace/.derivedData/Build/Products/Debug-watchos -F /Applications/Xcode-27.0.0-Release.Candidate.app/Contents/Developer/Platforms/WatchOS.platform/Developer/Library/Frameworks -F /Applications/Xcode-27.0.0-Release.Candidate.app/Contents/Developer/Platforms/WatchOS.platform/Developer/SDKs/WatchOS27.0.sdk/Developer/Library/Frameworks -emit-localized-strings -emit-localized-strings-path /Users/admin/builder/spi-builder-workspace/.derivedData/Build/Intermediates.noindex/Blend.build/Debug-watchos/Blend-t.build/Objects-normal/arm64 -c -j10 -enable-batch-mode -incremental -Xcc -ivfsstatcache -Xcc /Users/admin/builder/spi-builder-workspace/.derivedData/SDKStatCaches.noindex/watchos27.0-24R360-e829b21a6f8c9b70876ba0858053c04477534ef55a1706bf4c1112bbb242f0a2.sdkstatcache -output-file-map /Users/admin/builder/spi-builder-workspace/.derivedData/Build/Intermediates.noindex/Blend.build/Debug-watchos/Blend-t.build/Objects-normal/arm64/Blend-OutputFileMap.json -save-temps -no-color-diagnostics -explicit-module-build -module-cache-path /Users/admin/builder/spi-builder-workspace/.derivedData/Build/Intermediates.noindex/SwiftExplicitPrecompiledModules -clang-scanner-module-cache-path /Users/admin/builder/spi-builder-workspace/.derivedData/ModuleCache.noindex -sdk-module-cache-path /Users/admin/builder/spi-builder-workspace/.derivedData/SDKExplicitPrecompiledModules -emit-dependencies -emit-module -emit-module-path /Users/admin/builder/spi-builder-workspace/.derivedData/Build/Intermediates.noindex/Blend.build/Debug-watchos/Blend-t.build/Objects-normal/arm64/Blend.swiftmodule -serialize-diagnostics -dependency-scan-serialize-diagnostics-path /Users/admin/builder/spi-builder-workspace/.derivedData/Build/Intermediates.noindex/Blend.build/Debug-watchos/Blend-t.build/Objects-normal/arm64/Blend-dependency-scan.dia -validate-clang-modules-once -clang-build-session-file /Users/admin/builder/spi-builder-workspace/.derivedData/ModuleCache.noindex/Session.modulevalidation -Xcc -fmodules-prune-interval\=86400 -Xcc -fmodules-prune-after\=345600 -package-name spi_builder_workspace -emit-const-values -const-gather-protocols-list /Users/admin/builder/spi-builder-workspace/.derivedData/Build/Intermediates.noindex/Blend.build/Debug-watchos/Blend-t.build/Objects-normal/arm64/Blend_const_extract_protocols.json -Xcc -I/Users/admin/builder/spi-builder-workspace/.derivedData/Build/Products/Debug-watchos/include -Xcc -I/Users/admin/builder/spi-builder-workspace/.derivedData/Build/Intermediates.noindex/Blend.build/Debug-watchos/Blend-t.build/DerivedSources-normal/arm64 -Xcc -I/Users/admin/builder/spi-builder-workspace/.derivedData/Build/Intermediates.noindex/Blend.build/Debug-watchos/Blend-t.build/DerivedSources/arm64 -Xcc -I/Users/admin/builder/spi-builder-workspace/.derivedData/Build/Intermediates.noindex/Blend.build/Debug-watchos/Blend-t.build/DerivedSources -Xcc -DSWIFT_PACKAGE -Xcc -DDEBUG\=1 -emit-objc-header -emit-objc-header-path /Users/admin/builder/spi-builder-workspace/.derivedData/Build/Intermediates.noindex/Blend.build/Debug-watchos/Blend-t.build/Objects-normal/arm64/Blend-Swift.h -working-directory /Users/admin/builder/spi-builder-workspace/.swiftpm/xcode -experimental-emit-module-separately -disable-cmo
SwiftDriver Blend normal arm64_32 com.apple.xcode.tools.swift.compiler (in target 'Blend' from project 'Blend')
    cd /Users/admin/builder/spi-builder-workspace/.swiftpm/xcode
    builtin-SwiftDriver -- /Applications/Xcode-27.0.0-Release.Candidate.app/Contents/Developer/Toolchains/XcodeDefault.xctoolchain/usr/bin/swiftc -parse-as-library -module-name Blend -Onone @/Users/admin/builder/spi-builder-workspace/.derivedData/Build/Intermediates.noindex/Blend.build/Debug-watchos/Blend-t.build/Objects-normal/arm64_32/Blend.SwiftFileList -DSWIFT_PACKAGE -DDEBUG -DSWIFT_MODULE_RESOURCE_BUNDLE_AVAILABLE -DXcode -plugin-path /Applications/Xcode-27.0.0-Release.Candidate.app/Contents/Developer/Toolchains/XcodeDefault.xctoolchain/usr/lib/swift/host/plugins/testing -enable-experimental-feature DebugDescriptionMacro -sdk /Applications/Xcode-27.0.0-Release.Candidate.app/Contents/Developer/Platforms/WatchOS.platform/Developer/SDKs/WatchOS27.0.sdk -target arm64_32-apple-watchos11.0 -g -module-cache-path /Users/admin/builder/spi-builder-workspace/.derivedData/ModuleCache.noindex -Xfrontend -serialize-debugging-options -profile-coverage-mapping -profile-generate -enable-testing -index-store-path /Users/admin/builder/spi-builder-workspace/.derivedData/Index.noindex/DataStore -Xcc -D_LIBCPP_HARDENING_MODE\=_LIBCPP_HARDENING_MODE_DEBUG -swift-version 6 -I /Users/admin/builder/spi-builder-workspace/.derivedData/Build/Products/Debug-watchos -Isystem /Applications/Xcode-27.0.0-Release.Candidate.app/Contents/Developer/Platforms/WatchOS.platform/Developer/usr/lib -F /Users/admin/builder/spi-builder-workspace/.derivedData/Build/Products/Debug-watchos -F /Applications/Xcode-27.0.0-Release.Candidate.app/Contents/Developer/Platforms/WatchOS.platform/Developer/Library/Frameworks -F /Applications/Xcode-27.0.0-Release.Candidate.app/Contents/Developer/Platforms/WatchOS.platform/Developer/SDKs/WatchOS27.0.sdk/Developer/Library/Frameworks -emit-localized-strings -emit-localized-strings-path /Users/admin/builder/spi-builder-workspace/.derivedData/Build/Intermediates.noindex/Blend.build/Debug-watchos/Blend-t.build/Objects-normal/arm64_32 -c -j10 -enable-batch-mode -incremental -Xcc -ivfsstatcache -Xcc /Users/admin/builder/spi-builder-workspace/.derivedData/SDKStatCaches.noindex/watchos27.0-24R360-e829b21a6f8c9b70876ba0858053c04477534ef55a1706bf4c1112bbb242f0a2.sdkstatcache -output-file-map /Users/admin/builder/spi-builder-workspace/.derivedData/Build/Intermediates.noindex/Blend.build/Debug-watchos/Blend-t.build/Objects-normal/arm64_32/Blend-OutputFileMap.json -save-temps -no-color-diagnostics -explicit-module-build -module-cache-path /Users/admin/builder/spi-builder-workspace/.derivedData/Build/Intermediates.noindex/SwiftExplicitPrecompiledModules -clang-scanner-module-cache-path /Users/admin/builder/spi-builder-workspace/.derivedData/ModuleCache.noindex -sdk-module-cache-path /Users/admin/builder/spi-builder-workspace/.derivedData/SDKExplicitPrecompiledModules -emit-dependencies -emit-module -emit-module-path /Users/admin/builder/spi-builder-workspace/.derivedData/Build/Intermediates.noindex/Blend.build/Debug-watchos/Blend-t.build/Objects-normal/arm64_32/Blend.swiftmodule -serialize-diagnostics -dependency-scan-serialize-diagnostics-path /Users/admin/builder/spi-builder-workspace/.derivedData/Build/Intermediates.noindex/Blend.build/Debug-watchos/Blend-t.build/Objects-normal/arm64_32/Blend-dependency-scan.dia -validate-clang-modules-once -clang-build-session-file /Users/admin/builder/spi-builder-workspace/.derivedData/ModuleCache.noindex/Session.modulevalidation -Xcc -fmodules-prune-interval\=86400 -Xcc -fmodules-prune-after\=345600 -package-name spi_builder_workspace -emit-const-values -const-gather-protocols-list /Users/admin/builder/spi-builder-workspace/.derivedData/Build/Intermediates.noindex/Blend.build/Debug-watchos/Blend-t.build/Objects-normal/arm64_32/Blend_const_extract_protocols.json -Xcc -I/Users/admin/builder/spi-builder-workspace/.derivedData/Build/Products/Debug-watchos/include -Xcc -I/Users/admin/builder/spi-builder-workspace/.derivedData/Build/Intermediates.noindex/Blend.build/Debug-watchos/Blend-t.build/DerivedSources-normal/arm64_32 -Xcc -I/Users/admin/builder/spi-builder-workspace/.derivedData/Build/Intermediates.noindex/Blend.build/Debug-watchos/Blend-t.build/DerivedSources/arm64_32 -Xcc -I/Users/admin/builder/spi-builder-workspace/.derivedData/Build/Intermediates.noindex/Blend.build/Debug-watchos/Blend-t.build/DerivedSources -Xcc -DSWIFT_PACKAGE -Xcc -DDEBUG\=1 -emit-objc-header -emit-objc-header-path /Users/admin/builder/spi-builder-workspace/.derivedData/Build/Intermediates.noindex/Blend.build/Debug-watchos/Blend-t.build/Objects-normal/arm64_32/Blend-Swift.h -working-directory /Users/admin/builder/spi-builder-workspace/.swiftpm/xcode -experimental-emit-module-separately -disable-cmo
SwiftExplicitDependencyGeneratePcm arm64 /Users/admin/builder/spi-builder-workspace/.derivedData/SDKExplicitPrecompiledModules/_Builtin_stdarg-3X4KLXUYEI0UGBILP4X7D0CYW.pcm
SwiftExplicitDependencyGeneratePcm arm64 /Users/admin/builder/spi-builder-workspace/.derivedData/SDKExplicitPrecompiledModules/DeveloperToolsSupport-CL5QT3CW0ZM498PFTWG64QMLA.pcm
SwiftExplicitDependencyGeneratePcm arm64 /Users/admin/builder/spi-builder-workspace/.derivedData/SDKExplicitPrecompiledModules/_Builtin_stddef-5OH846KKUPSJJT7GCX9XU1TKG.pcm
SwiftExplicitDependencyGeneratePcm arm64_32 /Users/admin/builder/spi-builder-workspace/.derivedData/SDKExplicitPrecompiledModules/_Builtin_stdbool-84ZA1VDW90AGWZ2LF5KOCM8DZ.pcm
SwiftExplicitDependencyGeneratePcm arm64_32 /Users/admin/builder/spi-builder-workspace/.derivedData/SDKExplicitPrecompiledModules/_Builtin_stddef-2F9BFIPBQ5EWNSK5G7G7V4EKL.pcm
SwiftExplicitDependencyGeneratePcm arm64_32 /Users/admin/builder/spi-builder-workspace/.derivedData/SDKExplicitPrecompiledModules/DeveloperToolsSupport-3FQKKPF3BW0SWE1YUZ86OZWIB.pcm
SwiftExplicitDependencyGeneratePcm arm64_32 /Users/admin/builder/spi-builder-workspace/.derivedData/SDKExplicitPrecompiledModules/_Builtin_float-372PLGDQ1U3B6Z5EA5DJMDORJ.pcm
SwiftExplicitDependencyGeneratePcm arm64 /Users/admin/builder/spi-builder-workspace/.derivedData/SDKExplicitPrecompiledModules/_AvailabilityInternal-42EVAC8Q6P1ZT6G3A168N97G4.pcm
SwiftExplicitDependencyGeneratePcm arm64 /Users/admin/builder/spi-builder-workspace/.derivedData/SDKExplicitPrecompiledModules/_Builtin_stdbool-B692L2PMR118794VVYBG37897.pcm
SwiftExplicitDependencyGeneratePcm arm64 /Users/admin/builder/spi-builder-workspace/.derivedData/SDKExplicitPrecompiledModules/ptrcheck-8K07997SIHO7YGY7UQ3LOQ3TJ.pcm
SwiftExplicitDependencyGeneratePcm arm64_32 /Users/admin/builder/spi-builder-workspace/.derivedData/SDKExplicitPrecompiledModules/_Builtin_stdarg-EYJP6DFYQL9GJLH1TJ84A8MHV.pcm
SwiftExplicitDependencyGeneratePcm arm64_32 /Users/admin/builder/spi-builder-workspace/.derivedData/SDKExplicitPrecompiledModules/_AvailabilityInternal-22ZP1ILSQW16KHXZS5GBZHOCS.pcm
SwiftExplicitDependencyGeneratePcm arm64_32 /Users/admin/builder/spi-builder-workspace/.derivedData/SDKExplicitPrecompiledModules/SwiftShims-D9VBB138U50XYYGW2C2V21N3L.pcm
SwiftExplicitDependencyGeneratePcm arm64_32 /Users/admin/builder/spi-builder-workspace/.derivedData/SDKExplicitPrecompiledModules/ptrcheck-EAZ3I917ZFA9H6ZCL6PGLG4TR.pcm
SwiftExplicitDependencyGeneratePcm arm64 /Users/admin/builder/spi-builder-workspace/.derivedData/SDKExplicitPrecompiledModules/ptrauth-C7VQASAJ967Q4Q6SRD4I3CFWZ.pcm
SwiftExplicitDependencyGeneratePcm arm64_32 /Users/admin/builder/spi-builder-workspace/.derivedData/SDKExplicitPrecompiledModules/_SwiftConcurrencyShims-58G4ISYSYDV3AT1DDGEE0QCUF.pcm
SwiftExplicitDependencyGeneratePcm arm64_32 /Users/admin/builder/spi-builder-workspace/.derivedData/SDKExplicitPrecompiledModules/ptrauth-EW7YZZ7LEZE1QZF2T8148IPSA.pcm
SwiftExplicitDependencyGeneratePcm arm64 /Users/admin/builder/spi-builder-workspace/.derivedData/SDKExplicitPrecompiledModules/_SwiftConcurrencyShims-CTPSFSTDCBVSSQFHL6I305U72.pcm
SwiftExplicitDependencyGeneratePcm arm64 /Users/admin/builder/spi-builder-workspace/.derivedData/SDKExplicitPrecompiledModules/_Builtin_float-E4M4A8689VXF1T7P7BV56IKBT.pcm
SwiftExplicitDependencyGeneratePcm arm64 /Users/admin/builder/spi-builder-workspace/.derivedData/SDKExplicitPrecompiledModules/SwiftShims-AJ4AZYHQNC33R5RLN7AGEIOMP.pcm
SwiftExplicitDependencyGeneratePcm arm64_32 /Users/admin/builder/spi-builder-workspace/.derivedData/SDKExplicitPrecompiledModules/_DarwinFoundation1-5SNIO0SFHX9KJZTLQGIPAPXUZ.pcm
SwiftExplicitDependencyGeneratePcm arm64 /Users/admin/builder/spi-builder-workspace/.derivedData/SDKExplicitPrecompiledModules/_DarwinFoundation1-7YQ9TVI7XTOGQU9OADRXP33D1.pcm
SwiftExplicitDependencyGeneratePcm arm64_32 /Users/admin/builder/spi-builder-workspace/.derivedData/SDKExplicitPrecompiledModules/_Builtin_limits-AQMEC9CLG0FZQN6TLGDQ6WF78.pcm
SwiftExplicitDependencyGeneratePcm arm64_32 /Users/admin/builder/spi-builder-workspace/.derivedData/SDKExplicitPrecompiledModules/_DarwinFoundation2-FP2Q8F1Q2HR151SBYKTU6Q8B.pcm
SwiftExplicitDependencyGeneratePcm arm64 /Users/admin/builder/spi-builder-workspace/.derivedData/SDKExplicitPrecompiledModules/_DarwinFoundation2-CUPL4FH2SA95GMALQP4M6O8UA.pcm
SwiftExplicitDependencyGeneratePcm arm64 /Users/admin/builder/spi-builder-workspace/.derivedData/SDKExplicitPrecompiledModules/_Builtin_limits-75TRA1C7IHYOFCG3KJXQVTHJ4.pcm
SwiftExplicitDependencyGeneratePcm arm64_32 /Users/admin/builder/spi-builder-workspace/.derivedData/SDKExplicitPrecompiledModules/sys_types-65NN51P1G7GN2GUAUPC53JJ7N.pcm
SwiftExplicitDependencyGeneratePcm arm64_32 /Users/admin/builder/spi-builder-workspace/.derivedData/SDKExplicitPrecompiledModules/string_h-8QY7P4ZQXQAF14WVDITTM4R70.pcm
SwiftExplicitDependencyGeneratePcm arm64_32 /Users/admin/builder/spi-builder-workspace/.derivedData/SDKExplicitPrecompiledModules/_Builtin_tgmath-414CVW1GW3IL0HRLCNNCS6Q0U.pcm
SwiftExplicitDependencyGeneratePcm arm64_32 /Users/admin/builder/spi-builder-workspace/.derivedData/SDKExplicitPrecompiledModules/_Builtin_stdint-6IWJLTRH2WB6RCG4THPA65RDS.pcm
SwiftExplicitDependencyGeneratePcm arm64 /Users/admin/builder/spi-builder-workspace/.derivedData/SDKExplicitPrecompiledModules/_Builtin_tgmath-7JP2AE1NQHA1DV5JYP2OHQ3BF.pcm
SwiftExplicitDependencyGeneratePcm arm64 /Users/admin/builder/spi-builder-workspace/.derivedData/SDKExplicitPrecompiledModules/string_h-4N9Z22C0HUO8GV7GFPCLZRZA2.pcm
SwiftExplicitDependencyGeneratePcm arm64 /Users/admin/builder/spi-builder-workspace/.derivedData/SDKExplicitPrecompiledModules/_Builtin_stdint-6TUACK4YPMARFT56PLIO388SJ.pcm
SwiftExplicitDependencyGeneratePcm arm64 /Users/admin/builder/spi-builder-workspace/.derivedData/SDKExplicitPrecompiledModules/sys_types-9KPVYINL86WUSHF45TU8PWZZ1.pcm
SwiftExplicitDependencyGeneratePcm arm64_32 /Users/admin/builder/spi-builder-workspace/.derivedData/SDKExplicitPrecompiledModules/_Builtin_stdatomic-D2FE5M7JS5NQA5JDADVERWJM4.pcm
SwiftExplicitDependencyGeneratePcm arm64_32 /Users/admin/builder/spi-builder-workspace/.derivedData/SDKExplicitPrecompiledModules/_DarwinFoundation3-3YOBOPIW2MF1LRNQH7JBUBY4G.pcm
SwiftExplicitDependencyGeneratePcm arm64_32 /Users/admin/builder/spi-builder-workspace/.derivedData/SDKExplicitPrecompiledModules/_Builtin_intrinsics-2K07JIG9ZANIKHSNPO3O6L1K6.pcm
SwiftExplicitDependencyGeneratePcm arm64 /Users/admin/builder/spi-builder-workspace/.derivedData/SDKExplicitPrecompiledModules/_DarwinFoundation3-EJXZKD8LN9EYM9OWP9VLJ49PK.pcm
SwiftExplicitDependencyGeneratePcm arm64 /Users/admin/builder/spi-builder-workspace/.derivedData/SDKExplicitPrecompiledModules/_Builtin_intrinsics-SQV576LJA0QE7RW5HF7CQ1BX.pcm
SwiftExplicitDependencyGeneratePcm arm64 /Users/admin/builder/spi-builder-workspace/.derivedData/SDKExplicitPrecompiledModules/_Builtin_stdatomic-25T9UW3XDYID74302F31PX0RP.pcm
SwiftExplicitDependencyGeneratePcm arm64_32 /Users/admin/builder/spi-builder-workspace/.derivedData/SDKExplicitPrecompiledModules/_Builtin_inttypes-BPZJ68HW1IMYWSHROAZ0IMUJP.pcm
SwiftExplicitDependencyGeneratePcm arm64_32 /Users/admin/builder/spi-builder-workspace/.derivedData/SDKExplicitPrecompiledModules/CommonCrypto-6JCTZR9K05D2BU4UQU9X5BRX9.pcm
SwiftExplicitDependencyGeneratePcm arm64 /Users/admin/builder/spi-builder-workspace/.derivedData/SDKExplicitPrecompiledModules/_Builtin_inttypes-86YTNV5YADPJXFMJ82N3R4GWQ.pcm
SwiftExplicitDependencyGeneratePcm arm64 /Users/admin/builder/spi-builder-workspace/.derivedData/SDKExplicitPrecompiledModules/CommonCrypto-4X0E3VAF32H4AVTM4CAWEGOF4.pcm
SwiftExplicitDependencyGeneratePcm arm64_32 /Users/admin/builder/spi-builder-workspace/.derivedData/SDKExplicitPrecompiledModules/Darwin-10D35ZJWCWG7LJAF579U7I5V7.pcm
SwiftExplicitDependencyGeneratePcm arm64 /Users/admin/builder/spi-builder-workspace/.derivedData/SDKExplicitPrecompiledModules/Darwin-CSB8C43KELVSFIQVR0803IZPN.pcm
SwiftExplicitDependencyGeneratePcm arm64_32 /Users/admin/builder/spi-builder-workspace/.derivedData/SDKExplicitPrecompiledModules/simd-1W6O8NR1QUSWJGAN44DNNWVHX.pcm
SwiftExplicitDependencyGeneratePcm arm64 /Users/admin/builder/spi-builder-workspace/.derivedData/SDKExplicitPrecompiledModules/simd-2C11HKTI5TJB05T724EWNFZXD.pcm
SwiftExplicitDependencyGeneratePcm arm64_32 /Users/admin/builder/spi-builder-workspace/.derivedData/SDKExplicitPrecompiledModules/ObjectiveC-71AGZNHLBMR2QK817EJNUN54E.pcm
SwiftExplicitDependencyGeneratePcm arm64_32 /Users/admin/builder/spi-builder-workspace/.derivedData/SDKExplicitPrecompiledModules/MachO-F47JQRYVH1SLPOQSJD8RK9MSX.pcm
SwiftExplicitDependencyGeneratePcm arm64 /Users/admin/builder/spi-builder-workspace/.derivedData/SDKExplicitPrecompiledModules/MachO-4RYXFVY68ZDEUZYFMVL57WEKU.pcm
SwiftExplicitDependencyGeneratePcm arm64 /Users/admin/builder/spi-builder-workspace/.derivedData/SDKExplicitPrecompiledModules/ObjectiveC-22CZPC4WYQC9G8T393WT2KKLW.pcm
SwiftExplicitDependencyGeneratePcm arm64_32 /Users/admin/builder/spi-builder-workspace/.derivedData/SDKExplicitPrecompiledModules/os_object-CTXVQBCWDOH6JHUXIFDUOWFRL.pcm
SwiftExplicitDependencyGeneratePcm arm64 /Users/admin/builder/spi-builder-workspace/.derivedData/SDKExplicitPrecompiledModules/os_object-6KYGGZ4DPVZ3BBAZ6QICZN8LI.pcm
SwiftExplicitDependencyGeneratePcm arm64_32 /Users/admin/builder/spi-builder-workspace/.derivedData/SDKExplicitPrecompiledModules/os_workgroup-9L9R05BT5LTFRZ2NM68BZTVV2.pcm
SwiftExplicitDependencyGeneratePcm arm64 /Users/admin/builder/spi-builder-workspace/.derivedData/SDKExplicitPrecompiledModules/os_workgroup-AHE7ULDQBKER38CYPIKDTZF4M.pcm
SwiftExplicitDependencyGeneratePcm arm64_32 /Users/admin/builder/spi-builder-workspace/.derivedData/SDKExplicitPrecompiledModules/Spatial-4XS0QRL16224ZE9KE9TMKASKT.pcm
SwiftExplicitDependencyGeneratePcm arm64 /Users/admin/builder/spi-builder-workspace/.derivedData/SDKExplicitPrecompiledModules/Spatial-EZKKX4XFW72RZCTOIG80Z93AP.pcm
SwiftExplicitDependencyGeneratePcm arm64_32 /Users/admin/builder/spi-builder-workspace/.derivedData/SDKExplicitPrecompiledModules/Dispatch-CGIMI9KQKHNRQHR2IECIPRG14.pcm
SwiftExplicitDependencyGeneratePcm arm64 /Users/admin/builder/spi-builder-workspace/.derivedData/SDKExplicitPrecompiledModules/Dispatch-39VR0G01IUJ09PQKMFGOHXZ4L.pcm
SwiftExplicitDependencyGeneratePcm arm64 /Users/admin/builder/spi-builder-workspace/.derivedData/SDKExplicitPrecompiledModules/CoreFoundation-59XKO8YNRGGYNC5U5LK8B4EM.pcm
SwiftExplicitDependencyGeneratePcm arm64 /Users/admin/builder/spi-builder-workspace/.derivedData/SDKExplicitPrecompiledModules/XPC-650JAZBTM6I0OMHYO6CKM0CWJ.pcm
SwiftExplicitDependencyGeneratePcm arm64_32 /Users/admin/builder/spi-builder-workspace/.derivedData/SDKExplicitPrecompiledModules/XPC-7SLKI45KYLKXH9QET2WYS3UZ4.pcm
SwiftExplicitDependencyGeneratePcm arm64_32 /Users/admin/builder/spi-builder-workspace/.derivedData/SDKExplicitPrecompiledModules/CoreFoundation-76B9WJP9MDYT33HZQVSNNZQZD.pcm
SwiftExplicitDependencyGeneratePcm arm64 /Users/admin/builder/spi-builder-workspace/.derivedData/SDKExplicitPrecompiledModules/os-6BCTB8I5DCBBKFJ0Y0G4WQDDJ.pcm
SwiftExplicitDependencyGeneratePcm arm64_32 /Users/admin/builder/spi-builder-workspace/.derivedData/SDKExplicitPrecompiledModules/os-D9NWGT7PQGY2OD43XMA2KGLJK.pcm
SwiftExplicitDependencyGeneratePcm arm64_32 /Users/admin/builder/spi-builder-workspace/.derivedData/SDKExplicitPrecompiledModules/Security-1W411BS4UH2UNMNII2341429S.pcm
SwiftExplicitDependencyGeneratePcm arm64_32 /Users/admin/builder/spi-builder-workspace/.derivedData/SDKExplicitPrecompiledModules/CoreAudioTypes-AY6JAXDJMW2FLVG4UD79375PW.pcm
SwiftExplicitDependencyGeneratePcm arm64_32 /Users/admin/builder/spi-builder-workspace/.derivedData/SDKExplicitPrecompiledModules/CoreGraphics-A4WOQTM8SYZAQP223LI6RRPEK.pcm
SwiftExplicitDependencyGeneratePcm arm64 /Users/admin/builder/spi-builder-workspace/.derivedData/SDKExplicitPrecompiledModules/Security-69WNGEAVQP55EDBQHP3BLE8QU.pcm
SwiftExplicitDependencyGeneratePcm arm64 /Users/admin/builder/spi-builder-workspace/.derivedData/SDKExplicitPrecompiledModules/CoreGraphics-5488DA9QVJJ7QOFXPYOYIYFUX.pcm
SwiftExplicitDependencyGeneratePcm arm64 /Users/admin/builder/spi-builder-workspace/.derivedData/SDKExplicitPrecompiledModules/CoreAudioTypes-51SR7UBHOMSGMEPVFS6PLSR4M.pcm
SwiftExplicitDependencyGeneratePcm arm64_32 /Users/admin/builder/spi-builder-workspace/.derivedData/SDKExplicitPrecompiledModules/CoreAudio-1FTJGW5ZM9ZN5IKPBE4A9LGNF.pcm
SwiftExplicitDependencyGeneratePcm arm64 /Users/admin/builder/spi-builder-workspace/.derivedData/SDKExplicitPrecompiledModules/CoreAudio-368NRGVYQ33J8K75Y2DSNU06Y.pcm
SwiftExplicitDependencyGeneratePcm arm64_32 /Users/admin/builder/spi-builder-workspace/.derivedData/SDKExplicitPrecompiledModules/Foundation-AIQ30TCDC2B0LBUU6FPQZ0HWI.pcm
SwiftExplicitDependencyGeneratePcm arm64 /Users/admin/builder/spi-builder-workspace/.derivedData/SDKExplicitPrecompiledModules/Foundation-B3IXODHI7VO4VRX2RWRXLVJZT.pcm
SwiftExplicitDependencyGeneratePcm arm64_32 /Users/admin/builder/spi-builder-workspace/.derivedData/SDKExplicitPrecompiledModules/CoreVideo-BX0NALWCB2F1YOTF0NZGV9FWU.pcm
SwiftExplicitDependencyGeneratePcm arm64_32 /Users/admin/builder/spi-builder-workspace/.derivedData/SDKExplicitPrecompiledModules/CoreText-34U50N378SZT64826L0B62MN6.pcm
SwiftExplicitDependencyGeneratePcm arm64 /Users/admin/builder/spi-builder-workspace/.derivedData/SDKExplicitPrecompiledModules/CoreText-BEC0M2J7FJN53VXNFDZDKL9U2.pcm
SwiftExplicitDependencyGeneratePcm arm64 /Users/admin/builder/spi-builder-workspace/.derivedData/SDKExplicitPrecompiledModules/CoreVideo-2YRZ292TS6QDW2V2V92NZMPWM.pcm
SwiftExplicitDependencyGeneratePcm arm64_32 /Users/admin/builder/spi-builder-workspace/.derivedData/SDKExplicitPrecompiledModules/CoreMedia-CU8J9TNJY5EX43FQOPTAAHU29.pcm
SwiftExplicitDependencyGeneratePcm arm64 /Users/admin/builder/spi-builder-workspace/.derivedData/SDKExplicitPrecompiledModules/CoreMedia-EO02G285WTXB0RPNG3DP9O9VN.pcm
SwiftExplicitDependencyGeneratePcm arm64_32 /Users/admin/builder/spi-builder-workspace/.derivedData/SDKExplicitPrecompiledModules/UserNotifications-F5AOMF9V2Y10QV8U00QNX8B7Q.pcm
SwiftExplicitDependencyGeneratePcm arm64_32 /Users/admin/builder/spi-builder-workspace/.derivedData/SDKExplicitPrecompiledModules/UniformTypeIdentifiers-EH256724QTCKT0XATY095QHVP.pcm
SwiftExplicitDependencyGeneratePcm arm64_32 /Users/admin/builder/spi-builder-workspace/.derivedData/SDKExplicitPrecompiledModules/Accessibility-BBXP8Z81UOB3UBBTO3GG9FEEO.pcm
SwiftExplicitDependencyGeneratePcm arm64_32 /Users/admin/builder/spi-builder-workspace/.derivedData/SDKExplicitPrecompiledModules/OSLog-DXCLJ0K1EEBRV5MFYJOV1HIUX.pcm
SwiftExplicitDependencyGeneratePcm arm64_32 /Users/admin/builder/spi-builder-workspace/.derivedData/SDKExplicitPrecompiledModules/CoreTransferable-DSXZOKFM7XQLZ0FRNNKFDWZT0.pcm
SwiftExplicitDependencyGeneratePcm arm64_32 /Users/admin/builder/spi-builder-workspace/.derivedData/SDKExplicitPrecompiledModules/DataDetection-8EDL8T61430CB5CU94L1E3L0C.pcm
SwiftExplicitDependencyGeneratePcm arm64_32 /Users/admin/builder/spi-builder-workspace/.derivedData/SDKExplicitPrecompiledModules/Symbols-DP67QJL9W7VSYP70ZVEBE3KRT.pcm
SwiftExplicitDependencyGeneratePcm arm64_32 /Users/admin/builder/spi-builder-workspace/.derivedData/SDKExplicitPrecompiledModules/UIUtilities-ABH83C7CSGMIJAARTF384TV0L.pcm
SwiftExplicitDependencyGeneratePcm arm64_32 /Users/admin/builder/spi-builder-workspace/.derivedData/SDKExplicitPrecompiledModules/QuartzCore-72UYR37X0O2APTD1XMSJ20X5X.pcm
SwiftExplicitDependencyGeneratePcm arm64_32 /Users/admin/builder/spi-builder-workspace/.derivedData/SDKExplicitPrecompiledModules/_LocationEssentials-1XWTF8V96VX3IAHKJO7PJZDU0.pcm
SwiftExplicitDependencyGeneratePcm arm64 /Users/admin/builder/spi-builder-workspace/.derivedData/SDKExplicitPrecompiledModules/LocalAuthentication-B2TFMTPZVFFVZ7Y4SFJ4HJEBL.pcm
SwiftExplicitDependencyGeneratePcm arm64 /Users/admin/builder/spi-builder-workspace/.derivedData/SDKExplicitPrecompiledModules/CoreTransferable-EULYJN53RZTIP2D6F171CT1YZ.pcm
SwiftExplicitDependencyGeneratePcm arm64 /Users/admin/builder/spi-builder-workspace/.derivedData/SDKExplicitPrecompiledModules/UserNotifications-7VIERZPAA371031RT8VBKFYKJ.pcm
SwiftExplicitDependencyGeneratePcm arm64 /Users/admin/builder/spi-builder-workspace/.derivedData/SDKExplicitPrecompiledModules/Symbols-B8SNL2YULCKW9SYIL0T5QLMV.pcm
SwiftExplicitDependencyGeneratePcm arm64 /Users/admin/builder/spi-builder-workspace/.derivedData/SDKExplicitPrecompiledModules/DataDetection-8RQ09UCIV0XSYRF8TQQD54MWN.pcm
SwiftExplicitDependencyGeneratePcm arm64 /Users/admin/builder/spi-builder-workspace/.derivedData/SDKExplicitPrecompiledModules/Accessibility-DB0V1GY4JDAXG2CZ5MW826DDE.pcm
SwiftExplicitDependencyGeneratePcm arm64 /Users/admin/builder/spi-builder-workspace/.derivedData/SDKExplicitPrecompiledModules/OSLog-ESJZZ70KT229YQNKF5CWYQVLA.pcm
SwiftExplicitDependencyGeneratePcm arm64_32 /Users/admin/builder/spi-builder-workspace/.derivedData/SDKExplicitPrecompiledModules/CoreLocation-4AZRAZ8X3W0CS36SZ1GS4LT05.pcm
SwiftExplicitDependencyGeneratePcm arm64 /Users/admin/builder/spi-builder-workspace/.derivedData/SDKExplicitPrecompiledModules/_LocationEssentials-C3HYVW8P89QAUDLD9VRHUF48Q.pcm
SwiftExplicitDependencyGeneratePcm arm64 /Users/admin/builder/spi-builder-workspace/.derivedData/SDKExplicitPrecompiledModules/CoreData-DAEI6Z48P97TYC3SMMGLERAJ5.pcm
SwiftExplicitDependencyGeneratePcm arm64_32 /Users/admin/builder/spi-builder-workspace/.derivedData/SDKExplicitPrecompiledModules/SceneKit-CLOM4E4D45A8A94N3QNHOVW3H.pcm
SwiftExplicitDependencyGeneratePcm arm64 /Users/admin/builder/spi-builder-workspace/.derivedData/SDKExplicitPrecompiledModules/QuartzCore-BRDP6VIMJ6A6HG4W4NYXZ8BI3.pcm
SwiftExplicitDependencyGeneratePcm arm64 /Users/admin/builder/spi-builder-workspace/.derivedData/SDKExplicitPrecompiledModules/UniformTypeIdentifiers-47SS6PHE8KOUZX5UOQUNKH397.pcm
SwiftExplicitDependencyGeneratePcm arm64_32 /Users/admin/builder/spi-builder-workspace/.derivedData/SDKExplicitPrecompiledModules/SwiftUICore-TURER010MQ2QH6SN4BGDJJKP.pcm
SwiftExplicitDependencyGeneratePcm arm64_32 /Users/admin/builder/spi-builder-workspace/.derivedData/SDKExplicitPrecompiledModules/LocalAuthentication-1XZC5548OHHHWETB1RPNV8QDG.pcm
SwiftExplicitDependencyGeneratePcm arm64 /Users/admin/builder/spi-builder-workspace/.derivedData/SDKExplicitPrecompiledModules/CoreLocation-B0A9Z3B1UDU8OLBQROLWD03N3.pcm
SwiftExplicitDependencyGeneratePcm arm64_32 /Users/admin/builder/spi-builder-workspace/.derivedData/SDKExplicitPrecompiledModules/CoreData-6STZ9DXY0E1K8LHUUEU1F4SE.pcm
SwiftExplicitDependencyGeneratePcm arm64 /Users/admin/builder/spi-builder-workspace/.derivedData/SDKExplicitPrecompiledModules/UIUtilities-AR3EDJH6PMDGNUXQGV2JND65S.pcm
SwiftExplicitDependencyGeneratePcm arm64 /Users/admin/builder/spi-builder-workspace/.derivedData/SDKExplicitPrecompiledModules/SceneKit-4VPDXW2J8W40JMX88G7X30C4G.pcm
SwiftExplicitDependencyGeneratePcm arm64_32 /Users/admin/builder/spi-builder-workspace/.derivedData/SDKExplicitPrecompiledModules/CoreMotion-E9C6K7MOTJF3RC93DULCZ130U.pcm
SwiftExplicitDependencyGeneratePcm arm64 /Users/admin/builder/spi-builder-workspace/.derivedData/SDKExplicitPrecompiledModules/SwiftUICore-D4BOUT6VJWDXKNATG8P2F95W3.pcm
SwiftExplicitDependencyGeneratePcm arm64 /Users/admin/builder/spi-builder-workspace/.derivedData/SDKExplicitPrecompiledModules/CoreMotion-70RNUQRT1QM2F8WR42WPP4KQV.pcm
SwiftExplicitDependencyGeneratePcm arm64_32 /Users/admin/builder/spi-builder-workspace/.derivedData/SDKExplicitPrecompiledModules/UIKit-BGAQE5HOOTG6M9C46O1HHPCDR.pcm
SwiftExplicitDependencyGeneratePcm arm64 /Users/admin/builder/spi-builder-workspace/.derivedData/SDKExplicitPrecompiledModules/UIKit-2XWL6VFNA7WRWSTXI42YLU909.pcm
SwiftExplicitDependencyGeneratePcm arm64_32 /Users/admin/builder/spi-builder-workspace/.derivedData/SDKExplicitPrecompiledModules/HomeKit-DXH34ZWEY4P4FEELCOH3LXVCR.pcm
SwiftExplicitDependencyGeneratePcm arm64_32 /Users/admin/builder/spi-builder-workspace/.derivedData/SDKExplicitPrecompiledModules/MapKit-3RCPMYWFYVKLOR1JJH1M1L7O6.pcm
SwiftExplicitDependencyGeneratePcm arm64 /Users/admin/builder/spi-builder-workspace/.derivedData/SDKExplicitPrecompiledModules/MapKit-5U4CPBNVICOGB0BBK9BC7P4E9.pcm
SwiftExplicitDependencyGeneratePcm arm64 /Users/admin/builder/spi-builder-workspace/.derivedData/SDKExplicitPrecompiledModules/HomeKit-2JD3RMVTK0MFX7K570KHTLBBH.pcm
SwiftExplicitDependencyGeneratePcm arm64_32 /Users/admin/builder/spi-builder-workspace/.derivedData/SDKExplicitPrecompiledModules/WatchKit-7IATJTA58S6OFDEYHG9JSLLDQ.pcm
SwiftExplicitDependencyGeneratePcm arm64 /Users/admin/builder/spi-builder-workspace/.derivedData/SDKExplicitPrecompiledModules/WatchKit-22L6Z003SE8XPQ9JS14K57C9N.pcm
SwiftExplicitDependencyGeneratePcm arm64_32 /Users/admin/builder/spi-builder-workspace/.derivedData/SDKExplicitPrecompiledModules/SwiftUI-6DR5UJH94SD7QMITGWNAX9FBI.pcm
SwiftExplicitDependencyGeneratePcm arm64 /Users/admin/builder/spi-builder-workspace/.derivedData/SDKExplicitPrecompiledModules/SwiftUI-E6XJI4PF1Q2HPTXKL91GWARU6.pcm
SwiftCompile normal arm64_32 Compiling\ BlendConfig.swift,\ RetryPolicy.swift,\ RequestInterceptor.swift,\ SwiftUIExtensions.swift /Users/admin/builder/spi-builder-workspace/Sources/Blend/Infrastructure/Configuration/BlendConfig.swift /Users/admin/builder/spi-builder-workspace/Sources/Blend/Infrastructure/Configuration/RetryPolicy.swift /Users/admin/builder/spi-builder-workspace/Sources/Blend/Infrastructure/Utilities/RequestInterceptor.swift /Users/admin/builder/spi-builder-workspace/Sources/Blend/UI/SwiftUI/SwiftUIExtensions.swift (in target 'Blend' from project 'Blend')
SwiftCompile normal arm64_32 /Users/admin/builder/spi-builder-workspace/Sources/Blend/Infrastructure/Configuration/BlendConfig.swift (in target 'Blend' from project 'Blend')
    cd /Users/admin/builder/spi-builder-workspace/.swiftpm/xcode
    builtin-SwiftPerFileCompile BlendConfig.swift
SwiftCompile normal arm64_32 /Users/admin/builder/spi-builder-workspace/Sources/Blend/Infrastructure/Configuration/RetryPolicy.swift (in target 'Blend' from project 'Blend')
    cd /Users/admin/builder/spi-builder-workspace/.swiftpm/xcode
    builtin-SwiftPerFileCompile RetryPolicy.swift
SwiftCompile normal arm64_32 /Users/admin/builder/spi-builder-workspace/Sources/Blend/Infrastructure/Utilities/RequestInterceptor.swift (in target 'Blend' from project 'Blend')
    cd /Users/admin/builder/spi-builder-workspace/.swiftpm/xcode
    builtin-SwiftPerFileCompile RequestInterceptor.swift
SwiftCompile normal arm64_32 /Users/admin/builder/spi-builder-workspace/Sources/Blend/UI/SwiftUI/SwiftUIExtensions.swift (in target 'Blend' from project 'Blend')
    cd /Users/admin/builder/spi-builder-workspace/.swiftpm/xcode
    builtin-SwiftPerFileCompile SwiftUIExtensions.swift
SwiftCompile normal arm64_32 Compiling\ Endpoint.swift,\ NetworkProtocols.swift,\ TestClock.swift,\ Cache.swift /Users/admin/builder/spi-builder-workspace/Sources/Blend/Core/Protocols/Endpoint.swift /Users/admin/builder/spi-builder-workspace/Sources/Blend/Core/Protocols/NetworkProtocols.swift /Users/admin/builder/spi-builder-workspace/Sources/Blend/Core/Utilities/TestClock.swift /Users/admin/builder/spi-builder-workspace/Sources/Blend/Image/Cache/Cache.swift (in target 'Blend' from project 'Blend')
SwiftCompile normal arm64_32 /Users/admin/builder/spi-builder-workspace/Sources/Blend/Core/Protocols/Endpoint.swift (in target 'Blend' from project 'Blend')
    cd /Users/admin/builder/spi-builder-workspace/.swiftpm/xcode
    builtin-SwiftPerFileCompile Endpoint.swift
SwiftCompile normal arm64_32 /Users/admin/builder/spi-builder-workspace/Sources/Blend/Core/Protocols/NetworkProtocols.swift (in target 'Blend' from project 'Blend')
    cd /Users/admin/builder/spi-builder-workspace/.swiftpm/xcode
    builtin-SwiftPerFileCompile NetworkProtocols.swift
SwiftCompile normal arm64_32 /Users/admin/builder/spi-builder-workspace/Sources/Blend/Core/Utilities/TestClock.swift (in target 'Blend' from project 'Blend')
    cd /Users/admin/builder/spi-builder-workspace/.swiftpm/xcode
    builtin-SwiftPerFileCompile TestClock.swift
SwiftCompile normal arm64_32 /Users/admin/builder/spi-builder-workspace/Sources/Blend/Image/Cache/Cache.swift (in target 'Blend' from project 'Blend')
    cd /Users/admin/builder/spi-builder-workspace/.swiftpm/xcode
    builtin-SwiftPerFileCompile Cache.swift
SwiftCompile normal arm64_32 Compiling\ AdvancedNetworkManager.swift,\ NetworkUtilities.swift,\ RequestMethod.swift,\ RequestUtilities.swift /Users/admin/builder/spi-builder-workspace/Sources/Blend/Core/Networking/AdvancedNetworkManager.swift /Users/admin/builder/spi-builder-workspace/Sources/Blend/Core/Networking/NetworkUtilities.swift /Users/admin/builder/spi-builder-workspace/Sources/Blend/Core/Networking/RequestMethod.swift /Users/admin/builder/spi-builder-workspace/Sources/Blend/Core/Networking/RequestUtilities.swift (in target 'Blend' from project 'Blend')
SwiftCompile normal arm64_32 /Users/admin/builder/spi-builder-workspace/Sources/Blend/Core/Networking/AdvancedNetworkManager.swift (in target 'Blend' from project 'Blend')
    cd /Users/admin/builder/spi-builder-workspace/.swiftpm/xcode
    builtin-SwiftPerFileCompile AdvancedNetworkManager.swift
SwiftCompile normal arm64_32 /Users/admin/builder/spi-builder-workspace/Sources/Blend/Core/Networking/NetworkUtilities.swift (in target 'Blend' from project 'Blend')
    cd /Users/admin/builder/spi-builder-workspace/.swiftpm/xcode
    builtin-SwiftPerFileCompile NetworkUtilities.swift
SwiftCompile normal arm64_32 /Users/admin/builder/spi-builder-workspace/Sources/Blend/Core/Networking/RequestMethod.swift (in target 'Blend' from project 'Blend')
    cd /Users/admin/builder/spi-builder-workspace/.swiftpm/xcode
    builtin-SwiftPerFileCompile RequestMethod.swift
SwiftCompile normal arm64_32 /Users/admin/builder/spi-builder-workspace/Sources/Blend/Core/Networking/RequestUtilities.swift (in target 'Blend' from project 'Blend')
    cd /Users/admin/builder/spi-builder-workspace/.swiftpm/xcode
    builtin-SwiftPerFileCompile RequestUtilities.swift
SwiftCompile normal arm64_32 Compiling\ TransportCustomErrorMessages.swift,\ TransportErrorDescriptions.swift,\ AdvancedAsyncRequestable.swift,\ AsyncRequestable.swift /Users/admin/builder/spi-builder-workspace/Sources/Blend/Core/Networking/TransportCustomErrorMessages.swift /Users/admin/builder/spi-builder-workspace/Sources/Blend/Core/Networking/TransportErrorDescriptions.swift /Users/admin/builder/spi-builder-workspace/Sources/Blend/Core/Protocols/AdvancedAsyncRequestable.swift /Users/admin/builder/spi-builder-workspace/Sources/Blend/Core/Protocols/AsyncRequestable.swift (in target 'Blend' from project 'Blend')
SwiftCompile normal arm64_32 /Users/admin/builder/spi-builder-workspace/Sources/Blend/Core/Networking/TransportCustomErrorMessages.swift (in target 'Blend' from project 'Blend')
    cd /Users/admin/builder/spi-builder-workspace/.swiftpm/xcode
    builtin-SwiftPerFileCompile TransportCustomErrorMessages.swift
SwiftCompile normal arm64_32 /Users/admin/builder/spi-builder-workspace/Sources/Blend/Core/Networking/TransportErrorDescriptions.swift (in target 'Blend' from project 'Blend')
    cd /Users/admin/builder/spi-builder-workspace/.swiftpm/xcode
    builtin-SwiftPerFileCompile TransportErrorDescriptions.swift
SwiftCompile normal arm64_32 /Users/admin/builder/spi-builder-workspace/Sources/Blend/Core/Protocols/AdvancedAsyncRequestable.swift (in target 'Blend' from project 'Blend')
    cd /Users/admin/builder/spi-builder-workspace/.swiftpm/xcode
    builtin-SwiftPerFileCompile AdvancedAsyncRequestable.swift
SwiftCompile normal arm64_32 /Users/admin/builder/spi-builder-workspace/Sources/Blend/Core/Protocols/AsyncRequestable.swift (in target 'Blend' from project 'Blend')
    cd /Users/admin/builder/spi-builder-workspace/.swiftpm/xcode
    builtin-SwiftPerFileCompile AsyncRequestable.swift
SwiftCompile normal arm64_32 Compiling\ NetworkError.swift,\ NetworkErrorMessages.swift,\ NetworkErrorRecovery.swift,\ TestErrorMessages.swift /Users/admin/builder/spi-builder-workspace/Sources/Blend/Core/Errors/NetworkError.swift /Users/admin/builder/spi-builder-workspace/Sources/Blend/Core/Errors/NetworkErrorMessages.swift /Users/admin/builder/spi-builder-workspace/Sources/Blend/Core/Errors/NetworkErrorRecovery.swift /Users/admin/builder/spi-builder-workspace/Sources/Blend/Core/Errors/TestErrorMessages.swift (in target 'Blend' from project 'Blend')
SwiftCompile normal arm64_32 /Users/admin/builder/spi-builder-workspace/Sources/Blend/Core/Errors/NetworkError.swift (in target 'Blend' from project 'Blend')
    cd /Users/admin/builder/spi-builder-workspace/.swiftpm/xcode
    builtin-SwiftPerFileCompile NetworkError.swift
SwiftCompile normal arm64_32 /Users/admin/builder/spi-builder-workspace/Sources/Blend/Core/Errors/NetworkErrorMessages.swift (in target 'Blend' from project 'Blend')
    cd /Users/admin/builder/spi-builder-workspace/.swiftpm/xcode
    builtin-SwiftPerFileCompile NetworkErrorMessages.swift
SwiftCompile normal arm64_32 /Users/admin/builder/spi-builder-workspace/Sources/Blend/Core/Errors/NetworkErrorRecovery.swift (in target 'Blend' from project 'Blend')
    cd /Users/admin/builder/spi-builder-workspace/.swiftpm/xcode
    builtin-SwiftPerFileCompile NetworkErrorRecovery.swift
SwiftCompile normal arm64_32 /Users/admin/builder/spi-builder-workspace/Sources/Blend/Core/Errors/TestErrorMessages.swift (in target 'Blend' from project 'Blend')
    cd /Users/admin/builder/spi-builder-workspace/.swiftpm/xcode
    builtin-SwiftPerFileCompile TestErrorMessages.swift
SwiftCompile normal arm64_32 Compiling\ ImageService+SwiftUI.swift,\ ImageService+Upload.swift,\ ImageService.swift,\ DefaultNetworkCache.swift /Users/admin/builder/spi-builder-workspace/Sources/Blend/Image/Service/ImageService+SwiftUI.swift /Users/admin/builder/spi-builder-workspace/Sources/Blend/Image/Service/ImageService+Upload.swift /Users/admin/builder/spi-builder-workspace/Sources/Blend/Image/Service/ImageService.swift /Users/admin/builder/spi-builder-workspace/Sources/Blend/Infrastructure/Cache/DefaultNetworkCache.swift (in target 'Blend' from project 'Blend')
SwiftCompile normal arm64_32 /Users/admin/builder/spi-builder-workspace/Sources/Blend/Image/Service/ImageService+SwiftUI.swift (in target 'Blend' from project 'Blend')
    cd /Users/admin/builder/spi-builder-workspace/.swiftpm/xcode
    builtin-SwiftPerFileCompile ImageService+SwiftUI.swift
SwiftCompile normal arm64_32 /Users/admin/builder/spi-builder-workspace/Sources/Blend/Image/Service/ImageService+Upload.swift (in target 'Blend' from project 'Blend')
    cd /Users/admin/builder/spi-builder-workspace/.swiftpm/xcode
    builtin-SwiftPerFileCompile ImageService+Upload.swift
SwiftCompile normal arm64_32 /Users/admin/builder/spi-builder-workspace/Sources/Blend/Image/Service/ImageService.swift (in target 'Blend' from project 'Blend')
    cd /Users/admin/builder/spi-builder-workspace/.swiftpm/xcode
    builtin-SwiftPerFileCompile ImageService.swift
SwiftCompile normal arm64_32 /Users/admin/builder/spi-builder-workspace/Sources/Blend/Infrastructure/Cache/DefaultNetworkCache.swift (in target 'Blend' from project 'Blend')
    cd /Users/admin/builder/spi-builder-workspace/.swiftpm/xcode
    builtin-SwiftPerFileCompile DefaultNetworkCache.swift
SwiftCompile normal arm64_32 Compiling\ ImageService+CacheManagement.swift,\ ImageService+Fetching.swift,\ ImageService+Helpers.swift,\ ImageService+JSONEncoding.swift /Users/admin/builder/spi-builder-workspace/Sources/Blend/Image/Service/ImageService+CacheManagement.swift /Users/admin/builder/spi-builder-workspace/Sources/Blend/Image/Service/ImageService+Fetching.swift /Users/admin/builder/spi-builder-workspace/Sources/Blend/Image/Service/ImageService+Helpers.swift /Users/admin/builder/spi-builder-workspace/Sources/Blend/Image/Service/ImageService+JSONEncoding.swift (in target 'Blend' from project 'Blend')
SwiftCompile normal arm64_32 /Users/admin/builder/spi-builder-workspace/Sources/Blend/Image/Service/ImageService+CacheManagement.swift (in target 'Blend' from project 'Blend')
    cd /Users/admin/builder/spi-builder-workspace/.swiftpm/xcode
    builtin-SwiftPerFileCompile ImageService+CacheManagement.swift
SwiftCompile normal arm64_32 /Users/admin/builder/spi-builder-workspace/Sources/Blend/Image/Service/ImageService+Fetching.swift (in target 'Blend' from project 'Blend')
    cd /Users/admin/builder/spi-builder-workspace/.swiftpm/xcode
    builtin-SwiftPerFileCompile ImageService+Fetching.swift
SwiftCompile normal arm64_32 /Users/admin/builder/spi-builder-workspace/Sources/Blend/Image/Service/ImageService+Helpers.swift (in target 'Blend' from project 'Blend')
    cd /Users/admin/builder/spi-builder-workspace/.swiftpm/xcode
    builtin-SwiftPerFileCompile ImageService+Helpers.swift
SwiftCompile normal arm64_32 /Users/admin/builder/spi-builder-workspace/Sources/Blend/Image/Service/ImageService+JSONEncoding.swift (in target 'Blend' from project 'Blend')
    cd /Users/admin/builder/spi-builder-workspace/.swiftpm/xcode
    builtin-SwiftPerFileCompile ImageService+JSONEncoding.swift
SwiftCompile normal arm64_32 Compiling\ NetworkError+Comparison.swift,\ NetworkError+Equatable.swift,\ NetworkError+Helpers.swift,\ NetworkError+LocalizedError.swift,\ NetworkError+Wrapping.swift /Users/admin/builder/spi-builder-workspace/Sources/Blend/Core/Errors/NetworkError+Comparison.swift /Users/admin/builder/spi-builder-workspace/Sources/Blend/Core/Errors/NetworkError+Equatable.swift /Users/admin/builder/spi-builder-workspace/Sources/Blend/Core/Errors/NetworkError+Helpers.swift /Users/admin/builder/spi-builder-workspace/Sources/Blend/Core/Errors/NetworkError+LocalizedError.swift /Users/admin/builder/spi-builder-workspace/Sources/Blend/Core/Errors/NetworkError+Wrapping.swift (in target 'Blend' from project 'Blend')
SwiftCompile normal arm64_32 /Users/admin/builder/spi-builder-workspace/Sources/Blend/Core/Errors/NetworkError+Comparison.swift (in target 'Blend' from project 'Blend')
    cd /Users/admin/builder/spi-builder-workspace/.swiftpm/xcode
    builtin-SwiftPerFileCompile NetworkError+Comparison.swift
SwiftCompile normal arm64_32 /Users/admin/builder/spi-builder-workspace/Sources/Blend/Core/Errors/NetworkError+Equatable.swift (in target 'Blend' from project 'Blend')
    cd /Users/admin/builder/spi-builder-workspace/.swiftpm/xcode
    builtin-SwiftPerFileCompile NetworkError+Equatable.swift
SwiftCompile normal arm64_32 /Users/admin/builder/spi-builder-workspace/Sources/Blend/Core/Errors/NetworkError+Helpers.swift (in target 'Blend' from project 'Blend')
    cd /Users/admin/builder/spi-builder-workspace/.swiftpm/xcode
    builtin-SwiftPerFileCompile NetworkError+Helpers.swift
SwiftCompile normal arm64_32 /Users/admin/builder/spi-builder-workspace/Sources/Blend/Core/Errors/NetworkError+LocalizedError.swift (in target 'Blend' from project 'Blend')
    cd /Users/admin/builder/spi-builder-workspace/.swiftpm/xcode
    builtin-SwiftPerFileCompile NetworkError+LocalizedError.swift
SwiftCompile normal arm64_32 /Users/admin/builder/spi-builder-workspace/Sources/Blend/Core/Errors/NetworkError+Wrapping.swift (in target 'Blend' from project 'Blend')
    cd /Users/admin/builder/spi-builder-workspace/.swiftpm/xcode
    builtin-SwiftPerFileCompile NetworkError+Wrapping.swift
SwiftEmitModule normal arm64_32 Emitting\ module\ for\ Blend (in target 'Blend' from project 'Blend')
SwiftCompile normal arm64_32 (in target 'Blend' from project 'Blend')
    cd /Users/admin/builder/spi-builder-workspace/.swiftpm/xcode

SwiftCompile normal arm64_32 Compiling\ resource_bundle_accessor.swift,\ AuthErrorMessages.swift,\ DataProcessingErrorMessages.swift,\ HTTPErrorMessages.swift,\ NetworkConnectivityErrorMessages.swift /Users/admin/builder/spi-builder-workspace/.derivedData/Build/Intermediates.noindex/Blend.build/Debug-watchos/Blend-t.build/DerivedSources/resource_bundle_accessor.swift /Users/admin/builder/spi-builder-workspace/Sources/Blend/Core/Errors/AuthErrorMessages.swift /Users/admin/builder/spi-builder-workspace/Sources/Blend/Core/Errors/DataProcessingErrorMessages.swift /Users/admin/builder/spi-builder-workspace/Sources/Blend/Core/Errors/HTTPErrorMessages.swift /Users/admin/builder/spi-builder-workspace/Sources/Blend/Core/Errors/NetworkConnectivityErrorMessages.swift (in target 'Blend' from project 'Blend')
SwiftCompile normal arm64_32 /Users/admin/builder/spi-builder-workspace/.derivedData/Build/Intermediates.noindex/Blend.build/Debug-watchos/Blend-t.build/DerivedSources/resource_bundle_accessor.swift (in target 'Blend' from project 'Blend')
    cd /Users/admin/builder/spi-builder-workspace/.swiftpm/xcode
    builtin-SwiftPerFileCompile resource_bundle_accessor.swift
SwiftCompile normal arm64_32 /Users/admin/builder/spi-builder-workspace/Sources/Blend/Core/Errors/AuthErrorMessages.swift (in target 'Blend' from project 'Blend')
    cd /Users/admin/builder/spi-builder-workspace/.swiftpm/xcode
    builtin-SwiftPerFileCompile AuthErrorMessages.swift
SwiftCompile normal arm64_32 /Users/admin/builder/spi-builder-workspace/Sources/Blend/Core/Errors/DataProcessingErrorMessages.swift (in target 'Blend' from project 'Blend')
    cd /Users/admin/builder/spi-builder-workspace/.swiftpm/xcode
    builtin-SwiftPerFileCompile DataProcessingErrorMessages.swift
SwiftCompile normal arm64_32 /Users/admin/builder/spi-builder-workspace/Sources/Blend/Core/Errors/HTTPErrorMessages.swift (in target 'Blend' from project 'Blend')
    cd /Users/admin/builder/spi-builder-workspace/.swiftpm/xcode
    builtin-SwiftPerFileCompile HTTPErrorMessages.swift
SwiftCompile normal arm64_32 /Users/admin/builder/spi-builder-workspace/Sources/Blend/Core/Errors/NetworkConnectivityErrorMessages.swift (in target 'Blend' from project 'Blend')
    cd /Users/admin/builder/spi-builder-workspace/.swiftpm/xcode
    builtin-SwiftPerFileCompile NetworkConnectivityErrorMessages.swift
SwiftEmitModule normal arm64 Emitting\ module\ for\ Blend (in target 'Blend' from project 'Blend')
SwiftCompile normal arm64 (in target 'Blend' from project 'Blend')
    cd /Users/admin/builder/spi-builder-workspace/.swiftpm/xcode

SwiftDriverJobDiscovery normal arm64_32 Emitting module for Blend (in target 'Blend' from project 'Blend')
SwiftDriver\ Compilation\ Requirements Blend normal arm64_32 com.apple.xcode.tools.swift.compiler (in target 'Blend' from project 'Blend')
    cd /Users/admin/builder/spi-builder-workspace/.swiftpm/xcode
    builtin-Swift-Compilation-Requirements -- /Applications/Xcode-27.0.0-Release.Candidate.app/Contents/Developer/Toolchains/XcodeDefault.xctoolchain/usr/bin/swiftc -parse-as-library -module-name Blend -Onone @/Users/admin/builder/spi-builder-workspace/.derivedData/Build/Intermediates.noindex/Blend.build/Debug-watchos/Blend-t.build/Objects-normal/arm64_32/Blend.SwiftFileList -DSWIFT_PACKAGE -DDEBUG -DSWIFT_MODULE_RESOURCE_BUNDLE_AVAILABLE -DXcode -plugin-path /Applications/Xcode-27.0.0-Release.Candidate.app/Contents/Developer/Toolchains/XcodeDefault.xctoolchain/usr/lib/swift/host/plugins/testing -enable-experimental-feature DebugDescriptionMacro -sdk /Applications/Xcode-27.0.0-Release.Candidate.app/Contents/Developer/Platforms/WatchOS.platform/Developer/SDKs/WatchOS27.0.sdk -target arm64_32-apple-watchos11.0 -g -module-cache-path /Users/admin/builder/spi-builder-workspace/.derivedData/ModuleCache.noindex -Xfrontend -serialize-debugging-options -profile-coverage-mapping -profile-generate -enable-testing -index-store-path /Users/admin/builder/spi-builder-workspace/.derivedData/Index.noindex/DataStore -Xcc -D_LIBCPP_HARDENING_MODE\=_LIBCPP_HARDENING_MODE_DEBUG -swift-version 6 -I /Users/admin/builder/spi-builder-workspace/.derivedData/Build/Products/Debug-watchos -Isystem /Applications/Xcode-27.0.0-Release.Candidate.app/Contents/Developer/Platforms/WatchOS.platform/Developer/usr/lib -F /Users/admin/builder/spi-builder-workspace/.derivedData/Build/Products/Debug-watchos -F /Applications/Xcode-27.0.0-Release.Candidate.app/Contents/Developer/Platforms/WatchOS.platform/Developer/Library/Frameworks -F /Applications/Xcode-27.0.0-Release.Candidate.app/Contents/Developer/Platforms/WatchOS.platform/Developer/SDKs/WatchOS27.0.sdk/Developer/Library/Frameworks -emit-localized-strings -emit-localized-strings-path /Users/admin/builder/spi-builder-workspace/.derivedData/Build/Intermediates.noindex/Blend.build/Debug-watchos/Blend-t.build/Objects-normal/arm64_32 -c -j10 -enable-batch-mode -incremental -Xcc -ivfsstatcache -Xcc /Users/admin/builder/spi-builder-workspace/.derivedData/SDKStatCaches.noindex/watchos27.0-24R360-e829b21a6f8c9b70876ba0858053c04477534ef55a1706bf4c1112bbb242f0a2.sdkstatcache -output-file-map /Users/admin/builder/spi-builder-workspace/.derivedData/Build/Intermediates.noindex/Blend.build/Debug-watchos/Blend-t.build/Objects-normal/arm64_32/Blend-OutputFileMap.json -save-temps -no-color-diagnostics -explicit-module-build -module-cache-path /Users/admin/builder/spi-builder-workspace/.derivedData/Build/Intermediates.noindex/SwiftExplicitPrecompiledModules -clang-scanner-module-cache-path /Users/admin/builder/spi-builder-workspace/.derivedData/ModuleCache.noindex -sdk-module-cache-path /Users/admin/builder/spi-builder-workspace/.derivedData/SDKExplicitPrecompiledModules -emit-dependencies -emit-module -emit-module-path /Users/admin/builder/spi-builder-workspace/.derivedData/Build/Intermediates.noindex/Blend.build/Debug-watchos/Blend-t.build/Objects-normal/arm64_32/Blend.swiftmodule -serialize-diagnostics -dependency-scan-serialize-diagnostics-path /Users/admin/builder/spi-builder-workspace/.derivedData/Build/Intermediates.noindex/Blend.build/Debug-watchos/Blend-t.build/Objects-normal/arm64_32/Blend-dependency-scan.dia -validate-clang-modules-once -clang-build-session-file /Users/admin/builder/spi-builder-workspace/.derivedData/ModuleCache.noindex/Session.modulevalidation -Xcc -fmodules-prune-interval\=86400 -Xcc -fmodules-prune-after\=345600 -package-name spi_builder_workspace -emit-const-values -const-gather-protocols-list /Users/admin/builder/spi-builder-workspace/.derivedData/Build/Intermediates.noindex/Blend.build/Debug-watchos/Blend-t.build/Objects-normal/arm64_32/Blend_const_extract_protocols.json -Xcc -I/Users/admin/builder/spi-builder-workspace/.derivedData/Build/Products/Debug-watchos/include -Xcc -I/Users/admin/builder/spi-builder-workspace/.derivedData/Build/Intermediates.noindex/Blend.build/Debug-watchos/Blend-t.build/DerivedSources-normal/arm64_32 -Xcc -I/Users/admin/builder/spi-builder-workspace/.derivedData/Build/Intermediates.noindex/Blend.build/Debug-watchos/Blend-t.build/DerivedSources/arm64_32 -Xcc -I/Users/admin/builder/spi-builder-workspace/.derivedData/Build/Intermediates.noindex/Blend.build/Debug-watchos/Blend-t.build/DerivedSources -Xcc -DSWIFT_PACKAGE -Xcc -DDEBUG\=1 -emit-objc-header -emit-objc-header-path /Users/admin/builder/spi-builder-workspace/.derivedData/Build/Intermediates.noindex/Blend.build/Debug-watchos/Blend-t.build/Objects-normal/arm64_32/Blend-Swift.h -working-directory /Users/admin/builder/spi-builder-workspace/.swiftpm/xcode -experimental-emit-module-separately -disable-cmo
SwiftDriverJobDiscovery normal arm64 Emitting module for Blend (in target 'Blend' from project 'Blend')
SwiftDriver\ Compilation\ Requirements Blend normal arm64 com.apple.xcode.tools.swift.compiler (in target 'Blend' from project 'Blend')
    cd /Users/admin/builder/spi-builder-workspace/.swiftpm/xcode
    builtin-Swift-Compilation-Requirements -- /Applications/Xcode-27.0.0-Release.Candidate.app/Contents/Developer/Toolchains/XcodeDefault.xctoolchain/usr/bin/swiftc -parse-as-library -module-name Blend -Onone @/Users/admin/builder/spi-builder-workspace/.derivedData/Build/Intermediates.noindex/Blend.build/Debug-watchos/Blend-t.build/Objects-normal/arm64/Blend.SwiftFileList -DSWIFT_PACKAGE -DDEBUG -DSWIFT_MODULE_RESOURCE_BUNDLE_AVAILABLE -DXcode -plugin-path /Applications/Xcode-27.0.0-Release.Candidate.app/Contents/Developer/Toolchains/XcodeDefault.xctoolchain/usr/lib/swift/host/plugins/testing -enable-experimental-feature DebugDescriptionMacro -sdk /Applications/Xcode-27.0.0-Release.Candidate.app/Contents/Developer/Platforms/WatchOS.platform/Developer/SDKs/WatchOS27.0.sdk -target arm64-apple-watchos11.0 -g -module-cache-path /Users/admin/builder/spi-builder-workspace/.derivedData/ModuleCache.noindex -Xfrontend -serialize-debugging-options -profile-coverage-mapping -profile-generate -enable-testing -index-store-path /Users/admin/builder/spi-builder-workspace/.derivedData/Index.noindex/DataStore -Xcc -D_LIBCPP_HARDENING_MODE\=_LIBCPP_HARDENING_MODE_DEBUG -swift-version 6 -I /Users/admin/builder/spi-builder-workspace/.derivedData/Build/Products/Debug-watchos -Isystem /Applications/Xcode-27.0.0-Release.Candidate.app/Contents/Developer/Platforms/WatchOS.platform/Developer/usr/lib -F /Users/admin/builder/spi-builder-workspace/.derivedData/Build/Products/Debug-watchos -F /Applications/Xcode-27.0.0-Release.Candidate.app/Contents/Developer/Platforms/WatchOS.platform/Developer/Library/Frameworks -F /Applications/Xcode-27.0.0-Release.Candidate.app/Contents/Developer/Platforms/WatchOS.platform/Developer/SDKs/WatchOS27.0.sdk/Developer/Library/Frameworks -emit-localized-strings -emit-localized-strings-path /Users/admin/builder/spi-builder-workspace/.derivedData/Build/Intermediates.noindex/Blend.build/Debug-watchos/Blend-t.build/Objects-normal/arm64 -c -j10 -enable-batch-mode -incremental -Xcc -ivfsstatcache -Xcc /Users/admin/builder/spi-builder-workspace/.derivedData/SDKStatCaches.noindex/watchos27.0-24R360-e829b21a6f8c9b70876ba0858053c04477534ef55a1706bf4c1112bbb242f0a2.sdkstatcache -output-file-map /Users/admin/builder/spi-builder-workspace/.derivedData/Build/Intermediates.noindex/Blend.build/Debug-watchos/Blend-t.build/Objects-normal/arm64/Blend-OutputFileMap.json -save-temps -no-color-diagnostics -explicit-module-build -module-cache-path /Users/admin/builder/spi-builder-workspace/.derivedData/Build/Intermediates.noindex/SwiftExplicitPrecompiledModules -clang-scanner-module-cache-path /Users/admin/builder/spi-builder-workspace/.derivedData/ModuleCache.noindex -sdk-module-cache-path /Users/admin/builder/spi-builder-workspace/.derivedData/SDKExplicitPrecompiledModules -emit-dependencies -emit-module -emit-module-path /Users/admin/builder/spi-builder-workspace/.derivedData/Build/Intermediates.noindex/Blend.build/Debug-watchos/Blend-t.build/Objects-normal/arm64/Blend.swiftmodule -serialize-diagnostics -dependency-scan-serialize-diagnostics-path /Users/admin/builder/spi-builder-workspace/.derivedData/Build/Intermediates.noindex/Blend.build/Debug-watchos/Blend-t.build/Objects-normal/arm64/Blend-dependency-scan.dia -validate-clang-modules-once -clang-build-session-file /Users/admin/builder/spi-builder-workspace/.derivedData/ModuleCache.noindex/Session.modulevalidation -Xcc -fmodules-prune-interval\=86400 -Xcc -fmodules-prune-after\=345600 -package-name spi_builder_workspace -emit-const-values -const-gather-protocols-list /Users/admin/builder/spi-builder-workspace/.derivedData/Build/Intermediates.noindex/Blend.build/Debug-watchos/Blend-t.build/Objects-normal/arm64/Blend_const_extract_protocols.json -Xcc -I/Users/admin/builder/spi-builder-workspace/.derivedData/Build/Products/Debug-watchos/include -Xcc -I/Users/admin/builder/spi-builder-workspace/.derivedData/Build/Intermediates.noindex/Blend.build/Debug-watchos/Blend-t.build/DerivedSources-normal/arm64 -Xcc -I/Users/admin/builder/spi-builder-workspace/.derivedData/Build/Intermediates.noindex/Blend.build/Debug-watchos/Blend-t.build/DerivedSources/arm64 -Xcc -I/Users/admin/builder/spi-builder-workspace/.derivedData/Build/Intermediates.noindex/Blend.build/Debug-watchos/Blend-t.build/DerivedSources -Xcc -DSWIFT_PACKAGE -Xcc -DDEBUG\=1 -emit-objc-header -emit-objc-header-path /Users/admin/builder/spi-builder-workspace/.derivedData/Build/Intermediates.noindex/Blend.build/Debug-watchos/Blend-t.build/Objects-normal/arm64/Blend-Swift.h -working-directory /Users/admin/builder/spi-builder-workspace/.swiftpm/xcode -experimental-emit-module-separately -disable-cmo
SwiftCompile normal arm64 Compiling\ NetworkError.swift,\ NetworkErrorMessages.swift,\ NetworkErrorRecovery.swift,\ TestErrorMessages.swift /Users/admin/builder/spi-builder-workspace/Sources/Blend/Core/Errors/NetworkError.swift /Users/admin/builder/spi-builder-workspace/Sources/Blend/Core/Errors/NetworkErrorMessages.swift /Users/admin/builder/spi-builder-workspace/Sources/Blend/Core/Errors/NetworkErrorRecovery.swift /Users/admin/builder/spi-builder-workspace/Sources/Blend/Core/Errors/TestErrorMessages.swift (in target 'Blend' from project 'Blend')
SwiftCompile normal arm64 /Users/admin/builder/spi-builder-workspace/Sources/Blend/Core/Errors/NetworkError.swift (in target 'Blend' from project 'Blend')
    cd /Users/admin/builder/spi-builder-workspace/.swiftpm/xcode
    builtin-SwiftPerFileCompile NetworkError.swift
SwiftCompile normal arm64 /Users/admin/builder/spi-builder-workspace/Sources/Blend/Core/Errors/NetworkErrorMessages.swift (in target 'Blend' from project 'Blend')
    cd /Users/admin/builder/spi-builder-workspace/.swiftpm/xcode
    builtin-SwiftPerFileCompile NetworkErrorMessages.swift
SwiftCompile normal arm64 /Users/admin/builder/spi-builder-workspace/Sources/Blend/Core/Errors/NetworkErrorRecovery.swift (in target 'Blend' from project 'Blend')
    cd /Users/admin/builder/spi-builder-workspace/.swiftpm/xcode
    builtin-SwiftPerFileCompile NetworkErrorRecovery.swift
SwiftCompile normal arm64 /Users/admin/builder/spi-builder-workspace/Sources/Blend/Core/Errors/TestErrorMessages.swift (in target 'Blend' from project 'Blend')
    cd /Users/admin/builder/spi-builder-workspace/.swiftpm/xcode
    builtin-SwiftPerFileCompile TestErrorMessages.swift
SwiftMergeGeneratedHeaders /Users/admin/builder/spi-builder-workspace/.derivedData/Build/Intermediates.noindex/GeneratedModuleMaps-watchos/Blend-Swift.h /Users/admin/builder/spi-builder-workspace/.derivedData/Build/Intermediates.noindex/Blend.build/Debug-watchos/Blend-t.build/Objects-normal/arm64/Blend-Swift.h /Users/admin/builder/spi-builder-workspace/.derivedData/Build/Intermediates.noindex/Blend.build/Debug-watchos/Blend-t.build/Objects-normal/arm64_32/Blend-Swift.h (in target 'Blend' from project 'Blend')
    cd /Users/admin/builder/spi-builder-workspace
    builtin-swiftHeaderTool -arch arm64 /Users/admin/builder/spi-builder-workspace/.derivedData/Build/Intermediates.noindex/Blend.build/Debug-watchos/Blend-t.build/Objects-normal/arm64/Blend-Swift.h -arch arm64_32 /Users/admin/builder/spi-builder-workspace/.derivedData/Build/Intermediates.noindex/Blend.build/Debug-watchos/Blend-t.build/Objects-normal/arm64_32/Blend-Swift.h -o /Users/admin/builder/spi-builder-workspace/.derivedData/Build/Intermediates.noindex/GeneratedModuleMaps-watchos/Blend-Swift.h
SwiftDriverJobDiscovery normal arm64_32 Compiling NetworkError.swift, NetworkErrorMessages.swift, NetworkErrorRecovery.swift, TestErrorMessages.swift (in target 'Blend' from project 'Blend')
Copy /Users/admin/builder/spi-builder-workspace/.derivedData/Build/Products/Debug-watchos/Blend.swiftmodule/arm64_32-apple-watchos.swiftmodule /Users/admin/builder/spi-builder-workspace/.derivedData/Build/Intermediates.noindex/Blend.build/Debug-watchos/Blend-t.build/Objects-normal/arm64_32/Blend.swiftmodule (in target 'Blend' from project 'Blend')
    cd /Users/admin/builder/spi-builder-workspace
    builtin-copy -exclude .DS_Store -exclude CVS -exclude .svn -exclude .git -exclude .hg -resolve-src-symlinks -rename /Users/admin/builder/spi-builder-workspace/.derivedData/Build/Intermediates.noindex/Blend.build/Debug-watchos/Blend-t.build/Objects-normal/arm64_32/Blend.swiftmodule /Users/admin/builder/spi-builder-workspace/.derivedData/Build/Products/Debug-watchos/Blend.swiftmodule/arm64_32-apple-watchos.swiftmodule
Copy /Users/admin/builder/spi-builder-workspace/.derivedData/Build/Products/Debug-watchos/Blend.swiftmodule/arm64_32-apple-watchos.swiftdoc /Users/admin/builder/spi-builder-workspace/.derivedData/Build/Intermediates.noindex/Blend.build/Debug-watchos/Blend-t.build/Objects-normal/arm64_32/Blend.swiftdoc (in target 'Blend' from project 'Blend')
    cd /Users/admin/builder/spi-builder-workspace
    builtin-copy -exclude .DS_Store -exclude CVS -exclude .svn -exclude .git -exclude .hg -resolve-src-symlinks -rename /Users/admin/builder/spi-builder-workspace/.derivedData/Build/Intermediates.noindex/Blend.build/Debug-watchos/Blend-t.build/Objects-normal/arm64_32/Blend.swiftdoc /Users/admin/builder/spi-builder-workspace/.derivedData/Build/Products/Debug-watchos/Blend.swiftmodule/arm64_32-apple-watchos.swiftdoc
Copy /Users/admin/builder/spi-builder-workspace/.derivedData/Build/Products/Debug-watchos/Blend.swiftmodule/arm64_32-apple-watchos.abi.json /Users/admin/builder/spi-builder-workspace/.derivedData/Build/Intermediates.noindex/Blend.build/Debug-watchos/Blend-t.build/Objects-normal/arm64_32/Blend.abi.json (in target 'Blend' from project 'Blend')
    cd /Users/admin/builder/spi-builder-workspace
    builtin-copy -exclude .DS_Store -exclude CVS -exclude .svn -exclude .git -exclude .hg -resolve-src-symlinks -rename /Users/admin/builder/spi-builder-workspace/.derivedData/Build/Intermediates.noindex/Blend.build/Debug-watchos/Blend-t.build/Objects-normal/arm64_32/Blend.abi.json /Users/admin/builder/spi-builder-workspace/.derivedData/Build/Products/Debug-watchos/Blend.swiftmodule/arm64_32-apple-watchos.abi.json
Copy /Users/admin/builder/spi-builder-workspace/.derivedData/Build/Products/Debug-watchos/Blend.swiftmodule/arm64-apple-watchos.swiftmodule /Users/admin/builder/spi-builder-workspace/.derivedData/Build/Intermediates.noindex/Blend.build/Debug-watchos/Blend-t.build/Objects-normal/arm64/Blend.swiftmodule (in target 'Blend' from project 'Blend')
    cd /Users/admin/builder/spi-builder-workspace
    builtin-copy -exclude .DS_Store -exclude CVS -exclude .svn -exclude .git -exclude .hg -resolve-src-symlinks -rename /Users/admin/builder/spi-builder-workspace/.derivedData/Build/Intermediates.noindex/Blend.build/Debug-watchos/Blend-t.build/Objects-normal/arm64/Blend.swiftmodule /Users/admin/builder/spi-builder-workspace/.derivedData/Build/Products/Debug-watchos/Blend.swiftmodule/arm64-apple-watchos.swiftmodule
SwiftDriverJobDiscovery normal arm64_32 Compiling NetworkError+Comparison.swift, NetworkError+Equatable.swift, NetworkError+Helpers.swift, NetworkError+LocalizedError.swift, NetworkError+Wrapping.swift (in target 'Blend' from project 'Blend')
Copy /Users/admin/builder/spi-builder-workspace/.derivedData/Build/Products/Debug-watchos/Blend.swiftmodule/arm64-apple-watchos.swiftdoc /Users/admin/builder/spi-builder-workspace/.derivedData/Build/Intermediates.noindex/Blend.build/Debug-watchos/Blend-t.build/Objects-normal/arm64/Blend.swiftdoc (in target 'Blend' from project 'Blend')
    cd /Users/admin/builder/spi-builder-workspace
    builtin-copy -exclude .DS_Store -exclude CVS -exclude .svn -exclude .git -exclude .hg -resolve-src-symlinks -rename /Users/admin/builder/spi-builder-workspace/.derivedData/Build/Intermediates.noindex/Blend.build/Debug-watchos/Blend-t.build/Objects-normal/arm64/Blend.swiftdoc /Users/admin/builder/spi-builder-workspace/.derivedData/Build/Products/Debug-watchos/Blend.swiftmodule/arm64-apple-watchos.swiftdoc
Copy /Users/admin/builder/spi-builder-workspace/.derivedData/Build/Products/Debug-watchos/Blend.swiftmodule/arm64-apple-watchos.abi.json /Users/admin/builder/spi-builder-workspace/.derivedData/Build/Intermediates.noindex/Blend.build/Debug-watchos/Blend-t.build/Objects-normal/arm64/Blend.abi.json (in target 'Blend' from project 'Blend')
    cd /Users/admin/builder/spi-builder-workspace
    builtin-copy -exclude .DS_Store -exclude CVS -exclude .svn -exclude .git -exclude .hg -resolve-src-symlinks -rename /Users/admin/builder/spi-builder-workspace/.derivedData/Build/Intermediates.noindex/Blend.build/Debug-watchos/Blend-t.build/Objects-normal/arm64/Blend.abi.json /Users/admin/builder/spi-builder-workspace/.derivedData/Build/Products/Debug-watchos/Blend.swiftmodule/arm64-apple-watchos.abi.json
Copy /Users/admin/builder/spi-builder-workspace/.derivedData/Build/Products/Debug-watchos/Blend.swiftmodule/Project/arm64_32-apple-watchos.swiftsourceinfo /Users/admin/builder/spi-builder-workspace/.derivedData/Build/Intermediates.noindex/Blend.build/Debug-watchos/Blend-t.build/Objects-normal/arm64_32/Blend.swiftsourceinfo (in target 'Blend' from project 'Blend')
    cd /Users/admin/builder/spi-builder-workspace
    builtin-copy -exclude .DS_Store -exclude CVS -exclude .svn -exclude .git -exclude .hg -resolve-src-symlinks -rename /Users/admin/builder/spi-builder-workspace/.derivedData/Build/Intermediates.noindex/Blend.build/Debug-watchos/Blend-t.build/Objects-normal/arm64_32/Blend.swiftsourceinfo /Users/admin/builder/spi-builder-workspace/.derivedData/Build/Products/Debug-watchos/Blend.swiftmodule/Project/arm64_32-apple-watchos.swiftsourceinfo
SwiftDriverJobDiscovery normal arm64_32 Compiling resource_bundle_accessor.swift, AuthErrorMessages.swift, DataProcessingErrorMessages.swift, HTTPErrorMessages.swift, NetworkConnectivityErrorMessages.swift (in target 'Blend' from project 'Blend')
Copy /Users/admin/builder/spi-builder-workspace/.derivedData/Build/Products/Debug-watchos/Blend.swiftmodule/Project/arm64-apple-watchos.swiftsourceinfo /Users/admin/builder/spi-builder-workspace/.derivedData/Build/Intermediates.noindex/Blend.build/Debug-watchos/Blend-t.build/Objects-normal/arm64/Blend.swiftsourceinfo (in target 'Blend' from project 'Blend')
    cd /Users/admin/builder/spi-builder-workspace
    builtin-copy -exclude .DS_Store -exclude CVS -exclude .svn -exclude .git -exclude .hg -resolve-src-symlinks -rename /Users/admin/builder/spi-builder-workspace/.derivedData/Build/Intermediates.noindex/Blend.build/Debug-watchos/Blend-t.build/Objects-normal/arm64/Blend.swiftsourceinfo /Users/admin/builder/spi-builder-workspace/.derivedData/Build/Products/Debug-watchos/Blend.swiftmodule/Project/arm64-apple-watchos.swiftsourceinfo
SwiftCompile normal arm64 Compiling\ TransportCustomErrorMessages.swift,\ TransportErrorDescriptions.swift,\ AdvancedAsyncRequestable.swift,\ AsyncRequestable.swift /Users/admin/builder/spi-builder-workspace/Sources/Blend/Core/Networking/TransportCustomErrorMessages.swift /Users/admin/builder/spi-builder-workspace/Sources/Blend/Core/Networking/TransportErrorDescriptions.swift /Users/admin/builder/spi-builder-workspace/Sources/Blend/Core/Protocols/AdvancedAsyncRequestable.swift /Users/admin/builder/spi-builder-workspace/Sources/Blend/Core/Protocols/AsyncRequestable.swift (in target 'Blend' from project 'Blend')
SwiftCompile normal arm64 /Users/admin/builder/spi-builder-workspace/Sources/Blend/Core/Networking/TransportCustomErrorMessages.swift (in target 'Blend' from project 'Blend')
    cd /Users/admin/builder/spi-builder-workspace/.swiftpm/xcode
    builtin-SwiftPerFileCompile TransportCustomErrorMessages.swift
SwiftCompile normal arm64 /Users/admin/builder/spi-builder-workspace/Sources/Blend/Core/Networking/TransportErrorDescriptions.swift (in target 'Blend' from project 'Blend')
    cd /Users/admin/builder/spi-builder-workspace/.swiftpm/xcode
    builtin-SwiftPerFileCompile TransportErrorDescriptions.swift
SwiftCompile normal arm64 /Users/admin/builder/spi-builder-workspace/Sources/Blend/Core/Protocols/AdvancedAsyncRequestable.swift (in target 'Blend' from project 'Blend')
    cd /Users/admin/builder/spi-builder-workspace/.swiftpm/xcode
    builtin-SwiftPerFileCompile AdvancedAsyncRequestable.swift
SwiftCompile normal arm64 /Users/admin/builder/spi-builder-workspace/Sources/Blend/Core/Protocols/AsyncRequestable.swift (in target 'Blend' from project 'Blend')
    cd /Users/admin/builder/spi-builder-workspace/.swiftpm/xcode
    builtin-SwiftPerFileCompile AsyncRequestable.swift
SwiftCompile normal arm64 Compiling\ resource_bundle_accessor.swift,\ AuthErrorMessages.swift,\ DataProcessingErrorMessages.swift,\ HTTPErrorMessages.swift,\ NetworkConnectivityErrorMessages.swift /Users/admin/builder/spi-builder-workspace/.derivedData/Build/Intermediates.noindex/Blend.build/Debug-watchos/Blend-t.build/DerivedSources/resource_bundle_accessor.swift /Users/admin/builder/spi-builder-workspace/Sources/Blend/Core/Errors/AuthErrorMessages.swift /Users/admin/builder/spi-builder-workspace/Sources/Blend/Core/Errors/DataProcessingErrorMessages.swift /Users/admin/builder/spi-builder-workspace/Sources/Blend/Core/Errors/HTTPErrorMessages.swift /Users/admin/builder/spi-builder-workspace/Sources/Blend/Core/Errors/NetworkConnectivityErrorMessages.swift (in target 'Blend' from project 'Blend')
SwiftCompile normal arm64 /Users/admin/builder/spi-builder-workspace/.derivedData/Build/Intermediates.noindex/Blend.build/Debug-watchos/Blend-t.build/DerivedSources/resource_bundle_accessor.swift (in target 'Blend' from project 'Blend')
    cd /Users/admin/builder/spi-builder-workspace/.swiftpm/xcode
    builtin-SwiftPerFileCompile resource_bundle_accessor.swift
SwiftCompile normal arm64 /Users/admin/builder/spi-builder-workspace/Sources/Blend/Core/Errors/AuthErrorMessages.swift (in target 'Blend' from project 'Blend')
    cd /Users/admin/builder/spi-builder-workspace/.swiftpm/xcode
    builtin-SwiftPerFileCompile AuthErrorMessages.swift
SwiftCompile normal arm64 /Users/admin/builder/spi-builder-workspace/Sources/Blend/Core/Errors/DataProcessingErrorMessages.swift (in target 'Blend' from project 'Blend')
    cd /Users/admin/builder/spi-builder-workspace/.swiftpm/xcode
    builtin-SwiftPerFileCompile DataProcessingErrorMessages.swift
SwiftCompile normal arm64 /Users/admin/builder/spi-builder-workspace/Sources/Blend/Core/Errors/HTTPErrorMessages.swift (in target 'Blend' from project 'Blend')
    cd /Users/admin/builder/spi-builder-workspace/.swiftpm/xcode
    builtin-SwiftPerFileCompile HTTPErrorMessages.swift
SwiftCompile normal arm64 /Users/admin/builder/spi-builder-workspace/Sources/Blend/Core/Errors/NetworkConnectivityErrorMessages.swift (in target 'Blend' from project 'Blend')
    cd /Users/admin/builder/spi-builder-workspace/.swiftpm/xcode
    builtin-SwiftPerFileCompile NetworkConnectivityErrorMessages.swift
SwiftCompile normal arm64 Compiling\ NetworkError+Comparison.swift,\ NetworkError+Equatable.swift,\ NetworkError+Helpers.swift,\ NetworkError+LocalizedError.swift,\ NetworkError+Wrapping.swift /Users/admin/builder/spi-builder-workspace/Sources/Blend/Core/Errors/NetworkError+Comparison.swift /Users/admin/builder/spi-builder-workspace/Sources/Blend/Core/Errors/NetworkError+Equatable.swift /Users/admin/builder/spi-builder-workspace/Sources/Blend/Core/Errors/NetworkError+Helpers.swift /Users/admin/builder/spi-builder-workspace/Sources/Blend/Core/Errors/NetworkError+LocalizedError.swift /Users/admin/builder/spi-builder-workspace/Sources/Blend/Core/Errors/NetworkError+Wrapping.swift (in target 'Blend' from project 'Blend')
SwiftCompile normal arm64 /Users/admin/builder/spi-builder-workspace/Sources/Blend/Core/Errors/NetworkError+Comparison.swift (in target 'Blend' from project 'Blend')
    cd /Users/admin/builder/spi-builder-workspace/.swiftpm/xcode
    builtin-SwiftPerFileCompile NetworkError+Comparison.swift
SwiftCompile normal arm64 /Users/admin/builder/spi-builder-workspace/Sources/Blend/Core/Errors/NetworkError+Equatable.swift (in target 'Blend' from project 'Blend')
    cd /Users/admin/builder/spi-builder-workspace/.swiftpm/xcode
    builtin-SwiftPerFileCompile NetworkError+Equatable.swift
SwiftCompile normal arm64 /Users/admin/builder/spi-builder-workspace/Sources/Blend/Core/Errors/NetworkError+Helpers.swift (in target 'Blend' from project 'Blend')
    cd /Users/admin/builder/spi-builder-workspace/.swiftpm/xcode
    builtin-SwiftPerFileCompile NetworkError+Helpers.swift
SwiftCompile normal arm64 /Users/admin/builder/spi-builder-workspace/Sources/Blend/Core/Errors/NetworkError+LocalizedError.swift (in target 'Blend' from project 'Blend')
    cd /Users/admin/builder/spi-builder-workspace/.swiftpm/xcode
    builtin-SwiftPerFileCompile NetworkError+LocalizedError.swift
SwiftCompile normal arm64 /Users/admin/builder/spi-builder-workspace/Sources/Blend/Core/Errors/NetworkError+Wrapping.swift (in target 'Blend' from project 'Blend')
    cd /Users/admin/builder/spi-builder-workspace/.swiftpm/xcode
    builtin-SwiftPerFileCompile NetworkError+Wrapping.swift
SwiftDriverJobDiscovery normal arm64_32 Compiling TransportCustomErrorMessages.swift, TransportErrorDescriptions.swift, AdvancedAsyncRequestable.swift, AsyncRequestable.swift (in target 'Blend' from project 'Blend')
SwiftCompile normal arm64 Compiling\ AdvancedNetworkManager.swift,\ NetworkUtilities.swift,\ RequestMethod.swift,\ RequestUtilities.swift /Users/admin/builder/spi-builder-workspace/Sources/Blend/Core/Networking/AdvancedNetworkManager.swift /Users/admin/builder/spi-builder-workspace/Sources/Blend/Core/Networking/NetworkUtilities.swift /Users/admin/builder/spi-builder-workspace/Sources/Blend/Core/Networking/RequestMethod.swift /Users/admin/builder/spi-builder-workspace/Sources/Blend/Core/Networking/RequestUtilities.swift (in target 'Blend' from project 'Blend')
SwiftCompile normal arm64 /Users/admin/builder/spi-builder-workspace/Sources/Blend/Core/Networking/AdvancedNetworkManager.swift (in target 'Blend' from project 'Blend')
    cd /Users/admin/builder/spi-builder-workspace/.swiftpm/xcode
    builtin-SwiftPerFileCompile AdvancedNetworkManager.swift
SwiftCompile normal arm64 /Users/admin/builder/spi-builder-workspace/Sources/Blend/Core/Networking/NetworkUtilities.swift (in target 'Blend' from project 'Blend')
    cd /Users/admin/builder/spi-builder-workspace/.swiftpm/xcode
    builtin-SwiftPerFileCompile NetworkUtilities.swift
SwiftCompile normal arm64 /Users/admin/builder/spi-builder-workspace/Sources/Blend/Core/Networking/RequestMethod.swift (in target 'Blend' from project 'Blend')
    cd /Users/admin/builder/spi-builder-workspace/.swiftpm/xcode
    builtin-SwiftPerFileCompile RequestMethod.swift
SwiftCompile normal arm64 /Users/admin/builder/spi-builder-workspace/Sources/Blend/Core/Networking/RequestUtilities.swift (in target 'Blend' from project 'Blend')
    cd /Users/admin/builder/spi-builder-workspace/.swiftpm/xcode
    builtin-SwiftPerFileCompile RequestUtilities.swift
SwiftDriverJobDiscovery normal arm64_32 Compiling Endpoint.swift, NetworkProtocols.swift, TestClock.swift, Cache.swift (in target 'Blend' from project 'Blend')
SwiftCompile normal arm64 Compiling\ BlendConfig.swift,\ RetryPolicy.swift,\ RequestInterceptor.swift,\ SwiftUIExtensions.swift /Users/admin/builder/spi-builder-workspace/Sources/Blend/Infrastructure/Configuration/BlendConfig.swift /Users/admin/builder/spi-builder-workspace/Sources/Blend/Infrastructure/Configuration/RetryPolicy.swift /Users/admin/builder/spi-builder-workspace/Sources/Blend/Infrastructure/Utilities/RequestInterceptor.swift /Users/admin/builder/spi-builder-workspace/Sources/Blend/UI/SwiftUI/SwiftUIExtensions.swift (in target 'Blend' from project 'Blend')
SwiftCompile normal arm64 /Users/admin/builder/spi-builder-workspace/Sources/Blend/Infrastructure/Configuration/BlendConfig.swift (in target 'Blend' from project 'Blend')
    cd /Users/admin/builder/spi-builder-workspace/.swiftpm/xcode
    builtin-SwiftPerFileCompile BlendConfig.swift
SwiftCompile normal arm64 /Users/admin/builder/spi-builder-workspace/Sources/Blend/Infrastructure/Configuration/RetryPolicy.swift (in target 'Blend' from project 'Blend')
    cd /Users/admin/builder/spi-builder-workspace/.swiftpm/xcode
    builtin-SwiftPerFileCompile RetryPolicy.swift
SwiftCompile normal arm64 /Users/admin/builder/spi-builder-workspace/Sources/Blend/Infrastructure/Utilities/RequestInterceptor.swift (in target 'Blend' from project 'Blend')
    cd /Users/admin/builder/spi-builder-workspace/.swiftpm/xcode
    builtin-SwiftPerFileCompile RequestInterceptor.swift
SwiftCompile normal arm64 /Users/admin/builder/spi-builder-workspace/Sources/Blend/UI/SwiftUI/SwiftUIExtensions.swift (in target 'Blend' from project 'Blend')
    cd /Users/admin/builder/spi-builder-workspace/.swiftpm/xcode
    builtin-SwiftPerFileCompile SwiftUIExtensions.swift
SwiftCompile normal arm64 Compiling\ ImageService+SwiftUI.swift,\ ImageService+Upload.swift,\ ImageService.swift,\ DefaultNetworkCache.swift /Users/admin/builder/spi-builder-workspace/Sources/Blend/Image/Service/ImageService+SwiftUI.swift /Users/admin/builder/spi-builder-workspace/Sources/Blend/Image/Service/ImageService+Upload.swift /Users/admin/builder/spi-builder-workspace/Sources/Blend/Image/Service/ImageService.swift /Users/admin/builder/spi-builder-workspace/Sources/Blend/Infrastructure/Cache/DefaultNetworkCache.swift (in target 'Blend' from project 'Blend')
SwiftCompile normal arm64 /Users/admin/builder/spi-builder-workspace/Sources/Blend/Image/Service/ImageService+SwiftUI.swift (in target 'Blend' from project 'Blend')
    cd /Users/admin/builder/spi-builder-workspace/.swiftpm/xcode
    builtin-SwiftPerFileCompile ImageService+SwiftUI.swift
SwiftCompile normal arm64 /Users/admin/builder/spi-builder-workspace/Sources/Blend/Image/Service/ImageService+Upload.swift (in target 'Blend' from project 'Blend')
    cd /Users/admin/builder/spi-builder-workspace/.swiftpm/xcode
    builtin-SwiftPerFileCompile ImageService+Upload.swift
SwiftCompile normal arm64 /Users/admin/builder/spi-builder-workspace/Sources/Blend/Image/Service/ImageService.swift (in target 'Blend' from project 'Blend')
    cd /Users/admin/builder/spi-builder-workspace/.swiftpm/xcode
    builtin-SwiftPerFileCompile ImageService.swift
SwiftCompile normal arm64 /Users/admin/builder/spi-builder-workspace/Sources/Blend/Infrastructure/Cache/DefaultNetworkCache.swift (in target 'Blend' from project 'Blend')
    cd /Users/admin/builder/spi-builder-workspace/.swiftpm/xcode
    builtin-SwiftPerFileCompile DefaultNetworkCache.swift
SwiftDriverJobDiscovery normal arm64_32 Compiling AdvancedNetworkManager.swift, NetworkUtilities.swift, RequestMethod.swift, RequestUtilities.swift (in target 'Blend' from project 'Blend')
SwiftDriverJobDiscovery normal arm64 Compiling NetworkError.swift, NetworkErrorMessages.swift, NetworkErrorRecovery.swift, TestErrorMessages.swift (in target 'Blend' from project 'Blend')
SwiftCompile normal arm64_32 Compiling\ CacheActor.swift,\ MIMETypeDetector.swift,\ MultipartBuilder.swift,\ NSImage+DataRepresentation.swift /Users/admin/builder/spi-builder-workspace/Sources/Blend/Image/Cache/CacheActor.swift /Users/admin/builder/spi-builder-workspace/Sources/Blend/Image/Operations/MIMETypeDetector.swift /Users/admin/builder/spi-builder-workspace/Sources/Blend/Image/Operations/MultipartBuilder.swift /Users/admin/builder/spi-builder-workspace/Sources/Blend/Image/Platform/NSImage+DataRepresentation.swift (in target 'Blend' from project 'Blend')
/Users/admin/builder/spi-builder-workspace/Sources/Blend/Image/Operations/MIMETypeDetector.swift:133:37: error: cannot find 'CGImageSourceCreateWithData' in scope
131 |
132 |             // Create image source from data
133 |             guard let imageSource = CGImageSourceCreateWithData(cfData, nil) else { return nil }
    |                                     `- error: cannot find 'CGImageSourceCreateWithData' in scope
134 |
135 |             // Get the UTI type identifier from the image source
/Users/admin/builder/spi-builder-workspace/Sources/Blend/Image/Operations/MIMETypeDetector.swift:136:29: error: cannot find 'CGImageSourceGetType' in scope
134 |
135 |             // Get the UTI type identifier from the image source
136 |             guard let uti = CGImageSourceGetType(imageSource) as String? else { return nil }
    |                             `- error: cannot find 'CGImageSourceGetType' in scope
137 |
138 |             // Convert UTI to MIME type
Failed frontend command:
/Applications/Xcode-27.0.0-Release.Candidate.app/Contents/Developer/Toolchains/XcodeDefault.xctoolchain/usr/bin/swift-frontend -frontend -c /Users/admin/builder/spi-builder-workspace/.derivedData/Build/Intermediates.noindex/Blend.build/Debug-watchos/Blend-t.build/DerivedSources/resource_bundle_accessor.swift /Users/admin/builder/spi-builder-workspace/Sources/Blend/Core/Errors/AuthErrorMessages.swift /Users/admin/builder/spi-builder-workspace/Sources/Blend/Core/Errors/DataProcessingErrorMessages.swift /Users/admin/builder/spi-builder-workspace/Sources/Blend/Core/Errors/HTTPErrorMessages.swift /Users/admin/builder/spi-builder-workspace/Sources/Blend/Core/Errors/NetworkConnectivityErrorMessages.swift /Users/admin/builder/spi-builder-workspace/Sources/Blend/Core/Errors/NetworkError+Comparison.swift /Users/admin/builder/spi-builder-workspace/Sources/Blend/Core/Errors/NetworkError+Equatable.swift /Users/admin/builder/spi-builder-workspace/Sources/Blend/Core/Errors/NetworkError+Helpers.swift /Users/admin/builder/spi-builder-workspace/Sources/Blend/Core/Errors/NetworkError+LocalizedError.swift /Users/admin/builder/spi-builder-workspace/Sources/Blend/Core/Errors/NetworkError+Wrapping.swift /Users/admin/builder/spi-builder-workspace/Sources/Blend/Core/Errors/NetworkError.swift /Users/admin/builder/spi-builder-workspace/Sources/Blend/Core/Errors/NetworkErrorMessages.swift /Users/admin/builder/spi-builder-workspace/Sources/Blend/Core/Errors/NetworkErrorRecovery.swift /Users/admin/builder/spi-builder-workspace/Sources/Blend/Core/Errors/TestErrorMessages.swift /Users/admin/builder/spi-builder-workspace/Sources/Blend/Core/Networking/AdvancedNetworkManager.swift /Users/admin/builder/spi-builder-workspace/Sources/Blend/Core/Networking/NetworkUtilities.swift /Users/admin/builder/spi-builder-workspace/Sources/Blend/Core/Networking/RequestMethod.swift /Users/admin/builder/spi-builder-workspace/Sources/Blend/Core/Networking/RequestUtilities.swift /Users/admin/builder/spi-builder-workspace/Sources/Blend/Core/Networking/TransportCustomErrorMessages.swift /Users/admin/builder/spi-builder-workspace/Sources/Blend/Core/Networking/TransportErrorDescriptions.swift /Users/admin/builder/spi-builder-workspace/Sources/Blend/Core/Protocols/AdvancedAsyncRequestable.swift /Users/admin/builder/spi-builder-workspace/Sources/Blend/Core/Protocols/AsyncRequestable.swift /Users/admin/builder/spi-builder-workspace/Sources/Blend/Core/Protocols/Endpoint.swift /Users/admin/builder/spi-builder-workspace/Sources/Blend/Core/Protocols/NetworkProtocols.swift /Users/admin/builder/spi-builder-workspace/Sources/Blend/Core/Utilities/TestClock.swift /Users/admin/builder/spi-builder-workspace/Sources/Blend/Image/Cache/Cache.swift -primary-file /Users/admin/builder/spi-builder-workspace/Sources/Blend/Image/Cache/CacheActor.swift -primary-file /Users/admin/builder/spi-builder-workspace/Sources/Blend/Image/Operations/MIMETypeDetector.swift -primary-file /Users/admin/builder/spi-builder-workspace/Sources/Blend/Image/Operations/MultipartBuilder.swift -primary-file /Users/admin/builder/spi-builder-workspace/Sources/Blend/Image/Platform/NSImage+DataRepresentation.swift /Users/admin/builder/spi-builder-workspace/Sources/Blend/Image/Service/ImageService+CacheManagement.swift /Users/admin/builder/spi-builder-workspace/Sources/Blend/Image/Service/ImageService+Fetching.swift /Users/admin/builder/spi-builder-workspace/Sources/Blend/Image/Service/ImageService+Helpers.swift /Users/admin/builder/spi-builder-workspace/Sources/Blend/Image/Service/ImageService+JSONEncoding.swift /Users/admin/builder/spi-builder-workspace/Sources/Blend/Image/Service/ImageService+SwiftUI.swift /Users/admin/builder/spi-builder-workspace/Sources/Blend/Image/Service/ImageService+Upload.swift /Users/admin/builder/spi-builder-workspace/Sources/Blend/Image/Service/ImageService.swift /Users/admin/builder/spi-builder-workspace/Sources/Blend/Infrastructure/Cache/DefaultNetworkCache.swift /Users/admin/builder/spi-builder-workspace/Sources/Blend/Infrastructure/Configuration/BlendConfig.swift /Users/admin/builder/spi-builder-workspace/Sources/Blend/Infrastructure/Configuration/RetryPolicy.swift /Users/admin/builder/spi-builder-workspace/Sources/Blend/Infrastructure/Utilities/RequestInterceptor.swift /Users/admin/builder/spi-builder-workspace/Sources/Blend/UI/SwiftUI/SwiftUIExtensions.swift -supplementary-output-file-map /Users/admin/builder/spi-builder-workspace/.derivedData/Build/Intermediates.noindex/Blend.build/Debug-watchos/Blend-t.build/Objects-normal/arm64_32/supplementaryOutputs-15 -emit-localized-strings -emit-localized-strings-path /Users/admin/builder/spi-builder-workspace/.derivedData/Build/Intermediates.noindex/Blend.build/Debug-watchos/Blend-t.build/Objects-normal/arm64_32 -target arm64_32-apple-watchos11.0 -module-can-import CommonCrypto -module-can-import-version CoreGraphics 2049 2049.0.0 -module-can-import-version CryptoKit 383.4.1 0 -module-can-import-version OSLog 10 1966.4.1 -module-can-import-version SwiftUI 8.0.84.1 8.0.84 -module-can-import-version UIKit 9127.0.84.1 9127.0.84 -module-can-import-version UniformTypeIdentifiers 919.0.1.101 709.0.0 -disable-cross-import-overlay-search -load-resolved-plugin /Applications/Xcode-27.0.0-Release.Candidate.app/Contents/Developer/Platforms/WatchOS.platform/Developer/usr/lib/swift/host/plugins/libFoundationMacros.dylib\#/Applications/Xcode-27.0.0-Release.Candidate.app/Contents/Developer/Platforms/WatchOS.platform/Developer/usr/bin/swift-plugin-server\#FoundationMacros -load-resolved-plugin /Applications/Xcode-27.0.0-Release.Candidate.app/Contents/Developer/Platforms/WatchOS.platform/Developer/usr/lib/swift/host/plugins/libObservationMacros.dylib\#/Applications/Xcode-27.0.0-Release.Candidate.app/Contents/Developer/Platforms/WatchOS.platform/Developer/usr/bin/swift-plugin-server\#ObservationMacros -load-resolved-plugin /Applications/Xcode-27.0.0-Release.Candidate.app/Contents/Developer/Platforms/WatchOS.platform/Developer/usr/lib/swift/host/plugins/libPreviewsMacros.dylib\#/Applications/Xcode-27.0.0-Release.Candidate.app/Contents/Developer/Platforms/WatchOS.platform/Developer/usr/bin/swift-plugin-server\#PreviewsMacros -load-resolved-plugin /Applications/Xcode-27.0.0-Release.Candidate.app/Contents/Developer/Platforms/WatchOS.platform/Developer/usr/lib/swift/host/plugins/libSwiftMacros.dylib\#/Applications/Xcode-27.0.0-Release.Candidate.app/Contents/Developer/Platforms/WatchOS.platform/Developer/usr/bin/swift-plugin-server\#SwiftMacros -load-resolved-plugin /Applications/Xcode-27.0.0-Release.Candidate.app/Contents/Developer/Platforms/WatchOS.platform/Developer/usr/lib/swift/host/plugins/libSwiftUIMacros.dylib\#/Applications/Xcode-27.0.0-Release.Candidate.app/Contents/Developer/Platforms/WatchOS.platform/Developer/usr/bin/swift-plugin-server\#SwiftUIMacros -disable-implicit-swift-modules -Xcc -fno-implicit-modules -Xcc -fno-implicit-module-maps -explicit-swift-module-map-file /Users/admin/builder/spi-builder-workspace/.derivedData/Build/Intermediates.noindex/Blend.build/Debug-watchos/Blend-t.build/Objects-normal/arm64_32/Blend-dependencies-2.json -enable-objc-interop -sdk /Applications/Xcode-27.0.0-Release.Candidate.app/Contents/Developer/Platforms/WatchOS.platform/Developer/SDKs/WatchOS27.0.sdk -I /Users/admin/builder/spi-builder-workspace/.derivedData/Build/Products/Debug-watchos -Isystem /Applications/Xcode-27.0.0-Release.Candidate.app/Contents/Developer/Platforms/WatchOS.platform/Developer/usr/lib -F /Users/admin/builder/spi-builder-workspace/.derivedData/Build/Products/Debug-watchos -F /Applications/Xcode-27.0.0-Release.Candidate.app/Contents/Developer/Platforms/WatchOS.platform/Developer/Library/Frameworks -F /Applications/Xcode-27.0.0-Release.Candidate.app/Contents/Developer/Platforms/WatchOS.platform/Developer/SDKs/WatchOS27.0.sdk/Developer/Library/Frameworks -module-cache-path /Users/admin/builder/spi-builder-workspace/.derivedData/Build/Intermediates.noindex/SwiftExplicitPrecompiledModules -no-color-diagnostics -Xcc -fno-color-diagnostics -enable-testing -g -debug-info-format\=dwarf -dwarf-version\=5 -profile-generate -profile-coverage-mapping -swift-version 6 -Onone -D SWIFT_PACKAGE -D DEBUG -D SWIFT_MODULE_RESOURCE_BUNDLE_AVAILABLE -D Xcode -serialize-debugging-options -enable-experimental-feature DebugDescriptionMacro -empty-abi-descriptor -validate-clang-modules-once -clang-build-session-file /Users/admin/builder/spi-builder-workspace/.derivedData/ModuleCache.noindex/Session.modulevalidation -Xcc -working-directory -Xcc /Users/admin/builder/spi-builder-workspace/.swiftpm/xcode -enable-anonymous-context-mangled-names -file-compilation-dir /Users/admin/builder/spi-builder-workspace/.swiftpm/xcode -Xcc -D_LIBCPP_HARDENING_MODE\=_LIBCPP_HARDENING_MODE_DEBUG -Xcc -ivfsstatcache -Xcc /Users/admin/builder/spi-builder-workspace/.derivedData/SDKStatCaches.noindex/watchos27.0-24R360-e829b21a6f8c9b70876ba0858053c04477534ef55a1706bf4c1112bbb242f0a2.sdkstatcache -Xcc -fmodules-prune-interval\=86400 -Xcc -fmodules-prune-after\=345600 -Xcc -I/Users/admin/builder/spi-builder-workspace/.derivedData/Build/Products/Debug-watchos/include -Xcc -I/Users/admin/builder/spi-builder-workspace/.derivedData/Build/Intermediates.noindex/Blend.build/Debug-watchos/Blend-t.build/DerivedSources-normal/arm64_32 -Xcc -I/Users/admin/builder/spi-builder-workspace/.derivedData/Build/Intermediates.noindex/Blend.build/Debug-watchos/Blend-t.build/DerivedSources/arm64_32 -Xcc -I/Users/admin/builder/spi-builder-workspace/.derivedData/Build/Intermediates.noindex/Blend.build/Debug-watchos/Blend-t.build/DerivedSources -Xcc -DSWIFT_PACKAGE -Xcc -DDEBUG\=1 -no-auto-bridging-header-chaining -module-name Blend -package-name spi_builder_workspace -const-gather-protocols-file /Users/admin/builder/spi-builder-workspace/.derivedData/Build/Intermediates.noindex/Blend.build/Debug-watchos/Blend-t.build/Objects-normal/arm64_32/Blend_const_extract_protocols.json -disable-clang-spi -clang-target arm64_32-apple-watchos27.0 -target-sdk-version 27.0 -target-sdk-name watchos27.0 -in-process-plugin-server-path /Applications/Xcode-27.0.0-Release.Candidate.app/Contents/Developer/Toolchains/XcodeDefault.xctoolchain/usr/lib/swift/host/libSwiftInProcPluginServer.dylib -parse-as-library -o /Users/admin/builder/spi-builder-workspace/.derivedData/Build/Intermediates.noindex/Blend.build/Debug-watchos/Blend-t.build/Objects-normal/arm64_32/CacheActor.o -o /Users/admin/builder/spi-builder-workspace/.derivedData/Build/Intermediates.noindex/Blend.build/Debug-watchos/Blend-t.build/Objects-normal/arm64_32/MIMETypeDetector.o -o /Users/admin/builder/spi-builder-workspace/.derivedData/Build/Intermediates.noindex/Blend.build/Debug-watchos/Blend-t.build/Objects-normal/arm64_32/MultipartBuilder.o -o /Users/admin/builder/spi-builder-workspace/.derivedData/Build/Intermediates.noindex/Blend.build/Debug-watchos/Blend-t.build/Objects-normal/arm64_32/NSImage+DataRepresentation.o -debug-module-path /Users/admin/builder/spi-builder-workspace/.derivedData/Build/Intermediates.noindex/Blend.build/Debug-watchos/Blend-t.build/Objects-normal/arm64_32/Blend.swiftmodule -index-unit-output-path /Blend.build/Debug-watchos/Blend-t.build/Objects-normal/arm64_32/CacheActor.o -index-unit-output-path /Blend.build/Debug-watchos/Blend-t.build/Objects-normal/arm64_32/MIMETypeDetector.o -index-unit-output-path /Blend.build/Debug-watchos/Blend-t.build/Objects-normal/arm64_32/MultipartBuilder.o -index-unit-output-path /Blend.build/Debug-watchos/Blend-t.build/Objects-normal/arm64_32/NSImage+DataRepresentation.o -index-store-path /Users/admin/builder/spi-builder-workspace/.derivedData/Index.noindex/DataStore -index-system-modules
SwiftCompile normal arm64_32 /Users/admin/builder/spi-builder-workspace/Sources/Blend/Image/Cache/CacheActor.swift (in target 'Blend' from project 'Blend')
    cd /Users/admin/builder/spi-builder-workspace/.swiftpm/xcode
    builtin-SwiftPerFileCompile CacheActor.swift
SwiftCompile normal arm64_32 /Users/admin/builder/spi-builder-workspace/Sources/Blend/Image/Operations/MIMETypeDetector.swift (in target 'Blend' from project 'Blend')
    cd /Users/admin/builder/spi-builder-workspace/.swiftpm/xcode
    builtin-SwiftPerFileCompile MIMETypeDetector.swift
SwiftCompile normal arm64_32 /Users/admin/builder/spi-builder-workspace/Sources/Blend/Image/Operations/MultipartBuilder.swift (in target 'Blend' from project 'Blend')
    cd /Users/admin/builder/spi-builder-workspace/.swiftpm/xcode
    builtin-SwiftPerFileCompile MultipartBuilder.swift
SwiftCompile normal arm64_32 /Users/admin/builder/spi-builder-workspace/Sources/Blend/Image/Platform/NSImage+DataRepresentation.swift (in target 'Blend' from project 'Blend')
    cd /Users/admin/builder/spi-builder-workspace/.swiftpm/xcode
    builtin-SwiftPerFileCompile NSImage+DataRepresentation.swift
SwiftDriverJobDiscovery normal arm64 Compiling resource_bundle_accessor.swift, AuthErrorMessages.swift, DataProcessingErrorMessages.swift, HTTPErrorMessages.swift, NetworkConnectivityErrorMessages.swift (in target 'Blend' from project 'Blend')
SwiftCompile normal arm64 Compiling\ ImageService+CacheManagement.swift,\ ImageService+Fetching.swift,\ ImageService+Helpers.swift,\ ImageService+JSONEncoding.swift /Users/admin/builder/spi-builder-workspace/Sources/Blend/Image/Service/ImageService+CacheManagement.swift /Users/admin/builder/spi-builder-workspace/Sources/Blend/Image/Service/ImageService+Fetching.swift /Users/admin/builder/spi-builder-workspace/Sources/Blend/Image/Service/ImageService+Helpers.swift /Users/admin/builder/spi-builder-workspace/Sources/Blend/Image/Service/ImageService+JSONEncoding.swift (in target 'Blend' from project 'Blend')
SwiftCompile normal arm64 /Users/admin/builder/spi-builder-workspace/Sources/Blend/Image/Service/ImageService+CacheManagement.swift (in target 'Blend' from project 'Blend')
    cd /Users/admin/builder/spi-builder-workspace/.swiftpm/xcode
    builtin-SwiftPerFileCompile ImageService+CacheManagement.swift
SwiftCompile normal arm64 /Users/admin/builder/spi-builder-workspace/Sources/Blend/Image/Service/ImageService+Fetching.swift (in target 'Blend' from project 'Blend')
    cd /Users/admin/builder/spi-builder-workspace/.swiftpm/xcode
    builtin-SwiftPerFileCompile ImageService+Fetching.swift
SwiftCompile normal arm64 /Users/admin/builder/spi-builder-workspace/Sources/Blend/Image/Service/ImageService+Helpers.swift (in target 'Blend' from project 'Blend')
    cd /Users/admin/builder/spi-builder-workspace/.swiftpm/xcode
    builtin-SwiftPerFileCompile ImageService+Helpers.swift
SwiftCompile normal arm64 /Users/admin/builder/spi-builder-workspace/Sources/Blend/Image/Service/ImageService+JSONEncoding.swift (in target 'Blend' from project 'Blend')
    cd /Users/admin/builder/spi-builder-workspace/.swiftpm/xcode
    builtin-SwiftPerFileCompile ImageService+JSONEncoding.swift
SwiftCompile normal arm64 Compiling\ CacheActor.swift,\ MIMETypeDetector.swift,\ MultipartBuilder.swift,\ NSImage+DataRepresentation.swift /Users/admin/builder/spi-builder-workspace/Sources/Blend/Image/Cache/CacheActor.swift /Users/admin/builder/spi-builder-workspace/Sources/Blend/Image/Operations/MIMETypeDetector.swift /Users/admin/builder/spi-builder-workspace/Sources/Blend/Image/Operations/MultipartBuilder.swift /Users/admin/builder/spi-builder-workspace/Sources/Blend/Image/Platform/NSImage+DataRepresentation.swift (in target 'Blend' from project 'Blend')
SwiftCompile normal arm64 /Users/admin/builder/spi-builder-workspace/Sources/Blend/Image/Cache/CacheActor.swift (in target 'Blend' from project 'Blend')
    cd /Users/admin/builder/spi-builder-workspace/.swiftpm/xcode
    builtin-SwiftPerFileCompile CacheActor.swift
SwiftCompile normal arm64 /Users/admin/builder/spi-builder-workspace/Sources/Blend/Image/Operations/MIMETypeDetector.swift (in target 'Blend' from project 'Blend')
    cd /Users/admin/builder/spi-builder-workspace/.swiftpm/xcode
    builtin-SwiftPerFileCompile MIMETypeDetector.swift
SwiftCompile normal arm64 /Users/admin/builder/spi-builder-workspace/Sources/Blend/Image/Operations/MultipartBuilder.swift (in target 'Blend' from project 'Blend')
    cd /Users/admin/builder/spi-builder-workspace/.swiftpm/xcode
    builtin-SwiftPerFileCompile MultipartBuilder.swift
SwiftCompile normal arm64 /Users/admin/builder/spi-builder-workspace/Sources/Blend/Image/Platform/NSImage+DataRepresentation.swift (in target 'Blend' from project 'Blend')
    cd /Users/admin/builder/spi-builder-workspace/.swiftpm/xcode
    builtin-SwiftPerFileCompile NSImage+DataRepresentation.swift
SwiftDriverJobDiscovery normal arm64 Compiling NetworkError+Comparison.swift, NetworkError+Equatable.swift, NetworkError+Helpers.swift, NetworkError+LocalizedError.swift, NetworkError+Wrapping.swift (in target 'Blend' from project 'Blend')
SwiftCompile normal arm64 Compiling\ Endpoint.swift,\ NetworkProtocols.swift,\ TestClock.swift,\ Cache.swift /Users/admin/builder/spi-builder-workspace/Sources/Blend/Core/Protocols/Endpoint.swift /Users/admin/builder/spi-builder-workspace/Sources/Blend/Core/Protocols/NetworkProtocols.swift /Users/admin/builder/spi-builder-workspace/Sources/Blend/Core/Utilities/TestClock.swift /Users/admin/builder/spi-builder-workspace/Sources/Blend/Image/Cache/Cache.swift (in target 'Blend' from project 'Blend')
SwiftCompile normal arm64 /Users/admin/builder/spi-builder-workspace/Sources/Blend/Core/Protocols/Endpoint.swift (in target 'Blend' from project 'Blend')
    cd /Users/admin/builder/spi-builder-workspace/.swiftpm/xcode
    builtin-SwiftPerFileCompile Endpoint.swift
SwiftCompile normal arm64 /Users/admin/builder/spi-builder-workspace/Sources/Blend/Core/Protocols/NetworkProtocols.swift (in target 'Blend' from project 'Blend')
    cd /Users/admin/builder/spi-builder-workspace/.swiftpm/xcode
    builtin-SwiftPerFileCompile NetworkProtocols.swift
SwiftCompile normal arm64 /Users/admin/builder/spi-builder-workspace/Sources/Blend/Core/Utilities/TestClock.swift (in target 'Blend' from project 'Blend')
    cd /Users/admin/builder/spi-builder-workspace/.swiftpm/xcode
    builtin-SwiftPerFileCompile TestClock.swift
SwiftCompile normal arm64 /Users/admin/builder/spi-builder-workspace/Sources/Blend/Image/Cache/Cache.swift (in target 'Blend' from project 'Blend')
    cd /Users/admin/builder/spi-builder-workspace/.swiftpm/xcode
    builtin-SwiftPerFileCompile Cache.swift
SwiftDriverJobDiscovery normal arm64 Compiling TransportCustomErrorMessages.swift, TransportErrorDescriptions.swift, AdvancedAsyncRequestable.swift, AsyncRequestable.swift (in target 'Blend' from project 'Blend')
SwiftDriverJobDiscovery normal arm64 Compiling AdvancedNetworkManager.swift, NetworkUtilities.swift, RequestMethod.swift, RequestUtilities.swift (in target 'Blend' from project 'Blend')
SwiftDriverJobDiscovery normal arm64_32 Compiling ImageService+CacheManagement.swift, ImageService+Fetching.swift, ImageService+Helpers.swift, ImageService+JSONEncoding.swift (in target 'Blend' from project 'Blend')
PruneExplicitPrecompiledModules /Users/admin/builder/spi-builder-workspace/.derivedData/Build/Intermediates.noindex/SwiftExplicitPrecompiledModules
PruneExplicitPrecompiledModules /Users/admin/builder/spi-builder-workspace/.derivedData/Build/Intermediates.noindex/ExplicitPrecompiledModules
PruneExplicitPrecompiledModules /Users/admin/builder/spi-builder-workspace/.derivedData/SDKExplicitPrecompiledModules
2026-09-22 20:45:57.157 xcodebuild[627:3902] [MT] IDERunDestination: Supported platforms for the buildables in the current scheme is empty.
** BUILD FAILED **
The following build commands failed:
	SwiftCompile normal arm64_32 Compiling\ CacheActor.swift,\ MIMETypeDetector.swift,\ MultipartBuilder.swift,\ NSImage+DataRepresentation.swift /Users/admin/builder/spi-builder-workspace/Sources/Blend/Image/Cache/CacheActor.swift /Users/admin/builder/spi-builder-workspace/Sources/Blend/Image/Operations/MIMETypeDetector.swift /Users/admin/builder/spi-builder-workspace/Sources/Blend/Image/Operations/MultipartBuilder.swift /Users/admin/builder/spi-builder-workspace/Sources/Blend/Image/Platform/NSImage+DataRepresentation.swift (in target 'Blend' from project 'Blend')
	SwiftCompile normal arm64_32 /Users/admin/builder/spi-builder-workspace/Sources/Blend/Image/Operations/MIMETypeDetector.swift (in target 'Blend' from project 'Blend')
	Building workspace Blend with scheme Blend
(3 failures)
Command line invocation:
    /Applications/Xcode-27.0.0-Release.Candidate.app/Contents/Developer/usr/bin/xcodebuild -IDEClonedSourcePackagesDirPathOverride=/Users/admin/builder/spi-builder-workspace/.dependencies -resolvePackageDependencies
Resolve Package Graph
Resolved source packages:
  Blend: /Users/admin/builder/spi-builder-workspace
resolved source packages: Blend
2026-09-22 20:46:07.163 xcodebuild[814:4747] [MT] IDERunDestination: Supported platforms for the buildables in the current scheme is empty.
{
  "default_localization" : "en",
  "dependencies" : [
  ],
  "manifest_display_name" : "Blend",
  "name" : "Blend",
  "path" : "/Users/admin/builder/spi-builder-workspace",
  "platforms" : [
    {
      "name" : "ios",
      "version" : "18.0"
    },
    {
      "name" : "macos",
      "version" : "15.0"
    }
  ],
  "products" : [
    {
      "name" : "Blend",
      "targets" : [
        "Blend"
      ],
      "type" : {
        "library" : [
          "automatic"
        ]
      }
    }
  ],
  "swift_languages_versions" : [
    "6"
  ],
  "targets" : [
    {
      "c99name" : "BlendTests",
      "module_type" : "SwiftTarget",
      "name" : "BlendTests",
      "path" : "Tests/BlendTests",
      "sources" : [
        "Core/Networking/AdvancedNetworkManagerCacheTests.swift",
        "Core/Networking/AdvancedNetworkManagerCachingTests.swift",
        "Core/Networking/AdvancedNetworkManagerCoreTests.swift",
        "Core/Networking/AdvancedNetworkManagerDeduplicationTests.swift",
        "Core/Networking/AdvancedNetworkManagerRetryTests.swift",
        "Core/Networking/MockURLSessionErrorPrecedenceTests.swift",
        "Core/Networking/MockURLSessionErrorTests.swift",
        "Core/Networking/MockURLSessionHeaderResolutionTests.swift",
        "Core/Networking/MockURLSessionTests.swift",
        "Core/Protocols/AsyncRequestableProtocolTests.swift",
        "Image/Cache/CacheActorTests.swift",
        "Image/Service/ImageServiceBasicTests.swift",
        "Image/Service/ImageServiceCachingTests.swift",
        "Image/Service/ImageServiceEdgeCaseTests.swift",
        "Image/Service/ImageServiceErrorTests.swift",
        "Image/Service/ImageServiceLRUCacheTests.swift",
        "Image/Service/ImageServicePerformanceTests.swift",
        "Image/Service/ImageServiceTests.swift",
        "Image/Service/ImageServiceUploadTests.swift",
        "Infrastructure/PlatformAbstractionTests.swift",
        "Mocks/MockNetworking.swift",
        "Mocks/TestHelpers.swift",
        "SwiftUIUploadTestHelpers.swift",
        "UI/SwiftUIBasicLoadingTests.swift",
        "UI/SwiftUIConcurrentLoadingTests.swift",
        "UI/SwiftUIIntegrationTests.swift",
        "UI/SwiftUIUploadBasicTests.swift",
        "UI/SwiftUIUploadErrorTests.swift",
        "UI/SwiftUIUploadRetryTests.swift"
      ],
      "target_dependencies" : [
        "Blend"
      ],
      "type" : "test"
    },
    {
      "c99name" : "Blend",
      "module_type" : "SwiftTarget",
      "name" : "Blend",
      "path" : "Sources/Blend",
      "product_memberships" : [
        "Blend"
      ],
      "resources" : [
        {
          "path" : "/Users/admin/builder/spi-builder-workspace/Sources/Blend/Infrastructure/Resources/en.lproj/Localizable.strings",
          "rule" : {
            "process" : {
              "localization" : "en"
            }
          }
        }
      ],
      "sources" : [
        "Core/Errors/AuthErrorMessages.swift",
        "Core/Errors/DataProcessingErrorMessages.swift",
        "Core/Errors/HTTPErrorMessages.swift",
        "Core/Errors/NetworkConnectivityErrorMessages.swift",
        "Core/Errors/NetworkError+Comparison.swift",
        "Core/Errors/NetworkError+Equatable.swift",
        "Core/Errors/NetworkError+Helpers.swift",
        "Core/Errors/NetworkError+LocalizedError.swift",
        "Core/Errors/NetworkError+Wrapping.swift",
        "Core/Errors/NetworkError.swift",
        "Core/Errors/NetworkErrorMessages.swift",
        "Core/Errors/NetworkErrorRecovery.swift",
        "Core/Errors/TestErrorMessages.swift",
        "Core/Networking/AdvancedNetworkManager.swift",
        "Core/Networking/NetworkUtilities.swift",
        "Core/Networking/RequestMethod.swift",
        "Core/Networking/RequestUtilities.swift",
        "Core/Networking/TransportCustomErrorMessages.swift",
        "Core/Networking/TransportErrorDescriptions.swift",
        "Core/Protocols/AdvancedAsyncRequestable.swift",
        "Core/Protocols/AsyncRequestable.swift",
        "Core/Protocols/Endpoint.swift",
        "Core/Protocols/NetworkProtocols.swift",
        "Core/Utilities/TestClock.swift",
        "Image/Cache/Cache.swift",
        "Image/Cache/CacheActor.swift",
        "Image/Operations/MIMETypeDetector.swift",
        "Image/Operations/MultipartBuilder.swift",
        "Image/Platform/NSImage+DataRepresentation.swift",
        "Image/Service/ImageService+CacheManagement.swift",
        "Image/Service/ImageService+Fetching.swift",
        "Image/Service/ImageService+Helpers.swift",
        "Image/Service/ImageService+JSONEncoding.swift",
        "Image/Service/ImageService+SwiftUI.swift",
        "Image/Service/ImageService+Upload.swift",
        "Image/Service/ImageService.swift",
        "Infrastructure/Cache/DefaultNetworkCache.swift",
        "Infrastructure/Configuration/BlendConfig.swift",
        "Infrastructure/Configuration/RetryPolicy.swift",
        "Infrastructure/Utilities/RequestInterceptor.swift",
        "UI/SwiftUI/SwiftUIExtensions.swift"
      ],
      "type" : "library"
    }
  ],
  "tools_version" : "6.0"
}
{
  "workspace" : {
    "name" : "Blend",
    "schemes" : [
      "Blend"
    ]
  }
}
2026-09-22 20:46:08.462 xcodebuild[822:4818] [MT] IDERunDestination: Supported platforms for the buildables in the current scheme is empty.
Running build ...
env DEVELOPER_DIR=/Applications/Xcode-27.0.0-Release.Candidate.app xcrun xcodebuild -IDEClonedSourcePackagesDirPathOverride=$PWD/.dependencies -skipMacroValidation -skipPackagePluginValidation -derivedDataPath $PWD/.derivedData build -scheme Blend -destination generic/platform=watchOS
Command line invocation:
    /Applications/Xcode-27.0.0-Release.Candidate.app/Contents/Developer/usr/bin/xcodebuild -IDEClonedSourcePackagesDirPathOverride=/Users/admin/builder/spi-builder-workspace/.dependencies -skipMacroValidation -skipPackagePluginValidation -derivedDataPath /Users/admin/builder/spi-builder-workspace/.derivedData build -scheme Blend -destination generic/platform=watchOS
Resolve Package Graph
Resolved source packages:
  Blend: /Users/admin/builder/spi-builder-workspace
ComputePackagePrebuildTargetDependencyGraph
Prepare packages
CreateBuildRequest
SendProjectDescription
CreateBuildOperation
ComputeTargetDependencyGraph
note: Building targets in dependency order
note: Target dependency graph (3 targets)
    Target 'Blend-product' in project 'Blend'
        ➜ Explicit dependency on target 'Blend' in project 'Blend'
        ➜ Explicit dependency on target 'Blend_Blend' in project 'Blend'
    Target 'Blend' in project 'Blend'
        ➜ Explicit dependency on target 'Blend_Blend' in project 'Blend'
    Target 'Blend_Blend' in project 'Blend' (no dependencies)
GatherProvisioningInputs
CreateBuildDescription
ClangStatCache /Applications/Xcode-27.0.0-Release.Candidate.app/Contents/Developer/Toolchains/XcodeDefault.xctoolchain/usr/bin/clang-stat-cache /Applications/Xcode-27.0.0-Release.Candidate.app/Contents/Developer/Platforms/WatchOS.platform/Developer/SDKs/WatchOS27.0.sdk /Users/admin/builder/spi-builder-workspace/.derivedData/SDKStatCaches.noindex/watchos27.0-24R360-e829b21a6f8c9b70876ba0858053c04477534ef55a1706bf4c1112bbb242f0a2.sdkstatcache
    cd /Users/admin/builder/spi-builder-workspace/.swiftpm/xcode
    /Applications/Xcode-27.0.0-Release.Candidate.app/Contents/Developer/Toolchains/XcodeDefault.xctoolchain/usr/bin/clang-stat-cache /Applications/Xcode-27.0.0-Release.Candidate.app/Contents/Developer/Platforms/WatchOS.platform/Developer/SDKs/WatchOS27.0.sdk -o /Users/admin/builder/spi-builder-workspace/.derivedData/SDKStatCaches.noindex/watchos27.0-24R360-e829b21a6f8c9b70876ba0858053c04477534ef55a1706bf4c1112bbb242f0a2.sdkstatcache
SwiftDriver Blend normal arm64 com.apple.xcode.tools.swift.compiler (in target 'Blend' from project 'Blend')
    cd /Users/admin/builder/spi-builder-workspace/.swiftpm/xcode
    builtin-SwiftDriver -- /Applications/Xcode-27.0.0-Release.Candidate.app/Contents/Developer/Toolchains/XcodeDefault.xctoolchain/usr/bin/swiftc -parse-as-library -module-name Blend -Onone @/Users/admin/builder/spi-builder-workspace/.derivedData/Build/Intermediates.noindex/Blend.build/Debug-watchos/Blend-t.build/Objects-normal/arm64/Blend.SwiftFileList -DSWIFT_PACKAGE -DDEBUG -DSWIFT_MODULE_RESOURCE_BUNDLE_AVAILABLE -DXcode -plugin-path /Applications/Xcode-27.0.0-Release.Candidate.app/Contents/Developer/Toolchains/XcodeDefault.xctoolchain/usr/lib/swift/host/plugins/testing -enable-experimental-feature DebugDescriptionMacro -sdk /Applications/Xcode-27.0.0-Release.Candidate.app/Contents/Developer/Platforms/WatchOS.platform/Developer/SDKs/WatchOS27.0.sdk -target arm64-apple-watchos11.0 -g -module-cache-path /Users/admin/builder/spi-builder-workspace/.derivedData/ModuleCache.noindex -Xfrontend -serialize-debugging-options -profile-coverage-mapping -profile-generate -enable-testing -index-store-path /Users/admin/builder/spi-builder-workspace/.derivedData/Index.noindex/DataStore -Xcc -D_LIBCPP_HARDENING_MODE\=_LIBCPP_HARDENING_MODE_DEBUG -swift-version 6 -I /Users/admin/builder/spi-builder-workspace/.derivedData/Build/Products/Debug-watchos -Isystem /Applications/Xcode-27.0.0-Release.Candidate.app/Contents/Developer/Platforms/WatchOS.platform/Developer/usr/lib -F /Users/admin/builder/spi-builder-workspace/.derivedData/Build/Products/Debug-watchos -F /Applications/Xcode-27.0.0-Release.Candidate.app/Contents/Developer/Platforms/WatchOS.platform/Developer/Library/Frameworks -F /Applications/Xcode-27.0.0-Release.Candidate.app/Contents/Developer/Platforms/WatchOS.platform/Developer/SDKs/WatchOS27.0.sdk/Developer/Library/Frameworks -emit-localized-strings -emit-localized-strings-path /Users/admin/builder/spi-builder-workspace/.derivedData/Build/Intermediates.noindex/Blend.build/Debug-watchos/Blend-t.build/Objects-normal/arm64 -c -j10 -enable-batch-mode -incremental -Xcc -ivfsstatcache -Xcc /Users/admin/builder/spi-builder-workspace/.derivedData/SDKStatCaches.noindex/watchos27.0-24R360-e829b21a6f8c9b70876ba0858053c04477534ef55a1706bf4c1112bbb242f0a2.sdkstatcache -output-file-map /Users/admin/builder/spi-builder-workspace/.derivedData/Build/Intermediates.noindex/Blend.build/Debug-watchos/Blend-t.build/Objects-normal/arm64/Blend-OutputFileMap.json -save-temps -no-color-diagnostics -explicit-module-build -module-cache-path /Users/admin/builder/spi-builder-workspace/.derivedData/Build/Intermediates.noindex/SwiftExplicitPrecompiledModules -clang-scanner-module-cache-path /Users/admin/builder/spi-builder-workspace/.derivedData/ModuleCache.noindex -sdk-module-cache-path /Users/admin/builder/spi-builder-workspace/.derivedData/SDKExplicitPrecompiledModules -emit-dependencies -emit-module -emit-module-path /Users/admin/builder/spi-builder-workspace/.derivedData/Build/Intermediates.noindex/Blend.build/Debug-watchos/Blend-t.build/Objects-normal/arm64/Blend.swiftmodule -serialize-diagnostics -dependency-scan-serialize-diagnostics-path /Users/admin/builder/spi-builder-workspace/.derivedData/Build/Intermediates.noindex/Blend.build/Debug-watchos/Blend-t.build/Objects-normal/arm64/Blend-dependency-scan.dia -validate-clang-modules-once -clang-build-session-file /Users/admin/builder/spi-builder-workspace/.derivedData/ModuleCache.noindex/Session.modulevalidation -Xcc -fmodules-prune-interval\=86400 -Xcc -fmodules-prune-after\=345600 -package-name spi_builder_workspace -emit-const-values -const-gather-protocols-list /Users/admin/builder/spi-builder-workspace/.derivedData/Build/Intermediates.noindex/Blend.build/Debug-watchos/Blend-t.build/Objects-normal/arm64/Blend_const_extract_protocols.json -Xcc -I/Users/admin/builder/spi-builder-workspace/.derivedData/Build/Products/Debug-watchos/include -Xcc -I/Users/admin/builder/spi-builder-workspace/.derivedData/Build/Intermediates.noindex/Blend.build/Debug-watchos/Blend-t.build/DerivedSources-normal/arm64 -Xcc -I/Users/admin/builder/spi-builder-workspace/.derivedData/Build/Intermediates.noindex/Blend.build/Debug-watchos/Blend-t.build/DerivedSources/arm64 -Xcc -I/Users/admin/builder/spi-builder-workspace/.derivedData/Build/Intermediates.noindex/Blend.build/Debug-watchos/Blend-t.build/DerivedSources -Xcc -DSWIFT_PACKAGE -Xcc -DDEBUG\=1 -emit-objc-header -emit-objc-header-path /Users/admin/builder/spi-builder-workspace/.derivedData/Build/Intermediates.noindex/Blend.build/Debug-watchos/Blend-t.build/Objects-normal/arm64/Blend-Swift.h -working-directory /Users/admin/builder/spi-builder-workspace/.swiftpm/xcode -experimental-emit-module-separately -disable-cmo
SwiftDriver Blend normal arm64_32 com.apple.xcode.tools.swift.compiler (in target 'Blend' from project 'Blend')
    cd /Users/admin/builder/spi-builder-workspace/.swiftpm/xcode
    builtin-SwiftDriver -- /Applications/Xcode-27.0.0-Release.Candidate.app/Contents/Developer/Toolchains/XcodeDefault.xctoolchain/usr/bin/swiftc -parse-as-library -module-name Blend -Onone @/Users/admin/builder/spi-builder-workspace/.derivedData/Build/Intermediates.noindex/Blend.build/Debug-watchos/Blend-t.build/Objects-normal/arm64_32/Blend.SwiftFileList -DSWIFT_PACKAGE -DDEBUG -DSWIFT_MODULE_RESOURCE_BUNDLE_AVAILABLE -DXcode -plugin-path /Applications/Xcode-27.0.0-Release.Candidate.app/Contents/Developer/Toolchains/XcodeDefault.xctoolchain/usr/lib/swift/host/plugins/testing -enable-experimental-feature DebugDescriptionMacro -sdk /Applications/Xcode-27.0.0-Release.Candidate.app/Contents/Developer/Platforms/WatchOS.platform/Developer/SDKs/WatchOS27.0.sdk -target arm64_32-apple-watchos11.0 -g -module-cache-path /Users/admin/builder/spi-builder-workspace/.derivedData/ModuleCache.noindex -Xfrontend -serialize-debugging-options -profile-coverage-mapping -profile-generate -enable-testing -index-store-path /Users/admin/builder/spi-builder-workspace/.derivedData/Index.noindex/DataStore -Xcc -D_LIBCPP_HARDENING_MODE\=_LIBCPP_HARDENING_MODE_DEBUG -swift-version 6 -I /Users/admin/builder/spi-builder-workspace/.derivedData/Build/Products/Debug-watchos -Isystem /Applications/Xcode-27.0.0-Release.Candidate.app/Contents/Developer/Platforms/WatchOS.platform/Developer/usr/lib -F /Users/admin/builder/spi-builder-workspace/.derivedData/Build/Products/Debug-watchos -F /Applications/Xcode-27.0.0-Release.Candidate.app/Contents/Developer/Platforms/WatchOS.platform/Developer/Library/Frameworks -F /Applications/Xcode-27.0.0-Release.Candidate.app/Contents/Developer/Platforms/WatchOS.platform/Developer/SDKs/WatchOS27.0.sdk/Developer/Library/Frameworks -emit-localized-strings -emit-localized-strings-path /Users/admin/builder/spi-builder-workspace/.derivedData/Build/Intermediates.noindex/Blend.build/Debug-watchos/Blend-t.build/Objects-normal/arm64_32 -c -j10 -enable-batch-mode -incremental -Xcc -ivfsstatcache -Xcc /Users/admin/builder/spi-builder-workspace/.derivedData/SDKStatCaches.noindex/watchos27.0-24R360-e829b21a6f8c9b70876ba0858053c04477534ef55a1706bf4c1112bbb242f0a2.sdkstatcache -output-file-map /Users/admin/builder/spi-builder-workspace/.derivedData/Build/Intermediates.noindex/Blend.build/Debug-watchos/Blend-t.build/Objects-normal/arm64_32/Blend-OutputFileMap.json -save-temps -no-color-diagnostics -explicit-module-build -module-cache-path /Users/admin/builder/spi-builder-workspace/.derivedData/Build/Intermediates.noindex/SwiftExplicitPrecompiledModules -clang-scanner-module-cache-path /Users/admin/builder/spi-builder-workspace/.derivedData/ModuleCache.noindex -sdk-module-cache-path /Users/admin/builder/spi-builder-workspace/.derivedData/SDKExplicitPrecompiledModules -emit-dependencies -emit-module -emit-module-path /Users/admin/builder/spi-builder-workspace/.derivedData/Build/Intermediates.noindex/Blend.build/Debug-watchos/Blend-t.build/Objects-normal/arm64_32/Blend.swiftmodule -serialize-diagnostics -dependency-scan-serialize-diagnostics-path /Users/admin/builder/spi-builder-workspace/.derivedData/Build/Intermediates.noindex/Blend.build/Debug-watchos/Blend-t.build/Objects-normal/arm64_32/Blend-dependency-scan.dia -validate-clang-modules-once -clang-build-session-file /Users/admin/builder/spi-builder-workspace/.derivedData/ModuleCache.noindex/Session.modulevalidation -Xcc -fmodules-prune-interval\=86400 -Xcc -fmodules-prune-after\=345600 -package-name spi_builder_workspace -emit-const-values -const-gather-protocols-list /Users/admin/builder/spi-builder-workspace/.derivedData/Build/Intermediates.noindex/Blend.build/Debug-watchos/Blend-t.build/Objects-normal/arm64_32/Blend_const_extract_protocols.json -Xcc -I/Users/admin/builder/spi-builder-workspace/.derivedData/Build/Products/Debug-watchos/include -Xcc -I/Users/admin/builder/spi-builder-workspace/.derivedData/Build/Intermediates.noindex/Blend.build/Debug-watchos/Blend-t.build/DerivedSources-normal/arm64_32 -Xcc -I/Users/admin/builder/spi-builder-workspace/.derivedData/Build/Intermediates.noindex/Blend.build/Debug-watchos/Blend-t.build/DerivedSources/arm64_32 -Xcc -I/Users/admin/builder/spi-builder-workspace/.derivedData/Build/Intermediates.noindex/Blend.build/Debug-watchos/Blend-t.build/DerivedSources -Xcc -DSWIFT_PACKAGE -Xcc -DDEBUG\=1 -emit-objc-header -emit-objc-header-path /Users/admin/builder/spi-builder-workspace/.derivedData/Build/Intermediates.noindex/Blend.build/Debug-watchos/Blend-t.build/Objects-normal/arm64_32/Blend-Swift.h -working-directory /Users/admin/builder/spi-builder-workspace/.swiftpm/xcode -experimental-emit-module-separately -disable-cmo
SwiftCompile normal arm64 Compiling\ ImageService+CacheManagement.swift,\ ImageService+Fetching.swift /Users/admin/builder/spi-builder-workspace/Sources/Blend/Image/Service/ImageService+CacheManagement.swift /Users/admin/builder/spi-builder-workspace/Sources/Blend/Image/Service/ImageService+Fetching.swift (in target 'Blend' from project 'Blend')
SwiftCompile normal arm64 /Users/admin/builder/spi-builder-workspace/Sources/Blend/Image/Service/ImageService+CacheManagement.swift (in target 'Blend' from project 'Blend')
    cd /Users/admin/builder/spi-builder-workspace/.swiftpm/xcode
    builtin-SwiftPerFileCompile ImageService+CacheManagement.swift
SwiftCompile normal arm64 /Users/admin/builder/spi-builder-workspace/Sources/Blend/Image/Service/ImageService+Fetching.swift (in target 'Blend' from project 'Blend')
    cd /Users/admin/builder/spi-builder-workspace/.swiftpm/xcode
    builtin-SwiftPerFileCompile ImageService+Fetching.swift
SwiftCompile normal arm64 Compiling\ MultipartBuilder.swift,\ NSImage+DataRepresentation.swift /Users/admin/builder/spi-builder-workspace/Sources/Blend/Image/Operations/MultipartBuilder.swift /Users/admin/builder/spi-builder-workspace/Sources/Blend/Image/Platform/NSImage+DataRepresentation.swift (in target 'Blend' from project 'Blend')
SwiftCompile normal arm64 /Users/admin/builder/spi-builder-workspace/Sources/Blend/Image/Operations/MultipartBuilder.swift (in target 'Blend' from project 'Blend')
    cd /Users/admin/builder/spi-builder-workspace/.swiftpm/xcode
    builtin-SwiftPerFileCompile MultipartBuilder.swift
SwiftCompile normal arm64 /Users/admin/builder/spi-builder-workspace/Sources/Blend/Image/Platform/NSImage+DataRepresentation.swift (in target 'Blend' from project 'Blend')
    cd /Users/admin/builder/spi-builder-workspace/.swiftpm/xcode
    builtin-SwiftPerFileCompile NSImage+DataRepresentation.swift
SwiftCompile normal arm64 Compiling\ CacheActor.swift,\ MIMETypeDetector.swift /Users/admin/builder/spi-builder-workspace/Sources/Blend/Image/Cache/CacheActor.swift /Users/admin/builder/spi-builder-workspace/Sources/Blend/Image/Operations/MIMETypeDetector.swift (in target 'Blend' from project 'Blend')
/Users/admin/builder/spi-builder-workspace/Sources/Blend/Image/Operations/MIMETypeDetector.swift:133:37: error: cannot find 'CGImageSourceCreateWithData' in scope
131 |
132 |             // Create image source from data
133 |             guard let imageSource = CGImageSourceCreateWithData(cfData, nil) else { return nil }
    |                                     `- error: cannot find 'CGImageSourceCreateWithData' in scope
134 |
135 |             // Get the UTI type identifier from the image source
/Users/admin/builder/spi-builder-workspace/Sources/Blend/Image/Operations/MIMETypeDetector.swift:136:29: error: cannot find 'CGImageSourceGetType' in scope
134 |
135 |             // Get the UTI type identifier from the image source
136 |             guard let uti = CGImageSourceGetType(imageSource) as String? else { return nil }
    |                             `- error: cannot find 'CGImageSourceGetType' in scope
137 |
138 |             // Convert UTI to MIME type
Failed frontend command:
SwiftCompile normal arm64 /Users/admin/builder/spi-builder-workspace/Sources/Blend/Image/Cache/CacheActor.swift (in target 'Blend' from project 'Blend')
    cd /Users/admin/builder/spi-builder-workspace/.swiftpm/xcode
    builtin-SwiftPerFileCompile CacheActor.swift
SwiftCompile normal arm64 /Users/admin/builder/spi-builder-workspace/Sources/Blend/Image/Operations/MIMETypeDetector.swift (in target 'Blend' from project 'Blend')
    cd /Users/admin/builder/spi-builder-workspace/.swiftpm/xcode
    builtin-SwiftPerFileCompile MIMETypeDetector.swift
/Applications/Xcode-27.0.0-Release.Candidate.app/Contents/Developer/Toolchains/XcodeDefault.xctoolchain/usr/bin/swift-frontend -frontend -c /Users/admin/builder/spi-builder-workspace/.derivedData/Build/Intermediates.noindex/Blend.build/Debug-watchos/Blend-t.build/DerivedSources/resource_bundle_accessor.swift /Users/admin/builder/spi-builder-workspace/Sources/Blend/Core/Errors/AuthErrorMessages.swift /Users/admin/builder/spi-builder-workspace/Sources/Blend/Core/Errors/DataProcessingErrorMessages.swift /Users/admin/builder/spi-builder-workspace/Sources/Blend/Core/Errors/HTTPErrorMessages.swift /Users/admin/builder/spi-builder-workspace/Sources/Blend/Core/Errors/NetworkConnectivityErrorMessages.swift /Users/admin/builder/spi-builder-workspace/Sources/Blend/Core/Errors/NetworkError+Comparison.swift /Users/admin/builder/spi-builder-workspace/Sources/Blend/Core/Errors/NetworkError+Equatable.swift /Users/admin/builder/spi-builder-workspace/Sources/Blend/Core/Errors/NetworkError+Helpers.swift /Users/admin/builder/spi-builder-workspace/Sources/Blend/Core/Errors/NetworkError+LocalizedError.swift /Users/admin/builder/spi-builder-workspace/Sources/Blend/Core/Errors/NetworkError+Wrapping.swift /Users/admin/builder/spi-builder-workspace/Sources/Blend/Core/Errors/NetworkError.swift /Users/admin/builder/spi-builder-workspace/Sources/Blend/Core/Errors/NetworkErrorMessages.swift /Users/admin/builder/spi-builder-workspace/Sources/Blend/Core/Errors/NetworkErrorRecovery.swift /Users/admin/builder/spi-builder-workspace/Sources/Blend/Core/Errors/TestErrorMessages.swift /Users/admin/builder/spi-builder-workspace/Sources/Blend/Core/Networking/AdvancedNetworkManager.swift /Users/admin/builder/spi-builder-workspace/Sources/Blend/Core/Networking/NetworkUtilities.swift /Users/admin/builder/spi-builder-workspace/Sources/Blend/Core/Networking/RequestMethod.swift /Users/admin/builder/spi-builder-workspace/Sources/Blend/Core/Networking/RequestUtilities.swift /Users/admin/builder/spi-builder-workspace/Sources/Blend/Core/Networking/TransportCustomErrorMessages.swift /Users/admin/builder/spi-builder-workspace/Sources/Blend/Core/Networking/TransportErrorDescriptions.swift /Users/admin/builder/spi-builder-workspace/Sources/Blend/Core/Protocols/AdvancedAsyncRequestable.swift /Users/admin/builder/spi-builder-workspace/Sources/Blend/Core/Protocols/AsyncRequestable.swift /Users/admin/builder/spi-builder-workspace/Sources/Blend/Core/Protocols/Endpoint.swift /Users/admin/builder/spi-builder-workspace/Sources/Blend/Core/Protocols/NetworkProtocols.swift /Users/admin/builder/spi-builder-workspace/Sources/Blend/Core/Utilities/TestClock.swift /Users/admin/builder/spi-builder-workspace/Sources/Blend/Image/Cache/Cache.swift -primary-file /Users/admin/builder/spi-builder-workspace/Sources/Blend/Image/Cache/CacheActor.swift -primary-file /Users/admin/builder/spi-builder-workspace/Sources/Blend/Image/Operations/MIMETypeDetector.swift /Users/admin/builder/spi-builder-workspace/Sources/Blend/Image/Operations/MultipartBuilder.swift /Users/admin/builder/spi-builder-workspace/Sources/Blend/Image/Platform/NSImage+DataRepresentation.swift /Users/admin/builder/spi-builder-workspace/Sources/Blend/Image/Service/ImageService+CacheManagement.swift /Users/admin/builder/spi-builder-workspace/Sources/Blend/Image/Service/ImageService+Fetching.swift /Users/admin/builder/spi-builder-workspace/Sources/Blend/Image/Service/ImageService+Helpers.swift /Users/admin/builder/spi-builder-workspace/Sources/Blend/Image/Service/ImageService+JSONEncoding.swift /Users/admin/builder/spi-builder-workspace/Sources/Blend/Image/Service/ImageService+SwiftUI.swift /Users/admin/builder/spi-builder-workspace/Sources/Blend/Image/Service/ImageService+Upload.swift /Users/admin/builder/spi-builder-workspace/Sources/Blend/Image/Service/ImageService.swift /Users/admin/builder/spi-builder-workspace/Sources/Blend/Infrastructure/Cache/DefaultNetworkCache.swift /Users/admin/builder/spi-builder-workspace/Sources/Blend/Infrastructure/Configuration/BlendConfig.swift /Users/admin/builder/spi-builder-workspace/Sources/Blend/Infrastructure/Configuration/RetryPolicy.swift /Users/admin/builder/spi-builder-workspace/Sources/Blend/Infrastructure/Utilities/RequestInterceptor.swift /Users/admin/builder/spi-builder-workspace/Sources/Blend/UI/SwiftUI/SwiftUIExtensions.swift -emit-dependencies-path /Users/admin/builder/spi-builder-workspace/.derivedData/Build/Intermediates.noindex/Blend.build/Debug-watchos/Blend-t.build/Objects-normal/arm64/CacheActor.d -emit-const-values-path /Users/admin/builder/spi-builder-workspace/.derivedData/Build/Intermediates.noindex/Blend.build/Debug-watchos/Blend-t.build/Objects-normal/arm64/CacheActor.swiftconstvalues -emit-reference-dependencies-path /Users/admin/builder/spi-builder-workspace/.derivedData/Build/Intermediates.noindex/Blend.build/Debug-watchos/Blend-t.build/Objects-normal/arm64/CacheActor.swiftdeps -serialize-diagnostics-path /Users/admin/builder/spi-builder-workspace/.derivedData/Build/Intermediates.noindex/Blend.build/Debug-watchos/Blend-t.build/Objects-normal/arm64/CacheActor.dia -emit-dependencies-path /Users/admin/builder/spi-builder-workspace/.derivedData/Build/Intermediates.noindex/Blend.build/Debug-watchos/Blend-t.build/Objects-normal/arm64/MIMETypeDetector.d -emit-const-values-path /Users/admin/builder/spi-builder-workspace/.derivedData/Build/Intermediates.noindex/Blend.build/Debug-watchos/Blend-t.build/Objects-normal/arm64/MIMETypeDetector.swiftconstvalues -emit-reference-dependencies-path /Users/admin/builder/spi-builder-workspace/.derivedData/Build/Intermediates.noindex/Blend.build/Debug-watchos/Blend-t.build/Objects-normal/arm64/MIMETypeDetector.swiftdeps -serialize-diagnostics-path /Users/admin/builder/spi-builder-workspace/.derivedData/Build/Intermediates.noindex/Blend.build/Debug-watchos/Blend-t.build/Objects-normal/arm64/MIMETypeDetector.dia -emit-localized-strings -emit-localized-strings-path /Users/admin/builder/spi-builder-workspace/.derivedData/Build/Intermediates.noindex/Blend.build/Debug-watchos/Blend-t.build/Objects-normal/arm64 -target arm64-apple-watchos11.0 -module-can-import CommonCrypto -module-can-import-version CoreGraphics 2049 2049.0.0 -module-can-import-version CryptoKit 383.4.1 0 -module-can-import-version OSLog 10 1966.4.1 -module-can-import-version SwiftUI 8.0.84.1 8.0.84 -module-can-import-version UIKit 9127.0.84.1 9127.0.84 -module-can-import-version UniformTypeIdentifiers 919.0.1.101 709.0.0 -disable-cross-import-overlay-search -load-resolved-plugin /Applications/Xcode-27.0.0-Release.Candidate.app/Contents/Developer/Platforms/WatchOS.platform/Developer/usr/lib/swift/host/plugins/libFoundationMacros.dylib\#/Applications/Xcode-27.0.0-Release.Candidate.app/Contents/Developer/Platforms/WatchOS.platform/Developer/usr/bin/swift-plugin-server\#FoundationMacros -load-resolved-plugin /Applications/Xcode-27.0.0-Release.Candidate.app/Contents/Developer/Platforms/WatchOS.platform/Developer/usr/lib/swift/host/plugins/libObservationMacros.dylib\#/Applications/Xcode-27.0.0-Release.Candidate.app/Contents/Developer/Platforms/WatchOS.platform/Developer/usr/bin/swift-plugin-server\#ObservationMacros -load-resolved-plugin /Applications/Xcode-27.0.0-Release.Candidate.app/Contents/Developer/Platforms/WatchOS.platform/Developer/usr/lib/swift/host/plugins/libPreviewsMacros.dylib\#/Applications/Xcode-27.0.0-Release.Candidate.app/Contents/Developer/Platforms/WatchOS.platform/Developer/usr/bin/swift-plugin-server\#PreviewsMacros -load-resolved-plugin /Applications/Xcode-27.0.0-Release.Candidate.app/Contents/Developer/Platforms/WatchOS.platform/Developer/usr/lib/swift/host/plugins/libSwiftMacros.dylib\#/Applications/Xcode-27.0.0-Release.Candidate.app/Contents/Developer/Platforms/WatchOS.platform/Developer/usr/bin/swift-plugin-server\#SwiftMacros -load-resolved-plugin /Applications/Xcode-27.0.0-Release.Candidate.app/Contents/Developer/Platforms/WatchOS.platform/Developer/usr/lib/swift/host/plugins/libSwiftUIMacros.dylib\#/Applications/Xcode-27.0.0-Release.Candidate.app/Contents/Developer/Platforms/WatchOS.platform/Developer/usr/bin/swift-plugin-server\#SwiftUIMacros -disable-implicit-swift-modules -Xcc -fno-implicit-modules -Xcc -fno-implicit-module-maps -explicit-swift-module-map-file /Users/admin/builder/spi-builder-workspace/.derivedData/Build/Intermediates.noindex/Blend.build/Debug-watchos/Blend-t.build/Objects-normal/arm64/Blend-dependencies-1.json -Xllvm -aarch64-use-tbi -enable-objc-interop -stack-check -sdk /Applications/Xcode-27.0.0-Release.Candidate.app/Contents/Developer/Platforms/WatchOS.platform/Developer/SDKs/WatchOS27.0.sdk -I /Users/admin/builder/spi-builder-workspace/.derivedData/Build/Products/Debug-watchos -Isystem /Applications/Xcode-27.0.0-Release.Candidate.app/Contents/Developer/Platforms/WatchOS.platform/Developer/usr/lib -F /Users/admin/builder/spi-builder-workspace/.derivedData/Build/Products/Debug-watchos -F /Applications/Xcode-27.0.0-Release.Candidate.app/Contents/Developer/Platforms/WatchOS.platform/Developer/Library/Frameworks -F /Applications/Xcode-27.0.0-Release.Candidate.app/Contents/Developer/Platforms/WatchOS.platform/Developer/SDKs/WatchOS27.0.sdk/Developer/Library/Frameworks -module-cache-path /Users/admin/builder/spi-builder-workspace/.derivedData/Build/Intermediates.noindex/SwiftExplicitPrecompiledModules -no-color-diagnostics -Xcc -fno-color-diagnostics -enable-testing -g -debug-info-format\=dwarf -dwarf-version\=5 -profile-generate -profile-coverage-mapping -swift-version 6 -Onone -D SWIFT_PACKAGE -D DEBUG -D SWIFT_MODULE_RESOURCE_BUNDLE_AVAILABLE -D Xcode -serialize-debugging-options -enable-experimental-feature DebugDescriptionMacro -empty-abi-descriptor -validate-clang-modules-once -clang-build-session-file /Users/admin/builder/spi-builder-workspace/.derivedData/ModuleCache.noindex/Session.modulevalidation -Xcc -working-directory -Xcc /Users/admin/builder/spi-builder-workspace/.swiftpm/xcode -enable-anonymous-context-mangled-names -file-compilation-dir /Users/admin/builder/spi-builder-workspace/.swiftpm/xcode -Xcc -D_LIBCPP_HARDENING_MODE\=_LIBCPP_HARDENING_MODE_DEBUG -Xcc -ivfsstatcache -Xcc /Users/admin/builder/spi-builder-workspace/.derivedData/SDKStatCaches.noindex/watchos27.0-24R360-e829b21a6f8c9b70876ba0858053c04477534ef55a1706bf4c1112bbb242f0a2.sdkstatcache -Xcc -fmodules-prune-interval\=86400 -Xcc -fmodules-prune-after\=345600 -Xcc -I/Users/admin/builder/spi-builder-workspace/.derivedData/Build/Products/Debug-watchos/include -Xcc -I/Users/admin/builder/spi-builder-workspace/.derivedData/Build/Intermediates.noindex/Blend.build/Debug-watchos/Blend-t.build/DerivedSources-normal/arm64 -Xcc -I/Users/admin/builder/spi-builder-workspace/.derivedData/Build/Intermediates.noindex/Blend.build/Debug-watchos/Blend-t.build/DerivedSources/arm64 -Xcc -I/Users/admin/builder/spi-builder-workspace/.derivedData/Build/Intermediates.noindex/Blend.build/Debug-watchos/Blend-t.build/DerivedSources -Xcc -DSWIFT_PACKAGE -Xcc -DDEBUG\=1 -no-auto-bridging-header-chaining -module-name Blend -package-name spi_builder_workspace -const-gather-protocols-file /Users/admin/builder/spi-builder-workspace/.derivedData/Build/Intermediates.noindex/Blend.build/Debug-watchos/Blend-t.build/Objects-normal/arm64/Blend_const_extract_protocols.json -disable-clang-spi -clang-target arm64-apple-watchos27.0 -target-sdk-version 27.0 -target-sdk-name watchos27.0 -in-process-plugin-server-path /Applications/Xcode-27.0.0-Release.Candidate.app/Contents/Developer/Toolchains/XcodeDefault.xctoolchain/usr/lib/swift/host/libSwiftInProcPluginServer.dylib -parse-as-library -o /Users/admin/builder/spi-builder-workspace/.derivedData/Build/Intermediates.noindex/Blend.build/Debug-watchos/Blend-t.build/Objects-normal/arm64/CacheActor.o -o /Users/admin/builder/spi-builder-workspace/.derivedData/Build/Intermediates.noindex/Blend.build/Debug-watchos/Blend-t.build/Objects-normal/arm64/MIMETypeDetector.o -debug-module-path /Users/admin/builder/spi-builder-workspace/.derivedData/Build/Intermediates.noindex/Blend.build/Debug-watchos/Blend-t.build/Objects-normal/arm64/Blend.swiftmodule -index-unit-output-path /Blend.build/Debug-watchos/Blend-t.build/Objects-normal/arm64/CacheActor.o -index-unit-output-path /Blend.build/Debug-watchos/Blend-t.build/Objects-normal/arm64/MIMETypeDetector.o -index-store-path /Users/admin/builder/spi-builder-workspace/.derivedData/Index.noindex/DataStore -index-system-modules
SwiftCompile normal arm64 Compiling\ ImageService+Helpers.swift,\ ImageService+JSONEncoding.swift /Users/admin/builder/spi-builder-workspace/Sources/Blend/Image/Service/ImageService+Helpers.swift /Users/admin/builder/spi-builder-workspace/Sources/Blend/Image/Service/ImageService+JSONEncoding.swift (in target 'Blend' from project 'Blend')
SwiftCompile normal arm64 /Users/admin/builder/spi-builder-workspace/Sources/Blend/Image/Service/ImageService+Helpers.swift (in target 'Blend' from project 'Blend')
    cd /Users/admin/builder/spi-builder-workspace/.swiftpm/xcode
    builtin-SwiftPerFileCompile ImageService+Helpers.swift
SwiftCompile normal arm64 /Users/admin/builder/spi-builder-workspace/Sources/Blend/Image/Service/ImageService+JSONEncoding.swift (in target 'Blend' from project 'Blend')
    cd /Users/admin/builder/spi-builder-workspace/.swiftpm/xcode
    builtin-SwiftPerFileCompile ImageService+JSONEncoding.swift
SwiftEmitModule normal arm64 Emitting\ module\ for\ Blend (in target 'Blend' from project 'Blend')
SwiftCompile normal arm64 (in target 'Blend' from project 'Blend')
    cd /Users/admin/builder/spi-builder-workspace/.swiftpm/xcode

SwiftCompile normal arm64 Compiling\ TestClock.swift,\ Cache.swift /Users/admin/builder/spi-builder-workspace/Sources/Blend/Core/Utilities/TestClock.swift /Users/admin/builder/spi-builder-workspace/Sources/Blend/Image/Cache/Cache.swift (in target 'Blend' from project 'Blend')
SwiftCompile normal arm64 /Users/admin/builder/spi-builder-workspace/Sources/Blend/Core/Utilities/TestClock.swift (in target 'Blend' from project 'Blend')
    cd /Users/admin/builder/spi-builder-workspace/.swiftpm/xcode
    builtin-SwiftPerFileCompile TestClock.swift
SwiftCompile normal arm64 /Users/admin/builder/spi-builder-workspace/Sources/Blend/Image/Cache/Cache.swift (in target 'Blend' from project 'Blend')
    cd /Users/admin/builder/spi-builder-workspace/.swiftpm/xcode
    builtin-SwiftPerFileCompile Cache.swift
SwiftCompile normal arm64 Compiling\ Endpoint.swift,\ NetworkProtocols.swift /Users/admin/builder/spi-builder-workspace/Sources/Blend/Core/Protocols/Endpoint.swift /Users/admin/builder/spi-builder-workspace/Sources/Blend/Core/Protocols/NetworkProtocols.swift (in target 'Blend' from project 'Blend')
SwiftCompile normal arm64 /Users/admin/builder/spi-builder-workspace/Sources/Blend/Core/Protocols/Endpoint.swift (in target 'Blend' from project 'Blend')
    cd /Users/admin/builder/spi-builder-workspace/.swiftpm/xcode
    builtin-SwiftPerFileCompile Endpoint.swift
SwiftCompile normal arm64 /Users/admin/builder/spi-builder-workspace/Sources/Blend/Core/Protocols/NetworkProtocols.swift (in target 'Blend' from project 'Blend')
    cd /Users/admin/builder/spi-builder-workspace/.swiftpm/xcode
    builtin-SwiftPerFileCompile NetworkProtocols.swift
SwiftCompile normal arm64 Compiling\ ImageService.swift,\ DefaultNetworkCache.swift /Users/admin/builder/spi-builder-workspace/Sources/Blend/Image/Service/ImageService.swift /Users/admin/builder/spi-builder-workspace/Sources/Blend/Infrastructure/Cache/DefaultNetworkCache.swift (in target 'Blend' from project 'Blend')
SwiftCompile normal arm64 /Users/admin/builder/spi-builder-workspace/Sources/Blend/Image/Service/ImageService.swift (in target 'Blend' from project 'Blend')
    cd /Users/admin/builder/spi-builder-workspace/.swiftpm/xcode
    builtin-SwiftPerFileCompile ImageService.swift
SwiftCompile normal arm64 /Users/admin/builder/spi-builder-workspace/Sources/Blend/Infrastructure/Cache/DefaultNetworkCache.swift (in target 'Blend' from project 'Blend')
    cd /Users/admin/builder/spi-builder-workspace/.swiftpm/xcode
    builtin-SwiftPerFileCompile DefaultNetworkCache.swift
SwiftCompile normal arm64 Compiling\ BlendConfig.swift,\ RetryPolicy.swift /Users/admin/builder/spi-builder-workspace/Sources/Blend/Infrastructure/Configuration/BlendConfig.swift /Users/admin/builder/spi-builder-workspace/Sources/Blend/Infrastructure/Configuration/RetryPolicy.swift (in target 'Blend' from project 'Blend')
SwiftCompile normal arm64 /Users/admin/builder/spi-builder-workspace/Sources/Blend/Infrastructure/Configuration/BlendConfig.swift (in target 'Blend' from project 'Blend')
    cd /Users/admin/builder/spi-builder-workspace/.swiftpm/xcode
    builtin-SwiftPerFileCompile BlendConfig.swift
SwiftCompile normal arm64 /Users/admin/builder/spi-builder-workspace/Sources/Blend/Infrastructure/Configuration/RetryPolicy.swift (in target 'Blend' from project 'Blend')
    cd /Users/admin/builder/spi-builder-workspace/.swiftpm/xcode
    builtin-SwiftPerFileCompile RetryPolicy.swift
SwiftCompile normal arm64 Compiling\ RequestInterceptor.swift,\ SwiftUIExtensions.swift /Users/admin/builder/spi-builder-workspace/Sources/Blend/Infrastructure/Utilities/RequestInterceptor.swift /Users/admin/builder/spi-builder-workspace/Sources/Blend/UI/SwiftUI/SwiftUIExtensions.swift (in target 'Blend' from project 'Blend')
SwiftCompile normal arm64 /Users/admin/builder/spi-builder-workspace/Sources/Blend/Infrastructure/Utilities/RequestInterceptor.swift (in target 'Blend' from project 'Blend')
    cd /Users/admin/builder/spi-builder-workspace/.swiftpm/xcode
    builtin-SwiftPerFileCompile RequestInterceptor.swift
SwiftCompile normal arm64 /Users/admin/builder/spi-builder-workspace/Sources/Blend/UI/SwiftUI/SwiftUIExtensions.swift (in target 'Blend' from project 'Blend')
    cd /Users/admin/builder/spi-builder-workspace/.swiftpm/xcode
    builtin-SwiftPerFileCompile SwiftUIExtensions.swift
SwiftEmitModule normal arm64_32 Emitting\ module\ for\ Blend (in target 'Blend' from project 'Blend')
SwiftCompile normal arm64_32 (in target 'Blend' from project 'Blend')
    cd /Users/admin/builder/spi-builder-workspace/.swiftpm/xcode

SwiftDriverJobDiscovery normal arm64 Compiling ImageService+Helpers.swift, ImageService+JSONEncoding.swift (in target 'Blend' from project 'Blend')
SwiftCompile normal arm64_32 Compiling\ RetryPolicy.swift /Users/admin/builder/spi-builder-workspace/Sources/Blend/Infrastructure/Configuration/RetryPolicy.swift (in target 'Blend' from project 'Blend')
SwiftCompile normal arm64_32 /Users/admin/builder/spi-builder-workspace/Sources/Blend/Infrastructure/Configuration/RetryPolicy.swift (in target 'Blend' from project 'Blend')
    cd /Users/admin/builder/spi-builder-workspace/.swiftpm/xcode
    builtin-SwiftPerFileCompile RetryPolicy.swift
SwiftDriverJobDiscovery normal arm64 Compiling TestClock.swift, Cache.swift (in target 'Blend' from project 'Blend')
SwiftCompile normal arm64_32 Compiling\ ImageService+Upload.swift /Users/admin/builder/spi-builder-workspace/Sources/Blend/Image/Service/ImageService+Upload.swift (in target 'Blend' from project 'Blend')
SwiftCompile normal arm64_32 /Users/admin/builder/spi-builder-workspace/Sources/Blend/Image/Service/ImageService+Upload.swift (in target 'Blend' from project 'Blend')
    cd /Users/admin/builder/spi-builder-workspace/.swiftpm/xcode
    builtin-SwiftPerFileCompile ImageService+Upload.swift
SwiftDriverJobDiscovery normal arm64 Compiling Endpoint.swift, NetworkProtocols.swift (in target 'Blend' from project 'Blend')
SwiftCompile normal arm64_32 Compiling\ MultipartBuilder.swift,\ NSImage+DataRepresentation.swift /Users/admin/builder/spi-builder-workspace/Sources/Blend/Image/Operations/MultipartBuilder.swift /Users/admin/builder/spi-builder-workspace/Sources/Blend/Image/Platform/NSImage+DataRepresentation.swift (in target 'Blend' from project 'Blend')
SwiftCompile normal arm64_32 /Users/admin/builder/spi-builder-workspace/Sources/Blend/Image/Operations/MultipartBuilder.swift (in target 'Blend' from project 'Blend')
    cd /Users/admin/builder/spi-builder-workspace/.swiftpm/xcode
    builtin-SwiftPerFileCompile MultipartBuilder.swift
SwiftCompile normal arm64_32 /Users/admin/builder/spi-builder-workspace/Sources/Blend/Image/Platform/NSImage+DataRepresentation.swift (in target 'Blend' from project 'Blend')
    cd /Users/admin/builder/spi-builder-workspace/.swiftpm/xcode
    builtin-SwiftPerFileCompile NSImage+DataRepresentation.swift
SwiftDriverJobDiscovery normal arm64 Compiling MultipartBuilder.swift, NSImage+DataRepresentation.swift (in target 'Blend' from project 'Blend')
SwiftCompile normal arm64_32 Compiling\ RequestInterceptor.swift /Users/admin/builder/spi-builder-workspace/Sources/Blend/Infrastructure/Utilities/RequestInterceptor.swift (in target 'Blend' from project 'Blend')
SwiftCompile normal arm64_32 /Users/admin/builder/spi-builder-workspace/Sources/Blend/Infrastructure/Utilities/RequestInterceptor.swift (in target 'Blend' from project 'Blend')
    cd /Users/admin/builder/spi-builder-workspace/.swiftpm/xcode
    builtin-SwiftPerFileCompile RequestInterceptor.swift
SwiftDriverJobDiscovery normal arm64 Compiling BlendConfig.swift, RetryPolicy.swift (in target 'Blend' from project 'Blend')
SwiftCompile normal arm64 Compiling\ NetworkError+Wrapping.swift /Users/admin/builder/spi-builder-workspace/Sources/Blend/Core/Errors/NetworkError+Wrapping.swift (in target 'Blend' from project 'Blend')
SwiftCompile normal arm64 /Users/admin/builder/spi-builder-workspace/Sources/Blend/Core/Errors/NetworkError+Wrapping.swift (in target 'Blend' from project 'Blend')
    cd /Users/admin/builder/spi-builder-workspace/.swiftpm/xcode
    builtin-SwiftPerFileCompile NetworkError+Wrapping.swift
SwiftDriverJobDiscovery normal arm64_32 Compiling RequestInterceptor.swift (in target 'Blend' from project 'Blend')
SwiftCompile normal arm64_32 Compiling\ ImageService+Fetching.swift /Users/admin/builder/spi-builder-workspace/Sources/Blend/Image/Service/ImageService+Fetching.swift (in target 'Blend' from project 'Blend')
SwiftCompile normal arm64_32 /Users/admin/builder/spi-builder-workspace/Sources/Blend/Image/Service/ImageService+Fetching.swift (in target 'Blend' from project 'Blend')
    cd /Users/admin/builder/spi-builder-workspace/.swiftpm/xcode
    builtin-SwiftPerFileCompile ImageService+Fetching.swift
SwiftDriverJobDiscovery normal arm64_32 Compiling RetryPolicy.swift (in target 'Blend' from project 'Blend')
SwiftCompile normal arm64_32 Compiling\ AsyncRequestable.swift /Users/admin/builder/spi-builder-workspace/Sources/Blend/Core/Protocols/AsyncRequestable.swift (in target 'Blend' from project 'Blend')
SwiftCompile normal arm64_32 /Users/admin/builder/spi-builder-workspace/Sources/Blend/Core/Protocols/AsyncRequestable.swift (in target 'Blend' from project 'Blend')
    cd /Users/admin/builder/spi-builder-workspace/.swiftpm/xcode
    builtin-SwiftPerFileCompile AsyncRequestable.swift
SwiftCompile normal arm64_32 Compiling\ ImageService+CacheManagement.swift /Users/admin/builder/spi-builder-workspace/Sources/Blend/Image/Service/ImageService+CacheManagement.swift (in target 'Blend' from project 'Blend')
SwiftCompile normal arm64_32 /Users/admin/builder/spi-builder-workspace/Sources/Blend/Image/Service/ImageService+CacheManagement.swift (in target 'Blend' from project 'Blend')
    cd /Users/admin/builder/spi-builder-workspace/.swiftpm/xcode
    builtin-SwiftPerFileCompile ImageService+CacheManagement.swift
SwiftDriverJobDiscovery normal arm64_32 Compiling MultipartBuilder.swift, NSImage+DataRepresentation.swift (in target 'Blend' from project 'Blend')
SwiftCompile normal arm64 Compiling\ AsyncRequestable.swift /Users/admin/builder/spi-builder-workspace/Sources/Blend/Core/Protocols/AsyncRequestable.swift (in target 'Blend' from project 'Blend')
SwiftCompile normal arm64 /Users/admin/builder/spi-builder-workspace/Sources/Blend/Core/Protocols/AsyncRequestable.swift (in target 'Blend' from project 'Blend')
    cd /Users/admin/builder/spi-builder-workspace/.swiftpm/xcode
    builtin-SwiftPerFileCompile AsyncRequestable.swift
SwiftDriverJobDiscovery normal arm64_32 Compiling ImageService+Upload.swift (in target 'Blend' from project 'Blend')
SwiftCompile normal arm64_32 Compiling\ BlendConfig.swift /Users/admin/builder/spi-builder-workspace/Sources/Blend/Infrastructure/Configuration/BlendConfig.swift (in target 'Blend' from project 'Blend')
SwiftCompile normal arm64_32 /Users/admin/builder/spi-builder-workspace/Sources/Blend/Infrastructure/Configuration/BlendConfig.swift (in target 'Blend' from project 'Blend')
    cd /Users/admin/builder/spi-builder-workspace/.swiftpm/xcode
    builtin-SwiftPerFileCompile BlendConfig.swift
SwiftDriverJobDiscovery normal arm64 Compiling NetworkError+Wrapping.swift (in target 'Blend' from project 'Blend')
SwiftCompile normal arm64_32 Compiling\ ImageService+Helpers.swift /Users/admin/builder/spi-builder-workspace/Sources/Blend/Image/Service/ImageService+Helpers.swift (in target 'Blend' from project 'Blend')
SwiftCompile normal arm64_32 /Users/admin/builder/spi-builder-workspace/Sources/Blend/Image/Service/ImageService+Helpers.swift (in target 'Blend' from project 'Blend')
    cd /Users/admin/builder/spi-builder-workspace/.swiftpm/xcode
    builtin-SwiftPerFileCompile ImageService+Helpers.swift
SwiftDriverJobDiscovery normal arm64_32 Compiling ImageService+CacheManagement.swift (in target 'Blend' from project 'Blend')
SwiftCompile normal arm64_32 Compiling\ SwiftUIExtensions.swift /Users/admin/builder/spi-builder-workspace/Sources/Blend/UI/SwiftUI/SwiftUIExtensions.swift (in target 'Blend' from project 'Blend')
SwiftCompile normal arm64_32 /Users/admin/builder/spi-builder-workspace/Sources/Blend/UI/SwiftUI/SwiftUIExtensions.swift (in target 'Blend' from project 'Blend')
    cd /Users/admin/builder/spi-builder-workspace/.swiftpm/xcode
    builtin-SwiftPerFileCompile SwiftUIExtensions.swift
SwiftDriverJobDiscovery normal arm64_32 Compiling ImageService+Fetching.swift (in target 'Blend' from project 'Blend')
SwiftCompile normal arm64 Compiling\ RequestUtilities.swift /Users/admin/builder/spi-builder-workspace/Sources/Blend/Core/Networking/RequestUtilities.swift (in target 'Blend' from project 'Blend')
SwiftCompile normal arm64 /Users/admin/builder/spi-builder-workspace/Sources/Blend/Core/Networking/RequestUtilities.swift (in target 'Blend' from project 'Blend')
    cd /Users/admin/builder/spi-builder-workspace/.swiftpm/xcode
    builtin-SwiftPerFileCompile RequestUtilities.swift
SwiftCompile normal arm64_32 Compiling\ DefaultNetworkCache.swift /Users/admin/builder/spi-builder-workspace/Sources/Blend/Infrastructure/Cache/DefaultNetworkCache.swift (in target 'Blend' from project 'Blend')
SwiftCompile normal arm64_32 /Users/admin/builder/spi-builder-workspace/Sources/Blend/Infrastructure/Cache/DefaultNetworkCache.swift (in target 'Blend' from project 'Blend')
    cd /Users/admin/builder/spi-builder-workspace/.swiftpm/xcode
    builtin-SwiftPerFileCompile DefaultNetworkCache.swift
SwiftDriverJobDiscovery normal arm64_32 Compiling AsyncRequestable.swift (in target 'Blend' from project 'Blend')
SwiftCompile normal arm64 Compiling\ AdvancedNetworkManager.swift /Users/admin/builder/spi-builder-workspace/Sources/Blend/Core/Networking/AdvancedNetworkManager.swift (in target 'Blend' from project 'Blend')
SwiftCompile normal arm64 /Users/admin/builder/spi-builder-workspace/Sources/Blend/Core/Networking/AdvancedNetworkManager.swift (in target 'Blend' from project 'Blend')
    cd /Users/admin/builder/spi-builder-workspace/.swiftpm/xcode
    builtin-SwiftPerFileCompile AdvancedNetworkManager.swift
SwiftDriverJobDiscovery normal arm64_32 Compiling ImageService+Helpers.swift (in target 'Blend' from project 'Blend')
SwiftCompile normal arm64_32 Compiling\ CacheActor.swift,\ MIMETypeDetector.swift /Users/admin/builder/spi-builder-workspace/Sources/Blend/Image/Cache/CacheActor.swift /Users/admin/builder/spi-builder-workspace/Sources/Blend/Image/Operations/MIMETypeDetector.swift (in target 'Blend' from project 'Blend')
SwiftCompile normal arm64_32 /Users/admin/builder/spi-builder-workspace/Sources/Blend/Image/Cache/CacheActor.swift (in target 'Blend' from project 'Blend')
    cd /Users/admin/builder/spi-builder-workspace/.swiftpm/xcode
    builtin-SwiftPerFileCompile CacheActor.swift
SwiftCompile normal arm64_32 /Users/admin/builder/spi-builder-workspace/Sources/Blend/Image/Operations/MIMETypeDetector.swift (in target 'Blend' from project 'Blend')
    cd /Users/admin/builder/spi-builder-workspace/.swiftpm/xcode
    builtin-SwiftPerFileCompile MIMETypeDetector.swift
SwiftDriverJobDiscovery normal arm64 Compiling AsyncRequestable.swift (in target 'Blend' from project 'Blend')
SwiftCompile normal arm64_32 Compiling\ AdvancedNetworkManager.swift /Users/admin/builder/spi-builder-workspace/Sources/Blend/Core/Networking/AdvancedNetworkManager.swift (in target 'Blend' from project 'Blend')
SwiftCompile normal arm64_32 /Users/admin/builder/spi-builder-workspace/Sources/Blend/Core/Networking/AdvancedNetworkManager.swift (in target 'Blend' from project 'Blend')
    cd /Users/admin/builder/spi-builder-workspace/.swiftpm/xcode
    builtin-SwiftPerFileCompile AdvancedNetworkManager.swift
SwiftDriverJobDiscovery normal arm64_32 Compiling BlendConfig.swift (in target 'Blend' from project 'Blend')
SwiftCompile normal arm64_32 Compiling\ RequestUtilities.swift /Users/admin/builder/spi-builder-workspace/Sources/Blend/Core/Networking/RequestUtilities.swift (in target 'Blend' from project 'Blend')
SwiftCompile normal arm64_32 /Users/admin/builder/spi-builder-workspace/Sources/Blend/Core/Networking/RequestUtilities.swift (in target 'Blend' from project 'Blend')
    cd /Users/admin/builder/spi-builder-workspace/.swiftpm/xcode
    builtin-SwiftPerFileCompile RequestUtilities.swift
SwiftDriverJobDiscovery normal arm64 Compiling ImageService+CacheManagement.swift, ImageService+Fetching.swift (in target 'Blend' from project 'Blend')
SwiftCompile normal arm64 Compiling\ AdvancedAsyncRequestable.swift /Users/admin/builder/spi-builder-workspace/Sources/Blend/Core/Protocols/AdvancedAsyncRequestable.swift (in target 'Blend' from project 'Blend')
SwiftCompile normal arm64 /Users/admin/builder/spi-builder-workspace/Sources/Blend/Core/Protocols/AdvancedAsyncRequestable.swift (in target 'Blend' from project 'Blend')
    cd /Users/admin/builder/spi-builder-workspace/.swiftpm/xcode
    builtin-SwiftPerFileCompile AdvancedAsyncRequestable.swift
PruneExplicitPrecompiledModules /Users/admin/builder/spi-builder-workspace/.derivedData/SDKExplicitPrecompiledModules
PruneExplicitPrecompiledModules /Users/admin/builder/spi-builder-workspace/.derivedData/Build/Intermediates.noindex/ExplicitPrecompiledModules
PruneExplicitPrecompiledModules /Users/admin/builder/spi-builder-workspace/.derivedData/Build/Intermediates.noindex/SwiftExplicitPrecompiledModules
2026-09-22 20:46:09.497 xcodebuild[823:4846] [MT] IDERunDestination: Supported platforms for the buildables in the current scheme is empty.
** BUILD FAILED **
The following build commands failed:
	SwiftCompile normal arm64 /Users/admin/builder/spi-builder-workspace/Sources/Blend/Image/Operations/MIMETypeDetector.swift (in target 'Blend' from project 'Blend')
	SwiftCompile normal arm64 Compiling\ CacheActor.swift,\ MIMETypeDetector.swift /Users/admin/builder/spi-builder-workspace/Sources/Blend/Image/Cache/CacheActor.swift /Users/admin/builder/spi-builder-workspace/Sources/Blend/Image/Operations/MIMETypeDetector.swift (in target 'Blend' from project 'Blend')
	Building workspace Blend with scheme Blend
(3 failures)
BUILD FAILURE 6.4 watchOS