The Swift Package Index logo.Swift Package Index

Build Information

Failed to build WWSwiftUI_MultiDatePicker, reference 1.2.3 (9ba7ea), with Swift 6.4 for watchOS using Xcode 27.0 on 23 Sep 2026 22:56:46 UTC.

Build Command

env DEVELOPER_DIR=/Applications/Xcode-27.0.0-Release.Candidate.app xcrun xcodebuild -IDEClonedSourcePackagesDirPathOverride=$PWD/.dependencies -skipMacroValidation -skipPackagePluginValidation -derivedDataPath $PWD/.derivedData build -scheme WWSwiftUI_MultiDatePicker -destination generic/platform=watchOS

Build Log

========================================
RunAll
========================================
Builder version: 5.1.0
Interrupt handler set up.
========================================
Checkout
========================================
Clone URL: https://github.com/William-Weng/WWSwiftUI_MultiDatePicker.git
Reference: 1.2.3
Initialized empty Git repository in /Users/admin/builder/spi-builder-workspace/.git/
From https://github.com/William-Weng/WWSwiftUI_MultiDatePicker
 * tag               1.2.3      -> FETCH_HEAD
HEAD is now at 9ba7ea6 - 加入移除hostingController功能
Cloned https://github.com/William-Weng/WWSwiftUI_MultiDatePicker.git
Revision (git rev-parse @):
9ba7ea6da74d745454d5b9d0048af70b7d0f770e
SUCCESS checkout https://github.com/William-Weng/WWSwiftUI_MultiDatePicker.git at 1.2.3
========================================
Build
========================================
Selected platform:         watchOS
Swift version:             6.4
Building package at path:  $PWD
https://github.com/William-Weng/WWSwiftUI_MultiDatePicker.git
Command line invocation:
    /Applications/Xcode-27.0.0-Release.Candidate.app/Contents/Developer/usr/bin/xcodebuild -IDEClonedSourcePackagesDirPathOverride=/Users/admin/builder/spi-builder-workspace/.dependencies -resolvePackageDependencies
Resolve Package Graph
Resolve Package Graph
Resolved source packages:
  WWSwiftUI_MultiDatePicker: /Users/admin/builder/spi-builder-workspace
resolved source packages: WWSwiftUI_MultiDatePicker
2026-09-23 18:55:53.404 xcodebuild[529:3033] [MT] IDERunDestination: Supported platforms for the buildables in the current scheme is empty.
{
  "dependencies" : [
  ],
  "manifest_display_name" : "WWSwiftUI_MultiDatePicker",
  "name" : "WWSwiftUI_MultiDatePicker",
  "path" : "/Users/admin/builder/spi-builder-workspace",
  "platforms" : [
    {
      "name" : "ios",
      "version" : "16.0"
    }
  ],
  "products" : [
    {
      "name" : "WWSwiftUI_MultiDatePicker",
      "targets" : [
        "WWSwiftUI_MultiDatePicker"
      ],
      "type" : {
        "library" : [
          "automatic"
        ]
      }
    }
  ],
  "swift_languages_versions" : [
    "5"
  ],
  "targets" : [
    {
      "c99name" : "WWSwiftUI_MultiDatePicker",
      "module_type" : "SwiftTarget",
      "name" : "WWSwiftUI_MultiDatePicker",
      "path" : "Sources/WWSwiftUI_MultiDatePicker",
      "product_memberships" : [
        "WWSwiftUI_MultiDatePicker"
      ],
      "resources" : [
        {
          "path" : "/Users/admin/builder/spi-builder-workspace/Sources/WWSwiftUI_MultiDatePicker/Privacy",
          "rule" : {
            "copy" : {
            }
          }
        }
      ],
      "sources" : [
        "MultiDatePicker.swift",
        "Utility/Constant.swift",
        "Utility/Extension+Public.swift",
        "Utility/Extension.swift",
        "Utility/MultiDatePickerView.swift",
        "Utility/Protocol.swift",
        "Utility/ViewModel.swift",
        "WWSwiftUI.swift"
      ],
      "type" : "library"
    }
  ],
  "tools_version" : "5.7"
}
{
  "workspace" : {
    "name" : "WWSwiftUI_MultiDatePicker",
    "schemes" : [
      "WWSwiftUI_MultiDatePicker"
    ]
  }
}
2026-09-23 18:56:34.827 xcodebuild[653:4147] [MT] IDERunDestination: Supported platforms for the buildables in the current scheme is empty.
Running build ...
env DEVELOPER_DIR=/Applications/Xcode-27.0.0-Release.Candidate.app xcrun xcodebuild -IDEClonedSourcePackagesDirPathOverride=$PWD/.dependencies -skipMacroValidation -skipPackagePluginValidation -derivedDataPath $PWD/.derivedData build -scheme WWSwiftUI_MultiDatePicker -destination generic/platform=watchOS
Command line invocation:
    /Applications/Xcode-27.0.0-Release.Candidate.app/Contents/Developer/usr/bin/xcodebuild -IDEClonedSourcePackagesDirPathOverride=/Users/admin/builder/spi-builder-workspace/.dependencies -skipMacroValidation -skipPackagePluginValidation -derivedDataPath /Users/admin/builder/spi-builder-workspace/.derivedData build -scheme WWSwiftUI_MultiDatePicker -destination generic/platform=watchOS
Resolve Package Graph
Resolved source packages:
  WWSwiftUI_MultiDatePicker: /Users/admin/builder/spi-builder-workspace
ComputePackagePrebuildTargetDependencyGraph
Prepare packages
CreateBuildRequest
SendProjectDescription
CreateBuildOperation
ComputeTargetDependencyGraph
note: Building targets in dependency order
note: Target dependency graph (3 targets)
    Target 'WWSwiftUI_MultiDatePicker-product' in project 'WWSwiftUI_MultiDatePicker'
        ➜ Explicit dependency on target 'WWSwiftUI_MultiDatePicker' in project 'WWSwiftUI_MultiDatePicker'
        ➜ Explicit dependency on target 'WWSwiftUI_MultiDatePicker_WWSwiftUI_MultiDatePicker' in project 'WWSwiftUI_MultiDatePicker'
    Target 'WWSwiftUI_MultiDatePicker' in project 'WWSwiftUI_MultiDatePicker'
        ➜ Explicit dependency on target 'WWSwiftUI_MultiDatePicker_WWSwiftUI_MultiDatePicker' in project 'WWSwiftUI_MultiDatePicker'
    Target 'WWSwiftUI_MultiDatePicker_WWSwiftUI_MultiDatePicker' in project 'WWSwiftUI_MultiDatePicker' (no dependencies)
GatherProvisioningInputs
CreateBuildDescription
ExecuteExternalTool /Applications/Xcode-27.0.0-Release.Candidate.app/Contents/Developer/Toolchains/XcodeDefault.xctoolchain/usr/bin/clang -v -E -dM -isysroot /Applications/Xcode-27.0.0-Release.Candidate.app/Contents/Developer/Platforms/WatchOS.platform/Developer/SDKs/WatchOS27.0.sdk -x c -c /dev/null
ExecuteExternalTool /Applications/Xcode-27.0.0-Release.Candidate.app/Contents/Developer/Toolchains/XcodeDefault.xctoolchain/usr/bin/swiftc --version
ExecuteExternalTool /Applications/Xcode-27.0.0-Release.Candidate.app/Contents/Developer/Toolchains/XcodeDefault.xctoolchain/usr/bin/ld -version_details
Build description signature: 49250a3ee9554a6834ae5354b44ba2bb
Build description path: /Users/admin/builder/spi-builder-workspace/.derivedData/Build/Intermediates.noindex/XCBuildData/49250a3ee9554a6834ae5354b44ba2bb.xcbuilddata
CreateBuildDirectory /Users/admin/builder/spi-builder-workspace/.derivedData/SDKExplicitPrecompiledModules
    cd /Users/admin/builder/spi-builder-workspace/.swiftpm/xcode
    builtin-create-build-directory /Users/admin/builder/spi-builder-workspace/.derivedData/SDKExplicitPrecompiledModules
CreateBuildDirectory /Users/admin/builder/spi-builder-workspace/.derivedData/ModuleCache.noindex
    cd /Users/admin/builder/spi-builder-workspace/.swiftpm/xcode
    builtin-create-build-directory /Users/admin/builder/spi-builder-workspace/.derivedData/ModuleCache.noindex
CreateBuildDirectory /Users/admin/builder/spi-builder-workspace/.derivedData/Build/Products
    cd /Users/admin/builder/spi-builder-workspace/.swiftpm/xcode
    builtin-create-build-directory /Users/admin/builder/spi-builder-workspace/.derivedData/Build/Products
CreateBuildDirectory /Users/admin/builder/spi-builder-workspace/.derivedData/CompilationCache.noindex
    cd /Users/admin/builder/spi-builder-workspace/.swiftpm/xcode
    builtin-create-build-directory /Users/admin/builder/spi-builder-workspace/.derivedData/CompilationCache.noindex
CreateBuildDirectory /Users/admin/builder/spi-builder-workspace/.derivedData/Build/Intermediates.noindex
    cd /Users/admin/builder/spi-builder-workspace/.swiftpm/xcode
    builtin-create-build-directory /Users/admin/builder/spi-builder-workspace/.derivedData/Build/Intermediates.noindex
ClangStatCache /Applications/Xcode-27.0.0-Release.Candidate.app/Contents/Developer/Toolchains/XcodeDefault.xctoolchain/usr/bin/clang-stat-cache /Applications/Xcode-27.0.0-Release.Candidate.app/Contents/Developer/Platforms/WatchOS.platform/Developer/SDKs/WatchOS27.0.sdk /Users/admin/builder/spi-builder-workspace/.derivedData/SDKStatCaches.noindex/watchos27.0-24R360-e829b21a6f8c9b70876ba0858053c04477534ef55a1706bf4c1112bbb242f0a2.sdkstatcache
    cd /Users/admin/builder/spi-builder-workspace/.swiftpm/xcode
    /Applications/Xcode-27.0.0-Release.Candidate.app/Contents/Developer/Toolchains/XcodeDefault.xctoolchain/usr/bin/clang-stat-cache /Applications/Xcode-27.0.0-Release.Candidate.app/Contents/Developer/Platforms/WatchOS.platform/Developer/SDKs/WatchOS27.0.sdk -o /Users/admin/builder/spi-builder-workspace/.derivedData/SDKStatCaches.noindex/watchos27.0-24R360-e829b21a6f8c9b70876ba0858053c04477534ef55a1706bf4c1112bbb242f0a2.sdkstatcache
CreateBuildDirectory /Users/admin/builder/spi-builder-workspace/.derivedData/Build/Products/Debug-watchos
    cd /Users/admin/builder/spi-builder-workspace/.swiftpm/xcode
    builtin-create-build-directory /Users/admin/builder/spi-builder-workspace/.derivedData/Build/Products/Debug-watchos
CreateBuildDirectory /Users/admin/builder/spi-builder-workspace/.derivedData/Build/Intermediates.noindex/SwiftExplicitPrecompiledModules
    cd /Users/admin/builder/spi-builder-workspace/.swiftpm/xcode
    builtin-create-build-directory /Users/admin/builder/spi-builder-workspace/.derivedData/Build/Intermediates.noindex/SwiftExplicitPrecompiledModules
CreateBuildDirectory /Users/admin/builder/spi-builder-workspace/.derivedData/Build/Intermediates.noindex/ExplicitPrecompiledModules
    cd /Users/admin/builder/spi-builder-workspace/.swiftpm/xcode
    builtin-create-build-directory /Users/admin/builder/spi-builder-workspace/.derivedData/Build/Intermediates.noindex/ExplicitPrecompiledModules
CreateBuildDirectory /Users/admin/builder/spi-builder-workspace/.derivedData/Build/Intermediates.noindex/PrecompiledHeaders
    cd /Users/admin/builder/spi-builder-workspace/.swiftpm/xcode
    builtin-create-build-directory /Users/admin/builder/spi-builder-workspace/.derivedData/Build/Intermediates.noindex/PrecompiledHeaders
CreateBuildDirectory /Users/admin/builder/spi-builder-workspace/.derivedData/Build/Intermediates.noindex/EagerLinkingTBDs/Debug-watchos
    cd /Users/admin/builder/spi-builder-workspace/.swiftpm/xcode
    builtin-create-build-directory /Users/admin/builder/spi-builder-workspace/.derivedData/Build/Intermediates.noindex/EagerLinkingTBDs/Debug-watchos
CreateBuildDirectory /Users/admin/builder/spi-builder-workspace/.derivedData/Build/Products/Debug-watchos/PackageFrameworks
    cd /Users/admin/builder/spi-builder-workspace/.swiftpm/xcode
    builtin-create-build-directory /Users/admin/builder/spi-builder-workspace/.derivedData/Build/Products/Debug-watchos/PackageFrameworks
MkDir /Users/admin/builder/spi-builder-workspace/.derivedData/Build/Products/Debug-watchos/WWSwiftUI_MultiDatePicker_WWSwiftUI_MultiDatePicker.bundle (in target 'WWSwiftUI_MultiDatePicker_WWSwiftUI_MultiDatePicker' from project 'WWSwiftUI_MultiDatePicker')
    cd /Users/admin/builder/spi-builder-workspace
    /bin/mkdir -p /Users/admin/builder/spi-builder-workspace/.derivedData/Build/Products/Debug-watchos/WWSwiftUI_MultiDatePicker_WWSwiftUI_MultiDatePicker.bundle
WriteAuxiliaryFile /Users/admin/builder/spi-builder-workspace/.derivedData/Build/Intermediates.noindex/WWSwiftUI_MultiDatePicker.build/Debug-watchos/WWSwiftUI_MultiDatePicker_WWSwiftUI_MultiDatePicker-b.build/empty-WWSwiftUI_MultiDatePicker_WWSwiftUI_MultiDatePicker.plist (in target 'WWSwiftUI_MultiDatePicker_WWSwiftUI_MultiDatePicker' from project 'WWSwiftUI_MultiDatePicker')
    cd /Users/admin/builder/spi-builder-workspace
    write-file /Users/admin/builder/spi-builder-workspace/.derivedData/Build/Intermediates.noindex/WWSwiftUI_MultiDatePicker.build/Debug-watchos/WWSwiftUI_MultiDatePicker_WWSwiftUI_MultiDatePicker-b.build/empty-WWSwiftUI_MultiDatePicker_WWSwiftUI_MultiDatePicker.plist
WriteAuxiliaryFile /Users/admin/builder/spi-builder-workspace/.derivedData/Build/Intermediates.noindex/WWSwiftUI_MultiDatePicker.build/Debug-watchos/WWSwiftUI_MultiDatePicker-t.build/WWSwiftUI_MultiDatePicker.DependencyMetadataFileList (in target 'WWSwiftUI_MultiDatePicker' from project 'WWSwiftUI_MultiDatePicker')
    cd /Users/admin/builder/spi-builder-workspace
    write-file /Users/admin/builder/spi-builder-workspace/.derivedData/Build/Intermediates.noindex/WWSwiftUI_MultiDatePicker.build/Debug-watchos/WWSwiftUI_MultiDatePicker-t.build/WWSwiftUI_MultiDatePicker.DependencyMetadataFileList
WriteAuxiliaryFile /Users/admin/builder/spi-builder-workspace/.derivedData/Build/Intermediates.noindex/WWSwiftUI_MultiDatePicker.build/Debug-watchos/WWSwiftUI_MultiDatePicker_WWSwiftUI_MultiDatePicker-b.build/WWSwiftUI_MultiDatePicker_WWSwiftUI_MultiDatePicker.DependencyMetadataFileList (in target 'WWSwiftUI_MultiDatePicker_WWSwiftUI_MultiDatePicker' from project 'WWSwiftUI_MultiDatePicker')
    cd /Users/admin/builder/spi-builder-workspace
    write-file /Users/admin/builder/spi-builder-workspace/.derivedData/Build/Intermediates.noindex/WWSwiftUI_MultiDatePicker.build/Debug-watchos/WWSwiftUI_MultiDatePicker_WWSwiftUI_MultiDatePicker-b.build/WWSwiftUI_MultiDatePicker_WWSwiftUI_MultiDatePicker.DependencyMetadataFileList
WriteAuxiliaryFile /Users/admin/builder/spi-builder-workspace/.derivedData/Build/Intermediates.noindex/WWSwiftUI_MultiDatePicker.build/Debug-watchos/WWSwiftUI_MultiDatePicker_WWSwiftUI_MultiDatePicker-b.build/WWSwiftUI_MultiDatePicker_WWSwiftUI_MultiDatePicker.DependencyStaticMetadataFileList (in target 'WWSwiftUI_MultiDatePicker_WWSwiftUI_MultiDatePicker' from project 'WWSwiftUI_MultiDatePicker')
    cd /Users/admin/builder/spi-builder-workspace
    write-file /Users/admin/builder/spi-builder-workspace/.derivedData/Build/Intermediates.noindex/WWSwiftUI_MultiDatePicker.build/Debug-watchos/WWSwiftUI_MultiDatePicker_WWSwiftUI_MultiDatePicker-b.build/WWSwiftUI_MultiDatePicker_WWSwiftUI_MultiDatePicker.DependencyStaticMetadataFileList
WriteAuxiliaryFile /Users/admin/builder/spi-builder-workspace/.derivedData/Build/Intermediates.noindex/WWSwiftUI_MultiDatePicker.build/Debug-watchos/WWSwiftUI_MultiDatePicker-t.build/WWSwiftUI_MultiDatePicker.modulemap (in target 'WWSwiftUI_MultiDatePicker' from project 'WWSwiftUI_MultiDatePicker')
    cd /Users/admin/builder/spi-builder-workspace
    write-file /Users/admin/builder/spi-builder-workspace/.derivedData/Build/Intermediates.noindex/WWSwiftUI_MultiDatePicker.build/Debug-watchos/WWSwiftUI_MultiDatePicker-t.build/WWSwiftUI_MultiDatePicker.modulemap
WriteAuxiliaryFile /Users/admin/builder/spi-builder-workspace/.derivedData/Build/Intermediates.noindex/WWSwiftUI_MultiDatePicker.build/Debug-watchos/WWSwiftUI_MultiDatePicker-t.build/WWSwiftUI_MultiDatePicker.DependencyStaticMetadataFileList (in target 'WWSwiftUI_MultiDatePicker' from project 'WWSwiftUI_MultiDatePicker')
    cd /Users/admin/builder/spi-builder-workspace
    write-file /Users/admin/builder/spi-builder-workspace/.derivedData/Build/Intermediates.noindex/WWSwiftUI_MultiDatePicker.build/Debug-watchos/WWSwiftUI_MultiDatePicker-t.build/WWSwiftUI_MultiDatePicker.DependencyStaticMetadataFileList
WriteAuxiliaryFile /Users/admin/builder/spi-builder-workspace/.derivedData/Build/Intermediates.noindex/WWSwiftUI_MultiDatePicker.build/Debug-watchos/WWSwiftUI_MultiDatePicker-t.build/Objects-normal/arm64_32/WWSwiftUI_MultiDatePicker.SwiftConstValuesFileList (in target 'WWSwiftUI_MultiDatePicker' from project 'WWSwiftUI_MultiDatePicker')
    cd /Users/admin/builder/spi-builder-workspace
    write-file /Users/admin/builder/spi-builder-workspace/.derivedData/Build/Intermediates.noindex/WWSwiftUI_MultiDatePicker.build/Debug-watchos/WWSwiftUI_MultiDatePicker-t.build/Objects-normal/arm64_32/WWSwiftUI_MultiDatePicker.SwiftConstValuesFileList
WriteAuxiliaryFile /Users/admin/builder/spi-builder-workspace/.derivedData/Build/Intermediates.noindex/WWSwiftUI_MultiDatePicker.build/Debug-watchos/WWSwiftUI_MultiDatePicker-t.build/Objects-normal/arm64_32/WWSwiftUI_MultiDatePicker.SwiftFileList (in target 'WWSwiftUI_MultiDatePicker' from project 'WWSwiftUI_MultiDatePicker')
    cd /Users/admin/builder/spi-builder-workspace
    write-file /Users/admin/builder/spi-builder-workspace/.derivedData/Build/Intermediates.noindex/WWSwiftUI_MultiDatePicker.build/Debug-watchos/WWSwiftUI_MultiDatePicker-t.build/Objects-normal/arm64_32/WWSwiftUI_MultiDatePicker.SwiftFileList
WriteAuxiliaryFile /Users/admin/builder/spi-builder-workspace/.derivedData/Build/Intermediates.noindex/WWSwiftUI_MultiDatePicker.build/Debug-watchos/WWSwiftUI_MultiDatePicker-t.build/Objects-normal/arm64_32/WWSwiftUI_MultiDatePicker_const_extract_protocols.json (in target 'WWSwiftUI_MultiDatePicker' from project 'WWSwiftUI_MultiDatePicker')
    cd /Users/admin/builder/spi-builder-workspace
    write-file /Users/admin/builder/spi-builder-workspace/.derivedData/Build/Intermediates.noindex/WWSwiftUI_MultiDatePicker.build/Debug-watchos/WWSwiftUI_MultiDatePicker-t.build/Objects-normal/arm64_32/WWSwiftUI_MultiDatePicker_const_extract_protocols.json
WriteAuxiliaryFile /Users/admin/builder/spi-builder-workspace/.derivedData/Build/Intermediates.noindex/WWSwiftUI_MultiDatePicker.build/Debug-watchos/WWSwiftUI_MultiDatePicker-t.build/Objects-normal/arm64_32/WWSwiftUI_MultiDatePicker.LinkFileList (in target 'WWSwiftUI_MultiDatePicker' from project 'WWSwiftUI_MultiDatePicker')
    cd /Users/admin/builder/spi-builder-workspace
    write-file /Users/admin/builder/spi-builder-workspace/.derivedData/Build/Intermediates.noindex/WWSwiftUI_MultiDatePicker.build/Debug-watchos/WWSwiftUI_MultiDatePicker-t.build/Objects-normal/arm64_32/WWSwiftUI_MultiDatePicker.LinkFileList
WriteAuxiliaryFile /Users/admin/builder/spi-builder-workspace/.derivedData/Build/Intermediates.noindex/WWSwiftUI_MultiDatePicker.build/Debug-watchos/WWSwiftUI_MultiDatePicker-t.build/Objects-normal/arm64_32/WWSwiftUI_MultiDatePicker-OutputFileMap.json (in target 'WWSwiftUI_MultiDatePicker' from project 'WWSwiftUI_MultiDatePicker')
    cd /Users/admin/builder/spi-builder-workspace
    write-file /Users/admin/builder/spi-builder-workspace/.derivedData/Build/Intermediates.noindex/WWSwiftUI_MultiDatePicker.build/Debug-watchos/WWSwiftUI_MultiDatePicker-t.build/Objects-normal/arm64_32/WWSwiftUI_MultiDatePicker-OutputFileMap.json
WriteAuxiliaryFile /Users/admin/builder/spi-builder-workspace/.derivedData/Build/Intermediates.noindex/WWSwiftUI_MultiDatePicker.build/Debug-watchos/WWSwiftUI_MultiDatePicker-t.build/Objects-normal/arm64/WWSwiftUI_MultiDatePicker_const_extract_protocols.json (in target 'WWSwiftUI_MultiDatePicker' from project 'WWSwiftUI_MultiDatePicker')
    cd /Users/admin/builder/spi-builder-workspace
    write-file /Users/admin/builder/spi-builder-workspace/.derivedData/Build/Intermediates.noindex/WWSwiftUI_MultiDatePicker.build/Debug-watchos/WWSwiftUI_MultiDatePicker-t.build/Objects-normal/arm64/WWSwiftUI_MultiDatePicker_const_extract_protocols.json
WriteAuxiliaryFile /Users/admin/builder/spi-builder-workspace/.derivedData/Build/Intermediates.noindex/WWSwiftUI_MultiDatePicker.build/Debug-watchos/WWSwiftUI_MultiDatePicker-t.build/Objects-normal/arm64/WWSwiftUI_MultiDatePicker.SwiftFileList (in target 'WWSwiftUI_MultiDatePicker' from project 'WWSwiftUI_MultiDatePicker')
    cd /Users/admin/builder/spi-builder-workspace
    write-file /Users/admin/builder/spi-builder-workspace/.derivedData/Build/Intermediates.noindex/WWSwiftUI_MultiDatePicker.build/Debug-watchos/WWSwiftUI_MultiDatePicker-t.build/Objects-normal/arm64/WWSwiftUI_MultiDatePicker.SwiftFileList
WriteAuxiliaryFile /Users/admin/builder/spi-builder-workspace/.derivedData/Build/Intermediates.noindex/WWSwiftUI_MultiDatePicker.build/Debug-watchos/WWSwiftUI_MultiDatePicker-t.build/Objects-normal/arm64/WWSwiftUI_MultiDatePicker.SwiftConstValuesFileList (in target 'WWSwiftUI_MultiDatePicker' from project 'WWSwiftUI_MultiDatePicker')
    cd /Users/admin/builder/spi-builder-workspace
    write-file /Users/admin/builder/spi-builder-workspace/.derivedData/Build/Intermediates.noindex/WWSwiftUI_MultiDatePicker.build/Debug-watchos/WWSwiftUI_MultiDatePicker-t.build/Objects-normal/arm64/WWSwiftUI_MultiDatePicker.SwiftConstValuesFileList
WriteAuxiliaryFile /Users/admin/builder/spi-builder-workspace/.derivedData/Build/Intermediates.noindex/WWSwiftUI_MultiDatePicker.build/Debug-watchos/WWSwiftUI_MultiDatePicker-t.build/Objects-normal/arm64/WWSwiftUI_MultiDatePicker.LinkFileList (in target 'WWSwiftUI_MultiDatePicker' from project 'WWSwiftUI_MultiDatePicker')
    cd /Users/admin/builder/spi-builder-workspace
    write-file /Users/admin/builder/spi-builder-workspace/.derivedData/Build/Intermediates.noindex/WWSwiftUI_MultiDatePicker.build/Debug-watchos/WWSwiftUI_MultiDatePicker-t.build/Objects-normal/arm64/WWSwiftUI_MultiDatePicker.LinkFileList
WriteAuxiliaryFile /Users/admin/builder/spi-builder-workspace/.derivedData/Build/Intermediates.noindex/WWSwiftUI_MultiDatePicker.build/Debug-watchos/WWSwiftUI_MultiDatePicker-t.build/Objects-normal/arm64/WWSwiftUI_MultiDatePicker-OutputFileMap.json (in target 'WWSwiftUI_MultiDatePicker' from project 'WWSwiftUI_MultiDatePicker')
    cd /Users/admin/builder/spi-builder-workspace
    write-file /Users/admin/builder/spi-builder-workspace/.derivedData/Build/Intermediates.noindex/WWSwiftUI_MultiDatePicker.build/Debug-watchos/WWSwiftUI_MultiDatePicker-t.build/Objects-normal/arm64/WWSwiftUI_MultiDatePicker-OutputFileMap.json
Copy /Users/admin/builder/spi-builder-workspace/.derivedData/Build/Intermediates.noindex/GeneratedModuleMaps-watchos/WWSwiftUI_MultiDatePicker.modulemap /Users/admin/builder/spi-builder-workspace/.derivedData/Build/Intermediates.noindex/WWSwiftUI_MultiDatePicker.build/Debug-watchos/WWSwiftUI_MultiDatePicker-t.build/WWSwiftUI_MultiDatePicker.modulemap (in target 'WWSwiftUI_MultiDatePicker' from project 'WWSwiftUI_MultiDatePicker')
    cd /Users/admin/builder/spi-builder-workspace
    builtin-copy -exclude .DS_Store -exclude CVS -exclude .svn -exclude .git -exclude .hg -resolve-src-symlinks /Users/admin/builder/spi-builder-workspace/.derivedData/Build/Intermediates.noindex/WWSwiftUI_MultiDatePicker.build/Debug-watchos/WWSwiftUI_MultiDatePicker-t.build/WWSwiftUI_MultiDatePicker.modulemap /Users/admin/builder/spi-builder-workspace/.derivedData/Build/Intermediates.noindex/GeneratedModuleMaps-watchos
WriteAuxiliaryFile /Users/admin/builder/spi-builder-workspace/.derivedData/Build/Intermediates.noindex/WWSwiftUI_MultiDatePicker.build/Debug-watchos/WWSwiftUI_MultiDatePicker-t.build/DerivedSources/resource_bundle_accessor.swift (in target 'WWSwiftUI_MultiDatePicker' from project 'WWSwiftUI_MultiDatePicker')
    cd /Users/admin/builder/spi-builder-workspace
    write-file /Users/admin/builder/spi-builder-workspace/.derivedData/Build/Intermediates.noindex/WWSwiftUI_MultiDatePicker.build/Debug-watchos/WWSwiftUI_MultiDatePicker-t.build/DerivedSources/resource_bundle_accessor.swift
ProcessInfoPlistFile /Users/admin/builder/spi-builder-workspace/.derivedData/Build/Products/Debug-watchos/WWSwiftUI_MultiDatePicker_WWSwiftUI_MultiDatePicker.bundle/Info.plist /Users/admin/builder/spi-builder-workspace/.derivedData/Build/Intermediates.noindex/WWSwiftUI_MultiDatePicker.build/Debug-watchos/WWSwiftUI_MultiDatePicker_WWSwiftUI_MultiDatePicker-b.build/empty-WWSwiftUI_MultiDatePicker_WWSwiftUI_MultiDatePicker.plist (in target 'WWSwiftUI_MultiDatePicker_WWSwiftUI_MultiDatePicker' from project 'WWSwiftUI_MultiDatePicker')
    cd /Users/admin/builder/spi-builder-workspace
    builtin-infoPlistUtility /Users/admin/builder/spi-builder-workspace/.derivedData/Build/Intermediates.noindex/WWSwiftUI_MultiDatePicker.build/Debug-watchos/WWSwiftUI_MultiDatePicker_WWSwiftUI_MultiDatePicker-b.build/empty-WWSwiftUI_MultiDatePicker_WWSwiftUI_MultiDatePicker.plist -producttype com.apple.product-type.bundle -expandbuildsettings -format binary -platform watchos -o /Users/admin/builder/spi-builder-workspace/.derivedData/Build/Products/Debug-watchos/WWSwiftUI_MultiDatePicker_WWSwiftUI_MultiDatePicker.bundle/Info.plist
CpResource /Users/admin/builder/spi-builder-workspace/.derivedData/Build/Products/Debug-watchos/WWSwiftUI_MultiDatePicker_WWSwiftUI_MultiDatePicker.bundle/Privacy /Users/admin/builder/spi-builder-workspace/Sources/WWSwiftUI_MultiDatePicker/Privacy (in target 'WWSwiftUI_MultiDatePicker_WWSwiftUI_MultiDatePicker' from project 'WWSwiftUI_MultiDatePicker')
    cd /Users/admin/builder/spi-builder-workspace
    builtin-copy -exclude .DS_Store -exclude CVS -exclude .svn -exclude .git -exclude .hg -resolve-src-symlinks /Users/admin/builder/spi-builder-workspace/Sources/WWSwiftUI_MultiDatePicker/Privacy /Users/admin/builder/spi-builder-workspace/.derivedData/Build/Products/Debug-watchos/WWSwiftUI_MultiDatePicker_WWSwiftUI_MultiDatePicker.bundle
RegisterExecutionPolicyException /Users/admin/builder/spi-builder-workspace/.derivedData/Build/Products/Debug-watchos/WWSwiftUI_MultiDatePicker_WWSwiftUI_MultiDatePicker.bundle (in target 'WWSwiftUI_MultiDatePicker_WWSwiftUI_MultiDatePicker' from project 'WWSwiftUI_MultiDatePicker')
    cd /Users/admin/builder/spi-builder-workspace
    builtin-RegisterExecutionPolicyException /Users/admin/builder/spi-builder-workspace/.derivedData/Build/Products/Debug-watchos/WWSwiftUI_MultiDatePicker_WWSwiftUI_MultiDatePicker.bundle
Touch /Users/admin/builder/spi-builder-workspace/.derivedData/Build/Products/Debug-watchos/WWSwiftUI_MultiDatePicker_WWSwiftUI_MultiDatePicker.bundle (in target 'WWSwiftUI_MultiDatePicker_WWSwiftUI_MultiDatePicker' from project 'WWSwiftUI_MultiDatePicker')
    cd /Users/admin/builder/spi-builder-workspace
    /usr/bin/touch -c /Users/admin/builder/spi-builder-workspace/.derivedData/Build/Products/Debug-watchos/WWSwiftUI_MultiDatePicker_WWSwiftUI_MultiDatePicker.bundle
SwiftDriver WWSwiftUI_MultiDatePicker normal arm64_32 com.apple.xcode.tools.swift.compiler (in target 'WWSwiftUI_MultiDatePicker' from project 'WWSwiftUI_MultiDatePicker')
    cd /Users/admin/builder/spi-builder-workspace/.swiftpm/xcode
    builtin-SwiftDriver -- /Applications/Xcode-27.0.0-Release.Candidate.app/Contents/Developer/Toolchains/XcodeDefault.xctoolchain/usr/bin/swiftc -parse-as-library -module-name WWSwiftUI_MultiDatePicker -Onone @/Users/admin/builder/spi-builder-workspace/.derivedData/Build/Intermediates.noindex/WWSwiftUI_MultiDatePicker.build/Debug-watchos/WWSwiftUI_MultiDatePicker-t.build/Objects-normal/arm64_32/WWSwiftUI_MultiDatePicker.SwiftFileList -DSWIFT_PACKAGE -DDEBUG -DSWIFT_MODULE_RESOURCE_BUNDLE_AVAILABLE -DXcode -plugin-path /Applications/Xcode-27.0.0-Release.Candidate.app/Contents/Developer/Toolchains/XcodeDefault.xctoolchain/usr/lib/swift/host/plugins/testing -enable-experimental-feature DebugDescriptionMacro -sdk /Applications/Xcode-27.0.0-Release.Candidate.app/Contents/Developer/Platforms/WatchOS.platform/Developer/SDKs/WatchOS27.0.sdk -target arm64_32-apple-watchos9.0 -g -module-cache-path /Users/admin/builder/spi-builder-workspace/.derivedData/ModuleCache.noindex -Xfrontend -serialize-debugging-options -enable-testing -index-store-path /Users/admin/builder/spi-builder-workspace/.derivedData/Index.noindex/DataStore -Xcc -D_LIBCPP_HARDENING_MODE\=_LIBCPP_HARDENING_MODE_DEBUG -swift-version 5 -I /Users/admin/builder/spi-builder-workspace/.derivedData/Build/Products/Debug-watchos -Isystem /Applications/Xcode-27.0.0-Release.Candidate.app/Contents/Developer/Platforms/WatchOS.platform/Developer/usr/lib -F /Users/admin/builder/spi-builder-workspace/.derivedData/Build/Products/Debug-watchos -F /Applications/Xcode-27.0.0-Release.Candidate.app/Contents/Developer/Platforms/WatchOS.platform/Developer/Library/Frameworks -F /Applications/Xcode-27.0.0-Release.Candidate.app/Contents/Developer/Platforms/WatchOS.platform/Developer/SDKs/WatchOS27.0.sdk/Developer/Library/Frameworks -c -j10 -enable-batch-mode -incremental -Xcc -ivfsstatcache -Xcc /Users/admin/builder/spi-builder-workspace/.derivedData/SDKStatCaches.noindex/watchos27.0-24R360-e829b21a6f8c9b70876ba0858053c04477534ef55a1706bf4c1112bbb242f0a2.sdkstatcache -output-file-map /Users/admin/builder/spi-builder-workspace/.derivedData/Build/Intermediates.noindex/WWSwiftUI_MultiDatePicker.build/Debug-watchos/WWSwiftUI_MultiDatePicker-t.build/Objects-normal/arm64_32/WWSwiftUI_MultiDatePicker-OutputFileMap.json -save-temps -no-color-diagnostics -explicit-module-build -module-cache-path /Users/admin/builder/spi-builder-workspace/.derivedData/Build/Intermediates.noindex/SwiftExplicitPrecompiledModules -clang-scanner-module-cache-path /Users/admin/builder/spi-builder-workspace/.derivedData/ModuleCache.noindex -sdk-module-cache-path /Users/admin/builder/spi-builder-workspace/.derivedData/SDKExplicitPrecompiledModules -emit-dependencies -emit-module -emit-module-path /Users/admin/builder/spi-builder-workspace/.derivedData/Build/Intermediates.noindex/WWSwiftUI_MultiDatePicker.build/Debug-watchos/WWSwiftUI_MultiDatePicker-t.build/Objects-normal/arm64_32/WWSwiftUI_MultiDatePicker.swiftmodule -serialize-diagnostics -dependency-scan-serialize-diagnostics-path /Users/admin/builder/spi-builder-workspace/.derivedData/Build/Intermediates.noindex/WWSwiftUI_MultiDatePicker.build/Debug-watchos/WWSwiftUI_MultiDatePicker-t.build/Objects-normal/arm64_32/WWSwiftUI_MultiDatePicker-dependency-scan.dia -validate-clang-modules-once -clang-build-session-file /Users/admin/builder/spi-builder-workspace/.derivedData/ModuleCache.noindex/Session.modulevalidation -Xcc -fmodules-prune-interval\=86400 -Xcc -fmodules-prune-after\=345600 -emit-const-values -const-gather-protocols-list /Users/admin/builder/spi-builder-workspace/.derivedData/Build/Intermediates.noindex/WWSwiftUI_MultiDatePicker.build/Debug-watchos/WWSwiftUI_MultiDatePicker-t.build/Objects-normal/arm64_32/WWSwiftUI_MultiDatePicker_const_extract_protocols.json -Xcc -I/Users/admin/builder/spi-builder-workspace/.derivedData/Build/Products/Debug-watchos/include -Xcc -I/Users/admin/builder/spi-builder-workspace/.derivedData/Build/Intermediates.noindex/WWSwiftUI_MultiDatePicker.build/Debug-watchos/WWSwiftUI_MultiDatePicker-t.build/DerivedSources-normal/arm64_32 -Xcc -I/Users/admin/builder/spi-builder-workspace/.derivedData/Build/Intermediates.noindex/WWSwiftUI_MultiDatePicker.build/Debug-watchos/WWSwiftUI_MultiDatePicker-t.build/DerivedSources/arm64_32 -Xcc -I/Users/admin/builder/spi-builder-workspace/.derivedData/Build/Intermediates.noindex/WWSwiftUI_MultiDatePicker.build/Debug-watchos/WWSwiftUI_MultiDatePicker-t.build/DerivedSources -Xcc -DSWIFT_PACKAGE -Xcc -DDEBUG\=1 -emit-objc-header -emit-objc-header-path /Users/admin/builder/spi-builder-workspace/.derivedData/Build/Intermediates.noindex/WWSwiftUI_MultiDatePicker.build/Debug-watchos/WWSwiftUI_MultiDatePicker-t.build/Objects-normal/arm64_32/WWSwiftUI_MultiDatePicker-Swift.h -working-directory /Users/admin/builder/spi-builder-workspace/.swiftpm/xcode -experimental-emit-module-separately -disable-cmo
SwiftDriver WWSwiftUI_MultiDatePicker normal arm64 com.apple.xcode.tools.swift.compiler (in target 'WWSwiftUI_MultiDatePicker' from project 'WWSwiftUI_MultiDatePicker')
    cd /Users/admin/builder/spi-builder-workspace/.swiftpm/xcode
    builtin-SwiftDriver -- /Applications/Xcode-27.0.0-Release.Candidate.app/Contents/Developer/Toolchains/XcodeDefault.xctoolchain/usr/bin/swiftc -parse-as-library -module-name WWSwiftUI_MultiDatePicker -Onone @/Users/admin/builder/spi-builder-workspace/.derivedData/Build/Intermediates.noindex/WWSwiftUI_MultiDatePicker.build/Debug-watchos/WWSwiftUI_MultiDatePicker-t.build/Objects-normal/arm64/WWSwiftUI_MultiDatePicker.SwiftFileList -DSWIFT_PACKAGE -DDEBUG -DSWIFT_MODULE_RESOURCE_BUNDLE_AVAILABLE -DXcode -plugin-path /Applications/Xcode-27.0.0-Release.Candidate.app/Contents/Developer/Toolchains/XcodeDefault.xctoolchain/usr/lib/swift/host/plugins/testing -enable-experimental-feature DebugDescriptionMacro -sdk /Applications/Xcode-27.0.0-Release.Candidate.app/Contents/Developer/Platforms/WatchOS.platform/Developer/SDKs/WatchOS27.0.sdk -target arm64-apple-watchos9.0 -g -module-cache-path /Users/admin/builder/spi-builder-workspace/.derivedData/ModuleCache.noindex -Xfrontend -serialize-debugging-options -enable-testing -index-store-path /Users/admin/builder/spi-builder-workspace/.derivedData/Index.noindex/DataStore -Xcc -D_LIBCPP_HARDENING_MODE\=_LIBCPP_HARDENING_MODE_DEBUG -swift-version 5 -I /Users/admin/builder/spi-builder-workspace/.derivedData/Build/Products/Debug-watchos -Isystem /Applications/Xcode-27.0.0-Release.Candidate.app/Contents/Developer/Platforms/WatchOS.platform/Developer/usr/lib -F /Users/admin/builder/spi-builder-workspace/.derivedData/Build/Products/Debug-watchos -F /Applications/Xcode-27.0.0-Release.Candidate.app/Contents/Developer/Platforms/WatchOS.platform/Developer/Library/Frameworks -F /Applications/Xcode-27.0.0-Release.Candidate.app/Contents/Developer/Platforms/WatchOS.platform/Developer/SDKs/WatchOS27.0.sdk/Developer/Library/Frameworks -c -j10 -enable-batch-mode -incremental -Xcc -ivfsstatcache -Xcc /Users/admin/builder/spi-builder-workspace/.derivedData/SDKStatCaches.noindex/watchos27.0-24R360-e829b21a6f8c9b70876ba0858053c04477534ef55a1706bf4c1112bbb242f0a2.sdkstatcache -output-file-map /Users/admin/builder/spi-builder-workspace/.derivedData/Build/Intermediates.noindex/WWSwiftUI_MultiDatePicker.build/Debug-watchos/WWSwiftUI_MultiDatePicker-t.build/Objects-normal/arm64/WWSwiftUI_MultiDatePicker-OutputFileMap.json -save-temps -no-color-diagnostics -explicit-module-build -module-cache-path /Users/admin/builder/spi-builder-workspace/.derivedData/Build/Intermediates.noindex/SwiftExplicitPrecompiledModules -clang-scanner-module-cache-path /Users/admin/builder/spi-builder-workspace/.derivedData/ModuleCache.noindex -sdk-module-cache-path /Users/admin/builder/spi-builder-workspace/.derivedData/SDKExplicitPrecompiledModules -emit-dependencies -emit-module -emit-module-path /Users/admin/builder/spi-builder-workspace/.derivedData/Build/Intermediates.noindex/WWSwiftUI_MultiDatePicker.build/Debug-watchos/WWSwiftUI_MultiDatePicker-t.build/Objects-normal/arm64/WWSwiftUI_MultiDatePicker.swiftmodule -serialize-diagnostics -dependency-scan-serialize-diagnostics-path /Users/admin/builder/spi-builder-workspace/.derivedData/Build/Intermediates.noindex/WWSwiftUI_MultiDatePicker.build/Debug-watchos/WWSwiftUI_MultiDatePicker-t.build/Objects-normal/arm64/WWSwiftUI_MultiDatePicker-dependency-scan.dia -validate-clang-modules-once -clang-build-session-file /Users/admin/builder/spi-builder-workspace/.derivedData/ModuleCache.noindex/Session.modulevalidation -Xcc -fmodules-prune-interval\=86400 -Xcc -fmodules-prune-after\=345600 -emit-const-values -const-gather-protocols-list /Users/admin/builder/spi-builder-workspace/.derivedData/Build/Intermediates.noindex/WWSwiftUI_MultiDatePicker.build/Debug-watchos/WWSwiftUI_MultiDatePicker-t.build/Objects-normal/arm64/WWSwiftUI_MultiDatePicker_const_extract_protocols.json -Xcc -I/Users/admin/builder/spi-builder-workspace/.derivedData/Build/Products/Debug-watchos/include -Xcc -I/Users/admin/builder/spi-builder-workspace/.derivedData/Build/Intermediates.noindex/WWSwiftUI_MultiDatePicker.build/Debug-watchos/WWSwiftUI_MultiDatePicker-t.build/DerivedSources-normal/arm64 -Xcc -I/Users/admin/builder/spi-builder-workspace/.derivedData/Build/Intermediates.noindex/WWSwiftUI_MultiDatePicker.build/Debug-watchos/WWSwiftUI_MultiDatePicker-t.build/DerivedSources/arm64 -Xcc -I/Users/admin/builder/spi-builder-workspace/.derivedData/Build/Intermediates.noindex/WWSwiftUI_MultiDatePicker.build/Debug-watchos/WWSwiftUI_MultiDatePicker-t.build/DerivedSources -Xcc -DSWIFT_PACKAGE -Xcc -DDEBUG\=1 -emit-objc-header -emit-objc-header-path /Users/admin/builder/spi-builder-workspace/.derivedData/Build/Intermediates.noindex/WWSwiftUI_MultiDatePicker.build/Debug-watchos/WWSwiftUI_MultiDatePicker-t.build/Objects-normal/arm64/WWSwiftUI_MultiDatePicker-Swift.h -working-directory /Users/admin/builder/spi-builder-workspace/.swiftpm/xcode -experimental-emit-module-separately -disable-cmo
SwiftExplicitDependencyGeneratePcm arm64_32 /Users/admin/builder/spi-builder-workspace/.derivedData/SDKExplicitPrecompiledModules/DeveloperToolsSupport-DZU5G1OCMNWU0AQRULIFHUJ1Z.pcm
SwiftExplicitDependencyGeneratePcm arm64_32 /Users/admin/builder/spi-builder-workspace/.derivedData/SDKExplicitPrecompiledModules/_Builtin_float-6KO8O3PEWRCA4WC6PPLOYO6WJ.pcm
SwiftExplicitDependencyGeneratePcm arm64_32 /Users/admin/builder/spi-builder-workspace/.derivedData/SDKExplicitPrecompiledModules/_Builtin_stdarg-D305JG44A2WPI6CJY37X3QJE8.pcm
SwiftExplicitDependencyGeneratePcm arm64_32 /Users/admin/builder/spi-builder-workspace/.derivedData/SDKExplicitPrecompiledModules/_Builtin_stdbool-A967K8W8YUYEC9SN52KJ7OO88.pcm
SwiftExplicitDependencyGeneratePcm arm64_32 /Users/admin/builder/spi-builder-workspace/.derivedData/SDKExplicitPrecompiledModules/ptrauth-BFXF358ME5AK535N5A9Z766WU.pcm
SwiftExplicitDependencyGeneratePcm arm64_32 /Users/admin/builder/spi-builder-workspace/.derivedData/SDKExplicitPrecompiledModules/_SwiftConcurrencyShims-6RTBPQ03V7BM9SPRK8SUE055H.pcm
SwiftExplicitDependencyGeneratePcm arm64_32 /Users/admin/builder/spi-builder-workspace/.derivedData/SDKExplicitPrecompiledModules/_AvailabilityInternal-244WAN3Z1QBT7PIA64EZEFY1R.pcm
SwiftExplicitDependencyGeneratePcm arm64_32 /Users/admin/builder/spi-builder-workspace/.derivedData/SDKExplicitPrecompiledModules/_Builtin_stddef-H44EFHQX6XSS5MZ7QP6YJZ76.pcm
SwiftExplicitDependencyGeneratePcm arm64 /Users/admin/builder/spi-builder-workspace/.derivedData/SDKExplicitPrecompiledModules/ptrcheck-AIF0NDOYZ8ORBNHQAQR5NNB8M.pcm
SwiftExplicitDependencyGeneratePcm arm64 /Users/admin/builder/spi-builder-workspace/.derivedData/SDKExplicitPrecompiledModules/SwiftShims-4MXFZPV6FEB0XBYXCGPWAMQGL.pcm
SwiftExplicitDependencyGeneratePcm arm64 /Users/admin/builder/spi-builder-workspace/.derivedData/SDKExplicitPrecompiledModules/_Builtin_stddef-1FU30Y8SWFB7OUUHMJQH5J6FM.pcm
SwiftExplicitDependencyGeneratePcm arm64 /Users/admin/builder/spi-builder-workspace/.derivedData/SDKExplicitPrecompiledModules/_AvailabilityInternal-BUNV3UXM65NT37THI4W1AM0SF.pcm
SwiftExplicitDependencyGeneratePcm arm64 /Users/admin/builder/spi-builder-workspace/.derivedData/SDKExplicitPrecompiledModules/DeveloperToolsSupport-E7CNISCB36UE8XQ9IOHK9XDX1.pcm
SwiftExplicitDependencyGeneratePcm arm64 /Users/admin/builder/spi-builder-workspace/.derivedData/SDKExplicitPrecompiledModules/_SwiftConcurrencyShims-659N52XSKR5F0QSB880BH2FJR.pcm
SwiftExplicitDependencyGeneratePcm arm64_32 /Users/admin/builder/spi-builder-workspace/.derivedData/SDKExplicitPrecompiledModules/SwiftShims-9CQQGWTSNTN9EB5NSHDWUJICH.pcm
SwiftExplicitDependencyGeneratePcm arm64 /Users/admin/builder/spi-builder-workspace/.derivedData/SDKExplicitPrecompiledModules/_Builtin_float-C0CW5Q4HGBQYKE77TC42IAFB5.pcm
SwiftExplicitDependencyGeneratePcm arm64 /Users/admin/builder/spi-builder-workspace/.derivedData/SDKExplicitPrecompiledModules/_Builtin_stdbool-83J96QSOFE9VX04AAS6310UAE.pcm
SwiftExplicitDependencyGeneratePcm arm64 /Users/admin/builder/spi-builder-workspace/.derivedData/SDKExplicitPrecompiledModules/_Builtin_stdarg-A7UU8LE6MP85SM26YO7PBZNUQ.pcm
SwiftExplicitDependencyGeneratePcm arm64 /Users/admin/builder/spi-builder-workspace/.derivedData/SDKExplicitPrecompiledModules/ptrauth-3TZ9WJCGLYD25HQPWH4968ONX.pcm
SwiftExplicitDependencyGeneratePcm arm64_32 /Users/admin/builder/spi-builder-workspace/.derivedData/SDKExplicitPrecompiledModules/ptrcheck-7ELIH9BTIGVKX3UBITM9N72WD.pcm
SwiftExplicitDependencyGeneratePcm arm64 /Users/admin/builder/spi-builder-workspace/.derivedData/SDKExplicitPrecompiledModules/_DarwinFoundation1-7SPX3MD0HMP55E4OLNCPNDQ53.pcm
SwiftExplicitDependencyGeneratePcm arm64_32 /Users/admin/builder/spi-builder-workspace/.derivedData/SDKExplicitPrecompiledModules/_DarwinFoundation1-2GWF9RFMPLQW4PDHS3NARVI3G.pcm
SwiftExplicitDependencyGeneratePcm arm64_32 /Users/admin/builder/spi-builder-workspace/.derivedData/SDKExplicitPrecompiledModules/_DarwinFoundation2-9MY8GOSYRO0M9MKNXF6D3MBNK.pcm
SwiftExplicitDependencyGeneratePcm arm64_32 /Users/admin/builder/spi-builder-workspace/.derivedData/SDKExplicitPrecompiledModules/_Builtin_limits-3VKBU2AFTD65PAJZ5CJ3LHFM2.pcm
SwiftExplicitDependencyGeneratePcm arm64 /Users/admin/builder/spi-builder-workspace/.derivedData/SDKExplicitPrecompiledModules/_DarwinFoundation2-D0XAPJU49S5E9XMKYOFGSTB1Q.pcm
SwiftExplicitDependencyGeneratePcm arm64 /Users/admin/builder/spi-builder-workspace/.derivedData/SDKExplicitPrecompiledModules/_Builtin_limits-9GWPA2B0H20DYUNYHYCWKABJG.pcm
SwiftExplicitDependencyGeneratePcm arm64 /Users/admin/builder/spi-builder-workspace/.derivedData/SDKExplicitPrecompiledModules/_Builtin_stdint-8XMILLJZEGRN2XG7XZUXZ5RLX.pcm
SwiftExplicitDependencyGeneratePcm arm64 /Users/admin/builder/spi-builder-workspace/.derivedData/SDKExplicitPrecompiledModules/string_h-E6PRXK75PHIPCZFWOFCQ3QBMK.pcm
SwiftExplicitDependencyGeneratePcm arm64 /Users/admin/builder/spi-builder-workspace/.derivedData/SDKExplicitPrecompiledModules/sys_types-2KXQLI78OUCDP779AE68GZJ2.pcm
SwiftExplicitDependencyGeneratePcm arm64 /Users/admin/builder/spi-builder-workspace/.derivedData/SDKExplicitPrecompiledModules/_Builtin_tgmath-8NQ96OZ0YHXEC24JI95P01UF8.pcm
SwiftExplicitDependencyGeneratePcm arm64_32 /Users/admin/builder/spi-builder-workspace/.derivedData/SDKExplicitPrecompiledModules/_Builtin_tgmath-23PGCKURCQILXMK0MYZRYDCOU.pcm
SwiftExplicitDependencyGeneratePcm arm64_32 /Users/admin/builder/spi-builder-workspace/.derivedData/SDKExplicitPrecompiledModules/_Builtin_stdint-1HMXWI3V0V4TXHRWZOMZGZ80Y.pcm
SwiftExplicitDependencyGeneratePcm arm64_32 /Users/admin/builder/spi-builder-workspace/.derivedData/SDKExplicitPrecompiledModules/sys_types-8TLLMW08ZJWDGIIPKOYFGHHZW.pcm
SwiftExplicitDependencyGeneratePcm arm64_32 /Users/admin/builder/spi-builder-workspace/.derivedData/SDKExplicitPrecompiledModules/string_h-BFVLUQUSBZWYMLCU9QI7VZALW.pcm
SwiftExplicitDependencyGeneratePcm arm64 /Users/admin/builder/spi-builder-workspace/.derivedData/SDKExplicitPrecompiledModules/_Builtin_stdatomic-7JEFA3KBJJJN6TKJWY3OG1VG5.pcm
SwiftExplicitDependencyGeneratePcm arm64 /Users/admin/builder/spi-builder-workspace/.derivedData/SDKExplicitPrecompiledModules/_DarwinFoundation3-B97LRG0E9GON2NUE65TVG81HU.pcm
SwiftExplicitDependencyGeneratePcm arm64 /Users/admin/builder/spi-builder-workspace/.derivedData/SDKExplicitPrecompiledModules/_Builtin_intrinsics-75960HIPCIYA06IUW8FIIPQT.pcm
SwiftExplicitDependencyGeneratePcm arm64_32 /Users/admin/builder/spi-builder-workspace/.derivedData/SDKExplicitPrecompiledModules/_Builtin_stdatomic-1TY035TURL76BF2U98PZPPZRX.pcm
SwiftExplicitDependencyGeneratePcm arm64_32 /Users/admin/builder/spi-builder-workspace/.derivedData/SDKExplicitPrecompiledModules/_Builtin_intrinsics-196IIAKDQVU42DLOZP9OQCV76.pcm
SwiftExplicitDependencyGeneratePcm arm64_32 /Users/admin/builder/spi-builder-workspace/.derivedData/SDKExplicitPrecompiledModules/_DarwinFoundation3-3DUTYQDQSD9HUAAVY947NMWOI.pcm
SwiftExplicitDependencyGeneratePcm arm64 /Users/admin/builder/spi-builder-workspace/.derivedData/SDKExplicitPrecompiledModules/_Builtin_inttypes-3UQSCM7WNM9EK4HZML8TY5J3D.pcm
SwiftExplicitDependencyGeneratePcm arm64_32 /Users/admin/builder/spi-builder-workspace/.derivedData/SDKExplicitPrecompiledModules/_Builtin_inttypes-D2KPCR4PEX9AQA33NGLUT5SBR.pcm
SwiftExplicitDependencyGeneratePcm arm64_32 /Users/admin/builder/spi-builder-workspace/.derivedData/SDKExplicitPrecompiledModules/Darwin-3FVT1SKLN2ZQ5RVOABMTQBB34.pcm
SwiftExplicitDependencyGeneratePcm arm64 /Users/admin/builder/spi-builder-workspace/.derivedData/SDKExplicitPrecompiledModules/Darwin-3984OXKFNSPE77NT743WK8SEX.pcm
SwiftExplicitDependencyGeneratePcm arm64 /Users/admin/builder/spi-builder-workspace/.derivedData/SDKExplicitPrecompiledModules/simd-EH08NODU6574T74ZKU61VP9BW.pcm
SwiftExplicitDependencyGeneratePcm arm64_32 /Users/admin/builder/spi-builder-workspace/.derivedData/SDKExplicitPrecompiledModules/simd-21UNWYOBUZI1LVSQ99S1XBLMO.pcm
SwiftExplicitDependencyGeneratePcm arm64 /Users/admin/builder/spi-builder-workspace/.derivedData/SDKExplicitPrecompiledModules/MachO-2U90NNSAQILBNBPS1SA4F8TYP.pcm
SwiftExplicitDependencyGeneratePcm arm64_32 /Users/admin/builder/spi-builder-workspace/.derivedData/SDKExplicitPrecompiledModules/MachO-56838ZJ0NC1EBAJ0O6O8QMPDX.pcm
SwiftExplicitDependencyGeneratePcm arm64 /Users/admin/builder/spi-builder-workspace/.derivedData/SDKExplicitPrecompiledModules/ObjectiveC-72IVD3VS2RS8Q28D9PIMY0KQP.pcm
SwiftExplicitDependencyGeneratePcm arm64_32 /Users/admin/builder/spi-builder-workspace/.derivedData/SDKExplicitPrecompiledModules/ObjectiveC-6IJNELR2E80E7LUKESVCP2KET.pcm
SwiftExplicitDependencyGeneratePcm arm64 /Users/admin/builder/spi-builder-workspace/.derivedData/SDKExplicitPrecompiledModules/os_object-3SDKD7F87FTZ26OON37DRYT6O.pcm
SwiftExplicitDependencyGeneratePcm arm64_32 /Users/admin/builder/spi-builder-workspace/.derivedData/SDKExplicitPrecompiledModules/os_object-5YWTC6L4756IWSTPGXS5NM0D0.pcm
SwiftExplicitDependencyGeneratePcm arm64_32 /Users/admin/builder/spi-builder-workspace/.derivedData/SDKExplicitPrecompiledModules/os_workgroup-5JHTPDMNBUNHLJI8LPHKQK1JK.pcm
SwiftExplicitDependencyGeneratePcm arm64 /Users/admin/builder/spi-builder-workspace/.derivedData/SDKExplicitPrecompiledModules/os_workgroup-89GG5G7YC2D0ZTK6AZXXQ20DH.pcm
SwiftExplicitDependencyGeneratePcm arm64 /Users/admin/builder/spi-builder-workspace/.derivedData/SDKExplicitPrecompiledModules/Spatial-44FJGYXFAT2AQAW9Z6T7YS02U.pcm
SwiftExplicitDependencyGeneratePcm arm64_32 /Users/admin/builder/spi-builder-workspace/.derivedData/SDKExplicitPrecompiledModules/Spatial-CWVWNML3T0NXVHZDKVLD3X1YZ.pcm
SwiftExplicitDependencyGeneratePcm arm64 /Users/admin/builder/spi-builder-workspace/.derivedData/SDKExplicitPrecompiledModules/Dispatch-1NLJOVAK60XP0DUB05XA59EIM.pcm
SwiftExplicitDependencyGeneratePcm arm64_32 /Users/admin/builder/spi-builder-workspace/.derivedData/SDKExplicitPrecompiledModules/Dispatch-2P62F1T4XV63S4P99TUDTOK2Q.pcm
SwiftExplicitDependencyGeneratePcm arm64_32 /Users/admin/builder/spi-builder-workspace/.derivedData/SDKExplicitPrecompiledModules/CoreFoundation-8E6Y4BA3EXYKUGJ24GT9LGV3N.pcm
SwiftExplicitDependencyGeneratePcm arm64_32 /Users/admin/builder/spi-builder-workspace/.derivedData/SDKExplicitPrecompiledModules/XPC-81Y45QFY96XYYFCW2GT6FY8S4.pcm
SwiftExplicitDependencyGeneratePcm arm64 /Users/admin/builder/spi-builder-workspace/.derivedData/SDKExplicitPrecompiledModules/XPC-40DR0X1DHKGCV4J1IOLFS8MOU.pcm
SwiftExplicitDependencyGeneratePcm arm64 /Users/admin/builder/spi-builder-workspace/.derivedData/SDKExplicitPrecompiledModules/CoreFoundation-8T2L24YC5NU7WO6WQJWRY7W08.pcm
SwiftExplicitDependencyGeneratePcm arm64_32 /Users/admin/builder/spi-builder-workspace/.derivedData/SDKExplicitPrecompiledModules/os-E5IGB442IA6SBB25TTCOLK2OC.pcm
SwiftExplicitDependencyGeneratePcm arm64 /Users/admin/builder/spi-builder-workspace/.derivedData/SDKExplicitPrecompiledModules/os-5DIL6Z9LFIGLMZAHM7X2T5435.pcm
SwiftExplicitDependencyGeneratePcm arm64 /Users/admin/builder/spi-builder-workspace/.derivedData/SDKExplicitPrecompiledModules/CoreAudioTypes-A9MF7N5LT63G21HNFVM6BT14B.pcm
SwiftExplicitDependencyGeneratePcm arm64_32 /Users/admin/builder/spi-builder-workspace/.derivedData/SDKExplicitPrecompiledModules/Security-D7TOWF88VWF67TB9HAFP5UWB1.pcm
SwiftExplicitDependencyGeneratePcm arm64 /Users/admin/builder/spi-builder-workspace/.derivedData/SDKExplicitPrecompiledModules/CoreGraphics-DWNZ73GEH98SBJXZ7DEXB420K.pcm
SwiftExplicitDependencyGeneratePcm arm64 /Users/admin/builder/spi-builder-workspace/.derivedData/SDKExplicitPrecompiledModules/Security-6RZ6YBRU8WCUHRFFRVUK5WKMM.pcm
SwiftExplicitDependencyGeneratePcm arm64_32 /Users/admin/builder/spi-builder-workspace/.derivedData/SDKExplicitPrecompiledModules/CoreGraphics-9FDXYX6BKBUT6TJ2VF819E7T5.pcm
SwiftExplicitDependencyGeneratePcm arm64_32 /Users/admin/builder/spi-builder-workspace/.derivedData/SDKExplicitPrecompiledModules/CoreAudioTypes-9GVB1DHA32M46R4A9NWSI3I2K.pcm
SwiftExplicitDependencyGeneratePcm arm64 /Users/admin/builder/spi-builder-workspace/.derivedData/SDKExplicitPrecompiledModules/CoreAudio-1B79RJJTP71GE6UY9WLESAN3C.pcm
SwiftExplicitDependencyGeneratePcm arm64_32 /Users/admin/builder/spi-builder-workspace/.derivedData/SDKExplicitPrecompiledModules/CoreAudio-5W6MX6OUPWBMUR8VD5LHT1PZF.pcm
SwiftExplicitDependencyGeneratePcm arm64_32 /Users/admin/builder/spi-builder-workspace/.derivedData/SDKExplicitPrecompiledModules/Foundation-BJ2VQGI3OGR34500MEQ1VKHPH.pcm
SwiftExplicitDependencyGeneratePcm arm64 /Users/admin/builder/spi-builder-workspace/.derivedData/SDKExplicitPrecompiledModules/Foundation-DLBKUSGXN8QHAT8W0OARR9S8A.pcm
SwiftExplicitDependencyGeneratePcm arm64 /Users/admin/builder/spi-builder-workspace/.derivedData/SDKExplicitPrecompiledModules/CoreText-970YJN6NIYGK1316L35Z0O8QT.pcm
SwiftExplicitDependencyGeneratePcm arm64 /Users/admin/builder/spi-builder-workspace/.derivedData/SDKExplicitPrecompiledModules/CoreVideo-8MRR5MNWUOAW2DBPGUQ8FKK4.pcm
SwiftExplicitDependencyGeneratePcm arm64_32 /Users/admin/builder/spi-builder-workspace/.derivedData/SDKExplicitPrecompiledModules/CoreText-C9X2REPZN2V5BSU4G80FCETDR.pcm
SwiftExplicitDependencyGeneratePcm arm64_32 /Users/admin/builder/spi-builder-workspace/.derivedData/SDKExplicitPrecompiledModules/CoreVideo-2P8HI0403J99LBDPKNFJ5D4DL.pcm
SwiftExplicitDependencyGeneratePcm arm64 /Users/admin/builder/spi-builder-workspace/.derivedData/SDKExplicitPrecompiledModules/CoreMedia-1AJVCUZNAO74KIKMFVFUUHWDI.pcm
SwiftExplicitDependencyGeneratePcm arm64_32 /Users/admin/builder/spi-builder-workspace/.derivedData/SDKExplicitPrecompiledModules/CoreMedia-AO387T8CHWTTZODD1DGT0UAFA.pcm
SwiftExplicitDependencyGeneratePcm arm64 /Users/admin/builder/spi-builder-workspace/.derivedData/SDKExplicitPrecompiledModules/DataDetection-7BNVI1SZW5ISQL5SX4WL2X7I5.pcm
SwiftExplicitDependencyGeneratePcm arm64 /Users/admin/builder/spi-builder-workspace/.derivedData/SDKExplicitPrecompiledModules/CoreTransferable-9PPG3SLJ55T4LITIFYX2M0NOZ.pcm
SwiftExplicitDependencyGeneratePcm arm64 /Users/admin/builder/spi-builder-workspace/.derivedData/SDKExplicitPrecompiledModules/OSLog-B7VGO357Y3GJG35TST7DKDSI3.pcm
SwiftExplicitDependencyGeneratePcm arm64 /Users/admin/builder/spi-builder-workspace/.derivedData/SDKExplicitPrecompiledModules/UniformTypeIdentifiers-8L08Q8DQJV8C4AW84YVGFGTRN.pcm
SwiftExplicitDependencyGeneratePcm arm64 /Users/admin/builder/spi-builder-workspace/.derivedData/SDKExplicitPrecompiledModules/Symbols-3EFABTJ9L5PQDJ7RQCYQWEJMM.pcm
SwiftExplicitDependencyGeneratePcm arm64 /Users/admin/builder/spi-builder-workspace/.derivedData/SDKExplicitPrecompiledModules/Accessibility-27QMG6ZQ1NKYTNBYFPM1XKNFC.pcm
SwiftExplicitDependencyGeneratePcm arm64 /Users/admin/builder/spi-builder-workspace/.derivedData/SDKExplicitPrecompiledModules/UserNotifications-ARAH8MEQ0C2L0FBO39HITJMAO.pcm
SwiftExplicitDependencyGeneratePcm arm64 /Users/admin/builder/spi-builder-workspace/.derivedData/SDKExplicitPrecompiledModules/QuartzCore-94KFMWNOU7ZLUZNB4T5DLZC9D.pcm
SwiftExplicitDependencyGeneratePcm arm64 /Users/admin/builder/spi-builder-workspace/.derivedData/SDKExplicitPrecompiledModules/CoreData-9JFJC4UET8BAO5IPV2JU6W9V8.pcm
SwiftExplicitDependencyGeneratePcm arm64 /Users/admin/builder/spi-builder-workspace/.derivedData/SDKExplicitPrecompiledModules/UIUtilities-IR7RNW23VAUKYI9MLCS9NL9A.pcm
SwiftExplicitDependencyGeneratePcm arm64_32 /Users/admin/builder/spi-builder-workspace/.derivedData/SDKExplicitPrecompiledModules/UIUtilities-9YFVNIMRC5HRVOIARNWHP1E3H.pcm
SwiftExplicitDependencyGeneratePcm arm64_32 /Users/admin/builder/spi-builder-workspace/.derivedData/SDKExplicitPrecompiledModules/OSLog-D9AVFY0KWO7RVBIQ73CBIJVCN.pcm
SwiftExplicitDependencyGeneratePcm arm64_32 /Users/admin/builder/spi-builder-workspace/.derivedData/SDKExplicitPrecompiledModules/_LocationEssentials-AQ1OL9QKC3LQLY5CNSRM1HB53.pcm
SwiftExplicitDependencyGeneratePcm arm64_32 /Users/admin/builder/spi-builder-workspace/.derivedData/SDKExplicitPrecompiledModules/UniformTypeIdentifiers-CJZ3NTHPSBH4XWX5EVOG56UZS.pcm
SwiftExplicitDependencyGeneratePcm arm64_32 /Users/admin/builder/spi-builder-workspace/.derivedData/SDKExplicitPrecompiledModules/Symbols-1H97WMG76HU94F5VGJR19PXFY.pcm
SwiftExplicitDependencyGeneratePcm arm64_32 /Users/admin/builder/spi-builder-workspace/.derivedData/SDKExplicitPrecompiledModules/CoreTransferable-5D4IR6X37682FPHJ5CBPTKQV6.pcm
SwiftExplicitDependencyGeneratePcm arm64_32 /Users/admin/builder/spi-builder-workspace/.derivedData/SDKExplicitPrecompiledModules/QuartzCore-6375NPYACK5NYVHPMC1QQ8MC2.pcm
SwiftExplicitDependencyGeneratePcm arm64_32 /Users/admin/builder/spi-builder-workspace/.derivedData/SDKExplicitPrecompiledModules/CoreData-7AU1AFQWUH88EAPDKVMLJPKVD.pcm
SwiftExplicitDependencyGeneratePcm arm64 /Users/admin/builder/spi-builder-workspace/.derivedData/SDKExplicitPrecompiledModules/_LocationEssentials-5ZZDGDXB6HLQUC72SJW7YJ7MK.pcm
SwiftExplicitDependencyGeneratePcm arm64_32 /Users/admin/builder/spi-builder-workspace/.derivedData/SDKExplicitPrecompiledModules/Accessibility-F385OMZ5GYBUY5O4QAJB4NRII.pcm
SwiftExplicitDependencyGeneratePcm arm64_32 /Users/admin/builder/spi-builder-workspace/.derivedData/SDKExplicitPrecompiledModules/UserNotifications-6TBN8TEAKO014N1T2QD926XED.pcm
SwiftExplicitDependencyGeneratePcm arm64_32 /Users/admin/builder/spi-builder-workspace/.derivedData/SDKExplicitPrecompiledModules/DataDetection-U9BF7WHFVA6BZGFXXXP272PS.pcm
SwiftExplicitDependencyGeneratePcm arm64_32 /Users/admin/builder/spi-builder-workspace/.derivedData/SDKExplicitPrecompiledModules/CoreLocation-8XU5YMYM4P11RQMYCQAG65ITK.pcm
SwiftExplicitDependencyGeneratePcm arm64 /Users/admin/builder/spi-builder-workspace/.derivedData/SDKExplicitPrecompiledModules/SwiftUICore-C1DST1IX2Z0PTH5SJJZ1IULRB.pcm
SwiftExplicitDependencyGeneratePcm arm64 /Users/admin/builder/spi-builder-workspace/.derivedData/SDKExplicitPrecompiledModules/SceneKit-5HZKIL7XETTTD8TOHYPN8JKRJ.pcm
SwiftExplicitDependencyGeneratePcm arm64_32 /Users/admin/builder/spi-builder-workspace/.derivedData/SDKExplicitPrecompiledModules/SceneKit-DKNLHKM5FJBQ79LSNMSSMBUBR.pcm
SwiftExplicitDependencyGeneratePcm arm64 /Users/admin/builder/spi-builder-workspace/.derivedData/SDKExplicitPrecompiledModules/CoreLocation-ACKJ9K7ABI14F97Y46Y6SRR17.pcm
SwiftExplicitDependencyGeneratePcm arm64_32 /Users/admin/builder/spi-builder-workspace/.derivedData/SDKExplicitPrecompiledModules/SwiftUICore-3Q7WLRD8MR9R3NGIPUBQCP6F6.pcm
SwiftExplicitDependencyGeneratePcm arm64_32 /Users/admin/builder/spi-builder-workspace/.derivedData/SDKExplicitPrecompiledModules/CoreMotion-1XGTVTE5PP32UHME8AC63TL6.pcm
SwiftExplicitDependencyGeneratePcm arm64 /Users/admin/builder/spi-builder-workspace/.derivedData/SDKExplicitPrecompiledModules/CoreMotion-6RD5K48QT1F4L9CATNFD2O7YB.pcm
SwiftExplicitDependencyGeneratePcm arm64_32 /Users/admin/builder/spi-builder-workspace/.derivedData/SDKExplicitPrecompiledModules/UIKit-6PPV7YPZ89CZPHYAP072QH8B6.pcm
SwiftExplicitDependencyGeneratePcm arm64 /Users/admin/builder/spi-builder-workspace/.derivedData/SDKExplicitPrecompiledModules/UIKit-27R3P1YMV4C6JLDT661G3MRIA.pcm
SwiftExplicitDependencyGeneratePcm arm64_32 /Users/admin/builder/spi-builder-workspace/.derivedData/SDKExplicitPrecompiledModules/HomeKit-DUDZOMSN3UK8GNTNBNMPIWJRN.pcm
SwiftExplicitDependencyGeneratePcm arm64_32 /Users/admin/builder/spi-builder-workspace/.derivedData/SDKExplicitPrecompiledModules/MapKit-CWGB4YMP1VX1NYQN5FULFD5DR.pcm
SwiftExplicitDependencyGeneratePcm arm64 /Users/admin/builder/spi-builder-workspace/.derivedData/SDKExplicitPrecompiledModules/HomeKit-DTS1N4AWILAL1URZ5IOXV5221.pcm
SwiftExplicitDependencyGeneratePcm arm64 /Users/admin/builder/spi-builder-workspace/.derivedData/SDKExplicitPrecompiledModules/MapKit-EJJWC7IL56MPLQMI93GJRE5OG.pcm
SwiftExplicitDependencyGeneratePcm arm64_32 /Users/admin/builder/spi-builder-workspace/.derivedData/SDKExplicitPrecompiledModules/WatchKit-FHF6WTKLC2APGK3LA2XJ6516.pcm
SwiftExplicitDependencyGeneratePcm arm64 /Users/admin/builder/spi-builder-workspace/.derivedData/SDKExplicitPrecompiledModules/WatchKit-3VT3K8YON6FJ6OWSUFJMFMP8J.pcm
SwiftExplicitDependencyGeneratePcm arm64_32 /Users/admin/builder/spi-builder-workspace/.derivedData/SDKExplicitPrecompiledModules/SwiftUI-9AYG9OCT5VOJK7V4MX1WYR86T.pcm
SwiftExplicitDependencyGeneratePcm arm64 /Users/admin/builder/spi-builder-workspace/.derivedData/SDKExplicitPrecompiledModules/SwiftUI-APXDH8ULYLM6FD17YRA73TULO.pcm
SwiftCompile normal arm64_32 Compiling\ Protocol.swift /Users/admin/builder/spi-builder-workspace/Sources/WWSwiftUI_MultiDatePicker/Utility/Protocol.swift (in target 'WWSwiftUI_MultiDatePicker' from project 'WWSwiftUI_MultiDatePicker')
SwiftCompile normal arm64_32 /Users/admin/builder/spi-builder-workspace/Sources/WWSwiftUI_MultiDatePicker/Utility/Protocol.swift (in target 'WWSwiftUI_MultiDatePicker' from project 'WWSwiftUI_MultiDatePicker')
    cd /Users/admin/builder/spi-builder-workspace/.swiftpm/xcode
    builtin-SwiftPerFileCompile Protocol.swift
/Users/admin/builder/spi-builder-workspace/Sources/WWSwiftUI_MultiDatePicker/Utility/Protocol.swift:14:5: warning: 'public' modifier is redundant for protocol declared in a public extension
12 | public extension WWSwiftUI {
13 |
14 |     public protocol `Protocol`: AnyObject {
   |     `- warning: 'public' modifier is redundant for protocol declared in a public extension
15 |
16 |         var view: UIView { get }
/Users/admin/builder/spi-builder-workspace/Sources/WWSwiftUI_MultiDatePicker/Utility/Protocol.swift:16:19: error: 'UIView' is unavailable in watchOS
14 |     public protocol `Protocol`: AnyObject {
15 |
16 |         var view: UIView { get }
   |                   `- error: 'UIView' is unavailable in watchOS
17 |         var hostingController: UIHostingController<AnyView> { get }
18 |
/Applications/Xcode-27.0.0-Release.Candidate.app/Contents/Developer/Platforms/WatchOS.platform/Developer/SDKs/WatchOS27.0.sdk/System/Library/Frameworks/UIKit.framework/Headers/UIView.h:152:12: note: 'UIView' has been explicitly marked unavailable here
150 |
151 | UIKIT_EXTERN API_AVAILABLE(ios(2.0)) API_UNAVAILABLE(watchos) NS_SWIFT_UI_ACTOR
152 | @interface UIView : UIResponder <NSCoding, UIAppearance, UIAppearanceContainer, UIDynamicItem, UITraitEnvironment, UICoordinateSpace, UIFocusItem, UIFocusItemContainer, CALayerDelegate>
    |            `- note: 'UIView' has been explicitly marked unavailable here
153 |
154 | @property(class, nonatomic, readonly) Class layerClass;                        // default is [CALayer class]. Used when creating the underlying layer for the view.
/Users/admin/builder/spi-builder-workspace/Sources/WWSwiftUI_MultiDatePicker/Utility/Protocol.swift:17:32: error: cannot find type 'UIHostingController' in scope
15 |
16 |         var view: UIView { get }
17 |         var hostingController: UIHostingController<AnyView> { get }
   |                                `- error: cannot find type 'UIHostingController' in scope
18 |
19 |         func move(toParent parent: UIViewController, on otherView: UIView?)
/Users/admin/builder/spi-builder-workspace/Sources/WWSwiftUI_MultiDatePicker/Utility/Protocol.swift:19:36: error: 'UIViewController' is unavailable in watchOS
17 |         var hostingController: UIHostingController<AnyView> { get }
18 |
19 |         func move(toParent parent: UIViewController, on otherView: UIView?)
   |                                    `- error: 'UIViewController' is unavailable in watchOS
20 |         func removeHostingController()
21 |     }
/Applications/Xcode-27.0.0-Release.Candidate.app/Contents/Developer/Platforms/WatchOS.platform/Developer/SDKs/WatchOS27.0.sdk/System/Library/Frameworks/UIKit.framework/Headers/UIViewController.h:104:12: note: 'UIViewController' has been explicitly marked unavailable here
102 |
103 | UIKIT_EXTERN API_AVAILABLE(ios(2.0)) API_UNAVAILABLE(watchos) NS_SWIFT_UI_ACTOR
104 | @interface UIViewController : UIResponder <NSCoding, UIAppearanceContainer, UITraitEnvironment, UIContentContainer, UIFocusEnvironment>
    |            `- note: 'UIViewController' has been explicitly marked unavailable here
105 |
106 | /*
/Users/admin/builder/spi-builder-workspace/Sources/WWSwiftUI_MultiDatePicker/Utility/Protocol.swift:19:68: error: 'UIView' is unavailable in watchOS
17 |         var hostingController: UIHostingController<AnyView> { get }
18 |
19 |         func move(toParent parent: UIViewController, on otherView: UIView?)
   |                                                                    `- error: 'UIView' is unavailable in watchOS
20 |         func removeHostingController()
21 |     }
/Applications/Xcode-27.0.0-Release.Candidate.app/Contents/Developer/Platforms/WatchOS.platform/Developer/SDKs/WatchOS27.0.sdk/System/Library/Frameworks/UIKit.framework/Headers/UIView.h:152:12: note: 'UIView' has been explicitly marked unavailable here
150 |
151 | UIKIT_EXTERN API_AVAILABLE(ios(2.0)) API_UNAVAILABLE(watchos) NS_SWIFT_UI_ACTOR
152 | @interface UIView : UIResponder <NSCoding, UIAppearance, UIAppearanceContainer, UIDynamicItem, UITraitEnvironment, UICoordinateSpace, UIFocusItem, UIFocusItemContainer, CALayerDelegate>
    |            `- note: 'UIView' has been explicitly marked unavailable here
153 |
154 | @property(class, nonatomic, readonly) Class layerClass;                        // default is [CALayer class]. Used when creating the underlying layer for the view.
/Users/admin/builder/spi-builder-workspace/Sources/WWSwiftUI_MultiDatePicker/Utility/Protocol.swift:31:32: error: 'UIViewController' is unavailable in watchOS
29 |     ///   - parent: UIViewController
30 |     ///   - otherView: UIView?
31 |     func move(toParent parent: UIViewController, on otherView: UIView? = .none) {
   |                                `- error: 'UIViewController' is unavailable in watchOS
32 |
33 |         parent.addChild(hostingController)
/Applications/Xcode-27.0.0-Release.Candidate.app/Contents/Developer/Platforms/WatchOS.platform/Developer/SDKs/WatchOS27.0.sdk/System/Library/Frameworks/UIKit.framework/Headers/UIViewController.h:104:12: note: 'UIViewController' has been explicitly marked unavailable here
102 |
103 | UIKIT_EXTERN API_AVAILABLE(ios(2.0)) API_UNAVAILABLE(watchos) NS_SWIFT_UI_ACTOR
104 | @interface UIViewController : UIResponder <NSCoding, UIAppearanceContainer, UITraitEnvironment, UIContentContainer, UIFocusEnvironment>
    |            `- note: 'UIViewController' has been explicitly marked unavailable here
105 |
106 | /*
/Users/admin/builder/spi-builder-workspace/Sources/WWSwiftUI_MultiDatePicker/Utility/Protocol.swift:31:64: error: 'UIView' is unavailable in watchOS
29 |     ///   - parent: UIViewController
30 |     ///   - otherView: UIView?
31 |     func move(toParent parent: UIViewController, on otherView: UIView? = .none) {
   |                                                                `- error: 'UIView' is unavailable in watchOS
32 |
33 |         parent.addChild(hostingController)
/Applications/Xcode-27.0.0-Release.Candidate.app/Contents/Developer/Platforms/WatchOS.platform/Developer/SDKs/WatchOS27.0.sdk/System/Library/Frameworks/UIKit.framework/Headers/UIView.h:152:12: note: 'UIView' has been explicitly marked unavailable here
150 |
151 | UIKIT_EXTERN API_AVAILABLE(ios(2.0)) API_UNAVAILABLE(watchos) NS_SWIFT_UI_ACTOR
152 | @interface UIView : UIResponder <NSCoding, UIAppearance, UIAppearanceContainer, UIDynamicItem, UITraitEnvironment, UICoordinateSpace, UIFocusItem, UIFocusItemContainer, CALayerDelegate>
    |            `- note: 'UIView' has been explicitly marked unavailable here
153 |
154 | @property(class, nonatomic, readonly) Class layerClass;                        // default is [CALayer class]. Used when creating the underlying layer for the view.
SwiftCompile normal arm64_32 Compiling\ Extension+Public.swift /Users/admin/builder/spi-builder-workspace/Sources/WWSwiftUI_MultiDatePicker/Utility/Extension+Public.swift (in target 'WWSwiftUI_MultiDatePicker' from project 'WWSwiftUI_MultiDatePicker')
SwiftCompile normal arm64_32 /Users/admin/builder/spi-builder-workspace/Sources/WWSwiftUI_MultiDatePicker/Utility/Extension+Public.swift (in target 'WWSwiftUI_MultiDatePicker' from project 'WWSwiftUI_MultiDatePicker')
    cd /Users/admin/builder/spi-builder-workspace/.swiftpm/xcode
    builtin-SwiftPerFileCompile Extension+Public.swift
/Users/admin/builder/spi-builder-workspace/Sources/WWSwiftUI_MultiDatePicker/Utility/Extension+Public.swift:17:36: error: 'UIView' is unavailable in watchOS
15 |     /// [設定LayoutConstraint => 不能加frame](https://zonble.gitbooks.io/kkbox-ios-dev/content/autolayout/intrinsic_content_size.html)
16 |     /// - Parameter superView: [此View的SuperView](https://www.appcoda.com.tw/auto-layout-programmatically/)
17 |     func _autolayout(on superView: UIView) {
   |                                    `- error: 'UIView' is unavailable in watchOS
18 |
19 |         removeFromSuperview()
/Applications/Xcode-27.0.0-Release.Candidate.app/Contents/Developer/Platforms/WatchOS.platform/Developer/SDKs/WatchOS27.0.sdk/System/Library/Frameworks/UIKit.framework/Headers/UIView.h:152:12: note: 'UIView' has been explicitly marked unavailable here
150 |
151 | UIKIT_EXTERN API_AVAILABLE(ios(2.0)) API_UNAVAILABLE(watchos) NS_SWIFT_UI_ACTOR
152 | @interface UIView : UIResponder <NSCoding, UIAppearance, UIAppearanceContainer, UIDynamicItem, UITraitEnvironment, UICoordinateSpace, UIFocusItem, UIFocusItemContainer, CALayerDelegate>
    |            `- note: 'UIView' has been explicitly marked unavailable here
153 |
154 | @property(class, nonatomic, readonly) Class layerClass;                        // default is [CALayer class]. Used when creating the underlying layer for the view.
/Users/admin/builder/spi-builder-workspace/Sources/WWSwiftUI_MultiDatePicker/Utility/Extension+Public.swift:13:18: error: 'UIView' is unavailable in watchOS
11 |
12 | // MARK: - UIView
13 | public extension UIView {
   |                  `- error: 'UIView' is unavailable in watchOS
14 |
15 |     /// [設定LayoutConstraint => 不能加frame](https://zonble.gitbooks.io/kkbox-ios-dev/content/autolayout/intrinsic_content_size.html)
/Applications/Xcode-27.0.0-Release.Candidate.app/Contents/Developer/Platforms/WatchOS.platform/Developer/SDKs/WatchOS27.0.sdk/System/Library/Frameworks/UIKit.framework/Headers/UIView.h:152:12: note: 'UIView' has been explicitly marked unavailable here
150 |
151 | UIKIT_EXTERN API_AVAILABLE(ios(2.0)) API_UNAVAILABLE(watchos) NS_SWIFT_UI_ACTOR
152 | @interface UIView : UIResponder <NSCoding, UIAppearance, UIAppearanceContainer, UIDynamicItem, UITraitEnvironment, UICoordinateSpace, UIFocusItem, UIFocusItemContainer, CALayerDelegate>
    |            `- note: 'UIView' has been explicitly marked unavailable here
153 |
154 | @property(class, nonatomic, readonly) Class layerClass;                        // default is [CALayer class]. Used when creating the underlying layer for the view.
SwiftCompile normal arm64_32 Compiling\ Extension.swift /Users/admin/builder/spi-builder-workspace/Sources/WWSwiftUI_MultiDatePicker/Utility/Extension.swift (in target 'WWSwiftUI_MultiDatePicker' from project 'WWSwiftUI_MultiDatePicker')
SwiftCompile normal arm64_32 /Users/admin/builder/spi-builder-workspace/Sources/WWSwiftUI_MultiDatePicker/Utility/Extension.swift (in target 'WWSwiftUI_MultiDatePicker' from project 'WWSwiftUI_MultiDatePicker')
    cd /Users/admin/builder/spi-builder-workspace/.swiftpm/xcode
    builtin-SwiftPerFileCompile Extension.swift
SwiftEmitModule normal arm64_32 Emitting\ module\ for\ WWSwiftUI_MultiDatePicker (in target 'WWSwiftUI_MultiDatePicker' from project 'WWSwiftUI_MultiDatePicker')
/Users/admin/builder/spi-builder-workspace/Sources/WWSwiftUI_MultiDatePicker/MultiDatePicker.swift:17:39: error: cannot find type 'UIHostingController' in scope
15 |     class MultiDatePicker: WWSwiftUI.`Protocol` {
16 |
17 |         public let hostingController: UIHostingController<AnyView>
   |                                       `- error: cannot find type 'UIHostingController' in scope
18 |
19 |         public var view: UIView { hostingController.view }
/Users/admin/builder/spi-builder-workspace/Sources/WWSwiftUI_MultiDatePicker/MultiDatePicker.swift:19:26: error: 'UIView' is unavailable in watchOS
17 |         public let hostingController: UIHostingController<AnyView>
18 |
19 |         public var view: UIView { hostingController.view }
   |                          `- error: 'UIView' is unavailable in watchOS
20 |
21 |         public weak var delegate: Delegate?
/Applications/Xcode-27.0.0-Release.Candidate.app/Contents/Developer/Platforms/WatchOS.platform/Developer/SDKs/WatchOS27.0.sdk/System/Library/Frameworks/UIKit.framework/Headers/UIView.h:152:12: note: 'UIView' has been explicitly marked unavailable here
150 |
151 | UIKIT_EXTERN API_AVAILABLE(ios(2.0)) API_UNAVAILABLE(watchos) NS_SWIFT_UI_ACTOR
152 | @interface UIView : UIResponder <NSCoding, UIAppearance, UIAppearanceContainer, UIDynamicItem, UITraitEnvironment, UICoordinateSpace, UIFocusItem, UIFocusItemContainer, CALayerDelegate>
    |            `- note: 'UIView' has been explicitly marked unavailable here
153 |
154 | @property(class, nonatomic, readonly) Class layerClass;                        // default is [CALayer class]. Used when creating the underlying layer for the view.
/Users/admin/builder/spi-builder-workspace/Sources/WWSwiftUI_MultiDatePicker/Utility/Protocol.swift:17:32: error: cannot find type 'UIHostingController' in scope
15 |
16 |         var view: UIView { get }
17 |         var hostingController: UIHostingController<AnyView> { get }
   |                                `- error: cannot find type 'UIHostingController' in scope
18 |
19 |         func move(toParent parent: UIViewController, on otherView: UIView?)
/Users/admin/builder/spi-builder-workspace/Sources/WWSwiftUI_MultiDatePicker/Utility/Extension+Public.swift:17:36: error: 'UIView' is unavailable in watchOS
15 |     /// [設定LayoutConstraint => 不能加frame](https://zonble.gitbooks.io/kkbox-ios-dev/content/autolayout/intrinsic_content_size.html)
16 |     /// - Parameter superView: [此View的SuperView](https://www.appcoda.com.tw/auto-layout-programmatically/)
17 |     func _autolayout(on superView: UIView) {
   |                                    `- error: 'UIView' is unavailable in watchOS
18 |
19 |         removeFromSuperview()
/Applications/Xcode-27.0.0-Release.Candidate.app/Contents/Developer/Platforms/WatchOS.platform/Developer/SDKs/WatchOS27.0.sdk/System/Library/Frameworks/UIKit.framework/Headers/UIView.h:152:12: note: 'UIView' has been explicitly marked unavailable here
150 |
151 | UIKIT_EXTERN API_AVAILABLE(ios(2.0)) API_UNAVAILABLE(watchos) NS_SWIFT_UI_ACTOR
152 | @interface UIView : UIResponder <NSCoding, UIAppearance, UIAppearanceContainer, UIDynamicItem, UITraitEnvironment, UICoordinateSpace, UIFocusItem, UIFocusItemContainer, CALayerDelegate>
    |            `- note: 'UIView' has been explicitly marked unavailable here
153 |
154 | @property(class, nonatomic, readonly) Class layerClass;                        // default is [CALayer class]. Used when creating the underlying layer for the view.
/Users/admin/builder/spi-builder-workspace/Sources/WWSwiftUI_MultiDatePicker/Utility/Extension+Public.swift:13:18: error: 'UIView' is unavailable in watchOS
11 |
12 | // MARK: - UIView
13 | public extension UIView {
   |                  `- error: 'UIView' is unavailable in watchOS
14 |
15 |     /// [設定LayoutConstraint => 不能加frame](https://zonble.gitbooks.io/kkbox-ios-dev/content/autolayout/intrinsic_content_size.html)
/Applications/Xcode-27.0.0-Release.Candidate.app/Contents/Developer/Platforms/WatchOS.platform/Developer/SDKs/WatchOS27.0.sdk/System/Library/Frameworks/UIKit.framework/Headers/UIView.h:152:12: note: 'UIView' has been explicitly marked unavailable here
150 |
151 | UIKIT_EXTERN API_AVAILABLE(ios(2.0)) API_UNAVAILABLE(watchos) NS_SWIFT_UI_ACTOR
152 | @interface UIView : UIResponder <NSCoding, UIAppearance, UIAppearanceContainer, UIDynamicItem, UITraitEnvironment, UICoordinateSpace, UIFocusItem, UIFocusItemContainer, CALayerDelegate>
    |            `- note: 'UIView' has been explicitly marked unavailable here
153 |
154 | @property(class, nonatomic, readonly) Class layerClass;                        // default is [CALayer class]. Used when creating the underlying layer for the view.
/Users/admin/builder/spi-builder-workspace/Sources/WWSwiftUI_MultiDatePicker/Utility/Extension.swift:20:1: warning: extension declares a conformance of imported type 'DateComponents' to imported protocol 'Comparable'; this will not behave correctly if the owners of 'Foundation' introduce this conformance in the future
18 |
19 | // MARK: - DateComponents
20 | extension DateComponents: Comparable {
   | |- warning: extension declares a conformance of imported type 'DateComponents' to imported protocol 'Comparable'; this will not behave correctly if the owners of 'Foundation' introduce this conformance in the future
   | `- note: add '@retroactive' to silence this warning
21 |
22 |     /// DateComponents比大小
/Users/admin/builder/spi-builder-workspace/Sources/WWSwiftUI_MultiDatePicker/Utility/Protocol.swift:14:5: warning: 'public' modifier is redundant for protocol declared in a public extension
12 | public extension WWSwiftUI {
13 |
14 |     public protocol `Protocol`: AnyObject {
   |     `- warning: 'public' modifier is redundant for protocol declared in a public extension
15 |
16 |         var view: UIView { get }
/Users/admin/builder/spi-builder-workspace/Sources/WWSwiftUI_MultiDatePicker/Utility/Protocol.swift:16:19: error: 'UIView' is unavailable in watchOS
14 |     public protocol `Protocol`: AnyObject {
15 |
16 |         var view: UIView { get }
   |                   `- error: 'UIView' is unavailable in watchOS
17 |         var hostingController: UIHostingController<AnyView> { get }
18 |
/Applications/Xcode-27.0.0-Release.Candidate.app/Contents/Developer/Platforms/WatchOS.platform/Developer/SDKs/WatchOS27.0.sdk/System/Library/Frameworks/UIKit.framework/Headers/UIView.h:152:12: note: 'UIView' has been explicitly marked unavailable here
150 |
151 | UIKIT_EXTERN API_AVAILABLE(ios(2.0)) API_UNAVAILABLE(watchos) NS_SWIFT_UI_ACTOR
152 | @interface UIView : UIResponder <NSCoding, UIAppearance, UIAppearanceContainer, UIDynamicItem, UITraitEnvironment, UICoordinateSpace, UIFocusItem, UIFocusItemContainer, CALayerDelegate>
    |            `- note: 'UIView' has been explicitly marked unavailable here
153 |
154 | @property(class, nonatomic, readonly) Class layerClass;                        // default is [CALayer class]. Used when creating the underlying layer for the view.
/Users/admin/builder/spi-builder-workspace/Sources/WWSwiftUI_MultiDatePicker/Utility/Protocol.swift:19:36: error: 'UIViewController' is unavailable in watchOS
17 |         var hostingController: UIHostingController<AnyView> { get }
18 |
19 |         func move(toParent parent: UIViewController, on otherView: UIView?)
   |                                    `- error: 'UIViewController' is unavailable in watchOS
20 |         func removeHostingController()
21 |     }
/Applications/Xcode-27.0.0-Release.Candidate.app/Contents/Developer/Platforms/WatchOS.platform/Developer/SDKs/WatchOS27.0.sdk/System/Library/Frameworks/UIKit.framework/Headers/UIViewController.h:104:12: note: 'UIViewController' has been explicitly marked unavailable here
102 |
103 | UIKIT_EXTERN API_AVAILABLE(ios(2.0)) API_UNAVAILABLE(watchos) NS_SWIFT_UI_ACTOR
104 | @interface UIViewController : UIResponder <NSCoding, UIAppearanceContainer, UITraitEnvironment, UIContentContainer, UIFocusEnvironment>
    |            `- note: 'UIViewController' has been explicitly marked unavailable here
105 |
106 | /*
/Users/admin/builder/spi-builder-workspace/Sources/WWSwiftUI_MultiDatePicker/Utility/Protocol.swift:19:68: error: 'UIView' is unavailable in watchOS
17 |         var hostingController: UIHostingController<AnyView> { get }
18 |
19 |         func move(toParent parent: UIViewController, on otherView: UIView?)
   |                                                                    `- error: 'UIView' is unavailable in watchOS
20 |         func removeHostingController()
21 |     }
/Applications/Xcode-27.0.0-Release.Candidate.app/Contents/Developer/Platforms/WatchOS.platform/Developer/SDKs/WatchOS27.0.sdk/System/Library/Frameworks/UIKit.framework/Headers/UIView.h:152:12: note: 'UIView' has been explicitly marked unavailable here
150 |
151 | UIKIT_EXTERN API_AVAILABLE(ios(2.0)) API_UNAVAILABLE(watchos) NS_SWIFT_UI_ACTOR
152 | @interface UIView : UIResponder <NSCoding, UIAppearance, UIAppearanceContainer, UIDynamicItem, UITraitEnvironment, UICoordinateSpace, UIFocusItem, UIFocusItemContainer, CALayerDelegate>
    |            `- note: 'UIView' has been explicitly marked unavailable here
153 |
154 | @property(class, nonatomic, readonly) Class layerClass;                        // default is [CALayer class]. Used when creating the underlying layer for the view.
/Users/admin/builder/spi-builder-workspace/Sources/WWSwiftUI_MultiDatePicker/Utility/Protocol.swift:31:32: error: 'UIViewController' is unavailable in watchOS
29 |     ///   - parent: UIViewController
30 |     ///   - otherView: UIView?
31 |     func move(toParent parent: UIViewController, on otherView: UIView? = .none) {
   |                                `- error: 'UIViewController' is unavailable in watchOS
32 |
33 |         parent.addChild(hostingController)
/Applications/Xcode-27.0.0-Release.Candidate.app/Contents/Developer/Platforms/WatchOS.platform/Developer/SDKs/WatchOS27.0.sdk/System/Library/Frameworks/UIKit.framework/Headers/UIViewController.h:104:12: note: 'UIViewController' has been explicitly marked unavailable here
102 |
103 | UIKIT_EXTERN API_AVAILABLE(ios(2.0)) API_UNAVAILABLE(watchos) NS_SWIFT_UI_ACTOR
104 | @interface UIViewController : UIResponder <NSCoding, UIAppearanceContainer, UITraitEnvironment, UIContentContainer, UIFocusEnvironment>
    |            `- note: 'UIViewController' has been explicitly marked unavailable here
105 |
106 | /*
/Users/admin/builder/spi-builder-workspace/Sources/WWSwiftUI_MultiDatePicker/Utility/Protocol.swift:31:64: error: 'UIView' is unavailable in watchOS
29 |     ///   - parent: UIViewController
30 |     ///   - otherView: UIView?
31 |     func move(toParent parent: UIViewController, on otherView: UIView? = .none) {
   |                                                                `- error: 'UIView' is unavailable in watchOS
32 |
33 |         parent.addChild(hostingController)
/Applications/Xcode-27.0.0-Release.Candidate.app/Contents/Developer/Platforms/WatchOS.platform/Developer/SDKs/WatchOS27.0.sdk/System/Library/Frameworks/UIKit.framework/Headers/UIView.h:152:12: note: 'UIView' has been explicitly marked unavailable here
150 |
151 | UIKIT_EXTERN API_AVAILABLE(ios(2.0)) API_UNAVAILABLE(watchos) NS_SWIFT_UI_ACTOR
152 | @interface UIView : UIResponder <NSCoding, UIAppearance, UIAppearanceContainer, UIDynamicItem, UITraitEnvironment, UICoordinateSpace, UIFocusItem, UIFocusItemContainer, CALayerDelegate>
    |            `- note: 'UIView' has been explicitly marked unavailable here
153 |
154 | @property(class, nonatomic, readonly) Class layerClass;                        // default is [CALayer class]. Used when creating the underlying layer for the view.
/Users/admin/builder/spi-builder-workspace/Sources/WWSwiftUI_MultiDatePicker/Utility/Protocol.swift:50:5: warning: 'public' modifier is redundant for protocol declared in a public extension
48 | public extension WWSwiftUI.MultiDatePicker {
49 |
50 |     public protocol Delegate: AnyObject {
   |     `- warning: 'public' modifier is redundant for protocol declared in a public extension
51 |
52 |         /// 取得已選擇到的日期
Failed frontend command:
/Applications/Xcode-27.0.0-Release.Candidate.app/Contents/Developer/Toolchains/XcodeDefault.xctoolchain/usr/bin/swift-frontend -frontend -emit-module -experimental-skip-non-inlinable-function-bodies-without-types /Users/admin/builder/spi-builder-workspace/.derivedData/Build/Intermediates.noindex/WWSwiftUI_MultiDatePicker.build/Debug-watchos/WWSwiftUI_MultiDatePicker-t.build/DerivedSources/resource_bundle_accessor.swift /Users/admin/builder/spi-builder-workspace/Sources/WWSwiftUI_MultiDatePicker/MultiDatePicker.swift /Users/admin/builder/spi-builder-workspace/Sources/WWSwiftUI_MultiDatePicker/Utility/Constant.swift /Users/admin/builder/spi-builder-workspace/Sources/WWSwiftUI_MultiDatePicker/Utility/Extension+Public.swift /Users/admin/builder/spi-builder-workspace/Sources/WWSwiftUI_MultiDatePicker/Utility/Extension.swift /Users/admin/builder/spi-builder-workspace/Sources/WWSwiftUI_MultiDatePicker/Utility/MultiDatePickerView.swift /Users/admin/builder/spi-builder-workspace/Sources/WWSwiftUI_MultiDatePicker/Utility/Protocol.swift /Users/admin/builder/spi-builder-workspace/Sources/WWSwiftUI_MultiDatePicker/Utility/ViewModel.swift /Users/admin/builder/spi-builder-workspace/Sources/WWSwiftUI_MultiDatePicker/WWSwiftUI.swift -target arm64_32-apple-watchos9.0 -disable-cross-import-overlay-search -load-resolved-plugin /Applications/Xcode-27.0.0-Release.Candidate.app/Contents/Developer/Platforms/WatchOS.platform/Developer/usr/lib/swift/host/plugins/libFoundationMacros.dylib\#/Applications/Xcode-27.0.0-Release.Candidate.app/Contents/Developer/Platforms/WatchOS.platform/Developer/usr/bin/swift-plugin-server\#FoundationMacros -load-resolved-plugin /Applications/Xcode-27.0.0-Release.Candidate.app/Contents/Developer/Platforms/WatchOS.platform/Developer/usr/lib/swift/host/plugins/libObservationMacros.dylib\#/Applications/Xcode-27.0.0-Release.Candidate.app/Contents/Developer/Platforms/WatchOS.platform/Developer/usr/bin/swift-plugin-server\#ObservationMacros -load-resolved-plugin /Applications/Xcode-27.0.0-Release.Candidate.app/Contents/Developer/Platforms/WatchOS.platform/Developer/usr/lib/swift/host/plugins/libPreviewsMacros.dylib\#/Applications/Xcode-27.0.0-Release.Candidate.app/Contents/Developer/Platforms/WatchOS.platform/Developer/usr/bin/swift-plugin-server\#PreviewsMacros -load-resolved-plugin /Applications/Xcode-27.0.0-Release.Candidate.app/Contents/Developer/Platforms/WatchOS.platform/Developer/usr/lib/swift/host/plugins/libSwiftMacros.dylib\#/Applications/Xcode-27.0.0-Release.Candidate.app/Contents/Developer/Platforms/WatchOS.platform/Developer/usr/bin/swift-plugin-server\#SwiftMacros -load-resolved-plugin /Applications/Xcode-27.0.0-Release.Candidate.app/Contents/Developer/Platforms/WatchOS.platform/Developer/usr/lib/swift/host/plugins/libSwiftUIMacros.dylib\#/Applications/Xcode-27.0.0-Release.Candidate.app/Contents/Developer/Platforms/WatchOS.platform/Developer/usr/bin/swift-plugin-server\#SwiftUIMacros -disable-implicit-swift-modules -Xcc -fno-implicit-modules -Xcc -fno-implicit-module-maps -explicit-swift-module-map-file /Users/admin/builder/spi-builder-workspace/.derivedData/Build/Intermediates.noindex/WWSwiftUI_MultiDatePicker.build/Debug-watchos/WWSwiftUI_MultiDatePicker-t.build/Objects-normal/arm64_32/WWSwiftUI_MultiDatePicker-dependencies-2.json -enable-objc-interop -sdk /Applications/Xcode-27.0.0-Release.Candidate.app/Contents/Developer/Platforms/WatchOS.platform/Developer/SDKs/WatchOS27.0.sdk -I /Users/admin/builder/spi-builder-workspace/.derivedData/Build/Products/Debug-watchos -Isystem /Applications/Xcode-27.0.0-Release.Candidate.app/Contents/Developer/Platforms/WatchOS.platform/Developer/usr/lib -F /Users/admin/builder/spi-builder-workspace/.derivedData/Build/Products/Debug-watchos -F /Applications/Xcode-27.0.0-Release.Candidate.app/Contents/Developer/Platforms/WatchOS.platform/Developer/Library/Frameworks -F /Applications/Xcode-27.0.0-Release.Candidate.app/Contents/Developer/Platforms/WatchOS.platform/Developer/SDKs/WatchOS27.0.sdk/Developer/Library/Frameworks -module-cache-path /Users/admin/builder/spi-builder-workspace/.derivedData/Build/Intermediates.noindex/SwiftExplicitPrecompiledModules -no-color-diagnostics -Xcc -fno-color-diagnostics -enable-testing -g -debug-info-format\=dwarf -dwarf-version\=4 -swift-version 5 -Onone -D SWIFT_PACKAGE -D DEBUG -D SWIFT_MODULE_RESOURCE_BUNDLE_AVAILABLE -D Xcode -serialize-debugging-options -enable-experimental-feature DebugDescriptionMacro -empty-abi-descriptor -validate-clang-modules-once -clang-build-session-file /Users/admin/builder/spi-builder-workspace/.derivedData/ModuleCache.noindex/Session.modulevalidation -Xcc -working-directory -Xcc /Users/admin/builder/spi-builder-workspace/.swiftpm/xcode -enable-anonymous-context-mangled-names -file-compilation-dir /Users/admin/builder/spi-builder-workspace/.swiftpm/xcode -Xcc -D_LIBCPP_HARDENING_MODE\=_LIBCPP_HARDENING_MODE_DEBUG -Xcc -ivfsstatcache -Xcc /Users/admin/builder/spi-builder-workspace/.derivedData/SDKStatCaches.noindex/watchos27.0-24R360-e829b21a6f8c9b70876ba0858053c04477534ef55a1706bf4c1112bbb242f0a2.sdkstatcache -Xcc -fmodules-prune-interval\=86400 -Xcc -fmodules-prune-after\=345600 -Xcc -I/Users/admin/builder/spi-builder-workspace/.derivedData/Build/Products/Debug-watchos/include -Xcc -I/Users/admin/builder/spi-builder-workspace/.derivedData/Build/Intermediates.noindex/WWSwiftUI_MultiDatePicker.build/Debug-watchos/WWSwiftUI_MultiDatePicker-t.build/DerivedSources-normal/arm64_32 -Xcc -I/Users/admin/builder/spi-builder-workspace/.derivedData/Build/Intermediates.noindex/WWSwiftUI_MultiDatePicker.build/Debug-watchos/WWSwiftUI_MultiDatePicker-t.build/DerivedSources/arm64_32 -Xcc -I/Users/admin/builder/spi-builder-workspace/.derivedData/Build/Intermediates.noindex/WWSwiftUI_MultiDatePicker.build/Debug-watchos/WWSwiftUI_MultiDatePicker-t.build/DerivedSources -Xcc -DSWIFT_PACKAGE -Xcc -DDEBUG\=1 -no-auto-bridging-header-chaining -module-name WWSwiftUI_MultiDatePicker -const-gather-protocols-file /Users/admin/builder/spi-builder-workspace/.derivedData/Build/Intermediates.noindex/WWSwiftUI_MultiDatePicker.build/Debug-watchos/WWSwiftUI_MultiDatePicker-t.build/Objects-normal/arm64_32/WWSwiftUI_MultiDatePicker_const_extract_protocols.json -disable-clang-spi -clang-target arm64_32-apple-watchos27.0 -target-sdk-version 27.0 -target-sdk-name watchos27.0 -in-process-plugin-server-path /Applications/Xcode-27.0.0-Release.Candidate.app/Contents/Developer/Toolchains/XcodeDefault.xctoolchain/usr/lib/swift/host/libSwiftInProcPluginServer.dylib -emit-module-doc-path /Users/admin/builder/spi-builder-workspace/.derivedData/Build/Intermediates.noindex/WWSwiftUI_MultiDatePicker.build/Debug-watchos/WWSwiftUI_MultiDatePicker-t.build/Objects-normal/arm64_32/WWSwiftUI_MultiDatePicker.swiftdoc -emit-module-source-info-path /Users/admin/builder/spi-builder-workspace/.derivedData/Build/Intermediates.noindex/WWSwiftUI_MultiDatePicker.build/Debug-watchos/WWSwiftUI_MultiDatePicker-t.build/Objects-normal/arm64_32/WWSwiftUI_MultiDatePicker.swiftsourceinfo -emit-objc-header-path /Users/admin/builder/spi-builder-workspace/.derivedData/Build/Intermediates.noindex/WWSwiftUI_MultiDatePicker.build/Debug-watchos/WWSwiftUI_MultiDatePicker-t.build/Objects-normal/arm64_32/WWSwiftUI_MultiDatePicker-Swift.h -serialize-diagnostics-path /Users/admin/builder/spi-builder-workspace/.derivedData/Build/Intermediates.noindex/WWSwiftUI_MultiDatePicker.build/Debug-watchos/WWSwiftUI_MultiDatePicker-t.build/Objects-normal/arm64_32/WWSwiftUI_MultiDatePicker-primary-emit-module.dia -emit-dependencies-path /Users/admin/builder/spi-builder-workspace/.derivedData/Build/Intermediates.noindex/WWSwiftUI_MultiDatePicker.build/Debug-watchos/WWSwiftUI_MultiDatePicker-t.build/Objects-normal/arm64_32/WWSwiftUI_MultiDatePicker-primary-emit-module.d -parse-as-library -o /Users/admin/builder/spi-builder-workspace/.derivedData/Build/Intermediates.noindex/WWSwiftUI_MultiDatePicker.build/Debug-watchos/WWSwiftUI_MultiDatePicker-t.build/Objects-normal/arm64_32/WWSwiftUI_MultiDatePicker.swiftmodule -emit-abi-descriptor-path /Users/admin/builder/spi-builder-workspace/.derivedData/Build/Intermediates.noindex/WWSwiftUI_MultiDatePicker.build/Debug-watchos/WWSwiftUI_MultiDatePicker-t.build/Objects-normal/arm64_32/WWSwiftUI_MultiDatePicker.abi.json
SwiftCompile normal arm64_32 (in target 'WWSwiftUI_MultiDatePicker' from project 'WWSwiftUI_MultiDatePicker')
    cd /Users/admin/builder/spi-builder-workspace/.swiftpm/xcode

SwiftCompile normal arm64_32 Compiling\ resource_bundle_accessor.swift /Users/admin/builder/spi-builder-workspace/.derivedData/Build/Intermediates.noindex/WWSwiftUI_MultiDatePicker.build/Debug-watchos/WWSwiftUI_MultiDatePicker-t.build/DerivedSources/resource_bundle_accessor.swift (in target 'WWSwiftUI_MultiDatePicker' from project 'WWSwiftUI_MultiDatePicker')
SwiftCompile normal arm64_32 /Users/admin/builder/spi-builder-workspace/.derivedData/Build/Intermediates.noindex/WWSwiftUI_MultiDatePicker.build/Debug-watchos/WWSwiftUI_MultiDatePicker-t.build/DerivedSources/resource_bundle_accessor.swift (in target 'WWSwiftUI_MultiDatePicker' from project 'WWSwiftUI_MultiDatePicker')
    cd /Users/admin/builder/spi-builder-workspace/.swiftpm/xcode
    builtin-SwiftPerFileCompile resource_bundle_accessor.swift
SwiftCompile normal arm64_32 Compiling\ MultiDatePicker.swift /Users/admin/builder/spi-builder-workspace/Sources/WWSwiftUI_MultiDatePicker/MultiDatePicker.swift (in target 'WWSwiftUI_MultiDatePicker' from project 'WWSwiftUI_MultiDatePicker')
/Users/admin/builder/spi-builder-workspace/Sources/WWSwiftUI_MultiDatePicker/MultiDatePicker.swift:17:39: error: cannot find type 'UIHostingController' in scope
15 |     class MultiDatePicker: WWSwiftUI.`Protocol` {
16 |
17 |         public let hostingController: UIHostingController<AnyView>
   |                                       `- error: cannot find type 'UIHostingController' in scope
18 |
19 |         public var view: UIView { hostingController.view }
/Users/admin/builder/spi-builder-workspace/Sources/WWSwiftUI_MultiDatePicker/MultiDatePicker.swift:19:26: error: 'UIView' is unavailable in watchOS
17 |         public let hostingController: UIHostingController<AnyView>
18 |
19 |         public var view: UIView { hostingController.view }
   |                          `- error: 'UIView' is unavailable in watchOS
20 |
21 |         public weak var delegate: Delegate?
/Applications/Xcode-27.0.0-Release.Candidate.app/Contents/Developer/Platforms/WatchOS.platform/Developer/SDKs/WatchOS27.0.sdk/System/Library/Frameworks/UIKit.framework/Headers/UIView.h:152:12: note: 'UIView' has been explicitly marked unavailable here
150 |
151 | UIKIT_EXTERN API_AVAILABLE(ios(2.0)) API_UNAVAILABLE(watchos) NS_SWIFT_UI_ACTOR
152 | @interface UIView : UIResponder <NSCoding, UIAppearance, UIAppearanceContainer, UIDynamicItem, UITraitEnvironment, UICoordinateSpace, UIFocusItem, UIFocusItemContainer, CALayerDelegate>
    |            `- note: 'UIView' has been explicitly marked unavailable here
153 |
154 | @property(class, nonatomic, readonly) Class layerClass;                        // default is [CALayer class]. Used when creating the underlying layer for the view.
/Users/admin/builder/spi-builder-workspace/Sources/WWSwiftUI_MultiDatePicker/Utility/Protocol.swift:17:32: error: cannot find type 'UIHostingController' in scope
15 |
16 |         var view: UIView { get }
17 |         var hostingController: UIHostingController<AnyView> { get }
   |                                `- error: cannot find type 'UIHostingController' in scope
18 |
19 |         func move(toParent parent: UIViewController, on otherView: UIView?)
SwiftCompile normal arm64_32 /Users/admin/builder/spi-builder-workspace/Sources/WWSwiftUI_MultiDatePicker/MultiDatePicker.swift (in target 'WWSwiftUI_MultiDatePicker' from project 'WWSwiftUI_MultiDatePicker')
    cd /Users/admin/builder/spi-builder-workspace/.swiftpm/xcode
    builtin-SwiftPerFileCompile MultiDatePicker.swift
SwiftCompile normal arm64_32 Compiling\ ViewModel.swift /Users/admin/builder/spi-builder-workspace/Sources/WWSwiftUI_MultiDatePicker/Utility/ViewModel.swift (in target 'WWSwiftUI_MultiDatePicker' from project 'WWSwiftUI_MultiDatePicker')
SwiftCompile normal arm64_32 /Users/admin/builder/spi-builder-workspace/Sources/WWSwiftUI_MultiDatePicker/Utility/ViewModel.swift (in target 'WWSwiftUI_MultiDatePicker' from project 'WWSwiftUI_MultiDatePicker')
    cd /Users/admin/builder/spi-builder-workspace/.swiftpm/xcode
    builtin-SwiftPerFileCompile ViewModel.swift
SwiftCompile normal arm64_32 Compiling\ MultiDatePickerView.swift /Users/admin/builder/spi-builder-workspace/Sources/WWSwiftUI_MultiDatePicker/Utility/MultiDatePickerView.swift (in target 'WWSwiftUI_MultiDatePicker' from project 'WWSwiftUI_MultiDatePicker')
SwiftCompile normal arm64_32 /Users/admin/builder/spi-builder-workspace/Sources/WWSwiftUI_MultiDatePicker/Utility/MultiDatePickerView.swift (in target 'WWSwiftUI_MultiDatePicker' from project 'WWSwiftUI_MultiDatePicker')
    cd /Users/admin/builder/spi-builder-workspace/.swiftpm/xcode
    builtin-SwiftPerFileCompile MultiDatePickerView.swift
SwiftCompile normal arm64_32 Compiling\ WWSwiftUI.swift /Users/admin/builder/spi-builder-workspace/Sources/WWSwiftUI_MultiDatePicker/WWSwiftUI.swift (in target 'WWSwiftUI_MultiDatePicker' from project 'WWSwiftUI_MultiDatePicker')
SwiftCompile normal arm64_32 /Users/admin/builder/spi-builder-workspace/Sources/WWSwiftUI_MultiDatePicker/WWSwiftUI.swift (in target 'WWSwiftUI_MultiDatePicker' from project 'WWSwiftUI_MultiDatePicker')
    cd /Users/admin/builder/spi-builder-workspace/.swiftpm/xcode
    builtin-SwiftPerFileCompile WWSwiftUI.swift
SwiftCompile normal arm64_32 Compiling\ Constant.swift /Users/admin/builder/spi-builder-workspace/Sources/WWSwiftUI_MultiDatePicker/Utility/Constant.swift (in target 'WWSwiftUI_MultiDatePicker' from project 'WWSwiftUI_MultiDatePicker')
SwiftCompile normal arm64_32 /Users/admin/builder/spi-builder-workspace/Sources/WWSwiftUI_MultiDatePicker/Utility/Constant.swift (in target 'WWSwiftUI_MultiDatePicker' from project 'WWSwiftUI_MultiDatePicker')
    cd /Users/admin/builder/spi-builder-workspace/.swiftpm/xcode
    builtin-SwiftPerFileCompile Constant.swift
SwiftEmitModule normal arm64 Emitting\ module\ for\ WWSwiftUI_MultiDatePicker (in target 'WWSwiftUI_MultiDatePicker' from project 'WWSwiftUI_MultiDatePicker')
SwiftCompile normal arm64 (in target 'WWSwiftUI_MultiDatePicker' from project 'WWSwiftUI_MultiDatePicker')
    cd /Users/admin/builder/spi-builder-workspace/.swiftpm/xcode

PruneExplicitPrecompiledModules /Users/admin/builder/spi-builder-workspace/.derivedData/Build/Intermediates.noindex/SwiftExplicitPrecompiledModules
PruneExplicitPrecompiledModules /Users/admin/builder/spi-builder-workspace/.derivedData/SDKExplicitPrecompiledModules
PruneExplicitPrecompiledModules /Users/admin/builder/spi-builder-workspace/.derivedData/Build/Intermediates.noindex/ExplicitPrecompiledModules
2026-09-23 18:56:36.365 xcodebuild[654:4190] [MT] IDERunDestination: Supported platforms for the buildables in the current scheme is empty.
** BUILD FAILED **
The following build commands failed:
	SwiftEmitModule normal arm64_32 Emitting\ module\ for\ WWSwiftUI_MultiDatePicker (in target 'WWSwiftUI_MultiDatePicker' from project 'WWSwiftUI_MultiDatePicker')
	SwiftCompile normal arm64_32 (in target 'WWSwiftUI_MultiDatePicker' from project 'WWSwiftUI_MultiDatePicker')
	Building workspace WWSwiftUI_MultiDatePicker with scheme WWSwiftUI_MultiDatePicker
(3 failures)
Command line invocation:
    /Applications/Xcode-27.0.0-Release.Candidate.app/Contents/Developer/usr/bin/xcodebuild -IDEClonedSourcePackagesDirPathOverride=/Users/admin/builder/spi-builder-workspace/.dependencies -resolvePackageDependencies
Resolve Package Graph
Resolved source packages:
  WWSwiftUI_MultiDatePicker: /Users/admin/builder/spi-builder-workspace
resolved source packages: WWSwiftUI_MultiDatePicker
2026-09-23 18:56:43.033 xcodebuild[802:4749] [MT] IDERunDestination: Supported platforms for the buildables in the current scheme is empty.
{
  "dependencies" : [
  ],
  "manifest_display_name" : "WWSwiftUI_MultiDatePicker",
  "name" : "WWSwiftUI_MultiDatePicker",
  "path" : "/Users/admin/builder/spi-builder-workspace",
  "platforms" : [
    {
      "name" : "ios",
      "version" : "16.0"
    }
  ],
  "products" : [
    {
      "name" : "WWSwiftUI_MultiDatePicker",
      "targets" : [
        "WWSwiftUI_MultiDatePicker"
      ],
      "type" : {
        "library" : [
          "automatic"
        ]
      }
    }
  ],
  "swift_languages_versions" : [
    "5"
  ],
  "targets" : [
    {
      "c99name" : "WWSwiftUI_MultiDatePicker",
      "module_type" : "SwiftTarget",
      "name" : "WWSwiftUI_MultiDatePicker",
      "path" : "Sources/WWSwiftUI_MultiDatePicker",
      "product_memberships" : [
        "WWSwiftUI_MultiDatePicker"
      ],
      "resources" : [
        {
          "path" : "/Users/admin/builder/spi-builder-workspace/Sources/WWSwiftUI_MultiDatePicker/Privacy",
          "rule" : {
            "copy" : {
            }
          }
        }
      ],
      "sources" : [
        "MultiDatePicker.swift",
        "Utility/Constant.swift",
        "Utility/Extension+Public.swift",
        "Utility/Extension.swift",
        "Utility/MultiDatePickerView.swift",
        "Utility/Protocol.swift",
        "Utility/ViewModel.swift",
        "WWSwiftUI.swift"
      ],
      "type" : "library"
    }
  ],
  "tools_version" : "5.7"
}
{
  "workspace" : {
    "name" : "WWSwiftUI_MultiDatePicker",
    "schemes" : [
      "WWSwiftUI_MultiDatePicker"
    ]
  }
}
2026-09-23 18:56:44.249 xcodebuild[810:4814] [MT] IDERunDestination: Supported platforms for the buildables in the current scheme is empty.
Running build ...
env DEVELOPER_DIR=/Applications/Xcode-27.0.0-Release.Candidate.app xcrun xcodebuild -IDEClonedSourcePackagesDirPathOverride=$PWD/.dependencies -skipMacroValidation -skipPackagePluginValidation -derivedDataPath $PWD/.derivedData build -scheme WWSwiftUI_MultiDatePicker -destination generic/platform=watchOS
Command line invocation:
    /Applications/Xcode-27.0.0-Release.Candidate.app/Contents/Developer/usr/bin/xcodebuild -IDEClonedSourcePackagesDirPathOverride=/Users/admin/builder/spi-builder-workspace/.dependencies -skipMacroValidation -skipPackagePluginValidation -derivedDataPath /Users/admin/builder/spi-builder-workspace/.derivedData build -scheme WWSwiftUI_MultiDatePicker -destination generic/platform=watchOS
Resolve Package Graph
Resolved source packages:
  WWSwiftUI_MultiDatePicker: /Users/admin/builder/spi-builder-workspace
ComputePackagePrebuildTargetDependencyGraph
Prepare packages
CreateBuildRequest
SendProjectDescription
CreateBuildOperation
ComputeTargetDependencyGraph
note: Building targets in dependency order
note: Target dependency graph (3 targets)
    Target 'WWSwiftUI_MultiDatePicker-product' in project 'WWSwiftUI_MultiDatePicker'
        ➜ Explicit dependency on target 'WWSwiftUI_MultiDatePicker' in project 'WWSwiftUI_MultiDatePicker'
        ➜ Explicit dependency on target 'WWSwiftUI_MultiDatePicker_WWSwiftUI_MultiDatePicker' in project 'WWSwiftUI_MultiDatePicker'
    Target 'WWSwiftUI_MultiDatePicker' in project 'WWSwiftUI_MultiDatePicker'
        ➜ Explicit dependency on target 'WWSwiftUI_MultiDatePicker_WWSwiftUI_MultiDatePicker' in project 'WWSwiftUI_MultiDatePicker'
    Target 'WWSwiftUI_MultiDatePicker_WWSwiftUI_MultiDatePicker' in project 'WWSwiftUI_MultiDatePicker' (no dependencies)
GatherProvisioningInputs
CreateBuildDescription
ClangStatCache /Applications/Xcode-27.0.0-Release.Candidate.app/Contents/Developer/Toolchains/XcodeDefault.xctoolchain/usr/bin/clang-stat-cache /Applications/Xcode-27.0.0-Release.Candidate.app/Contents/Developer/Platforms/WatchOS.platform/Developer/SDKs/WatchOS27.0.sdk /Users/admin/builder/spi-builder-workspace/.derivedData/SDKStatCaches.noindex/watchos27.0-24R360-e829b21a6f8c9b70876ba0858053c04477534ef55a1706bf4c1112bbb242f0a2.sdkstatcache
    cd /Users/admin/builder/spi-builder-workspace/.swiftpm/xcode
    /Applications/Xcode-27.0.0-Release.Candidate.app/Contents/Developer/Toolchains/XcodeDefault.xctoolchain/usr/bin/clang-stat-cache /Applications/Xcode-27.0.0-Release.Candidate.app/Contents/Developer/Platforms/WatchOS.platform/Developer/SDKs/WatchOS27.0.sdk -o /Users/admin/builder/spi-builder-workspace/.derivedData/SDKStatCaches.noindex/watchos27.0-24R360-e829b21a6f8c9b70876ba0858053c04477534ef55a1706bf4c1112bbb242f0a2.sdkstatcache
SwiftDriver WWSwiftUI_MultiDatePicker normal arm64 com.apple.xcode.tools.swift.compiler (in target 'WWSwiftUI_MultiDatePicker' from project 'WWSwiftUI_MultiDatePicker')
    cd /Users/admin/builder/spi-builder-workspace/.swiftpm/xcode
    builtin-SwiftDriver -- /Applications/Xcode-27.0.0-Release.Candidate.app/Contents/Developer/Toolchains/XcodeDefault.xctoolchain/usr/bin/swiftc -parse-as-library -module-name WWSwiftUI_MultiDatePicker -Onone @/Users/admin/builder/spi-builder-workspace/.derivedData/Build/Intermediates.noindex/WWSwiftUI_MultiDatePicker.build/Debug-watchos/WWSwiftUI_MultiDatePicker-t.build/Objects-normal/arm64/WWSwiftUI_MultiDatePicker.SwiftFileList -DSWIFT_PACKAGE -DDEBUG -DSWIFT_MODULE_RESOURCE_BUNDLE_AVAILABLE -DXcode -plugin-path /Applications/Xcode-27.0.0-Release.Candidate.app/Contents/Developer/Toolchains/XcodeDefault.xctoolchain/usr/lib/swift/host/plugins/testing -enable-experimental-feature DebugDescriptionMacro -sdk /Applications/Xcode-27.0.0-Release.Candidate.app/Contents/Developer/Platforms/WatchOS.platform/Developer/SDKs/WatchOS27.0.sdk -target arm64-apple-watchos9.0 -g -module-cache-path /Users/admin/builder/spi-builder-workspace/.derivedData/ModuleCache.noindex -Xfrontend -serialize-debugging-options -enable-testing -index-store-path /Users/admin/builder/spi-builder-workspace/.derivedData/Index.noindex/DataStore -Xcc -D_LIBCPP_HARDENING_MODE\=_LIBCPP_HARDENING_MODE_DEBUG -swift-version 5 -I /Users/admin/builder/spi-builder-workspace/.derivedData/Build/Products/Debug-watchos -Isystem /Applications/Xcode-27.0.0-Release.Candidate.app/Contents/Developer/Platforms/WatchOS.platform/Developer/usr/lib -F /Users/admin/builder/spi-builder-workspace/.derivedData/Build/Products/Debug-watchos -F /Applications/Xcode-27.0.0-Release.Candidate.app/Contents/Developer/Platforms/WatchOS.platform/Developer/Library/Frameworks -F /Applications/Xcode-27.0.0-Release.Candidate.app/Contents/Developer/Platforms/WatchOS.platform/Developer/SDKs/WatchOS27.0.sdk/Developer/Library/Frameworks -c -j10 -enable-batch-mode -incremental -Xcc -ivfsstatcache -Xcc /Users/admin/builder/spi-builder-workspace/.derivedData/SDKStatCaches.noindex/watchos27.0-24R360-e829b21a6f8c9b70876ba0858053c04477534ef55a1706bf4c1112bbb242f0a2.sdkstatcache -output-file-map /Users/admin/builder/spi-builder-workspace/.derivedData/Build/Intermediates.noindex/WWSwiftUI_MultiDatePicker.build/Debug-watchos/WWSwiftUI_MultiDatePicker-t.build/Objects-normal/arm64/WWSwiftUI_MultiDatePicker-OutputFileMap.json -save-temps -no-color-diagnostics -explicit-module-build -module-cache-path /Users/admin/builder/spi-builder-workspace/.derivedData/Build/Intermediates.noindex/SwiftExplicitPrecompiledModules -clang-scanner-module-cache-path /Users/admin/builder/spi-builder-workspace/.derivedData/ModuleCache.noindex -sdk-module-cache-path /Users/admin/builder/spi-builder-workspace/.derivedData/SDKExplicitPrecompiledModules -emit-dependencies -emit-module -emit-module-path /Users/admin/builder/spi-builder-workspace/.derivedData/Build/Intermediates.noindex/WWSwiftUI_MultiDatePicker.build/Debug-watchos/WWSwiftUI_MultiDatePicker-t.build/Objects-normal/arm64/WWSwiftUI_MultiDatePicker.swiftmodule -serialize-diagnostics -dependency-scan-serialize-diagnostics-path /Users/admin/builder/spi-builder-workspace/.derivedData/Build/Intermediates.noindex/WWSwiftUI_MultiDatePicker.build/Debug-watchos/WWSwiftUI_MultiDatePicker-t.build/Objects-normal/arm64/WWSwiftUI_MultiDatePicker-dependency-scan.dia -validate-clang-modules-once -clang-build-session-file /Users/admin/builder/spi-builder-workspace/.derivedData/ModuleCache.noindex/Session.modulevalidation -Xcc -fmodules-prune-interval\=86400 -Xcc -fmodules-prune-after\=345600 -emit-const-values -const-gather-protocols-list /Users/admin/builder/spi-builder-workspace/.derivedData/Build/Intermediates.noindex/WWSwiftUI_MultiDatePicker.build/Debug-watchos/WWSwiftUI_MultiDatePicker-t.build/Objects-normal/arm64/WWSwiftUI_MultiDatePicker_const_extract_protocols.json -Xcc -I/Users/admin/builder/spi-builder-workspace/.derivedData/Build/Products/Debug-watchos/include -Xcc -I/Users/admin/builder/spi-builder-workspace/.derivedData/Build/Intermediates.noindex/WWSwiftUI_MultiDatePicker.build/Debug-watchos/WWSwiftUI_MultiDatePicker-t.build/DerivedSources-normal/arm64 -Xcc -I/Users/admin/builder/spi-builder-workspace/.derivedData/Build/Intermediates.noindex/WWSwiftUI_MultiDatePicker.build/Debug-watchos/WWSwiftUI_MultiDatePicker-t.build/DerivedSources/arm64 -Xcc -I/Users/admin/builder/spi-builder-workspace/.derivedData/Build/Intermediates.noindex/WWSwiftUI_MultiDatePicker.build/Debug-watchos/WWSwiftUI_MultiDatePicker-t.build/DerivedSources -Xcc -DSWIFT_PACKAGE -Xcc -DDEBUG\=1 -emit-objc-header -emit-objc-header-path /Users/admin/builder/spi-builder-workspace/.derivedData/Build/Intermediates.noindex/WWSwiftUI_MultiDatePicker.build/Debug-watchos/WWSwiftUI_MultiDatePicker-t.build/Objects-normal/arm64/WWSwiftUI_MultiDatePicker-Swift.h -working-directory /Users/admin/builder/spi-builder-workspace/.swiftpm/xcode -experimental-emit-module-separately -disable-cmo
SwiftDriver WWSwiftUI_MultiDatePicker normal arm64_32 com.apple.xcode.tools.swift.compiler (in target 'WWSwiftUI_MultiDatePicker' from project 'WWSwiftUI_MultiDatePicker')
    cd /Users/admin/builder/spi-builder-workspace/.swiftpm/xcode
    builtin-SwiftDriver -- /Applications/Xcode-27.0.0-Release.Candidate.app/Contents/Developer/Toolchains/XcodeDefault.xctoolchain/usr/bin/swiftc -parse-as-library -module-name WWSwiftUI_MultiDatePicker -Onone @/Users/admin/builder/spi-builder-workspace/.derivedData/Build/Intermediates.noindex/WWSwiftUI_MultiDatePicker.build/Debug-watchos/WWSwiftUI_MultiDatePicker-t.build/Objects-normal/arm64_32/WWSwiftUI_MultiDatePicker.SwiftFileList -DSWIFT_PACKAGE -DDEBUG -DSWIFT_MODULE_RESOURCE_BUNDLE_AVAILABLE -DXcode -plugin-path /Applications/Xcode-27.0.0-Release.Candidate.app/Contents/Developer/Toolchains/XcodeDefault.xctoolchain/usr/lib/swift/host/plugins/testing -enable-experimental-feature DebugDescriptionMacro -sdk /Applications/Xcode-27.0.0-Release.Candidate.app/Contents/Developer/Platforms/WatchOS.platform/Developer/SDKs/WatchOS27.0.sdk -target arm64_32-apple-watchos9.0 -g -module-cache-path /Users/admin/builder/spi-builder-workspace/.derivedData/ModuleCache.noindex -Xfrontend -serialize-debugging-options -enable-testing -index-store-path /Users/admin/builder/spi-builder-workspace/.derivedData/Index.noindex/DataStore -Xcc -D_LIBCPP_HARDENING_MODE\=_LIBCPP_HARDENING_MODE_DEBUG -swift-version 5 -I /Users/admin/builder/spi-builder-workspace/.derivedData/Build/Products/Debug-watchos -Isystem /Applications/Xcode-27.0.0-Release.Candidate.app/Contents/Developer/Platforms/WatchOS.platform/Developer/usr/lib -F /Users/admin/builder/spi-builder-workspace/.derivedData/Build/Products/Debug-watchos -F /Applications/Xcode-27.0.0-Release.Candidate.app/Contents/Developer/Platforms/WatchOS.platform/Developer/Library/Frameworks -F /Applications/Xcode-27.0.0-Release.Candidate.app/Contents/Developer/Platforms/WatchOS.platform/Developer/SDKs/WatchOS27.0.sdk/Developer/Library/Frameworks -c -j10 -enable-batch-mode -incremental -Xcc -ivfsstatcache -Xcc /Users/admin/builder/spi-builder-workspace/.derivedData/SDKStatCaches.noindex/watchos27.0-24R360-e829b21a6f8c9b70876ba0858053c04477534ef55a1706bf4c1112bbb242f0a2.sdkstatcache -output-file-map /Users/admin/builder/spi-builder-workspace/.derivedData/Build/Intermediates.noindex/WWSwiftUI_MultiDatePicker.build/Debug-watchos/WWSwiftUI_MultiDatePicker-t.build/Objects-normal/arm64_32/WWSwiftUI_MultiDatePicker-OutputFileMap.json -save-temps -no-color-diagnostics -explicit-module-build -module-cache-path /Users/admin/builder/spi-builder-workspace/.derivedData/Build/Intermediates.noindex/SwiftExplicitPrecompiledModules -clang-scanner-module-cache-path /Users/admin/builder/spi-builder-workspace/.derivedData/ModuleCache.noindex -sdk-module-cache-path /Users/admin/builder/spi-builder-workspace/.derivedData/SDKExplicitPrecompiledModules -emit-dependencies -emit-module -emit-module-path /Users/admin/builder/spi-builder-workspace/.derivedData/Build/Intermediates.noindex/WWSwiftUI_MultiDatePicker.build/Debug-watchos/WWSwiftUI_MultiDatePicker-t.build/Objects-normal/arm64_32/WWSwiftUI_MultiDatePicker.swiftmodule -serialize-diagnostics -dependency-scan-serialize-diagnostics-path /Users/admin/builder/spi-builder-workspace/.derivedData/Build/Intermediates.noindex/WWSwiftUI_MultiDatePicker.build/Debug-watchos/WWSwiftUI_MultiDatePicker-t.build/Objects-normal/arm64_32/WWSwiftUI_MultiDatePicker-dependency-scan.dia -validate-clang-modules-once -clang-build-session-file /Users/admin/builder/spi-builder-workspace/.derivedData/ModuleCache.noindex/Session.modulevalidation -Xcc -fmodules-prune-interval\=86400 -Xcc -fmodules-prune-after\=345600 -emit-const-values -const-gather-protocols-list /Users/admin/builder/spi-builder-workspace/.derivedData/Build/Intermediates.noindex/WWSwiftUI_MultiDatePicker.build/Debug-watchos/WWSwiftUI_MultiDatePicker-t.build/Objects-normal/arm64_32/WWSwiftUI_MultiDatePicker_const_extract_protocols.json -Xcc -I/Users/admin/builder/spi-builder-workspace/.derivedData/Build/Products/Debug-watchos/include -Xcc -I/Users/admin/builder/spi-builder-workspace/.derivedData/Build/Intermediates.noindex/WWSwiftUI_MultiDatePicker.build/Debug-watchos/WWSwiftUI_MultiDatePicker-t.build/DerivedSources-normal/arm64_32 -Xcc -I/Users/admin/builder/spi-builder-workspace/.derivedData/Build/Intermediates.noindex/WWSwiftUI_MultiDatePicker.build/Debug-watchos/WWSwiftUI_MultiDatePicker-t.build/DerivedSources/arm64_32 -Xcc -I/Users/admin/builder/spi-builder-workspace/.derivedData/Build/Intermediates.noindex/WWSwiftUI_MultiDatePicker.build/Debug-watchos/WWSwiftUI_MultiDatePicker-t.build/DerivedSources -Xcc -DSWIFT_PACKAGE -Xcc -DDEBUG\=1 -emit-objc-header -emit-objc-header-path /Users/admin/builder/spi-builder-workspace/.derivedData/Build/Intermediates.noindex/WWSwiftUI_MultiDatePicker.build/Debug-watchos/WWSwiftUI_MultiDatePicker-t.build/Objects-normal/arm64_32/WWSwiftUI_MultiDatePicker-Swift.h -working-directory /Users/admin/builder/spi-builder-workspace/.swiftpm/xcode -experimental-emit-module-separately -disable-cmo
SwiftCompile normal arm64 Compiling\ Extension+Public.swift /Users/admin/builder/spi-builder-workspace/Sources/WWSwiftUI_MultiDatePicker/Utility/Extension+Public.swift (in target 'WWSwiftUI_MultiDatePicker' from project 'WWSwiftUI_MultiDatePicker')
SwiftCompile normal arm64 /Users/admin/builder/spi-builder-workspace/Sources/WWSwiftUI_MultiDatePicker/Utility/Extension+Public.swift (in target 'WWSwiftUI_MultiDatePicker' from project 'WWSwiftUI_MultiDatePicker')
    cd /Users/admin/builder/spi-builder-workspace/.swiftpm/xcode
    builtin-SwiftPerFileCompile Extension+Public.swift
/Users/admin/builder/spi-builder-workspace/Sources/WWSwiftUI_MultiDatePicker/Utility/Extension+Public.swift:17:36: error: 'UIView' is unavailable in watchOS
15 |     /// [設定LayoutConstraint => 不能加frame](https://zonble.gitbooks.io/kkbox-ios-dev/content/autolayout/intrinsic_content_size.html)
16 |     /// - Parameter superView: [此View的SuperView](https://www.appcoda.com.tw/auto-layout-programmatically/)
17 |     func _autolayout(on superView: UIView) {
   |                                    `- error: 'UIView' is unavailable in watchOS
18 |
19 |         removeFromSuperview()
/Applications/Xcode-27.0.0-Release.Candidate.app/Contents/Developer/Platforms/WatchOS.platform/Developer/SDKs/WatchOS27.0.sdk/System/Library/Frameworks/UIKit.framework/Headers/UIView.h:152:12: note: 'UIView' has been explicitly marked unavailable here
150 |
151 | UIKIT_EXTERN API_AVAILABLE(ios(2.0)) API_UNAVAILABLE(watchos) NS_SWIFT_UI_ACTOR
152 | @interface UIView : UIResponder <NSCoding, UIAppearance, UIAppearanceContainer, UIDynamicItem, UITraitEnvironment, UICoordinateSpace, UIFocusItem, UIFocusItemContainer, CALayerDelegate>
    |            `- note: 'UIView' has been explicitly marked unavailable here
153 |
154 | @property(class, nonatomic, readonly) Class layerClass;                        // default is [CALayer class]. Used when creating the underlying layer for the view.
/Users/admin/builder/spi-builder-workspace/Sources/WWSwiftUI_MultiDatePicker/Utility/Extension+Public.swift:13:18: error: 'UIView' is unavailable in watchOS
11 |
12 | // MARK: - UIView
13 | public extension UIView {
   |                  `- error: 'UIView' is unavailable in watchOS
14 |
15 |     /// [設定LayoutConstraint => 不能加frame](https://zonble.gitbooks.io/kkbox-ios-dev/content/autolayout/intrinsic_content_size.html)
/Applications/Xcode-27.0.0-Release.Candidate.app/Contents/Developer/Platforms/WatchOS.platform/Developer/SDKs/WatchOS27.0.sdk/System/Library/Frameworks/UIKit.framework/Headers/UIView.h:152:12: note: 'UIView' has been explicitly marked unavailable here
150 |
151 | UIKIT_EXTERN API_AVAILABLE(ios(2.0)) API_UNAVAILABLE(watchos) NS_SWIFT_UI_ACTOR
152 | @interface UIView : UIResponder <NSCoding, UIAppearance, UIAppearanceContainer, UIDynamicItem, UITraitEnvironment, UICoordinateSpace, UIFocusItem, UIFocusItemContainer, CALayerDelegate>
    |            `- note: 'UIView' has been explicitly marked unavailable here
153 |
154 | @property(class, nonatomic, readonly) Class layerClass;                        // default is [CALayer class]. Used when creating the underlying layer for the view.
SwiftCompile normal arm64 Compiling\ resource_bundle_accessor.swift /Users/admin/builder/spi-builder-workspace/.derivedData/Build/Intermediates.noindex/WWSwiftUI_MultiDatePicker.build/Debug-watchos/WWSwiftUI_MultiDatePicker-t.build/DerivedSources/resource_bundle_accessor.swift (in target 'WWSwiftUI_MultiDatePicker' from project 'WWSwiftUI_MultiDatePicker')
SwiftCompile normal arm64 /Users/admin/builder/spi-builder-workspace/.derivedData/Build/Intermediates.noindex/WWSwiftUI_MultiDatePicker.build/Debug-watchos/WWSwiftUI_MultiDatePicker-t.build/DerivedSources/resource_bundle_accessor.swift (in target 'WWSwiftUI_MultiDatePicker' from project 'WWSwiftUI_MultiDatePicker')
    cd /Users/admin/builder/spi-builder-workspace/.swiftpm/xcode
    builtin-SwiftPerFileCompile resource_bundle_accessor.swift
SwiftCompile normal arm64 Compiling\ Constant.swift /Users/admin/builder/spi-builder-workspace/Sources/WWSwiftUI_MultiDatePicker/Utility/Constant.swift (in target 'WWSwiftUI_MultiDatePicker' from project 'WWSwiftUI_MultiDatePicker')
SwiftCompile normal arm64 /Users/admin/builder/spi-builder-workspace/Sources/WWSwiftUI_MultiDatePicker/Utility/Constant.swift (in target 'WWSwiftUI_MultiDatePicker' from project 'WWSwiftUI_MultiDatePicker')
    cd /Users/admin/builder/spi-builder-workspace/.swiftpm/xcode
    builtin-SwiftPerFileCompile Constant.swift
SwiftCompile normal arm64 Compiling\ WWSwiftUI.swift /Users/admin/builder/spi-builder-workspace/Sources/WWSwiftUI_MultiDatePicker/WWSwiftUI.swift (in target 'WWSwiftUI_MultiDatePicker' from project 'WWSwiftUI_MultiDatePicker')
SwiftCompile normal arm64 /Users/admin/builder/spi-builder-workspace/Sources/WWSwiftUI_MultiDatePicker/WWSwiftUI.swift (in target 'WWSwiftUI_MultiDatePicker' from project 'WWSwiftUI_MultiDatePicker')
    cd /Users/admin/builder/spi-builder-workspace/.swiftpm/xcode
    builtin-SwiftPerFileCompile WWSwiftUI.swift
SwiftCompile normal arm64 Compiling\ Extension.swift /Users/admin/builder/spi-builder-workspace/Sources/WWSwiftUI_MultiDatePicker/Utility/Extension.swift (in target 'WWSwiftUI_MultiDatePicker' from project 'WWSwiftUI_MultiDatePicker')
SwiftCompile normal arm64 /Users/admin/builder/spi-builder-workspace/Sources/WWSwiftUI_MultiDatePicker/Utility/Extension.swift (in target 'WWSwiftUI_MultiDatePicker' from project 'WWSwiftUI_MultiDatePicker')
    cd /Users/admin/builder/spi-builder-workspace/.swiftpm/xcode
    builtin-SwiftPerFileCompile Extension.swift
SwiftCompile normal arm64 Compiling\ Protocol.swift /Users/admin/builder/spi-builder-workspace/Sources/WWSwiftUI_MultiDatePicker/Utility/Protocol.swift (in target 'WWSwiftUI_MultiDatePicker' from project 'WWSwiftUI_MultiDatePicker')
/Users/admin/builder/spi-builder-workspace/Sources/WWSwiftUI_MultiDatePicker/Utility/Protocol.swift:14:5: warning: 'public' modifier is redundant for protocol declared in a public extension
12 | public extension WWSwiftUI {
13 |
14 |     public protocol `Protocol`: AnyObject {
   |     `- warning: 'public' modifier is redundant for protocol declared in a public extension
15 |
16 |         var view: UIView { get }
/Users/admin/builder/spi-builder-workspace/Sources/WWSwiftUI_MultiDatePicker/Utility/Protocol.swift:16:19: error: 'UIView' is unavailable in watchOS
14 |     public protocol `Protocol`: AnyObject {
15 |
16 |         var view: UIView { get }
   |                   `- error: 'UIView' is unavailable in watchOS
17 |         var hostingController: UIHostingController<AnyView> { get }
18 |
/Applications/Xcode-27.0.0-Release.Candidate.app/Contents/Developer/Platforms/WatchOS.platform/Developer/SDKs/WatchOS27.0.sdk/System/Library/Frameworks/UIKit.framework/Headers/UIView.h:152:12: note: 'UIView' has been explicitly marked unavailable here
150 |
151 | UIKIT_EXTERN API_AVAILABLE(ios(2.0)) API_UNAVAILABLE(watchos) NS_SWIFT_UI_ACTOR
152 | @interface UIView : UIResponder <NSCoding, UIAppearance, UIAppearanceContainer, UIDynamicItem, UITraitEnvironment, UICoordinateSpace, UIFocusItem, UIFocusItemContainer, CALayerDelegate>
    |            `- note: 'UIView' has been explicitly marked unavailable here
153 |
154 | @property(class, nonatomic, readonly) Class layerClass;                        // default is [CALayer class]. Used when creating the underlying layer for the view.
/Users/admin/builder/spi-builder-workspace/Sources/WWSwiftUI_MultiDatePicker/Utility/Protocol.swift:17:32: error: cannot find type 'UIHostingController' in scope
15 |
16 |         var view: UIView { get }
17 |         var hostingController: UIHostingController<AnyView> { get }
   |                                `- error: cannot find type 'UIHostingController' in scope
18 |
19 |         func move(toParent parent: UIViewController, on otherView: UIView?)
/Users/admin/builder/spi-builder-workspace/Sources/WWSwiftUI_MultiDatePicker/Utility/Protocol.swift:19:36: error: 'UIViewController' is unavailable in watchOS
17 |         var hostingController: UIHostingController<AnyView> { get }
18 |
19 |         func move(toParent parent: UIViewController, on otherView: UIView?)
   |                                    `- error: 'UIViewController' is unavailable in watchOS
20 |         func removeHostingController()
21 |     }
/Applications/Xcode-27.0.0-Release.Candidate.app/Contents/Developer/Platforms/WatchOS.platform/Developer/SDKs/WatchOS27.0.sdk/System/Library/Frameworks/UIKit.framework/Headers/UIViewController.h:104:12: note: 'UIViewController' has been explicitly marked unavailable here
102 |
103 | UIKIT_EXTERN API_AVAILABLE(ios(2.0)) API_UNAVAILABLE(watchos) NS_SWIFT_UI_ACTOR
104 | @interface UIViewController : UIResponder <NSCoding, UIAppearanceContainer, UITraitEnvironment, UIContentContainer, UIFocusEnvironment>
    |            `- note: 'UIViewController' has been explicitly marked unavailable here
105 |
106 | /*
/Users/admin/builder/spi-builder-workspace/Sources/WWSwiftUI_MultiDatePicker/Utility/Protocol.swift:19:68: error: 'UIView' is unavailable in watchOS
17 |         var hostingController: UIHostingController<AnyView> { get }
18 |
19 |         func move(toParent parent: UIViewController, on otherView: UIView?)
   |                                                                    `- error: 'UIView' is unavailable in watchOS
20 |         func removeHostingController()
21 |     }
/Applications/Xcode-27.0.0-Release.Candidate.app/Contents/Developer/Platforms/WatchOS.platform/Developer/SDKs/WatchOS27.0.sdk/System/Library/Frameworks/UIKit.framework/Headers/UIView.h:152:12: note: 'UIView' has been explicitly marked unavailable here
150 |
151 | UIKIT_EXTERN API_AVAILABLE(ios(2.0)) API_UNAVAILABLE(watchos) NS_SWIFT_UI_ACTOR
152 | @interface UIView : UIResponder <NSCoding, UIAppearance, UIAppearanceContainer, UIDynamicItem, UITraitEnvironment, UICoordinateSpace, UIFocusItem, UIFocusItemContainer, CALayerDelegate>
    |            `- note: 'UIView' has been explicitly marked unavailable here
153 |
154 | @property(class, nonatomic, readonly) Class layerClass;                        // default is [CALayer class]. Used when creating the underlying layer for the view.
/Users/admin/builder/spi-builder-workspace/Sources/WWSwiftUI_MultiDatePicker/Utility/Protocol.swift:31:32: error: 'UIViewController' is unavailable in watchOS
29 |     ///   - parent: UIViewController
30 |     ///   - otherView: UIView?
31 |     func move(toParent parent: UIViewController, on otherView: UIView? = .none) {
   |                                `- error: 'UIViewController' is unavailable in watchOS
32 |
33 |         parent.addChild(hostingController)
/Applications/Xcode-27.0.0-Release.Candidate.app/Contents/Developer/Platforms/WatchOS.platform/Developer/SDKs/WatchOS27.0.sdk/System/Library/Frameworks/UIKit.framework/Headers/UIViewController.h:104:12: note: 'UIViewController' has been explicitly marked unavailable here
102 |
103 | UIKIT_EXTERN API_AVAILABLE(ios(2.0)) API_UNAVAILABLE(watchos) NS_SWIFT_UI_ACTOR
104 | @interface UIViewController : UIResponder <NSCoding, UIAppearanceContainer, UITraitEnvironment, UIContentContainer, UIFocusEnvironment>
    |            `- note: 'UIViewController' has been explicitly marked unavailable here
105 |
106 | /*
/Users/admin/builder/spi-builder-workspace/Sources/WWSwiftUI_MultiDatePicker/Utility/Protocol.swift:31:64: error: 'UIView' is unavailable in watchOS
29 |     ///   - parent: UIViewController
30 |     ///   - otherView: UIView?
31 |     func move(toParent parent: UIViewController, on otherView: UIView? = .none) {
   |                                                                `- error: 'UIView' is unavailable in watchOS
32 |
33 |         parent.addChild(hostingController)
/Applications/Xcode-27.0.0-Release.Candidate.app/Contents/Developer/Platforms/WatchOS.platform/Developer/SDKs/WatchOS27.0.sdk/System/Library/Frameworks/UIKit.framework/Headers/UIView.h:152:12: note: 'UIView' has been explicitly marked unavailable here
150 |
151 | UIKIT_EXTERN API_AVAILABLE(ios(2.0)) API_UNAVAILABLE(watchos) NS_SWIFT_UI_ACTOR
152 | @interface UIView : UIResponder <NSCoding, UIAppearance, UIAppearanceContainer, UIDynamicItem, UITraitEnvironment, UICoordinateSpace, UIFocusItem, UIFocusItemContainer, CALayerDelegate>
    |            `- note: 'UIView' has been explicitly marked unavailable here
153 |
154 | @property(class, nonatomic, readonly) Class layerClass;                        // default is [CALayer class]. Used when creating the underlying layer for the view.
SwiftCompile normal arm64 /Users/admin/builder/spi-builder-workspace/Sources/WWSwiftUI_MultiDatePicker/Utility/Protocol.swift (in target 'WWSwiftUI_MultiDatePicker' from project 'WWSwiftUI_MultiDatePicker')
    cd /Users/admin/builder/spi-builder-workspace/.swiftpm/xcode
    builtin-SwiftPerFileCompile Protocol.swift
SwiftEmitModule normal arm64 Emitting\ module\ for\ WWSwiftUI_MultiDatePicker (in target 'WWSwiftUI_MultiDatePicker' from project 'WWSwiftUI_MultiDatePicker')
/Users/admin/builder/spi-builder-workspace/Sources/WWSwiftUI_MultiDatePicker/MultiDatePicker.swift:17:39: error: cannot find type 'UIHostingController' in scope
15 |     class MultiDatePicker: WWSwiftUI.`Protocol` {
16 |
17 |         public let hostingController: UIHostingController<AnyView>
   |                                       `- error: cannot find type 'UIHostingController' in scope
18 |
19 |         public var view: UIView { hostingController.view }
/Users/admin/builder/spi-builder-workspace/Sources/WWSwiftUI_MultiDatePicker/MultiDatePicker.swift:19:26: error: 'UIView' is unavailable in watchOS
17 |         public let hostingController: UIHostingController<AnyView>
18 |
19 |         public var view: UIView { hostingController.view }
   |                          `- error: 'UIView' is unavailable in watchOS
20 |
21 |         public weak var delegate: Delegate?
/Applications/Xcode-27.0.0-Release.Candidate.app/Contents/Developer/Platforms/WatchOS.platform/Developer/SDKs/WatchOS27.0.sdk/System/Library/Frameworks/UIKit.framework/Headers/UIView.h:152:12: note: 'UIView' has been explicitly marked unavailable here
150 |
151 | UIKIT_EXTERN API_AVAILABLE(ios(2.0)) API_UNAVAILABLE(watchos) NS_SWIFT_UI_ACTOR
152 | @interface UIView : UIResponder <NSCoding, UIAppearance, UIAppearanceContainer, UIDynamicItem, UITraitEnvironment, UICoordinateSpace, UIFocusItem, UIFocusItemContainer, CALayerDelegate>
    |            `- note: 'UIView' has been explicitly marked unavailable here
153 |
154 | @property(class, nonatomic, readonly) Class layerClass;                        // default is [CALayer class]. Used when creating the underlying layer for the view.
/Users/admin/builder/spi-builder-workspace/Sources/WWSwiftUI_MultiDatePicker/Utility/Protocol.swift:17:32: error: cannot find type 'UIHostingController' in scope
15 |
16 |         var view: UIView { get }
17 |         var hostingController: UIHostingController<AnyView> { get }
   |                                `- error: cannot find type 'UIHostingController' in scope
18 |
19 |         func move(toParent parent: UIViewController, on otherView: UIView?)
/Users/admin/builder/spi-builder-workspace/Sources/WWSwiftUI_MultiDatePicker/Utility/Extension+Public.swift:17:36: error: 'UIView' is unavailable in watchOS
15 |     /// [設定LayoutConstraint => 不能加frame](https://zonble.gitbooks.io/kkbox-ios-dev/content/autolayout/intrinsic_content_size.html)
16 |     /// - Parameter superView: [此View的SuperView](https://www.appcoda.com.tw/auto-layout-programmatically/)
17 |     func _autolayout(on superView: UIView) {
   |                                    `- error: 'UIView' is unavailable in watchOS
18 |
19 |         removeFromSuperview()
/Applications/Xcode-27.0.0-Release.Candidate.app/Contents/Developer/Platforms/WatchOS.platform/Developer/SDKs/WatchOS27.0.sdk/System/Library/Frameworks/UIKit.framework/Headers/UIView.h:152:12: note: 'UIView' has been explicitly marked unavailable here
150 |
151 | UIKIT_EXTERN API_AVAILABLE(ios(2.0)) API_UNAVAILABLE(watchos) NS_SWIFT_UI_ACTOR
152 | @interface UIView : UIResponder <NSCoding, UIAppearance, UIAppearanceContainer, UIDynamicItem, UITraitEnvironment, UICoordinateSpace, UIFocusItem, UIFocusItemContainer, CALayerDelegate>
    |            `- note: 'UIView' has been explicitly marked unavailable here
153 |
154 | @property(class, nonatomic, readonly) Class layerClass;                        // default is [CALayer class]. Used when creating the underlying layer for the view.
/Users/admin/builder/spi-builder-workspace/Sources/WWSwiftUI_MultiDatePicker/Utility/Extension+Public.swift:13:18: error: 'UIView' is unavailable in watchOS
11 |
12 | // MARK: - UIView
13 | public extension UIView {
   |                  `- error: 'UIView' is unavailable in watchOS
14 |
15 |     /// [設定LayoutConstraint => 不能加frame](https://zonble.gitbooks.io/kkbox-ios-dev/content/autolayout/intrinsic_content_size.html)
/Applications/Xcode-27.0.0-Release.Candidate.app/Contents/Developer/Platforms/WatchOS.platform/Developer/SDKs/WatchOS27.0.sdk/System/Library/Frameworks/UIKit.framework/Headers/UIView.h:152:12: note: 'UIView' has been explicitly marked unavailable here
150 |
151 | UIKIT_EXTERN API_AVAILABLE(ios(2.0)) API_UNAVAILABLE(watchos) NS_SWIFT_UI_ACTOR
152 | @interface UIView : UIResponder <NSCoding, UIAppearance, UIAppearanceContainer, UIDynamicItem, UITraitEnvironment, UICoordinateSpace, UIFocusItem, UIFocusItemContainer, CALayerDelegate>
    |            `- note: 'UIView' has been explicitly marked unavailable here
153 |
154 | @property(class, nonatomic, readonly) Class layerClass;                        // default is [CALayer class]. Used when creating the underlying layer for the view.
/Users/admin/builder/spi-builder-workspace/Sources/WWSwiftUI_MultiDatePicker/Utility/Extension.swift:20:1: warning: extension declares a conformance of imported type 'DateComponents' to imported protocol 'Comparable'; this will not behave correctly if the owners of 'Foundation' introduce this conformance in the future
18 |
19 | // MARK: - DateComponents
20 | extension DateComponents: Comparable {
   | |- warning: extension declares a conformance of imported type 'DateComponents' to imported protocol 'Comparable'; this will not behave correctly if the owners of 'Foundation' introduce this conformance in the future
   | `- note: add '@retroactive' to silence this warning
21 |
22 |     /// DateComponents比大小
/Users/admin/builder/spi-builder-workspace/Sources/WWSwiftUI_MultiDatePicker/Utility/Protocol.swift:14:5: warning: 'public' modifier is redundant for protocol declared in a public extension
12 | public extension WWSwiftUI {
13 |
14 |     public protocol `Protocol`: AnyObject {
   |     `- warning: 'public' modifier is redundant for protocol declared in a public extension
15 |
16 |         var view: UIView { get }
/Users/admin/builder/spi-builder-workspace/Sources/WWSwiftUI_MultiDatePicker/Utility/Protocol.swift:16:19: error: 'UIView' is unavailable in watchOS
14 |     public protocol `Protocol`: AnyObject {
15 |
16 |         var view: UIView { get }
   |                   `- error: 'UIView' is unavailable in watchOS
17 |         var hostingController: UIHostingController<AnyView> { get }
18 |
/Applications/Xcode-27.0.0-Release.Candidate.app/Contents/Developer/Platforms/WatchOS.platform/Developer/SDKs/WatchOS27.0.sdk/System/Library/Frameworks/UIKit.framework/Headers/UIView.h:152:12: note: 'UIView' has been explicitly marked unavailable here
150 |
151 | UIKIT_EXTERN API_AVAILABLE(ios(2.0)) API_UNAVAILABLE(watchos) NS_SWIFT_UI_ACTOR
152 | @interface UIView : UIResponder <NSCoding, UIAppearance, UIAppearanceContainer, UIDynamicItem, UITraitEnvironment, UICoordinateSpace, UIFocusItem, UIFocusItemContainer, CALayerDelegate>
    |            `- note: 'UIView' has been explicitly marked unavailable here
153 |
154 | @property(class, nonatomic, readonly) Class layerClass;                        // default is [CALayer class]. Used when creating the underlying layer for the view.
/Users/admin/builder/spi-builder-workspace/Sources/WWSwiftUI_MultiDatePicker/Utility/Protocol.swift:19:36: error: 'UIViewController' is unavailable in watchOS
17 |         var hostingController: UIHostingController<AnyView> { get }
18 |
19 |         func move(toParent parent: UIViewController, on otherView: UIView?)
   |                                    `- error: 'UIViewController' is unavailable in watchOS
20 |         func removeHostingController()
21 |     }
/Applications/Xcode-27.0.0-Release.Candidate.app/Contents/Developer/Platforms/WatchOS.platform/Developer/SDKs/WatchOS27.0.sdk/System/Library/Frameworks/UIKit.framework/Headers/UIViewController.h:104:12: note: 'UIViewController' has been explicitly marked unavailable here
102 |
103 | UIKIT_EXTERN API_AVAILABLE(ios(2.0)) API_UNAVAILABLE(watchos) NS_SWIFT_UI_ACTOR
104 | @interface UIViewController : UIResponder <NSCoding, UIAppearanceContainer, UITraitEnvironment, UIContentContainer, UIFocusEnvironment>
    |            `- note: 'UIViewController' has been explicitly marked unavailable here
105 |
106 | /*
/Users/admin/builder/spi-builder-workspace/Sources/WWSwiftUI_MultiDatePicker/Utility/Protocol.swift:19:68: error: 'UIView' is unavailable in watchOS
17 |         var hostingController: UIHostingController<AnyView> { get }
18 |
19 |         func move(toParent parent: UIViewController, on otherView: UIView?)
   |                                                                    `- error: 'UIView' is unavailable in watchOS
20 |         func removeHostingController()
21 |     }
/Applications/Xcode-27.0.0-Release.Candidate.app/Contents/Developer/Platforms/WatchOS.platform/Developer/SDKs/WatchOS27.0.sdk/System/Library/Frameworks/UIKit.framework/Headers/UIView.h:152:12: note: 'UIView' has been explicitly marked unavailable here
150 |
151 | UIKIT_EXTERN API_AVAILABLE(ios(2.0)) API_UNAVAILABLE(watchos) NS_SWIFT_UI_ACTOR
152 | @interface UIView : UIResponder <NSCoding, UIAppearance, UIAppearanceContainer, UIDynamicItem, UITraitEnvironment, UICoordinateSpace, UIFocusItem, UIFocusItemContainer, CALayerDelegate>
    |            `- note: 'UIView' has been explicitly marked unavailable here
153 |
154 | @property(class, nonatomic, readonly) Class layerClass;                        // default is [CALayer class]. Used when creating the underlying layer for the view.
/Users/admin/builder/spi-builder-workspace/Sources/WWSwiftUI_MultiDatePicker/Utility/Protocol.swift:31:32: error: 'UIViewController' is unavailable in watchOS
29 |     ///   - parent: UIViewController
30 |     ///   - otherView: UIView?
31 |     func move(toParent parent: UIViewController, on otherView: UIView? = .none) {
   |                                `- error: 'UIViewController' is unavailable in watchOS
32 |
33 |         parent.addChild(hostingController)
/Applications/Xcode-27.0.0-Release.Candidate.app/Contents/Developer/Platforms/WatchOS.platform/Developer/SDKs/WatchOS27.0.sdk/System/Library/Frameworks/UIKit.framework/Headers/UIViewController.h:104:12: note: 'UIViewController' has been explicitly marked unavailable here
102 |
103 | UIKIT_EXTERN API_AVAILABLE(ios(2.0)) API_UNAVAILABLE(watchos) NS_SWIFT_UI_ACTOR
104 | @interface UIViewController : UIResponder <NSCoding, UIAppearanceContainer, UITraitEnvironment, UIContentContainer, UIFocusEnvironment>
    |            `- note: 'UIViewController' has been explicitly marked unavailable here
105 |
106 | /*
/Users/admin/builder/spi-builder-workspace/Sources/WWSwiftUI_MultiDatePicker/Utility/Protocol.swift:31:64: error: 'UIView' is unavailable in watchOS
29 |     ///   - parent: UIViewController
30 |     ///   - otherView: UIView?
31 |     func move(toParent parent: UIViewController, on otherView: UIView? = .none) {
   |                                                                `- error: 'UIView' is unavailable in watchOS
32 |
33 |         parent.addChild(hostingController)
/Applications/Xcode-27.0.0-Release.Candidate.app/Contents/Developer/Platforms/WatchOS.platform/Developer/SDKs/WatchOS27.0.sdk/System/Library/Frameworks/UIKit.framework/Headers/UIView.h:152:12: note: 'UIView' has been explicitly marked unavailable here
150 |
151 | UIKIT_EXTERN API_AVAILABLE(ios(2.0)) API_UNAVAILABLE(watchos) NS_SWIFT_UI_ACTOR
152 | @interface UIView : UIResponder <NSCoding, UIAppearance, UIAppearanceContainer, UIDynamicItem, UITraitEnvironment, UICoordinateSpace, UIFocusItem, UIFocusItemContainer, CALayerDelegate>
    |            `- note: 'UIView' has been explicitly marked unavailable here
153 |
154 | @property(class, nonatomic, readonly) Class layerClass;                        // default is [CALayer class]. Used when creating the underlying layer for the view.
/Users/admin/builder/spi-builder-workspace/Sources/WWSwiftUI_MultiDatePicker/Utility/Protocol.swift:50:5: warning: 'public' modifier is redundant for protocol declared in a public extension
48 | public extension WWSwiftUI.MultiDatePicker {
49 |
50 |     public protocol Delegate: AnyObject {
   |     `- warning: 'public' modifier is redundant for protocol declared in a public extension
51 |
52 |         /// 取得已選擇到的日期
Failed frontend command:
/Applications/Xcode-27.0.0-Release.Candidate.app/Contents/Developer/Toolchains/XcodeDefault.xctoolchain/usr/bin/swift-frontend -frontend -emit-module -experimental-skip-non-inlinable-function-bodies-without-types /Users/admin/builder/spi-builder-workspace/.derivedData/Build/Intermediates.noindex/WWSwiftUI_MultiDatePicker.build/Debug-watchos/WWSwiftUI_MultiDatePicker-t.build/DerivedSources/resource_bundle_accessor.swift /Users/admin/builder/spi-builder-workspace/Sources/WWSwiftUI_MultiDatePicker/MultiDatePicker.swift /Users/admin/builder/spi-builder-workspace/Sources/WWSwiftUI_MultiDatePicker/Utility/Constant.swift /Users/admin/builder/spi-builder-workspace/Sources/WWSwiftUI_MultiDatePicker/Utility/Extension+Public.swift /Users/admin/builder/spi-builder-workspace/Sources/WWSwiftUI_MultiDatePicker/Utility/Extension.swift /Users/admin/builder/spi-builder-workspace/Sources/WWSwiftUI_MultiDatePicker/Utility/MultiDatePickerView.swift /Users/admin/builder/spi-builder-workspace/Sources/WWSwiftUI_MultiDatePicker/Utility/Protocol.swift /Users/admin/builder/spi-builder-workspace/Sources/WWSwiftUI_MultiDatePicker/Utility/ViewModel.swift /Users/admin/builder/spi-builder-workspace/Sources/WWSwiftUI_MultiDatePicker/WWSwiftUI.swift -target arm64-apple-watchos9.0 -disable-cross-import-overlay-search -load-resolved-plugin /Applications/Xcode-27.0.0-Release.Candidate.app/Contents/Developer/Platforms/WatchOS.platform/Developer/usr/lib/swift/host/plugins/libFoundationMacros.dylib\#/Applications/Xcode-27.0.0-Release.Candidate.app/Contents/Developer/Platforms/WatchOS.platform/Developer/usr/bin/swift-plugin-server\#FoundationMacros -load-resolved-plugin /Applications/Xcode-27.0.0-Release.Candidate.app/Contents/Developer/Platforms/WatchOS.platform/Developer/usr/lib/swift/host/plugins/libObservationMacros.dylib\#/Applications/Xcode-27.0.0-Release.Candidate.app/Contents/Developer/Platforms/WatchOS.platform/Developer/usr/bin/swift-plugin-server\#ObservationMacros -load-resolved-plugin /Applications/Xcode-27.0.0-Release.Candidate.app/Contents/Developer/Platforms/WatchOS.platform/Developer/usr/lib/swift/host/plugins/libPreviewsMacros.dylib\#/Applications/Xcode-27.0.0-Release.Candidate.app/Contents/Developer/Platforms/WatchOS.platform/Developer/usr/bin/swift-plugin-server\#PreviewsMacros -load-resolved-plugin /Applications/Xcode-27.0.0-Release.Candidate.app/Contents/Developer/Platforms/WatchOS.platform/Developer/usr/lib/swift/host/plugins/libSwiftMacros.dylib\#/Applications/Xcode-27.0.0-Release.Candidate.app/Contents/Developer/Platforms/WatchOS.platform/Developer/usr/bin/swift-plugin-server\#SwiftMacros -load-resolved-plugin /Applications/Xcode-27.0.0-Release.Candidate.app/Contents/Developer/Platforms/WatchOS.platform/Developer/usr/lib/swift/host/plugins/libSwiftUIMacros.dylib\#/Applications/Xcode-27.0.0-Release.Candidate.app/Contents/Developer/Platforms/WatchOS.platform/Developer/usr/bin/swift-plugin-server\#SwiftUIMacros -disable-implicit-swift-modules -Xcc -fno-implicit-modules -Xcc -fno-implicit-module-maps -explicit-swift-module-map-file /Users/admin/builder/spi-builder-workspace/.derivedData/Build/Intermediates.noindex/WWSwiftUI_MultiDatePicker.build/Debug-watchos/WWSwiftUI_MultiDatePicker-t.build/Objects-normal/arm64/WWSwiftUI_MultiDatePicker-dependencies-1.json -Xllvm -aarch64-use-tbi -enable-objc-interop -stack-check -sdk /Applications/Xcode-27.0.0-Release.Candidate.app/Contents/Developer/Platforms/WatchOS.platform/Developer/SDKs/WatchOS27.0.sdk -I /Users/admin/builder/spi-builder-workspace/.derivedData/Build/Products/Debug-watchos -Isystem /Applications/Xcode-27.0.0-Release.Candidate.app/Contents/Developer/Platforms/WatchOS.platform/Developer/usr/lib -F /Users/admin/builder/spi-builder-workspace/.derivedData/Build/Products/Debug-watchos -F /Applications/Xcode-27.0.0-Release.Candidate.app/Contents/Developer/Platforms/WatchOS.platform/Developer/Library/Frameworks -F /Applications/Xcode-27.0.0-Release.Candidate.app/Contents/Developer/Platforms/WatchOS.platform/Developer/SDKs/WatchOS27.0.sdk/Developer/Library/Frameworks -module-cache-path /Users/admin/builder/spi-builder-workspace/.derivedData/Build/Intermediates.noindex/SwiftExplicitPrecompiledModules -no-color-diagnostics -Xcc -fno-color-diagnostics -enable-testing -g -debug-info-format\=dwarf -dwarf-version\=4 -swift-version 5 -Onone -D SWIFT_PACKAGE -D DEBUG -D SWIFT_MODULE_RESOURCE_BUNDLE_AVAILABLE -D Xcode -serialize-debugging-options -enable-experimental-feature DebugDescriptionMacro -empty-abi-descriptor -validate-clang-modules-once -clang-build-session-file /Users/admin/builder/spi-builder-workspace/.derivedData/ModuleCache.noindex/Session.modulevalidation -Xcc -working-directory -Xcc /Users/admin/builder/spi-builder-workspace/.swiftpm/xcode -enable-anonymous-context-mangled-names -file-compilation-dir /Users/admin/builder/spi-builder-workspace/.swiftpm/xcode -Xcc -D_LIBCPP_HARDENING_MODE\=_LIBCPP_HARDENING_MODE_DEBUG -Xcc -ivfsstatcache -Xcc /Users/admin/builder/spi-builder-workspace/.derivedData/SDKStatCaches.noindex/watchos27.0-24R360-e829b21a6f8c9b70876ba0858053c04477534ef55a1706bf4c1112bbb242f0a2.sdkstatcache -Xcc -fmodules-prune-interval\=86400 -Xcc -fmodules-prune-after\=345600 -Xcc -I/Users/admin/builder/spi-builder-workspace/.derivedData/Build/Products/Debug-watchos/include -Xcc -I/Users/admin/builder/spi-builder-workspace/.derivedData/Build/Intermediates.noindex/WWSwiftUI_MultiDatePicker.build/Debug-watchos/WWSwiftUI_MultiDatePicker-t.build/DerivedSources-normal/arm64 -Xcc -I/Users/admin/builder/spi-builder-workspace/.derivedData/Build/Intermediates.noindex/WWSwiftUI_MultiDatePicker.build/Debug-watchos/WWSwiftUI_MultiDatePicker-t.build/DerivedSources/arm64 -Xcc -I/Users/admin/builder/spi-builder-workspace/.derivedData/Build/Intermediates.noindex/WWSwiftUI_MultiDatePicker.build/Debug-watchos/WWSwiftUI_MultiDatePicker-t.build/DerivedSources -Xcc -DSWIFT_PACKAGE -Xcc -DDEBUG\=1 -no-auto-bridging-header-chaining -module-name WWSwiftUI_MultiDatePicker -const-gather-protocols-file /Users/admin/builder/spi-builder-workspace/.derivedData/Build/Intermediates.noindex/WWSwiftUI_MultiDatePicker.build/Debug-watchos/WWSwiftUI_MultiDatePicker-t.build/Objects-normal/arm64/WWSwiftUI_MultiDatePicker_const_extract_protocols.json -disable-clang-spi -clang-target arm64-apple-watchos27.0 -target-sdk-version 27.0 -target-sdk-name watchos27.0 -in-process-plugin-server-path /Applications/Xcode-27.0.0-Release.Candidate.app/Contents/Developer/Toolchains/XcodeDefault.xctoolchain/usr/lib/swift/host/libSwiftInProcPluginServer.dylib -emit-module-doc-path /Users/admin/builder/spi-builder-workspace/.derivedData/Build/Intermediates.noindex/WWSwiftUI_MultiDatePicker.build/Debug-watchos/WWSwiftUI_MultiDatePicker-t.build/Objects-normal/arm64/WWSwiftUI_MultiDatePicker.swiftdoc -emit-module-source-info-path /Users/admin/builder/spi-builder-workspace/.derivedData/Build/Intermediates.noindex/WWSwiftUI_MultiDatePicker.build/Debug-watchos/WWSwiftUI_MultiDatePicker-t.build/Objects-normal/arm64/WWSwiftUI_MultiDatePicker.swiftsourceinfo -emit-objc-header-path /Users/admin/builder/spi-builder-workspace/.derivedData/Build/Intermediates.noindex/WWSwiftUI_MultiDatePicker.build/Debug-watchos/WWSwiftUI_MultiDatePicker-t.build/Objects-normal/arm64/WWSwiftUI_MultiDatePicker-Swift.h -serialize-diagnostics-path /Users/admin/builder/spi-builder-workspace/.derivedData/Build/Intermediates.noindex/WWSwiftUI_MultiDatePicker.build/Debug-watchos/WWSwiftUI_MultiDatePicker-t.build/Objects-normal/arm64/WWSwiftUI_MultiDatePicker-primary-emit-module.dia -emit-dependencies-path /Users/admin/builder/spi-builder-workspace/.derivedData/Build/Intermediates.noindex/WWSwiftUI_MultiDatePicker.build/Debug-watchos/WWSwiftUI_MultiDatePicker-t.build/Objects-normal/arm64/WWSwiftUI_MultiDatePicker-primary-emit-module.d -parse-as-library -o /Users/admin/builder/spi-builder-workspace/.derivedData/Build/Intermediates.noindex/WWSwiftUI_MultiDatePicker.build/Debug-watchos/WWSwiftUI_MultiDatePicker-t.build/Objects-normal/arm64/WWSwiftUI_MultiDatePicker.swiftmodule -emit-abi-descriptor-path /Users/admin/builder/spi-builder-workspace/.derivedData/Build/Intermediates.noindex/WWSwiftUI_MultiDatePicker.build/Debug-watchos/WWSwiftUI_MultiDatePicker-t.build/Objects-normal/arm64/WWSwiftUI_MultiDatePicker.abi.json
SwiftCompile normal arm64 (in target 'WWSwiftUI_MultiDatePicker' from project 'WWSwiftUI_MultiDatePicker')
    cd /Users/admin/builder/spi-builder-workspace/.swiftpm/xcode

SwiftCompile normal arm64 Compiling\ ViewModel.swift /Users/admin/builder/spi-builder-workspace/Sources/WWSwiftUI_MultiDatePicker/Utility/ViewModel.swift (in target 'WWSwiftUI_MultiDatePicker' from project 'WWSwiftUI_MultiDatePicker')
SwiftCompile normal arm64 /Users/admin/builder/spi-builder-workspace/Sources/WWSwiftUI_MultiDatePicker/Utility/ViewModel.swift (in target 'WWSwiftUI_MultiDatePicker' from project 'WWSwiftUI_MultiDatePicker')
    cd /Users/admin/builder/spi-builder-workspace/.swiftpm/xcode
    builtin-SwiftPerFileCompile ViewModel.swift
SwiftCompile normal arm64 Compiling\ MultiDatePickerView.swift /Users/admin/builder/spi-builder-workspace/Sources/WWSwiftUI_MultiDatePicker/Utility/MultiDatePickerView.swift (in target 'WWSwiftUI_MultiDatePicker' from project 'WWSwiftUI_MultiDatePicker')
/Users/admin/builder/spi-builder-workspace/Sources/WWSwiftUI_MultiDatePicker/Utility/MultiDatePickerView.swift:37:25: error: 'MultiDatePicker' is unavailable in watchOS
 35 |                 )
 36 |
 37 |                 SwiftUI.MultiDatePicker(model.title, selection: binding)
    |                         `- error: 'MultiDatePicker' is unavailable in watchOS
 38 |                     .background(.clear)
 39 |             }
SwiftUI.MultiDatePicker:5:27: note: 'MultiDatePicker' has been explicitly marked unavailable here
 3 | @available(tvOS, unavailable)
 4 | @available(watchOS, unavailable)
 5 | nonisolated public struct MultiDatePicker<Label> : View, ~Sendable where Label : View {
   |                           `- note: 'MultiDatePicker' has been explicitly marked unavailable here
 6 |     nonisolated public var body: some View { get }
 7 |     @available(iOS 16.0, *)
SwiftCompile normal arm64 /Users/admin/builder/spi-builder-workspace/Sources/WWSwiftUI_MultiDatePicker/Utility/MultiDatePickerView.swift (in target 'WWSwiftUI_MultiDatePicker' from project 'WWSwiftUI_MultiDatePicker')
    cd /Users/admin/builder/spi-builder-workspace/.swiftpm/xcode
    builtin-SwiftPerFileCompile MultiDatePickerView.swift
SwiftCompile normal arm64 Compiling\ MultiDatePicker.swift /Users/admin/builder/spi-builder-workspace/Sources/WWSwiftUI_MultiDatePicker/MultiDatePicker.swift (in target 'WWSwiftUI_MultiDatePicker' from project 'WWSwiftUI_MultiDatePicker')
/Users/admin/builder/spi-builder-workspace/Sources/WWSwiftUI_MultiDatePicker/MultiDatePicker.swift:17:39: error: cannot find type 'UIHostingController' in scope
15 |     class MultiDatePicker: WWSwiftUI.`Protocol` {
16 |
17 |         public let hostingController: UIHostingController<AnyView>
   |                                       `- error: cannot find type 'UIHostingController' in scope
18 |
19 |         public var view: UIView { hostingController.view }
/Users/admin/builder/spi-builder-workspace/Sources/WWSwiftUI_MultiDatePicker/MultiDatePicker.swift:19:26: error: 'UIView' is unavailable in watchOS
17 |         public let hostingController: UIHostingController<AnyView>
18 |
19 |         public var view: UIView { hostingController.view }
   |                          `- error: 'UIView' is unavailable in watchOS
20 |
21 |         public weak var delegate: Delegate?
/Applications/Xcode-27.0.0-Release.Candidate.app/Contents/Developer/Platforms/WatchOS.platform/Developer/SDKs/WatchOS27.0.sdk/System/Library/Frameworks/UIKit.framework/Headers/UIView.h:152:12: note: 'UIView' has been explicitly marked unavailable here
150 |
151 | UIKIT_EXTERN API_AVAILABLE(ios(2.0)) API_UNAVAILABLE(watchos) NS_SWIFT_UI_ACTOR
152 | @interface UIView : UIResponder <NSCoding, UIAppearance, UIAppearanceContainer, UIDynamicItem, UITraitEnvironment, UICoordinateSpace, UIFocusItem, UIFocusItemContainer, CALayerDelegate>
    |            `- note: 'UIView' has been explicitly marked unavailable here
153 |
154 | @property(class, nonatomic, readonly) Class layerClass;                        // default is [CALayer class]. Used when creating the underlying layer for the view.
/Users/admin/builder/spi-builder-workspace/Sources/WWSwiftUI_MultiDatePicker/Utility/Protocol.swift:17:32: error: cannot find type 'UIHostingController' in scope
15 |
16 |         var view: UIView { get }
17 |         var hostingController: UIHostingController<AnyView> { get }
   |                                `- error: cannot find type 'UIHostingController' in scope
18 |
19 |         func move(toParent parent: UIViewController, on otherView: UIView?)
SwiftCompile normal arm64 /Users/admin/builder/spi-builder-workspace/Sources/WWSwiftUI_MultiDatePicker/MultiDatePicker.swift (in target 'WWSwiftUI_MultiDatePicker' from project 'WWSwiftUI_MultiDatePicker')
    cd /Users/admin/builder/spi-builder-workspace/.swiftpm/xcode
    builtin-SwiftPerFileCompile MultiDatePicker.swift
SwiftEmitModule normal arm64_32 Emitting\ module\ for\ WWSwiftUI_MultiDatePicker (in target 'WWSwiftUI_MultiDatePicker' from project 'WWSwiftUI_MultiDatePicker')
SwiftCompile normal arm64_32 (in target 'WWSwiftUI_MultiDatePicker' from project 'WWSwiftUI_MultiDatePicker')
    cd /Users/admin/builder/spi-builder-workspace/.swiftpm/xcode

PruneExplicitPrecompiledModules /Users/admin/builder/spi-builder-workspace/.derivedData/Build/Intermediates.noindex/ExplicitPrecompiledModules
PruneExplicitPrecompiledModules /Users/admin/builder/spi-builder-workspace/.derivedData/Build/Intermediates.noindex/SwiftExplicitPrecompiledModules
PruneExplicitPrecompiledModules /Users/admin/builder/spi-builder-workspace/.derivedData/SDKExplicitPrecompiledModules
2026-09-23 18:56:45.190 xcodebuild[811:4839] [MT] IDERunDestination: Supported platforms for the buildables in the current scheme is empty.
** BUILD FAILED **
The following build commands failed:
	SwiftEmitModule normal arm64 Emitting\ module\ for\ WWSwiftUI_MultiDatePicker (in target 'WWSwiftUI_MultiDatePicker' from project 'WWSwiftUI_MultiDatePicker')
	SwiftCompile normal arm64 (in target 'WWSwiftUI_MultiDatePicker' from project 'WWSwiftUI_MultiDatePicker')
	Building workspace WWSwiftUI_MultiDatePicker with scheme WWSwiftUI_MultiDatePicker
(3 failures)
BUILD FAILURE 6.4 watchOS