The Swift Package Index logo.Swift Package Index

Build Information

Failed to build Bariloche, reference 1.0.4 (507f41), with Swift 6.4 for Wasm on 16 Sep 2026 01:53:52 UTC.

Build Command

bash -c docker run --pull=always --rm -v "checkouts-53886769-0":/host -w "$PWD" -e JAVA_HOME="/root/.sdkman/candidates/java/current" -e SPI_BUILD="1" -e SPI_PROCESSING="1" registry.gitlab.com/saguaro1/spi-images:wasm-6.4-latest swift build --swift-sdk swift-6.4.x-DEVELOPMENT-SNAPSHOT-2026-09-04-a_wasm 2>&1

Build Log

========================================
RunAll
========================================
Builder version: 5.1.0
Interrupt handler set up.
========================================
Checkout
========================================
Clone URL: https://github.com/subito-it/bariloche.git
Reference: 1.0.4
Initialized empty Git repository in /host/spi-builder-workspace/.git/
hint: Using 'master' as the name for the initial branch. This default branch name
hint: is subject to change. To configure the initial branch name to use in all
hint: of your new repositories, which will suppress this warning, call:
hint:
hint: 	git config --global init.defaultBranch <name>
hint:
hint: Names commonly chosen instead of 'master' are 'main', 'trunk' and
hint: 'development'. The just-created branch can be renamed via this command:
hint:
hint: 	git branch -m <name>
From https://github.com/subito-it/bariloche
 * tag               1.0.4      -> FETCH_HEAD
HEAD is now at 507f412 Show help when needed #2
Cloned https://github.com/subito-it/bariloche.git
Revision (git rev-parse @):
507f4121d2a7479522908dabf83aed78a6e5e268
SUCCESS checkout https://github.com/subito-it/bariloche.git at 1.0.4
========================================
Build
========================================
Selected platform:         wasm
Swift version:             6.4
Building package at path:  $PWD
https://github.com/subito-it/bariloche.git
Running build ...
bash -c docker run --pull=always --rm -v "checkouts-53886769-0":/host -w "$PWD" -e JAVA_HOME="/root/.sdkman/candidates/java/current" -e SPI_BUILD="1" -e SPI_PROCESSING="1" registry.gitlab.com/saguaro1/spi-images:wasm-6.4-latest swift build --swift-sdk swift-6.4.x-DEVELOPMENT-SNAPSHOT-2026-09-04-a_wasm 2>&1
wasm-6.4-latest: Pulling from saguaro1/spi-images
Digest: sha256:4328fdb43c680d205c1d6761b1e3267aa38277eefdda9ddfb17b6a0f1a77857a
Status: Image is up to date for registry.gitlab.com/saguaro1/spi-images:wasm-6.4-latest
Fetching https://github.com/onevcat/Rainbow
[1/1478] Fetching rainbow
Fetched https://github.com/onevcat/Rainbow (0.47s)
Computing version for https://github.com/onevcat/Rainbow
Computed https://github.com/onevcat/Rainbow at 3.2.0 (1.52s)
Creating working copy for https://github.com/onevcat/Rainbow
Working copy of https://github.com/onevcat/Rainbow resolved at 3.2.0
Building for debugging...
[Pre-planning 1 / 125]
[6 / 44]
[36 / 54] Rainbow
[47 / 64] Bariloche
[49 / 64] Bariloche
[51 / 65] Rainbow
error: SwiftCompile normal wasm32 /host/spi-builder-workspace/Sources/Bariloche/Bariloche.swift failed with a nonzero exit code. Command line:     cd /host
    builtin-SwiftPerFileCompile Bariloche.swift
/host/spi-builder-workspace/Sources/Bariloche/Bariloche.swift:93:39: error: cannot find 'getpass' in scope
 91 |     private static func readLine(strippingNewline: Bool, secure: Bool) -> String? {
 92 |         if secure {
 93 |             let pwd = String(cString: getpass(""))
    |                                       `- error: cannot find 'getpass' in scope
 94 |             return pwd.count > 0 ? (pwd + "\n") : nil
 95 |         } else {
Failed frontend command:
/usr/bin/swift-frontend -frontend -c /host/spi-builder-workspace/Sources/Bariloche/Argument.swift /host/spi-builder-workspace/Sources/Bariloche/Autocomplete.swift -primary-file /host/spi-builder-workspace/Sources/Bariloche/Bariloche.swift -primary-file /host/spi-builder-workspace/Sources/Bariloche/BaseArgument.swift /host/spi-builder-workspace/Sources/Bariloche/Command.swift /host/spi-builder-workspace/Sources/Bariloche/Flag.swift /host/spi-builder-workspace/Sources/Bariloche/Internal/AutocompleteWriter.swift /host/spi-builder-workspace/Sources/Bariloche/Internal/Command+Assertions.swift /host/spi-builder-workspace/Sources/Bariloche/Internal/Command+Mirror.swift /host/spi-builder-workspace/Sources/Bariloche/Internal/OutputStreamer.swift /host/spi-builder-workspace/Sources/Bariloche/Internal/Parser.swift /host/spi-builder-workspace/Sources/Bariloche/Internal/Process+Shell.swift /host/spi-builder-workspace/Sources/Bariloche/Internal/StringTypeConverter.swift /host/spi-builder-workspace/Sources/Bariloche/Internal/UsagePrinter.swift -emit-dependencies-path /host/spi-builder-workspace/.build/out/Intermediates.noindex/Bariloche.build/Debug-webassembly-wasm32/Bariloche-t.build/Objects-normal/wasm32/Bariloche.d -emit-const-values-path /host/spi-builder-workspace/.build/out/Intermediates.noindex/Bariloche.build/Debug-webassembly-wasm32/Bariloche-t.build/Objects-normal/wasm32/Bariloche.swiftconstvalues -emit-reference-dependencies-path /host/spi-builder-workspace/.build/out/Intermediates.noindex/Bariloche.build/Debug-webassembly-wasm32/Bariloche-t.build/Objects-normal/wasm32/Bariloche.swiftdeps -serialize-diagnostics-path /host/spi-builder-workspace/.build/out/Intermediates.noindex/Bariloche.build/Debug-webassembly-wasm32/Bariloche-t.build/Objects-normal/wasm32/Bariloche.dia -emit-dependencies-path /host/spi-builder-workspace/.build/out/Intermediates.noindex/Bariloche.build/Debug-webassembly-wasm32/Bariloche-t.build/Objects-normal/wasm32/BaseArgument.d -emit-const-values-path /host/spi-builder-workspace/.build/out/Intermediates.noindex/Bariloche.build/Debug-webassembly-wasm32/Bariloche-t.build/Objects-normal/wasm32/BaseArgument.swiftconstvalues -emit-reference-dependencies-path /host/spi-builder-workspace/.build/out/Intermediates.noindex/Bariloche.build/Debug-webassembly-wasm32/Bariloche-t.build/Objects-normal/wasm32/BaseArgument.swiftdeps -serialize-diagnostics-path /host/spi-builder-workspace/.build/out/Intermediates.noindex/Bariloche.build/Debug-webassembly-wasm32/Bariloche-t.build/Objects-normal/wasm32/BaseArgument.dia -target wasm32-unknown-wasip1 -disable-objc-interop -sdk /root/.swiftpm/swift-sdks/swift-6.4.x-DEVELOPMENT-SNAPSHOT-2026-09-04-a_wasm.artifactbundle/swift-6.4.x-DEVELOPMENT-SNAPSHOT-2026-09-04-a_wasm/wasm32-unknown-wasip1/WASI.sdk -sysroot /root/.swiftpm/swift-sdks/swift-6.4.x-DEVELOPMENT-SNAPSHOT-2026-09-04-a_wasm.artifactbundle/swift-6.4.x-DEVELOPMENT-SNAPSHOT-2026-09-04-a_wasm/wasm32-unknown-wasip1/WASI.sdk -I /host/spi-builder-workspace/.build/out/Products/Debug-webassembly-wasm32 -module-cache-path /host/spi-builder-workspace/.build/out/ModuleCache.noindex -color-diagnostics -Xcc -fcolor-diagnostics -enable-testing -g -debug-info-format\=dwarf -dwarf-version\=4 -swift-version 5 -Onone -D SWIFT_PACKAGE -D DEBUG -D SWIFT_MODULE_RESOURCE_BUNDLE_UNAVAILABLE -D Xcode -serialize-debugging-options -enable-experimental-feature DebugDescriptionMacro -empty-abi-descriptor -external-plugin-path /usr/lib/swift/host/plugins/testing\#/usr/bin/swift-plugin-server -validate-clang-modules-once -clang-build-session-file /host/spi-builder-workspace/.build/out/ModuleCache.noindex/Session.modulevalidation -Xcc -working-directory -Xcc /host -resource-dir /root/.swiftpm/swift-sdks/swift-6.4.x-DEVELOPMENT-SNAPSHOT-2026-09-04-a_wasm.artifactbundle/swift-6.4.x-DEVELOPMENT-SNAPSHOT-2026-09-04-a_wasm/wasm32-unknown-wasip1/swift.xctoolchain/usr/lib/swift_static -use-static-resource-dir -enable-anonymous-context-mangled-names -file-compilation-dir /host -Xcc -resource-dir -Xcc /root/.swiftpm/swift-sdks/swift-6.4.x-DEVELOPMENT-SNAPSHOT-2026-09-04-a_wasm.artifactbundle/swift-6.4.x-DEVELOPMENT-SNAPSHOT-2026-09-04-a_wasm/wasm32-unknown-wasip1/swift.xctoolchain/usr/lib/swift_static/clang -Xcc -D_LIBCPP_HARDENING_MODE\=_LIBCPP_HARDENING_MODE_DEBUG -Xcc -fmodules-prune-interval\=86400 -Xcc -fmodules-prune-after\=345600 -Xcc -I/host/spi-builder-workspace/.build/out/Products/Debug-webassembly-wasm32/include -Xcc -I/host/spi-builder-workspace/.build/out/Intermediates.noindex/Bariloche.build/Debug-webassembly-wasm32/Bariloche-t.build/DerivedSources-normal/wasm32 -Xcc -I/host/spi-builder-workspace/.build/out/Intermediates.noindex/Bariloche.build/Debug-webassembly-wasm32/Bariloche-t.build/DerivedSources/wasm32 -Xcc -I/host/spi-builder-workspace/.build/out/Intermediates.noindex/Bariloche.build/Debug-webassembly-wasm32/Bariloche-t.build/DerivedSources -Xcc -DSWIFT_PACKAGE -Xcc -DDEBUG\=1 -no-auto-bridging-header-chaining -module-name Bariloche -const-gather-protocols-file /host/spi-builder-workspace/.build/out/Intermediates.noindex/Bariloche.build/Debug-webassembly-wasm32/Bariloche-t.build/Objects-normal/wasm32/Bariloche_const_extract_protocols.json -in-process-plugin-server-path /usr/lib/swift/host/libSwiftInProcPluginServer.so -plugin-path /usr/lib/swift/host/plugins -plugin-path /usr/local/lib/swift/host/plugins -parse-as-library -o /host/spi-builder-workspace/.build/out/Intermediates.noindex/Bariloche.build/Debug-webassembly-wasm32/Bariloche-t.build/Objects-normal/wasm32/Bariloche.o -o /host/spi-builder-workspace/.build/out/Intermediates.noindex/Bariloche.build/Debug-webassembly-wasm32/Bariloche-t.build/Objects-normal/wasm32/BaseArgument.o -index-unit-output-path /Bariloche.build/Debug-webassembly-wasm32/Bariloche-t.build/Objects-normal/wasm32/Bariloche.o -index-unit-output-path /Bariloche.build/Debug-webassembly-wasm32/Bariloche-t.build/Objects-normal/wasm32/BaseArgument.o -index-store-path /host/spi-builder-workspace/.build/out -index-system-modules
error: SwiftCompile normal wasm32 /host/spi-builder-workspace/Sources/Bariloche/Internal/Parser.swift failed with a nonzero exit code. Command line:     cd /host
    builtin-SwiftPerFileCompile Parser.swift
error: SwiftCompile normal wasm32 /host/spi-builder-workspace/Sources/Bariloche/Internal/Process+Shell.swift failed with a nonzero exit code. Command line:     cd /host
    builtin-SwiftPerFileCompile Process+Shell.swift
/host/spi-builder-workspace/Sources/Bariloche/Internal/Parser.swift:120:71: error: generic parameter 'Value' could not be inferred
118 |                 return argument
119 |             case .variadic where !lineArguments[0].hasPrefix("-"):
120 |                 argument.stringValue = (argument.stringValue ?? "") + Argument.Kind.variadicSeparator + (lineArguments.first ?? "")
    |                                                                       |- error: generic parameter 'Value' could not be inferred
    |                                                                       `- note: explicitly specify the generic arguments to fix this issue
121 |                 return argument
122 |             default:
/host/spi-builder-workspace/Sources/Bariloche/Argument.swift:10:23: note: 'Value' declared as parameter to type 'Argument'
 8 | import Foundation
 9 |
10 | public class Argument<Value>: BaseArgument {
   |                       `- note: 'Value' declared as parameter to type 'Argument'
11 |     public var value: Value? {
12 |         guard let stringValue = stringValue else { return nil }
/host/spi-builder-workspace/Sources/Bariloche/Internal/Process+Shell.swift:10:11: error: cannot find type 'Process' in scope
 8 | import Foundation
 9 |
10 | extension Process {
   |           `- error: cannot find type 'Process' in scope
11 |     enum Shell: String {
12 |         case bash = "/bin/bash"
/host/spi-builder-workspace/Sources/Bariloche/Internal/Process+Shell.swift:26:42: error: cannot find type 'Shell' in scope
24 |
25 |     @discardableResult
26 |     func execute(command: String, shell: Shell) -> String {
   |                                          `- error: cannot find type 'Shell' in scope
27 |         arguments = ["-c", "\(shell.source) \(command)"]
28 |
Failed frontend command:
/usr/bin/swift-frontend -frontend -c /host/spi-builder-workspace/Sources/Bariloche/Argument.swift /host/spi-builder-workspace/Sources/Bariloche/Autocomplete.swift /host/spi-builder-workspace/Sources/Bariloche/Bariloche.swift /host/spi-builder-workspace/Sources/Bariloche/BaseArgument.swift /host/spi-builder-workspace/Sources/Bariloche/Command.swift /host/spi-builder-workspace/Sources/Bariloche/Flag.swift /host/spi-builder-workspace/Sources/Bariloche/Internal/AutocompleteWriter.swift /host/spi-builder-workspace/Sources/Bariloche/Internal/Command+Assertions.swift /host/spi-builder-workspace/Sources/Bariloche/Internal/Command+Mirror.swift /host/spi-builder-workspace/Sources/Bariloche/Internal/OutputStreamer.swift -primary-file /host/spi-builder-workspace/Sources/Bariloche/Internal/Parser.swift -primary-file /host/spi-builder-workspace/Sources/Bariloche/Internal/Process+Shell.swift /host/spi-builder-workspace/Sources/Bariloche/Internal/StringTypeConverter.swift /host/spi-builder-workspace/Sources/Bariloche/Internal/UsagePrinter.swift -emit-dependencies-path /host/spi-builder-workspace/.build/out/Intermediates.noindex/Bariloche.build/Debug-webassembly-wasm32/Bariloche-t.build/Objects-normal/wasm32/Parser.d -emit-const-values-path /host/spi-builder-workspace/.build/out/Intermediates.noindex/Bariloche.build/Debug-webassembly-wasm32/Bariloche-t.build/Objects-normal/wasm32/Parser.swiftconstvalues -emit-reference-dependencies-path /host/spi-builder-workspace/.build/out/Intermediates.noindex/Bariloche.build/Debug-webassembly-wasm32/Bariloche-t.build/Objects-normal/wasm32/Parser.swiftdeps -serialize-diagnostics-path /host/spi-builder-workspace/.build/out/Intermediates.noindex/Bariloche.build/Debug-webassembly-wasm32/Bariloche-t.build/Objects-normal/wasm32/Parser.dia -emit-dependencies-path /host/spi-builder-workspace/.build/out/Intermediates.noindex/Bariloche.build/Debug-webassembly-wasm32/Bariloche-t.build/Objects-normal/wasm32/Process+Shell.d -emit-const-values-path /host/spi-builder-workspace/.build/out/Intermediates.noindex/Bariloche.build/Debug-webassembly-wasm32/Bariloche-t.build/Objects-normal/wasm32/Process+Shell.swiftconstvalues -emit-reference-dependencies-path /host/spi-builder-workspace/.build/out/Intermediates.noindex/Bariloche.build/Debug-webassembly-wasm32/Bariloche-t.build/Objects-normal/wasm32/Process+Shell.swiftdeps -serialize-diagnostics-path /host/spi-builder-workspace/.build/out/Intermediates.noindex/Bariloche.build/Debug-webassembly-wasm32/Bariloche-t.build/Objects-normal/wasm32/Process+Shell.dia -target wasm32-unknown-wasip1 -disable-objc-interop -sdk /root/.swiftpm/swift-sdks/swift-6.4.x-DEVELOPMENT-SNAPSHOT-2026-09-04-a_wasm.artifactbundle/swift-6.4.x-DEVELOPMENT-SNAPSHOT-2026-09-04-a_wasm/wasm32-unknown-wasip1/WASI.sdk -sysroot /root/.swiftpm/swift-sdks/swift-6.4.x-DEVELOPMENT-SNAPSHOT-2026-09-04-a_wasm.artifactbundle/swift-6.4.x-DEVELOPMENT-SNAPSHOT-2026-09-04-a_wasm/wasm32-unknown-wasip1/WASI.sdk -I /host/spi-builder-workspace/.build/out/Products/Debug-webassembly-wasm32 -module-cache-path /host/spi-builder-workspace/.build/out/ModuleCache.noindex -color-diagnostics -Xcc -fcolor-diagnostics -enable-testing -g -debug-info-format\=dwarf -dwarf-version\=4 -swift-version 5 -Onone -D SWIFT_PACKAGE -D DEBUG -D SWIFT_MODULE_RESOURCE_BUNDLE_UNAVAILABLE -D Xcode -serialize-debugging-options -enable-experimental-feature DebugDescriptionMacro -empty-abi-descriptor -external-plugin-path /usr/lib/swift/host/plugins/testing\#/usr/bin/swift-plugin-server -validate-clang-modules-once -clang-build-session-file /host/spi-builder-workspace/.build/out/ModuleCache.noindex/Session.modulevalidation -Xcc -working-directory -Xcc /host -resource-dir /root/.swiftpm/swift-sdks/swift-6.4.x-DEVELOPMENT-SNAPSHOT-2026-09-04-a_wasm.artifactbundle/swift-6.4.x-DEVELOPMENT-SNAPSHOT-2026-09-04-a_wasm/wasm32-unknown-wasip1/swift.xctoolchain/usr/lib/swift_static -use-static-resource-dir -enable-anonymous-context-mangled-names -file-compilation-dir /host -Xcc -resource-dir -Xcc /root/.swiftpm/swift-sdks/swift-6.4.x-DEVELOPMENT-SNAPSHOT-2026-09-04-a_wasm.artifactbundle/swift-6.4.x-DEVELOPMENT-SNAPSHOT-2026-09-04-a_wasm/wasm32-unknown-wasip1/swift.xctoolchain/usr/lib/swift_static/clang -Xcc -D_LIBCPP_HARDENING_MODE\=_LIBCPP_HARDENING_MODE_DEBUG -Xcc -fmodules-prune-interval\=86400 -Xcc -fmodules-prune-after\=345600 -Xcc -I/host/spi-builder-workspace/.build/out/Products/Debug-webassembly-wasm32/include -Xcc -I/host/spi-builder-workspace/.build/out/Intermediates.noindex/Bariloche.build/Debug-webassembly-wasm32/Bariloche-t.build/DerivedSources-normal/wasm32 -Xcc -I/host/spi-builder-workspace/.build/out/Intermediates.noindex/Bariloche.build/Debug-webassembly-wasm32/Bariloche-t.build/DerivedSources/wasm32 -Xcc -I/host/spi-builder-workspace/.build/out/Intermediates.noindex/Bariloche.build/Debug-webassembly-wasm32/Bariloche-t.build/DerivedSources -Xcc -DSWIFT_PACKAGE -Xcc -DDEBUG\=1 -no-auto-bridging-header-chaining -module-name Bariloche -const-gather-protocols-file /host/spi-builder-workspace/.build/out/Intermediates.noindex/Bariloche.build/Debug-webassembly-wasm32/Bariloche-t.build/Objects-normal/wasm32/Bariloche_const_extract_protocols.json -in-process-plugin-server-path /usr/lib/swift/host/libSwiftInProcPluginServer.so -plugin-path /usr/lib/swift/host/plugins -plugin-path /usr/local/lib/swift/host/plugins -parse-as-library -o /host/spi-builder-workspace/.build/out/Intermediates.noindex/Bariloche.build/Debug-webassembly-wasm32/Bariloche-t.build/Objects-normal/wasm32/Parser.o -o /host/spi-builder-workspace/.build/out/Intermediates.noindex/Bariloche.build/Debug-webassembly-wasm32/Bariloche-t.build/Objects-normal/wasm32/Process+Shell.o -index-unit-output-path /Bariloche.build/Debug-webassembly-wasm32/Bariloche-t.build/Objects-normal/wasm32/Parser.o -index-unit-output-path /Bariloche.build/Debug-webassembly-wasm32/Bariloche-t.build/Objects-normal/wasm32/Process+Shell.o -index-store-path /host/spi-builder-workspace/.build/out -index-system-modules
error: Build failed
BUILD FAILURE 6.4 wasm