Build Information
Failed to build UUSwift, reference master (d2cb8b), with Swift 6.4 for watchOS using Xcode 27.0 on 18 Sep 2026 14:43:50 UTC.
Build Command
env DEVELOPER_DIR=/Applications/Xcode-27.0.0-Release.Candidate.app xcrun xcodebuild -IDEClonedSourcePackagesDirPathOverride=$PWD/.dependencies -skipMacroValidation -skipPackagePluginValidation -derivedDataPath $PWD/.derivedData build -scheme UUSwift -destination generic/platform=watchOSBuild Log
SwiftExplicitDependencyGeneratePcm arm64_32 /Users/admin/builder/spi-builder-workspace/.derivedData/SDKExplicitPrecompiledModules/_Builtin_inttypes-BPZJ68HW1IMYWSHROAZ0IMUJP.pcm
SwiftExplicitDependencyGeneratePcm arm64 /Users/admin/builder/spi-builder-workspace/.derivedData/SDKExplicitPrecompiledModules/Darwin-CSB8C43KELVSFIQVR0803IZPN.pcm
SwiftExplicitDependencyGeneratePcm arm64_32 /Users/admin/builder/spi-builder-workspace/.derivedData/SDKExplicitPrecompiledModules/Darwin-10D35ZJWCWG7LJAF579U7I5V7.pcm
SwiftExplicitDependencyGeneratePcm arm64 /Users/admin/builder/spi-builder-workspace/.derivedData/SDKExplicitPrecompiledModules/simd-2C11HKTI5TJB05T724EWNFZXD.pcm
SwiftExplicitDependencyGeneratePcm arm64_32 /Users/admin/builder/spi-builder-workspace/.derivedData/SDKExplicitPrecompiledModules/simd-1W6O8NR1QUSWJGAN44DNNWVHX.pcm
SwiftExplicitDependencyGeneratePcm arm64 /Users/admin/builder/spi-builder-workspace/.derivedData/SDKExplicitPrecompiledModules/Compression-D5QU671FBCLDVIKE2OZUBTI96.pcm
SwiftExplicitDependencyGeneratePcm arm64 /Users/admin/builder/spi-builder-workspace/.derivedData/SDKExplicitPrecompiledModules/MachO-4RYXFVY68ZDEUZYFMVL57WEKU.pcm
SwiftExplicitDependencyGeneratePcm arm64 /Users/admin/builder/spi-builder-workspace/.derivedData/SDKExplicitPrecompiledModules/ObjectiveC-22CZPC4WYQC9G8T393WT2KKLW.pcm
SwiftExplicitDependencyGeneratePcm arm64_32 /Users/admin/builder/spi-builder-workspace/.derivedData/SDKExplicitPrecompiledModules/MachO-F47JQRYVH1SLPOQSJD8RK9MSX.pcm
SwiftExplicitDependencyGeneratePcm arm64_32 /Users/admin/builder/spi-builder-workspace/.derivedData/SDKExplicitPrecompiledModules/ObjectiveC-71AGZNHLBMR2QK817EJNUN54E.pcm
SwiftExplicitDependencyGeneratePcm arm64_32 /Users/admin/builder/spi-builder-workspace/.derivedData/SDKExplicitPrecompiledModules/Compression-5MP5GZZPTR2F2L7G51OGFSHP6.pcm
SwiftExplicitDependencyGeneratePcm arm64 /Users/admin/builder/spi-builder-workspace/.derivedData/SDKExplicitPrecompiledModules/os_object-6KYGGZ4DPVZ3BBAZ6QICZN8LI.pcm
SwiftExplicitDependencyGeneratePcm arm64_32 /Users/admin/builder/spi-builder-workspace/.derivedData/SDKExplicitPrecompiledModules/os_object-CTXVQBCWDOH6JHUXIFDUOWFRL.pcm
SwiftExplicitDependencyGeneratePcm arm64 /Users/admin/builder/spi-builder-workspace/.derivedData/SDKExplicitPrecompiledModules/os_workgroup-AHE7ULDQBKER38CYPIKDTZF4M.pcm
SwiftExplicitDependencyGeneratePcm arm64_32 /Users/admin/builder/spi-builder-workspace/.derivedData/SDKExplicitPrecompiledModules/os_workgroup-9L9R05BT5LTFRZ2NM68BZTVV2.pcm
SwiftExplicitDependencyGeneratePcm arm64 /Users/admin/builder/spi-builder-workspace/.derivedData/SDKExplicitPrecompiledModules/Spatial-EZKKX4XFW72RZCTOIG80Z93AP.pcm
SwiftExplicitDependencyGeneratePcm arm64_32 /Users/admin/builder/spi-builder-workspace/.derivedData/SDKExplicitPrecompiledModules/Spatial-4XS0QRL16224ZE9KE9TMKASKT.pcm
SwiftExplicitDependencyGeneratePcm arm64 /Users/admin/builder/spi-builder-workspace/.derivedData/SDKExplicitPrecompiledModules/Dispatch-39VR0G01IUJ09PQKMFGOHXZ4L.pcm
SwiftExplicitDependencyGeneratePcm arm64_32 /Users/admin/builder/spi-builder-workspace/.derivedData/SDKExplicitPrecompiledModules/Dispatch-CGIMI9KQKHNRQHR2IECIPRG14.pcm
SwiftExplicitDependencyGeneratePcm arm64_32 /Users/admin/builder/spi-builder-workspace/.derivedData/SDKExplicitPrecompiledModules/CoreFoundation-76B9WJP9MDYT33HZQVSNNZQZD.pcm
SwiftExplicitDependencyGeneratePcm arm64_32 /Users/admin/builder/spi-builder-workspace/.derivedData/SDKExplicitPrecompiledModules/XPC-7SLKI45KYLKXH9QET2WYS3UZ4.pcm
SwiftExplicitDependencyGeneratePcm arm64 /Users/admin/builder/spi-builder-workspace/.derivedData/SDKExplicitPrecompiledModules/CoreFoundation-59XKO8YNRGGYNC5U5LK8B4EM.pcm
SwiftExplicitDependencyGeneratePcm arm64 /Users/admin/builder/spi-builder-workspace/.derivedData/SDKExplicitPrecompiledModules/XPC-650JAZBTM6I0OMHYO6CKM0CWJ.pcm
SwiftExplicitDependencyGeneratePcm arm64_32 /Users/admin/builder/spi-builder-workspace/.derivedData/SDKExplicitPrecompiledModules/os-D9NWGT7PQGY2OD43XMA2KGLJK.pcm
SwiftExplicitDependencyGeneratePcm arm64 /Users/admin/builder/spi-builder-workspace/.derivedData/SDKExplicitPrecompiledModules/os-6BCTB8I5DCBBKFJ0Y0G4WQDDJ.pcm
SwiftExplicitDependencyGeneratePcm arm64_32 /Users/admin/builder/spi-builder-workspace/.derivedData/SDKExplicitPrecompiledModules/Security-1W411BS4UH2UNMNII2341429S.pcm
SwiftExplicitDependencyGeneratePcm arm64_32 /Users/admin/builder/spi-builder-workspace/.derivedData/SDKExplicitPrecompiledModules/CoreGraphics-A4WOQTM8SYZAQP223LI6RRPEK.pcm
SwiftExplicitDependencyGeneratePcm arm64 /Users/admin/builder/spi-builder-workspace/.derivedData/SDKExplicitPrecompiledModules/Security-69WNGEAVQP55EDBQHP3BLE8QU.pcm
SwiftExplicitDependencyGeneratePcm arm64 /Users/admin/builder/spi-builder-workspace/.derivedData/SDKExplicitPrecompiledModules/CoreGraphics-5488DA9QVJJ7QOFXPYOYIYFUX.pcm
SwiftExplicitDependencyGeneratePcm arm64_32 /Users/admin/builder/spi-builder-workspace/.derivedData/SDKExplicitPrecompiledModules/Foundation-AIQ30TCDC2B0LBUU6FPQZ0HWI.pcm
SwiftExplicitDependencyGeneratePcm arm64 /Users/admin/builder/spi-builder-workspace/.derivedData/SDKExplicitPrecompiledModules/Foundation-B3IXODHI7VO4VRX2RWRXLVJZT.pcm
SwiftExplicitDependencyGeneratePcm arm64_32 /Users/admin/builder/spi-builder-workspace/.derivedData/SDKExplicitPrecompiledModules/CoreVideo-BX0NALWCB2F1YOTF0NZGV9FWU.pcm
SwiftExplicitDependencyGeneratePcm arm64_32 /Users/admin/builder/spi-builder-workspace/.derivedData/SDKExplicitPrecompiledModules/CoreText-34U50N378SZT64826L0B62MN6.pcm
SwiftExplicitDependencyGeneratePcm arm64 /Users/admin/builder/spi-builder-workspace/.derivedData/SDKExplicitPrecompiledModules/CoreText-BEC0M2J7FJN53VXNFDZDKL9U2.pcm
SwiftExplicitDependencyGeneratePcm arm64 /Users/admin/builder/spi-builder-workspace/.derivedData/SDKExplicitPrecompiledModules/CoreVideo-2YRZ292TS6QDW2V2V92NZMPWM.pcm
SwiftExplicitDependencyGeneratePcm arm64_32 /Users/admin/builder/spi-builder-workspace/.derivedData/SDKExplicitPrecompiledModules/Symbols-DP67QJL9W7VSYP70ZVEBE3KRT.pcm
SwiftExplicitDependencyGeneratePcm arm64_32 /Users/admin/builder/spi-builder-workspace/.derivedData/SDKExplicitPrecompiledModules/_LocationEssentials-1XWTF8V96VX3IAHKJO7PJZDU0.pcm
SwiftExplicitDependencyGeneratePcm arm64_32 /Users/admin/builder/spi-builder-workspace/.derivedData/SDKExplicitPrecompiledModules/CoreData-6STZ9DXY0E1K8LHUUEU1F4SE.pcm
SwiftExplicitDependencyGeneratePcm arm64_32 /Users/admin/builder/spi-builder-workspace/.derivedData/SDKExplicitPrecompiledModules/CoreTransferable-DSXZOKFM7XQLZ0FRNNKFDWZT0.pcm
SwiftExplicitDependencyGeneratePcm arm64_32 /Users/admin/builder/spi-builder-workspace/.derivedData/SDKExplicitPrecompiledModules/UIUtilities-ABH83C7CSGMIJAARTF384TV0L.pcm
SwiftExplicitDependencyGeneratePcm arm64_32 /Users/admin/builder/spi-builder-workspace/.derivedData/SDKExplicitPrecompiledModules/LocalAuthentication-1XZC5548OHHHWETB1RPNV8QDG.pcm
SwiftExplicitDependencyGeneratePcm arm64_32 /Users/admin/builder/spi-builder-workspace/.derivedData/SDKExplicitPrecompiledModules/UniformTypeIdentifiers-EH256724QTCKT0XATY095QHVP.pcm
SwiftExplicitDependencyGeneratePcm arm64_32 /Users/admin/builder/spi-builder-workspace/.derivedData/SDKExplicitPrecompiledModules/DataDetection-8EDL8T61430CB5CU94L1E3L0C.pcm
SwiftExplicitDependencyGeneratePcm arm64_32 /Users/admin/builder/spi-builder-workspace/.derivedData/SDKExplicitPrecompiledModules/UserNotifications-F5AOMF9V2Y10QV8U00QNX8B7Q.pcm
SwiftExplicitDependencyGeneratePcm arm64_32 /Users/admin/builder/spi-builder-workspace/.derivedData/SDKExplicitPrecompiledModules/OSLog-DXCLJ0K1EEBRV5MFYJOV1HIUX.pcm
SwiftExplicitDependencyGeneratePcm arm64 /Users/admin/builder/spi-builder-workspace/.derivedData/SDKExplicitPrecompiledModules/Accessibility-DB0V1GY4JDAXG2CZ5MW826DDE.pcm
SwiftExplicitDependencyGeneratePcm arm64 /Users/admin/builder/spi-builder-workspace/.derivedData/SDKExplicitPrecompiledModules/LocalAuthentication-B2TFMTPZVFFVZ7Y4SFJ4HJEBL.pcm
SwiftExplicitDependencyGeneratePcm arm64 /Users/admin/builder/spi-builder-workspace/.derivedData/SDKExplicitPrecompiledModules/QuartzCore-BRDP6VIMJ6A6HG4W4NYXZ8BI3.pcm
SwiftExplicitDependencyGeneratePcm arm64 /Users/admin/builder/spi-builder-workspace/.derivedData/SDKExplicitPrecompiledModules/UIUtilities-AR3EDJH6PMDGNUXQGV2JND65S.pcm
SwiftExplicitDependencyGeneratePcm arm64 /Users/admin/builder/spi-builder-workspace/.derivedData/SDKExplicitPrecompiledModules/DataDetection-8RQ09UCIV0XSYRF8TQQD54MWN.pcm
SwiftExplicitDependencyGeneratePcm arm64 /Users/admin/builder/spi-builder-workspace/.derivedData/SDKExplicitPrecompiledModules/CoreData-DAEI6Z48P97TYC3SMMGLERAJ5.pcm
SwiftExplicitDependencyGeneratePcm arm64 /Users/admin/builder/spi-builder-workspace/.derivedData/SDKExplicitPrecompiledModules/CoreTransferable-EULYJN53RZTIP2D6F171CT1YZ.pcm
SwiftExplicitDependencyGeneratePcm arm64 /Users/admin/builder/spi-builder-workspace/.derivedData/SDKExplicitPrecompiledModules/UniformTypeIdentifiers-47SS6PHE8KOUZX5UOQUNKH397.pcm
SwiftExplicitDependencyGeneratePcm arm64 /Users/admin/builder/spi-builder-workspace/.derivedData/SDKExplicitPrecompiledModules/OSLog-ESJZZ70KT229YQNKF5CWYQVLA.pcm
SwiftExplicitDependencyGeneratePcm arm64 /Users/admin/builder/spi-builder-workspace/.derivedData/SDKExplicitPrecompiledModules/Symbols-B8SNL2YULCKW9SYIL0T5QLMV.pcm
SwiftExplicitDependencyGeneratePcm arm64_32 /Users/admin/builder/spi-builder-workspace/.derivedData/SDKExplicitPrecompiledModules/Accessibility-BBXP8Z81UOB3UBBTO3GG9FEEO.pcm
SwiftExplicitDependencyGeneratePcm arm64 /Users/admin/builder/spi-builder-workspace/.derivedData/SDKExplicitPrecompiledModules/_LocationEssentials-C3HYVW8P89QAUDLD9VRHUF48Q.pcm
SwiftExplicitDependencyGeneratePcm arm64 /Users/admin/builder/spi-builder-workspace/.derivedData/SDKExplicitPrecompiledModules/UserNotifications-7VIERZPAA371031RT8VBKFYKJ.pcm
SwiftExplicitDependencyGeneratePcm arm64_32 /Users/admin/builder/spi-builder-workspace/.derivedData/SDKExplicitPrecompiledModules/QuartzCore-72UYR37X0O2APTD1XMSJ20X5X.pcm
SwiftExplicitDependencyGeneratePcm arm64_32 /Users/admin/builder/spi-builder-workspace/.derivedData/SDKExplicitPrecompiledModules/CoreLocation-4AZRAZ8X3W0CS36SZ1GS4LT05.pcm
SwiftExplicitDependencyGeneratePcm arm64 /Users/admin/builder/spi-builder-workspace/.derivedData/SDKExplicitPrecompiledModules/SwiftUICore-D4BOUT6VJWDXKNATG8P2F95W3.pcm
SwiftExplicitDependencyGeneratePcm arm64 /Users/admin/builder/spi-builder-workspace/.derivedData/SDKExplicitPrecompiledModules/CoreLocation-B0A9Z3B1UDU8OLBQROLWD03N3.pcm
SwiftExplicitDependencyGeneratePcm arm64_32 /Users/admin/builder/spi-builder-workspace/.derivedData/SDKExplicitPrecompiledModules/CoreMotion-E9C6K7MOTJF3RC93DULCZ130U.pcm
SwiftExplicitDependencyGeneratePcm arm64_32 /Users/admin/builder/spi-builder-workspace/.derivedData/SDKExplicitPrecompiledModules/SwiftUICore-TURER010MQ2QH6SN4BGDJJKP.pcm
SwiftExplicitDependencyGeneratePcm arm64 /Users/admin/builder/spi-builder-workspace/.derivedData/SDKExplicitPrecompiledModules/CoreMotion-70RNUQRT1QM2F8WR42WPP4KQV.pcm
SwiftExplicitDependencyGeneratePcm arm64_32 /Users/admin/builder/spi-builder-workspace/.derivedData/SDKExplicitPrecompiledModules/UIKit-BGAQE5HOOTG6M9C46O1HHPCDR.pcm
SwiftExplicitDependencyGeneratePcm arm64 /Users/admin/builder/spi-builder-workspace/.derivedData/SDKExplicitPrecompiledModules/UIKit-2XWL6VFNA7WRWSTXI42YLU909.pcm
SwiftCompile normal arm64_32 Compiling\ UULocalization.swift,\ UUNumber.swift,\ UUObject.swift,\ UUObjectFactory.swift /Users/admin/builder/spi-builder-workspace/.dependencies/checkouts/UUSwiftCore/Library/UULocalization.swift /Users/admin/builder/spi-builder-workspace/.dependencies/checkouts/UUSwiftCore/Library/UUNumber.swift /Users/admin/builder/spi-builder-workspace/.dependencies/checkouts/UUSwiftCore/Library/UUObject.swift /Users/admin/builder/spi-builder-workspace/.dependencies/checkouts/UUSwiftCore/Library/UUObjectFactory.swift (in target 'UUSwiftCore' from project 'UUSwiftCore')
SwiftCompile normal arm64_32 /Users/admin/builder/spi-builder-workspace/.dependencies/checkouts/UUSwiftCore/Library/UULocalization.swift (in target 'UUSwiftCore' from project 'UUSwiftCore')
cd /Users/admin/builder/spi-builder-workspace/.swiftpm/xcode
builtin-SwiftPerFileCompile UULocalization.swift
SwiftCompile normal arm64_32 /Users/admin/builder/spi-builder-workspace/.dependencies/checkouts/UUSwiftCore/Library/UUNumber.swift (in target 'UUSwiftCore' from project 'UUSwiftCore')
cd /Users/admin/builder/spi-builder-workspace/.swiftpm/xcode
builtin-SwiftPerFileCompile UUNumber.swift
SwiftCompile normal arm64_32 /Users/admin/builder/spi-builder-workspace/.dependencies/checkouts/UUSwiftCore/Library/UUObject.swift (in target 'UUSwiftCore' from project 'UUSwiftCore')
cd /Users/admin/builder/spi-builder-workspace/.swiftpm/xcode
builtin-SwiftPerFileCompile UUObject.swift
SwiftCompile normal arm64_32 /Users/admin/builder/spi-builder-workspace/.dependencies/checkouts/UUSwiftCore/Library/UUObjectFactory.swift (in target 'UUSwiftCore' from project 'UUSwiftCore')
cd /Users/admin/builder/spi-builder-workspace/.swiftpm/xcode
builtin-SwiftPerFileCompile UUObjectFactory.swift
SwiftCompile normal arm64_32 Compiling\ UURandom.swift,\ UUResult.swift,\ UUString.swift,\ UUSwiftCore.swift /Users/admin/builder/spi-builder-workspace/.dependencies/checkouts/UUSwiftCore/Library/UURandom.swift /Users/admin/builder/spi-builder-workspace/.dependencies/checkouts/UUSwiftCore/Library/UUResult.swift /Users/admin/builder/spi-builder-workspace/.dependencies/checkouts/UUSwiftCore/Library/UUString.swift /Users/admin/builder/spi-builder-workspace/.dependencies/checkouts/UUSwiftCore/Library/UUSwiftCore.swift (in target 'UUSwiftCore' from project 'UUSwiftCore')
SwiftCompile normal arm64_32 /Users/admin/builder/spi-builder-workspace/.dependencies/checkouts/UUSwiftCore/Library/UURandom.swift (in target 'UUSwiftCore' from project 'UUSwiftCore')
cd /Users/admin/builder/spi-builder-workspace/.swiftpm/xcode
builtin-SwiftPerFileCompile UURandom.swift
SwiftCompile normal arm64_32 /Users/admin/builder/spi-builder-workspace/.dependencies/checkouts/UUSwiftCore/Library/UUResult.swift (in target 'UUSwiftCore' from project 'UUSwiftCore')
cd /Users/admin/builder/spi-builder-workspace/.swiftpm/xcode
builtin-SwiftPerFileCompile UUResult.swift
SwiftCompile normal arm64_32 /Users/admin/builder/spi-builder-workspace/.dependencies/checkouts/UUSwiftCore/Library/UUString.swift (in target 'UUSwiftCore' from project 'UUSwiftCore')
cd /Users/admin/builder/spi-builder-workspace/.swiftpm/xcode
builtin-SwiftPerFileCompile UUString.swift
SwiftCompile normal arm64_32 /Users/admin/builder/spi-builder-workspace/.dependencies/checkouts/UUSwiftCore/Library/UUSwiftCore.swift (in target 'UUSwiftCore' from project 'UUSwiftCore')
cd /Users/admin/builder/spi-builder-workspace/.swiftpm/xcode
builtin-SwiftPerFileCompile UUSwiftCore.swift
SwiftCompile normal arm64_32 Compiling\ UUDate.swift,\ UUDictionary.swift,\ UUJson.swift,\ UUJsonWebToken.swift /Users/admin/builder/spi-builder-workspace/.dependencies/checkouts/UUSwiftCore/Library/UUDate.swift /Users/admin/builder/spi-builder-workspace/.dependencies/checkouts/UUSwiftCore/Library/UUDictionary.swift /Users/admin/builder/spi-builder-workspace/.dependencies/checkouts/UUSwiftCore/Library/UUJson.swift /Users/admin/builder/spi-builder-workspace/.dependencies/checkouts/UUSwiftCore/Library/UUJsonWebToken.swift (in target 'UUSwiftCore' from project 'UUSwiftCore')
SwiftCompile normal arm64_32 /Users/admin/builder/spi-builder-workspace/.dependencies/checkouts/UUSwiftCore/Library/UUDate.swift (in target 'UUSwiftCore' from project 'UUSwiftCore')
cd /Users/admin/builder/spi-builder-workspace/.swiftpm/xcode
builtin-SwiftPerFileCompile UUDate.swift
SwiftCompile normal arm64_32 /Users/admin/builder/spi-builder-workspace/.dependencies/checkouts/UUSwiftCore/Library/UUDictionary.swift (in target 'UUSwiftCore' from project 'UUSwiftCore')
cd /Users/admin/builder/spi-builder-workspace/.swiftpm/xcode
builtin-SwiftPerFileCompile UUDictionary.swift
SwiftCompile normal arm64_32 /Users/admin/builder/spi-builder-workspace/.dependencies/checkouts/UUSwiftCore/Library/UUJson.swift (in target 'UUSwiftCore' from project 'UUSwiftCore')
cd /Users/admin/builder/spi-builder-workspace/.swiftpm/xcode
builtin-SwiftPerFileCompile UUJson.swift
SwiftCompile normal arm64_32 /Users/admin/builder/spi-builder-workspace/.dependencies/checkouts/UUSwiftCore/Library/UUJsonWebToken.swift (in target 'UUSwiftCore' from project 'UUSwiftCore')
cd /Users/admin/builder/spi-builder-workspace/.swiftpm/xcode
builtin-SwiftPerFileCompile UUJsonWebToken.swift
SwiftCompile normal arm64_32 Compiling\ UUTimeMeasurement.swift,\ UUTimer.swift,\ UUTypeAliases.swift,\ UUURL.swift /Users/admin/builder/spi-builder-workspace/.dependencies/checkouts/UUSwiftCore/Library/UUTimeMeasurement.swift /Users/admin/builder/spi-builder-workspace/.dependencies/checkouts/UUSwiftCore/Library/UUTimer.swift /Users/admin/builder/spi-builder-workspace/.dependencies/checkouts/UUSwiftCore/Library/UUTypeAliases.swift /Users/admin/builder/spi-builder-workspace/.dependencies/checkouts/UUSwiftCore/Library/UUURL.swift (in target 'UUSwiftCore' from project 'UUSwiftCore')
SwiftCompile normal arm64_32 /Users/admin/builder/spi-builder-workspace/.dependencies/checkouts/UUSwiftCore/Library/UUTimeMeasurement.swift (in target 'UUSwiftCore' from project 'UUSwiftCore')
cd /Users/admin/builder/spi-builder-workspace/.swiftpm/xcode
builtin-SwiftPerFileCompile UUTimeMeasurement.swift
SwiftCompile normal arm64_32 /Users/admin/builder/spi-builder-workspace/.dependencies/checkouts/UUSwiftCore/Library/UUTimer.swift (in target 'UUSwiftCore' from project 'UUSwiftCore')
cd /Users/admin/builder/spi-builder-workspace/.swiftpm/xcode
builtin-SwiftPerFileCompile UUTimer.swift
SwiftCompile normal arm64_32 /Users/admin/builder/spi-builder-workspace/.dependencies/checkouts/UUSwiftCore/Library/UUTypeAliases.swift (in target 'UUSwiftCore' from project 'UUSwiftCore')
cd /Users/admin/builder/spi-builder-workspace/.swiftpm/xcode
builtin-SwiftPerFileCompile UUTypeAliases.swift
SwiftCompile normal arm64_32 /Users/admin/builder/spi-builder-workspace/.dependencies/checkouts/UUSwiftCore/Library/UUURL.swift (in target 'UUSwiftCore' from project 'UUSwiftCore')
cd /Users/admin/builder/spi-builder-workspace/.swiftpm/xcode
builtin-SwiftPerFileCompile UUURL.swift
SwiftCompile normal arm64_32 Compiling\ UUBase64.swift,\ UUCollection.swift,\ UUColor.swift,\ UUComparable.swift /Users/admin/builder/spi-builder-workspace/.dependencies/checkouts/UUSwiftCore/Library/UUBase64.swift /Users/admin/builder/spi-builder-workspace/.dependencies/checkouts/UUSwiftCore/Library/UUCollection.swift /Users/admin/builder/spi-builder-workspace/.dependencies/checkouts/UUSwiftCore/Library/UUColor.swift /Users/admin/builder/spi-builder-workspace/.dependencies/checkouts/UUSwiftCore/Library/UUComparable.swift (in target 'UUSwiftCore' from project 'UUSwiftCore')
SwiftCompile normal arm64_32 /Users/admin/builder/spi-builder-workspace/.dependencies/checkouts/UUSwiftCore/Library/UUBase64.swift (in target 'UUSwiftCore' from project 'UUSwiftCore')
cd /Users/admin/builder/spi-builder-workspace/.swiftpm/xcode
builtin-SwiftPerFileCompile UUBase64.swift
SwiftCompile normal arm64_32 /Users/admin/builder/spi-builder-workspace/.dependencies/checkouts/UUSwiftCore/Library/UUCollection.swift (in target 'UUSwiftCore' from project 'UUSwiftCore')
cd /Users/admin/builder/spi-builder-workspace/.swiftpm/xcode
builtin-SwiftPerFileCompile UUCollection.swift
SwiftCompile normal arm64_32 /Users/admin/builder/spi-builder-workspace/.dependencies/checkouts/UUSwiftCore/Library/UUColor.swift (in target 'UUSwiftCore' from project 'UUSwiftCore')
cd /Users/admin/builder/spi-builder-workspace/.swiftpm/xcode
builtin-SwiftPerFileCompile UUColor.swift
SwiftCompile normal arm64_32 /Users/admin/builder/spi-builder-workspace/.dependencies/checkouts/UUSwiftCore/Library/UUComparable.swift (in target 'UUSwiftCore' from project 'UUSwiftCore')
cd /Users/admin/builder/spi-builder-workspace/.swiftpm/xcode
builtin-SwiftPerFileCompile UUComparable.swift
SwiftCompile normal arm64_32 Compiling\ UUCompression.swift,\ UUCoreData.swift,\ UUData.swift,\ UUDataCache.swift /Users/admin/builder/spi-builder-workspace/.dependencies/checkouts/UUSwiftCore/Library/UUCompression.swift /Users/admin/builder/spi-builder-workspace/.dependencies/checkouts/UUSwiftCore/Library/UUCoreData.swift /Users/admin/builder/spi-builder-workspace/.dependencies/checkouts/UUSwiftCore/Library/UUData.swift /Users/admin/builder/spi-builder-workspace/.dependencies/checkouts/UUSwiftCore/Library/UUDataCache.swift (in target 'UUSwiftCore' from project 'UUSwiftCore')
SwiftCompile normal arm64_32 /Users/admin/builder/spi-builder-workspace/.dependencies/checkouts/UUSwiftCore/Library/UUCompression.swift (in target 'UUSwiftCore' from project 'UUSwiftCore')
cd /Users/admin/builder/spi-builder-workspace/.swiftpm/xcode
builtin-SwiftPerFileCompile UUCompression.swift
SwiftCompile normal arm64_32 /Users/admin/builder/spi-builder-workspace/.dependencies/checkouts/UUSwiftCore/Library/UUCoreData.swift (in target 'UUSwiftCore' from project 'UUSwiftCore')
cd /Users/admin/builder/spi-builder-workspace/.swiftpm/xcode
builtin-SwiftPerFileCompile UUCoreData.swift
SwiftCompile normal arm64_32 /Users/admin/builder/spi-builder-workspace/.dependencies/checkouts/UUSwiftCore/Library/UUData.swift (in target 'UUSwiftCore' from project 'UUSwiftCore')
cd /Users/admin/builder/spi-builder-workspace/.swiftpm/xcode
builtin-SwiftPerFileCompile UUData.swift
SwiftCompile normal arm64_32 /Users/admin/builder/spi-builder-workspace/.dependencies/checkouts/UUSwiftCore/Library/UUDataCache.swift (in target 'UUSwiftCore' from project 'UUSwiftCore')
cd /Users/admin/builder/spi-builder-workspace/.swiftpm/xcode
builtin-SwiftPerFileCompile UUDataCache.swift
SwiftEmitModule normal arm64_32 Emitting\ module\ for\ UUSwiftCore (in target 'UUSwiftCore' from project 'UUSwiftCore')
SwiftCompile normal arm64_32 (in target 'UUSwiftCore' from project 'UUSwiftCore')
cd /Users/admin/builder/spi-builder-workspace/.swiftpm/xcode
SwiftCompile normal arm64_32 Compiling\ UUKeyStoreError.swift,\ UUKeychainError.swift,\ UUCrypto.swift,\ UUEncryptedKeychain.swift /Users/admin/builder/spi-builder-workspace/.dependencies/checkouts/UUSwiftCore/Library/Security/Errors/UUKeyStoreError.swift /Users/admin/builder/spi-builder-workspace/.dependencies/checkouts/UUSwiftCore/Library/Security/Errors/UUKeychainError.swift /Users/admin/builder/spi-builder-workspace/.dependencies/checkouts/UUSwiftCore/Library/Security/UUCrypto.swift /Users/admin/builder/spi-builder-workspace/.dependencies/checkouts/UUSwiftCore/Library/Security/UUEncryptedKeychain.swift (in target 'UUSwiftCore' from project 'UUSwiftCore')
SwiftCompile normal arm64_32 /Users/admin/builder/spi-builder-workspace/.dependencies/checkouts/UUSwiftCore/Library/Security/Errors/UUKeyStoreError.swift (in target 'UUSwiftCore' from project 'UUSwiftCore')
cd /Users/admin/builder/spi-builder-workspace/.swiftpm/xcode
builtin-SwiftPerFileCompile UUKeyStoreError.swift
SwiftCompile normal arm64_32 /Users/admin/builder/spi-builder-workspace/.dependencies/checkouts/UUSwiftCore/Library/Security/Errors/UUKeychainError.swift (in target 'UUSwiftCore' from project 'UUSwiftCore')
cd /Users/admin/builder/spi-builder-workspace/.swiftpm/xcode
builtin-SwiftPerFileCompile UUKeychainError.swift
SwiftCompile normal arm64_32 /Users/admin/builder/spi-builder-workspace/.dependencies/checkouts/UUSwiftCore/Library/Security/UUCrypto.swift (in target 'UUSwiftCore' from project 'UUSwiftCore')
cd /Users/admin/builder/spi-builder-workspace/.swiftpm/xcode
builtin-SwiftPerFileCompile UUCrypto.swift
SwiftCompile normal arm64_32 /Users/admin/builder/spi-builder-workspace/.dependencies/checkouts/UUSwiftCore/Library/Security/UUEncryptedKeychain.swift (in target 'UUSwiftCore' from project 'UUSwiftCore')
cd /Users/admin/builder/spi-builder-workspace/.swiftpm/xcode
builtin-SwiftPerFileCompile UUEncryptedKeychain.swift
SwiftCompile normal arm64_32 Compiling\ resource_bundle_accessor.swift,\ UUConsoleLogWriter.swift,\ UULog.swift,\ UULogLevel.swift,\ UULogWriter.swift /Users/admin/builder/spi-builder-workspace/.derivedData/Build/Intermediates.noindex/UUSwiftCore.build/Debug-watchos/UUSwiftCore-t.build/DerivedSources/resource_bundle_accessor.swift /Users/admin/builder/spi-builder-workspace/.dependencies/checkouts/UUSwiftCore/Library/Logging/UUConsoleLogWriter.swift /Users/admin/builder/spi-builder-workspace/.dependencies/checkouts/UUSwiftCore/Library/Logging/UULog.swift /Users/admin/builder/spi-builder-workspace/.dependencies/checkouts/UUSwiftCore/Library/Logging/UULogLevel.swift /Users/admin/builder/spi-builder-workspace/.dependencies/checkouts/UUSwiftCore/Library/Logging/UULogWriter.swift (in target 'UUSwiftCore' from project 'UUSwiftCore')
SwiftCompile normal arm64_32 /Users/admin/builder/spi-builder-workspace/.derivedData/Build/Intermediates.noindex/UUSwiftCore.build/Debug-watchos/UUSwiftCore-t.build/DerivedSources/resource_bundle_accessor.swift (in target 'UUSwiftCore' from project 'UUSwiftCore')
cd /Users/admin/builder/spi-builder-workspace/.swiftpm/xcode
builtin-SwiftPerFileCompile resource_bundle_accessor.swift
SwiftCompile normal arm64_32 /Users/admin/builder/spi-builder-workspace/.dependencies/checkouts/UUSwiftCore/Library/Logging/UUConsoleLogWriter.swift (in target 'UUSwiftCore' from project 'UUSwiftCore')
cd /Users/admin/builder/spi-builder-workspace/.swiftpm/xcode
builtin-SwiftPerFileCompile UUConsoleLogWriter.swift
SwiftCompile normal arm64_32 /Users/admin/builder/spi-builder-workspace/.dependencies/checkouts/UUSwiftCore/Library/Logging/UULog.swift (in target 'UUSwiftCore' from project 'UUSwiftCore')
cd /Users/admin/builder/spi-builder-workspace/.swiftpm/xcode
builtin-SwiftPerFileCompile UULog.swift
SwiftCompile normal arm64_32 /Users/admin/builder/spi-builder-workspace/.dependencies/checkouts/UUSwiftCore/Library/Logging/UULogLevel.swift (in target 'UUSwiftCore' from project 'UUSwiftCore')
cd /Users/admin/builder/spi-builder-workspace/.swiftpm/xcode
builtin-SwiftPerFileCompile UULogLevel.swift
SwiftCompile normal arm64_32 /Users/admin/builder/spi-builder-workspace/.dependencies/checkouts/UUSwiftCore/Library/Logging/UULogWriter.swift (in target 'UUSwiftCore' from project 'UUSwiftCore')
cd /Users/admin/builder/spi-builder-workspace/.swiftpm/xcode
builtin-SwiftPerFileCompile UULogWriter.swift
SwiftCompile normal arm64_32 Compiling\ UULogger+Ext.swift,\ UULogger.swift,\ UUPrintLogWriter.swift,\ UUCryptoError.swift /Users/admin/builder/spi-builder-workspace/.dependencies/checkouts/UUSwiftCore/Library/Logging/UULogger+Ext.swift /Users/admin/builder/spi-builder-workspace/.dependencies/checkouts/UUSwiftCore/Library/Logging/UULogger.swift /Users/admin/builder/spi-builder-workspace/.dependencies/checkouts/UUSwiftCore/Library/Logging/UUPrintLogWriter.swift /Users/admin/builder/spi-builder-workspace/.dependencies/checkouts/UUSwiftCore/Library/Security/Errors/UUCryptoError.swift (in target 'UUSwiftCore' from project 'UUSwiftCore')
SwiftCompile normal arm64_32 /Users/admin/builder/spi-builder-workspace/.dependencies/checkouts/UUSwiftCore/Library/Logging/UULogger+Ext.swift (in target 'UUSwiftCore' from project 'UUSwiftCore')
cd /Users/admin/builder/spi-builder-workspace/.swiftpm/xcode
builtin-SwiftPerFileCompile UULogger+Ext.swift
SwiftCompile normal arm64_32 /Users/admin/builder/spi-builder-workspace/.dependencies/checkouts/UUSwiftCore/Library/Logging/UULogger.swift (in target 'UUSwiftCore' from project 'UUSwiftCore')
cd /Users/admin/builder/spi-builder-workspace/.swiftpm/xcode
builtin-SwiftPerFileCompile UULogger.swift
SwiftCompile normal arm64_32 /Users/admin/builder/spi-builder-workspace/.dependencies/checkouts/UUSwiftCore/Library/Logging/UUPrintLogWriter.swift (in target 'UUSwiftCore' from project 'UUSwiftCore')
cd /Users/admin/builder/spi-builder-workspace/.swiftpm/xcode
builtin-SwiftPerFileCompile UUPrintLogWriter.swift
SwiftCompile normal arm64_32 /Users/admin/builder/spi-builder-workspace/.dependencies/checkouts/UUSwiftCore/Library/Security/Errors/UUCryptoError.swift (in target 'UUSwiftCore' from project 'UUSwiftCore')
cd /Users/admin/builder/spi-builder-workspace/.swiftpm/xcode
builtin-SwiftPerFileCompile UUCryptoError.swift
SwiftEmitModule normal arm64 Emitting\ module\ for\ UUSwiftCore (in target 'UUSwiftCore' from project 'UUSwiftCore')
SwiftCompile normal arm64 (in target 'UUSwiftCore' from project 'UUSwiftCore')
cd /Users/admin/builder/spi-builder-workspace/.swiftpm/xcode
SwiftDriverJobDiscovery normal arm64_32 Emitting module for UUSwiftCore (in target 'UUSwiftCore' from project 'UUSwiftCore')
SwiftDriver\ Compilation\ Requirements UUSwiftCore normal arm64_32 com.apple.xcode.tools.swift.compiler (in target 'UUSwiftCore' from project 'UUSwiftCore')
cd /Users/admin/builder/spi-builder-workspace/.swiftpm/xcode
builtin-Swift-Compilation-Requirements -- /Applications/Xcode-27.0.0-Release.Candidate.app/Contents/Developer/Toolchains/XcodeDefault.xctoolchain/usr/bin/swiftc -parse-as-library -module-name UUSwiftCore -Onone @/Users/admin/builder/spi-builder-workspace/.derivedData/Build/Intermediates.noindex/UUSwiftCore.build/Debug-watchos/UUSwiftCore-t.build/Objects-normal/arm64_32/UUSwiftCore.SwiftFileList -DSWIFT_PACKAGE -DDEBUG -DSWIFT_MODULE_RESOURCE_BUNDLE_AVAILABLE -DXcode -plugin-path /Applications/Xcode-27.0.0-Release.Candidate.app/Contents/Developer/Toolchains/XcodeDefault.xctoolchain/usr/lib/swift/host/plugins/testing -enable-experimental-feature DebugDescriptionMacro -sdk /Applications/Xcode-27.0.0-Release.Candidate.app/Contents/Developer/Platforms/WatchOS.platform/Developer/SDKs/WatchOS27.0.sdk -target arm64_32-apple-watchos9.0 -g -module-cache-path /Users/admin/builder/spi-builder-workspace/.derivedData/ModuleCache.noindex -Xfrontend -serialize-debugging-options -enable-testing -suppress-warnings -index-store-path /Users/admin/builder/spi-builder-workspace/.derivedData/Index.noindex/DataStore -Xcc -D_LIBCPP_HARDENING_MODE\=_LIBCPP_HARDENING_MODE_DEBUG -swift-version 6 -I /Users/admin/builder/spi-builder-workspace/.derivedData/Build/Products/Debug-watchos -Isystem /Applications/Xcode-27.0.0-Release.Candidate.app/Contents/Developer/Platforms/WatchOS.platform/Developer/usr/lib -F /Users/admin/builder/spi-builder-workspace/.derivedData/Build/Products/Debug-watchos -F /Applications/Xcode-27.0.0-Release.Candidate.app/Contents/Developer/Platforms/WatchOS.platform/Developer/Library/Frameworks -F /Applications/Xcode-27.0.0-Release.Candidate.app/Contents/Developer/Platforms/WatchOS.platform/Developer/SDKs/WatchOS27.0.sdk/Developer/Library/Frameworks -c -j10 -enable-batch-mode -incremental -Xcc -ivfsstatcache -Xcc /Users/admin/builder/spi-builder-workspace/.derivedData/SDKStatCaches.noindex/watchos27.0-24R360-e829b21a6f8c9b70876ba0858053c04477534ef55a1706bf4c1112bbb242f0a2.sdkstatcache -output-file-map /Users/admin/builder/spi-builder-workspace/.derivedData/Build/Intermediates.noindex/UUSwiftCore.build/Debug-watchos/UUSwiftCore-t.build/Objects-normal/arm64_32/UUSwiftCore-OutputFileMap.json -save-temps -no-color-diagnostics -explicit-module-build -module-cache-path /Users/admin/builder/spi-builder-workspace/.derivedData/Build/Intermediates.noindex/SwiftExplicitPrecompiledModules -clang-scanner-module-cache-path /Users/admin/builder/spi-builder-workspace/.derivedData/ModuleCache.noindex -sdk-module-cache-path /Users/admin/builder/spi-builder-workspace/.derivedData/SDKExplicitPrecompiledModules -emit-dependencies -emit-module -emit-module-path /Users/admin/builder/spi-builder-workspace/.derivedData/Build/Intermediates.noindex/UUSwiftCore.build/Debug-watchos/UUSwiftCore-t.build/Objects-normal/arm64_32/UUSwiftCore.swiftmodule -serialize-diagnostics -dependency-scan-serialize-diagnostics-path /Users/admin/builder/spi-builder-workspace/.derivedData/Build/Intermediates.noindex/UUSwiftCore.build/Debug-watchos/UUSwiftCore-t.build/Objects-normal/arm64_32/UUSwiftCore-dependency-scan.dia -user-module-version 1.7.2 -validate-clang-modules-once -clang-build-session-file /Users/admin/builder/spi-builder-workspace/.derivedData/ModuleCache.noindex/Session.modulevalidation -Xcc -fmodules-prune-interval\=86400 -Xcc -fmodules-prune-after\=345600 -package-name uuswiftcore -emit-const-values -const-gather-protocols-list /Users/admin/builder/spi-builder-workspace/.derivedData/Build/Intermediates.noindex/UUSwiftCore.build/Debug-watchos/UUSwiftCore-t.build/Objects-normal/arm64_32/UUSwiftCore_const_extract_protocols.json -Xcc -I/Users/admin/builder/spi-builder-workspace/.derivedData/Build/Products/Debug-watchos/include -Xcc -I/Users/admin/builder/spi-builder-workspace/.derivedData/Build/Intermediates.noindex/UUSwiftCore.build/Debug-watchos/UUSwiftCore-t.build/DerivedSources-normal/arm64_32 -Xcc -I/Users/admin/builder/spi-builder-workspace/.derivedData/Build/Intermediates.noindex/UUSwiftCore.build/Debug-watchos/UUSwiftCore-t.build/DerivedSources/arm64_32 -Xcc -I/Users/admin/builder/spi-builder-workspace/.derivedData/Build/Intermediates.noindex/UUSwiftCore.build/Debug-watchos/UUSwiftCore-t.build/DerivedSources -Xcc -DSWIFT_PACKAGE -Xcc -DDEBUG\=1 -emit-objc-header -emit-objc-header-path /Users/admin/builder/spi-builder-workspace/.derivedData/Build/Intermediates.noindex/UUSwiftCore.build/Debug-watchos/UUSwiftCore-t.build/Objects-normal/arm64_32/UUSwiftCore-Swift.h -working-directory /Users/admin/builder/spi-builder-workspace/.swiftpm/xcode -experimental-emit-module-separately -disable-cmo
SwiftDriverJobDiscovery normal arm64_32 Compiling UUKeyStoreError.swift, UUKeychainError.swift, UUCrypto.swift, UUEncryptedKeychain.swift (in target 'UUSwiftCore' from project 'UUSwiftCore')
SwiftCompile normal arm64 Compiling\ UUBase64.swift,\ UUCollection.swift,\ UUColor.swift,\ UUComparable.swift /Users/admin/builder/spi-builder-workspace/.dependencies/checkouts/UUSwiftCore/Library/UUBase64.swift /Users/admin/builder/spi-builder-workspace/.dependencies/checkouts/UUSwiftCore/Library/UUCollection.swift /Users/admin/builder/spi-builder-workspace/.dependencies/checkouts/UUSwiftCore/Library/UUColor.swift /Users/admin/builder/spi-builder-workspace/.dependencies/checkouts/UUSwiftCore/Library/UUComparable.swift (in target 'UUSwiftCore' from project 'UUSwiftCore')
SwiftCompile normal arm64 /Users/admin/builder/spi-builder-workspace/.dependencies/checkouts/UUSwiftCore/Library/UUBase64.swift (in target 'UUSwiftCore' from project 'UUSwiftCore')
cd /Users/admin/builder/spi-builder-workspace/.swiftpm/xcode
builtin-SwiftPerFileCompile UUBase64.swift
SwiftCompile normal arm64 /Users/admin/builder/spi-builder-workspace/.dependencies/checkouts/UUSwiftCore/Library/UUCollection.swift (in target 'UUSwiftCore' from project 'UUSwiftCore')
cd /Users/admin/builder/spi-builder-workspace/.swiftpm/xcode
builtin-SwiftPerFileCompile UUCollection.swift
SwiftCompile normal arm64 /Users/admin/builder/spi-builder-workspace/.dependencies/checkouts/UUSwiftCore/Library/UUColor.swift (in target 'UUSwiftCore' from project 'UUSwiftCore')
cd /Users/admin/builder/spi-builder-workspace/.swiftpm/xcode
builtin-SwiftPerFileCompile UUColor.swift
SwiftCompile normal arm64 /Users/admin/builder/spi-builder-workspace/.dependencies/checkouts/UUSwiftCore/Library/UUComparable.swift (in target 'UUSwiftCore' from project 'UUSwiftCore')
cd /Users/admin/builder/spi-builder-workspace/.swiftpm/xcode
builtin-SwiftPerFileCompile UUComparable.swift
Copy /Users/admin/builder/spi-builder-workspace/.derivedData/Build/Products/Debug-watchos/UUSwiftCore.swiftmodule/arm64_32-apple-watchos.swiftmodule /Users/admin/builder/spi-builder-workspace/.derivedData/Build/Intermediates.noindex/UUSwiftCore.build/Debug-watchos/UUSwiftCore-t.build/Objects-normal/arm64_32/UUSwiftCore.swiftmodule (in target 'UUSwiftCore' from project 'UUSwiftCore')
cd /Users/admin/builder/spi-builder-workspace/.dependencies/checkouts/UUSwiftCore
builtin-copy -exclude .DS_Store -exclude CVS -exclude .svn -exclude .git -exclude .hg -resolve-src-symlinks -rename /Users/admin/builder/spi-builder-workspace/.derivedData/Build/Intermediates.noindex/UUSwiftCore.build/Debug-watchos/UUSwiftCore-t.build/Objects-normal/arm64_32/UUSwiftCore.swiftmodule /Users/admin/builder/spi-builder-workspace/.derivedData/Build/Products/Debug-watchos/UUSwiftCore.swiftmodule/arm64_32-apple-watchos.swiftmodule
SwiftDriverJobDiscovery normal arm64 Emitting module for UUSwiftCore (in target 'UUSwiftCore' from project 'UUSwiftCore')
SwiftDriver\ Compilation\ Requirements UUSwiftCore normal arm64 com.apple.xcode.tools.swift.compiler (in target 'UUSwiftCore' from project 'UUSwiftCore')
cd /Users/admin/builder/spi-builder-workspace/.swiftpm/xcode
builtin-Swift-Compilation-Requirements -- /Applications/Xcode-27.0.0-Release.Candidate.app/Contents/Developer/Toolchains/XcodeDefault.xctoolchain/usr/bin/swiftc -parse-as-library -module-name UUSwiftCore -Onone @/Users/admin/builder/spi-builder-workspace/.derivedData/Build/Intermediates.noindex/UUSwiftCore.build/Debug-watchos/UUSwiftCore-t.build/Objects-normal/arm64/UUSwiftCore.SwiftFileList -DSWIFT_PACKAGE -DDEBUG -DSWIFT_MODULE_RESOURCE_BUNDLE_AVAILABLE -DXcode -plugin-path /Applications/Xcode-27.0.0-Release.Candidate.app/Contents/Developer/Toolchains/XcodeDefault.xctoolchain/usr/lib/swift/host/plugins/testing -enable-experimental-feature DebugDescriptionMacro -sdk /Applications/Xcode-27.0.0-Release.Candidate.app/Contents/Developer/Platforms/WatchOS.platform/Developer/SDKs/WatchOS27.0.sdk -target arm64-apple-watchos9.0 -g -module-cache-path /Users/admin/builder/spi-builder-workspace/.derivedData/ModuleCache.noindex -Xfrontend -serialize-debugging-options -enable-testing -suppress-warnings -index-store-path /Users/admin/builder/spi-builder-workspace/.derivedData/Index.noindex/DataStore -Xcc -D_LIBCPP_HARDENING_MODE\=_LIBCPP_HARDENING_MODE_DEBUG -swift-version 6 -I /Users/admin/builder/spi-builder-workspace/.derivedData/Build/Products/Debug-watchos -Isystem /Applications/Xcode-27.0.0-Release.Candidate.app/Contents/Developer/Platforms/WatchOS.platform/Developer/usr/lib -F /Users/admin/builder/spi-builder-workspace/.derivedData/Build/Products/Debug-watchos -F /Applications/Xcode-27.0.0-Release.Candidate.app/Contents/Developer/Platforms/WatchOS.platform/Developer/Library/Frameworks -F /Applications/Xcode-27.0.0-Release.Candidate.app/Contents/Developer/Platforms/WatchOS.platform/Developer/SDKs/WatchOS27.0.sdk/Developer/Library/Frameworks -c -j10 -enable-batch-mode -incremental -Xcc -ivfsstatcache -Xcc /Users/admin/builder/spi-builder-workspace/.derivedData/SDKStatCaches.noindex/watchos27.0-24R360-e829b21a6f8c9b70876ba0858053c04477534ef55a1706bf4c1112bbb242f0a2.sdkstatcache -output-file-map /Users/admin/builder/spi-builder-workspace/.derivedData/Build/Intermediates.noindex/UUSwiftCore.build/Debug-watchos/UUSwiftCore-t.build/Objects-normal/arm64/UUSwiftCore-OutputFileMap.json -save-temps -no-color-diagnostics -explicit-module-build -module-cache-path /Users/admin/builder/spi-builder-workspace/.derivedData/Build/Intermediates.noindex/SwiftExplicitPrecompiledModules -clang-scanner-module-cache-path /Users/admin/builder/spi-builder-workspace/.derivedData/ModuleCache.noindex -sdk-module-cache-path /Users/admin/builder/spi-builder-workspace/.derivedData/SDKExplicitPrecompiledModules -emit-dependencies -emit-module -emit-module-path /Users/admin/builder/spi-builder-workspace/.derivedData/Build/Intermediates.noindex/UUSwiftCore.build/Debug-watchos/UUSwiftCore-t.build/Objects-normal/arm64/UUSwiftCore.swiftmodule -serialize-diagnostics -dependency-scan-serialize-diagnostics-path /Users/admin/builder/spi-builder-workspace/.derivedData/Build/Intermediates.noindex/UUSwiftCore.build/Debug-watchos/UUSwiftCore-t.build/Objects-normal/arm64/UUSwiftCore-dependency-scan.dia -user-module-version 1.7.2 -validate-clang-modules-once -clang-build-session-file /Users/admin/builder/spi-builder-workspace/.derivedData/ModuleCache.noindex/Session.modulevalidation -Xcc -fmodules-prune-interval\=86400 -Xcc -fmodules-prune-after\=345600 -package-name uuswiftcore -emit-const-values -const-gather-protocols-list /Users/admin/builder/spi-builder-workspace/.derivedData/Build/Intermediates.noindex/UUSwiftCore.build/Debug-watchos/UUSwiftCore-t.build/Objects-normal/arm64/UUSwiftCore_const_extract_protocols.json -Xcc -I/Users/admin/builder/spi-builder-workspace/.derivedData/Build/Products/Debug-watchos/include -Xcc -I/Users/admin/builder/spi-builder-workspace/.derivedData/Build/Intermediates.noindex/UUSwiftCore.build/Debug-watchos/UUSwiftCore-t.build/DerivedSources-normal/arm64 -Xcc -I/Users/admin/builder/spi-builder-workspace/.derivedData/Build/Intermediates.noindex/UUSwiftCore.build/Debug-watchos/UUSwiftCore-t.build/DerivedSources/arm64 -Xcc -I/Users/admin/builder/spi-builder-workspace/.derivedData/Build/Intermediates.noindex/UUSwiftCore.build/Debug-watchos/UUSwiftCore-t.build/DerivedSources -Xcc -DSWIFT_PACKAGE -Xcc -DDEBUG\=1 -emit-objc-header -emit-objc-header-path /Users/admin/builder/spi-builder-workspace/.derivedData/Build/Intermediates.noindex/UUSwiftCore.build/Debug-watchos/UUSwiftCore-t.build/Objects-normal/arm64/UUSwiftCore-Swift.h -working-directory /Users/admin/builder/spi-builder-workspace/.swiftpm/xcode -experimental-emit-module-separately -disable-cmo
Copy /Users/admin/builder/spi-builder-workspace/.derivedData/Build/Products/Debug-watchos/UUSwiftCore.swiftmodule/arm64_32-apple-watchos.swiftdoc /Users/admin/builder/spi-builder-workspace/.derivedData/Build/Intermediates.noindex/UUSwiftCore.build/Debug-watchos/UUSwiftCore-t.build/Objects-normal/arm64_32/UUSwiftCore.swiftdoc (in target 'UUSwiftCore' from project 'UUSwiftCore')
cd /Users/admin/builder/spi-builder-workspace/.dependencies/checkouts/UUSwiftCore
builtin-copy -exclude .DS_Store -exclude CVS -exclude .svn -exclude .git -exclude .hg -resolve-src-symlinks -rename /Users/admin/builder/spi-builder-workspace/.derivedData/Build/Intermediates.noindex/UUSwiftCore.build/Debug-watchos/UUSwiftCore-t.build/Objects-normal/arm64_32/UUSwiftCore.swiftdoc /Users/admin/builder/spi-builder-workspace/.derivedData/Build/Products/Debug-watchos/UUSwiftCore.swiftmodule/arm64_32-apple-watchos.swiftdoc
SwiftMergeGeneratedHeaders /Users/admin/builder/spi-builder-workspace/.derivedData/Build/Intermediates.noindex/GeneratedModuleMaps-watchos/UUSwiftCore-Swift.h /Users/admin/builder/spi-builder-workspace/.derivedData/Build/Intermediates.noindex/UUSwiftCore.build/Debug-watchos/UUSwiftCore-t.build/Objects-normal/arm64/UUSwiftCore-Swift.h /Users/admin/builder/spi-builder-workspace/.derivedData/Build/Intermediates.noindex/UUSwiftCore.build/Debug-watchos/UUSwiftCore-t.build/Objects-normal/arm64_32/UUSwiftCore-Swift.h (in target 'UUSwiftCore' from project 'UUSwiftCore')
cd /Users/admin/builder/spi-builder-workspace/.dependencies/checkouts/UUSwiftCore
builtin-swiftHeaderTool -arch arm64 /Users/admin/builder/spi-builder-workspace/.derivedData/Build/Intermediates.noindex/UUSwiftCore.build/Debug-watchos/UUSwiftCore-t.build/Objects-normal/arm64/UUSwiftCore-Swift.h -arch arm64_32 /Users/admin/builder/spi-builder-workspace/.derivedData/Build/Intermediates.noindex/UUSwiftCore.build/Debug-watchos/UUSwiftCore-t.build/Objects-normal/arm64_32/UUSwiftCore-Swift.h -o /Users/admin/builder/spi-builder-workspace/.derivedData/Build/Intermediates.noindex/GeneratedModuleMaps-watchos/UUSwiftCore-Swift.h
Copy /Users/admin/builder/spi-builder-workspace/.derivedData/Build/Products/Debug-watchos/UUSwiftCore.swiftmodule/arm64_32-apple-watchos.abi.json /Users/admin/builder/spi-builder-workspace/.derivedData/Build/Intermediates.noindex/UUSwiftCore.build/Debug-watchos/UUSwiftCore-t.build/Objects-normal/arm64_32/UUSwiftCore.abi.json (in target 'UUSwiftCore' from project 'UUSwiftCore')
cd /Users/admin/builder/spi-builder-workspace/.dependencies/checkouts/UUSwiftCore
builtin-copy -exclude .DS_Store -exclude CVS -exclude .svn -exclude .git -exclude .hg -resolve-src-symlinks -rename /Users/admin/builder/spi-builder-workspace/.derivedData/Build/Intermediates.noindex/UUSwiftCore.build/Debug-watchos/UUSwiftCore-t.build/Objects-normal/arm64_32/UUSwiftCore.abi.json /Users/admin/builder/spi-builder-workspace/.derivedData/Build/Products/Debug-watchos/UUSwiftCore.swiftmodule/arm64_32-apple-watchos.abi.json
Copy /Users/admin/builder/spi-builder-workspace/.derivedData/Build/Products/Debug-watchos/UUSwiftCore.swiftmodule/arm64-apple-watchos.swiftmodule /Users/admin/builder/spi-builder-workspace/.derivedData/Build/Intermediates.noindex/UUSwiftCore.build/Debug-watchos/UUSwiftCore-t.build/Objects-normal/arm64/UUSwiftCore.swiftmodule (in target 'UUSwiftCore' from project 'UUSwiftCore')
cd /Users/admin/builder/spi-builder-workspace/.dependencies/checkouts/UUSwiftCore
builtin-copy -exclude .DS_Store -exclude CVS -exclude .svn -exclude .git -exclude .hg -resolve-src-symlinks -rename /Users/admin/builder/spi-builder-workspace/.derivedData/Build/Intermediates.noindex/UUSwiftCore.build/Debug-watchos/UUSwiftCore-t.build/Objects-normal/arm64/UUSwiftCore.swiftmodule /Users/admin/builder/spi-builder-workspace/.derivedData/Build/Products/Debug-watchos/UUSwiftCore.swiftmodule/arm64-apple-watchos.swiftmodule
Copy /Users/admin/builder/spi-builder-workspace/.derivedData/Build/Products/Debug-watchos/UUSwiftCore.swiftmodule/arm64-apple-watchos.swiftdoc /Users/admin/builder/spi-builder-workspace/.derivedData/Build/Intermediates.noindex/UUSwiftCore.build/Debug-watchos/UUSwiftCore-t.build/Objects-normal/arm64/UUSwiftCore.swiftdoc (in target 'UUSwiftCore' from project 'UUSwiftCore')
cd /Users/admin/builder/spi-builder-workspace/.dependencies/checkouts/UUSwiftCore
builtin-copy -exclude .DS_Store -exclude CVS -exclude .svn -exclude .git -exclude .hg -resolve-src-symlinks -rename /Users/admin/builder/spi-builder-workspace/.derivedData/Build/Intermediates.noindex/UUSwiftCore.build/Debug-watchos/UUSwiftCore-t.build/Objects-normal/arm64/UUSwiftCore.swiftdoc /Users/admin/builder/spi-builder-workspace/.derivedData/Build/Products/Debug-watchos/UUSwiftCore.swiftmodule/arm64-apple-watchos.swiftdoc
Copy /Users/admin/builder/spi-builder-workspace/.derivedData/Build/Products/Debug-watchos/UUSwiftCore.swiftmodule/arm64-apple-watchos.abi.json /Users/admin/builder/spi-builder-workspace/.derivedData/Build/Intermediates.noindex/UUSwiftCore.build/Debug-watchos/UUSwiftCore-t.build/Objects-normal/arm64/UUSwiftCore.abi.json (in target 'UUSwiftCore' from project 'UUSwiftCore')
cd /Users/admin/builder/spi-builder-workspace/.dependencies/checkouts/UUSwiftCore
builtin-copy -exclude .DS_Store -exclude CVS -exclude .svn -exclude .git -exclude .hg -resolve-src-symlinks -rename /Users/admin/builder/spi-builder-workspace/.derivedData/Build/Intermediates.noindex/UUSwiftCore.build/Debug-watchos/UUSwiftCore-t.build/Objects-normal/arm64/UUSwiftCore.abi.json /Users/admin/builder/spi-builder-workspace/.derivedData/Build/Products/Debug-watchos/UUSwiftCore.swiftmodule/arm64-apple-watchos.abi.json
Copy /Users/admin/builder/spi-builder-workspace/.derivedData/Build/Products/Debug-watchos/UUSwiftCore.swiftmodule/Project/arm64_32-apple-watchos.swiftsourceinfo /Users/admin/builder/spi-builder-workspace/.derivedData/Build/Intermediates.noindex/UUSwiftCore.build/Debug-watchos/UUSwiftCore-t.build/Objects-normal/arm64_32/UUSwiftCore.swiftsourceinfo (in target 'UUSwiftCore' from project 'UUSwiftCore')
cd /Users/admin/builder/spi-builder-workspace/.dependencies/checkouts/UUSwiftCore
builtin-copy -exclude .DS_Store -exclude CVS -exclude .svn -exclude .git -exclude .hg -resolve-src-symlinks -rename /Users/admin/builder/spi-builder-workspace/.derivedData/Build/Intermediates.noindex/UUSwiftCore.build/Debug-watchos/UUSwiftCore-t.build/Objects-normal/arm64_32/UUSwiftCore.swiftsourceinfo /Users/admin/builder/spi-builder-workspace/.derivedData/Build/Products/Debug-watchos/UUSwiftCore.swiftmodule/Project/arm64_32-apple-watchos.swiftsourceinfo
Copy /Users/admin/builder/spi-builder-workspace/.derivedData/Build/Products/Debug-watchos/UUSwiftCore.swiftmodule/Project/arm64-apple-watchos.swiftsourceinfo /Users/admin/builder/spi-builder-workspace/.derivedData/Build/Intermediates.noindex/UUSwiftCore.build/Debug-watchos/UUSwiftCore-t.build/Objects-normal/arm64/UUSwiftCore.swiftsourceinfo (in target 'UUSwiftCore' from project 'UUSwiftCore')
cd /Users/admin/builder/spi-builder-workspace/.dependencies/checkouts/UUSwiftCore
builtin-copy -exclude .DS_Store -exclude CVS -exclude .svn -exclude .git -exclude .hg -resolve-src-symlinks -rename /Users/admin/builder/spi-builder-workspace/.derivedData/Build/Intermediates.noindex/UUSwiftCore.build/Debug-watchos/UUSwiftCore-t.build/Objects-normal/arm64/UUSwiftCore.swiftsourceinfo /Users/admin/builder/spi-builder-workspace/.derivedData/Build/Products/Debug-watchos/UUSwiftCore.swiftmodule/Project/arm64-apple-watchos.swiftsourceinfo
SwiftCompile normal arm64 Compiling\ UUCompression.swift,\ UUCoreData.swift,\ UUData.swift,\ UUDataCache.swift /Users/admin/builder/spi-builder-workspace/.dependencies/checkouts/UUSwiftCore/Library/UUCompression.swift /Users/admin/builder/spi-builder-workspace/.dependencies/checkouts/UUSwiftCore/Library/UUCoreData.swift /Users/admin/builder/spi-builder-workspace/.dependencies/checkouts/UUSwiftCore/Library/UUData.swift /Users/admin/builder/spi-builder-workspace/.dependencies/checkouts/UUSwiftCore/Library/UUDataCache.swift (in target 'UUSwiftCore' from project 'UUSwiftCore')
SwiftCompile normal arm64 /Users/admin/builder/spi-builder-workspace/.dependencies/checkouts/UUSwiftCore/Library/UUCompression.swift (in target 'UUSwiftCore' from project 'UUSwiftCore')
cd /Users/admin/builder/spi-builder-workspace/.swiftpm/xcode
builtin-SwiftPerFileCompile UUCompression.swift
SwiftCompile normal arm64 /Users/admin/builder/spi-builder-workspace/.dependencies/checkouts/UUSwiftCore/Library/UUCoreData.swift (in target 'UUSwiftCore' from project 'UUSwiftCore')
cd /Users/admin/builder/spi-builder-workspace/.swiftpm/xcode
builtin-SwiftPerFileCompile UUCoreData.swift
SwiftCompile normal arm64 /Users/admin/builder/spi-builder-workspace/.dependencies/checkouts/UUSwiftCore/Library/UUData.swift (in target 'UUSwiftCore' from project 'UUSwiftCore')
cd /Users/admin/builder/spi-builder-workspace/.swiftpm/xcode
builtin-SwiftPerFileCompile UUData.swift
SwiftCompile normal arm64 /Users/admin/builder/spi-builder-workspace/.dependencies/checkouts/UUSwiftCore/Library/UUDataCache.swift (in target 'UUSwiftCore' from project 'UUSwiftCore')
cd /Users/admin/builder/spi-builder-workspace/.swiftpm/xcode
builtin-SwiftPerFileCompile UUDataCache.swift
SwiftCompile normal arm64 Compiling\ UULogger+Ext.swift,\ UULogger.swift,\ UUPrintLogWriter.swift,\ UUCryptoError.swift /Users/admin/builder/spi-builder-workspace/.dependencies/checkouts/UUSwiftCore/Library/Logging/UULogger+Ext.swift /Users/admin/builder/spi-builder-workspace/.dependencies/checkouts/UUSwiftCore/Library/Logging/UULogger.swift /Users/admin/builder/spi-builder-workspace/.dependencies/checkouts/UUSwiftCore/Library/Logging/UUPrintLogWriter.swift /Users/admin/builder/spi-builder-workspace/.dependencies/checkouts/UUSwiftCore/Library/Security/Errors/UUCryptoError.swift (in target 'UUSwiftCore' from project 'UUSwiftCore')
SwiftCompile normal arm64 /Users/admin/builder/spi-builder-workspace/.dependencies/checkouts/UUSwiftCore/Library/Logging/UULogger+Ext.swift (in target 'UUSwiftCore' from project 'UUSwiftCore')
cd /Users/admin/builder/spi-builder-workspace/.swiftpm/xcode
builtin-SwiftPerFileCompile UULogger+Ext.swift
SwiftCompile normal arm64 /Users/admin/builder/spi-builder-workspace/.dependencies/checkouts/UUSwiftCore/Library/Logging/UULogger.swift (in target 'UUSwiftCore' from project 'UUSwiftCore')
cd /Users/admin/builder/spi-builder-workspace/.swiftpm/xcode
builtin-SwiftPerFileCompile UULogger.swift
SwiftCompile normal arm64 /Users/admin/builder/spi-builder-workspace/.dependencies/checkouts/UUSwiftCore/Library/Logging/UUPrintLogWriter.swift (in target 'UUSwiftCore' from project 'UUSwiftCore')
cd /Users/admin/builder/spi-builder-workspace/.swiftpm/xcode
builtin-SwiftPerFileCompile UUPrintLogWriter.swift
SwiftCompile normal arm64 /Users/admin/builder/spi-builder-workspace/.dependencies/checkouts/UUSwiftCore/Library/Security/Errors/UUCryptoError.swift (in target 'UUSwiftCore' from project 'UUSwiftCore')
cd /Users/admin/builder/spi-builder-workspace/.swiftpm/xcode
builtin-SwiftPerFileCompile UUCryptoError.swift
SwiftDriverJobDiscovery normal arm64_32 Compiling UULogger+Ext.swift, UULogger.swift, UUPrintLogWriter.swift, UUCryptoError.swift (in target 'UUSwiftCore' from project 'UUSwiftCore')
SwiftCompile normal arm64 Compiling\ UURandom.swift,\ UUResult.swift,\ UUString.swift,\ UUSwiftCore.swift /Users/admin/builder/spi-builder-workspace/.dependencies/checkouts/UUSwiftCore/Library/UURandom.swift /Users/admin/builder/spi-builder-workspace/.dependencies/checkouts/UUSwiftCore/Library/UUResult.swift /Users/admin/builder/spi-builder-workspace/.dependencies/checkouts/UUSwiftCore/Library/UUString.swift /Users/admin/builder/spi-builder-workspace/.dependencies/checkouts/UUSwiftCore/Library/UUSwiftCore.swift (in target 'UUSwiftCore' from project 'UUSwiftCore')
SwiftCompile normal arm64 /Users/admin/builder/spi-builder-workspace/.dependencies/checkouts/UUSwiftCore/Library/UURandom.swift (in target 'UUSwiftCore' from project 'UUSwiftCore')
cd /Users/admin/builder/spi-builder-workspace/.swiftpm/xcode
builtin-SwiftPerFileCompile UURandom.swift
SwiftCompile normal arm64 /Users/admin/builder/spi-builder-workspace/.dependencies/checkouts/UUSwiftCore/Library/UUResult.swift (in target 'UUSwiftCore' from project 'UUSwiftCore')
cd /Users/admin/builder/spi-builder-workspace/.swiftpm/xcode
builtin-SwiftPerFileCompile UUResult.swift
SwiftCompile normal arm64 /Users/admin/builder/spi-builder-workspace/.dependencies/checkouts/UUSwiftCore/Library/UUString.swift (in target 'UUSwiftCore' from project 'UUSwiftCore')
cd /Users/admin/builder/spi-builder-workspace/.swiftpm/xcode
builtin-SwiftPerFileCompile UUString.swift
SwiftCompile normal arm64 /Users/admin/builder/spi-builder-workspace/.dependencies/checkouts/UUSwiftCore/Library/UUSwiftCore.swift (in target 'UUSwiftCore' from project 'UUSwiftCore')
cd /Users/admin/builder/spi-builder-workspace/.swiftpm/xcode
builtin-SwiftPerFileCompile UUSwiftCore.swift
SwiftCompile normal arm64 Compiling\ UUKeyStore.swift,\ UUKeychain.swift,\ UUSecurity.swift,\ UUArray.swift /Users/admin/builder/spi-builder-workspace/.dependencies/checkouts/UUSwiftCore/Library/Security/UUKeyStore.swift /Users/admin/builder/spi-builder-workspace/.dependencies/checkouts/UUSwiftCore/Library/Security/UUKeychain.swift /Users/admin/builder/spi-builder-workspace/.dependencies/checkouts/UUSwiftCore/Library/Security/UUSecurity.swift /Users/admin/builder/spi-builder-workspace/.dependencies/checkouts/UUSwiftCore/Library/UUArray.swift (in target 'UUSwiftCore' from project 'UUSwiftCore')
SwiftCompile normal arm64 /Users/admin/builder/spi-builder-workspace/.dependencies/checkouts/UUSwiftCore/Library/Security/UUKeyStore.swift (in target 'UUSwiftCore' from project 'UUSwiftCore')
cd /Users/admin/builder/spi-builder-workspace/.swiftpm/xcode
builtin-SwiftPerFileCompile UUKeyStore.swift
SwiftCompile normal arm64 /Users/admin/builder/spi-builder-workspace/.dependencies/checkouts/UUSwiftCore/Library/Security/UUKeychain.swift (in target 'UUSwiftCore' from project 'UUSwiftCore')
cd /Users/admin/builder/spi-builder-workspace/.swiftpm/xcode
builtin-SwiftPerFileCompile UUKeychain.swift
SwiftCompile normal arm64 /Users/admin/builder/spi-builder-workspace/.dependencies/checkouts/UUSwiftCore/Library/Security/UUSecurity.swift (in target 'UUSwiftCore' from project 'UUSwiftCore')
cd /Users/admin/builder/spi-builder-workspace/.swiftpm/xcode
builtin-SwiftPerFileCompile UUSecurity.swift
SwiftCompile normal arm64 /Users/admin/builder/spi-builder-workspace/.dependencies/checkouts/UUSwiftCore/Library/UUArray.swift (in target 'UUSwiftCore' from project 'UUSwiftCore')
cd /Users/admin/builder/spi-builder-workspace/.swiftpm/xcode
builtin-SwiftPerFileCompile UUArray.swift
SwiftCompile normal arm64 Compiling\ UUKeyStoreError.swift,\ UUKeychainError.swift,\ UUCrypto.swift,\ UUEncryptedKeychain.swift /Users/admin/builder/spi-builder-workspace/.dependencies/checkouts/UUSwiftCore/Library/Security/Errors/UUKeyStoreError.swift /Users/admin/builder/spi-builder-workspace/.dependencies/checkouts/UUSwiftCore/Library/Security/Errors/UUKeychainError.swift /Users/admin/builder/spi-builder-workspace/.dependencies/checkouts/UUSwiftCore/Library/Security/UUCrypto.swift /Users/admin/builder/spi-builder-workspace/.dependencies/checkouts/UUSwiftCore/Library/Security/UUEncryptedKeychain.swift (in target 'UUSwiftCore' from project 'UUSwiftCore')
SwiftCompile normal arm64 /Users/admin/builder/spi-builder-workspace/.dependencies/checkouts/UUSwiftCore/Library/Security/Errors/UUKeyStoreError.swift (in target 'UUSwiftCore' from project 'UUSwiftCore')
cd /Users/admin/builder/spi-builder-workspace/.swiftpm/xcode
builtin-SwiftPerFileCompile UUKeyStoreError.swift
SwiftCompile normal arm64 /Users/admin/builder/spi-builder-workspace/.dependencies/checkouts/UUSwiftCore/Library/Security/Errors/UUKeychainError.swift (in target 'UUSwiftCore' from project 'UUSwiftCore')
cd /Users/admin/builder/spi-builder-workspace/.swiftpm/xcode
builtin-SwiftPerFileCompile UUKeychainError.swift
SwiftCompile normal arm64 /Users/admin/builder/spi-builder-workspace/.dependencies/checkouts/UUSwiftCore/Library/Security/UUCrypto.swift (in target 'UUSwiftCore' from project 'UUSwiftCore')
cd /Users/admin/builder/spi-builder-workspace/.swiftpm/xcode
builtin-SwiftPerFileCompile UUCrypto.swift
SwiftCompile normal arm64 /Users/admin/builder/spi-builder-workspace/.dependencies/checkouts/UUSwiftCore/Library/Security/UUEncryptedKeychain.swift (in target 'UUSwiftCore' from project 'UUSwiftCore')
cd /Users/admin/builder/spi-builder-workspace/.swiftpm/xcode
builtin-SwiftPerFileCompile UUEncryptedKeychain.swift
SwiftDriverJobDiscovery normal arm64_32 Compiling UULocalization.swift, UUNumber.swift, UUObject.swift, UUObjectFactory.swift (in target 'UUSwiftCore' from project 'UUSwiftCore')
SwiftDriverJobDiscovery normal arm64_32 Compiling resource_bundle_accessor.swift, UUConsoleLogWriter.swift, UULog.swift, UULogLevel.swift, UULogWriter.swift (in target 'UUSwiftCore' from project 'UUSwiftCore')
SwiftDriverJobDiscovery normal arm64_32 Compiling UUTimeMeasurement.swift, UUTimer.swift, UUTypeAliases.swift, UUURL.swift (in target 'UUSwiftCore' from project 'UUSwiftCore')
SwiftDriverJobDiscovery normal arm64_32 Compiling UUDate.swift, UUDictionary.swift, UUJson.swift, UUJsonWebToken.swift (in target 'UUSwiftCore' from project 'UUSwiftCore')
SwiftCompile normal arm64 Compiling\ UUTimeMeasurement.swift,\ UUTimer.swift,\ UUTypeAliases.swift,\ UUURL.swift /Users/admin/builder/spi-builder-workspace/.dependencies/checkouts/UUSwiftCore/Library/UUTimeMeasurement.swift /Users/admin/builder/spi-builder-workspace/.dependencies/checkouts/UUSwiftCore/Library/UUTimer.swift /Users/admin/builder/spi-builder-workspace/.dependencies/checkouts/UUSwiftCore/Library/UUTypeAliases.swift /Users/admin/builder/spi-builder-workspace/.dependencies/checkouts/UUSwiftCore/Library/UUURL.swift (in target 'UUSwiftCore' from project 'UUSwiftCore')
SwiftCompile normal arm64 /Users/admin/builder/spi-builder-workspace/.dependencies/checkouts/UUSwiftCore/Library/UUTimeMeasurement.swift (in target 'UUSwiftCore' from project 'UUSwiftCore')
cd /Users/admin/builder/spi-builder-workspace/.swiftpm/xcode
builtin-SwiftPerFileCompile UUTimeMeasurement.swift
SwiftCompile normal arm64 /Users/admin/builder/spi-builder-workspace/.dependencies/checkouts/UUSwiftCore/Library/UUTimer.swift (in target 'UUSwiftCore' from project 'UUSwiftCore')
cd /Users/admin/builder/spi-builder-workspace/.swiftpm/xcode
builtin-SwiftPerFileCompile UUTimer.swift
SwiftCompile normal arm64 /Users/admin/builder/spi-builder-workspace/.dependencies/checkouts/UUSwiftCore/Library/UUTypeAliases.swift (in target 'UUSwiftCore' from project 'UUSwiftCore')
cd /Users/admin/builder/spi-builder-workspace/.swiftpm/xcode
builtin-SwiftPerFileCompile UUTypeAliases.swift
SwiftCompile normal arm64 /Users/admin/builder/spi-builder-workspace/.dependencies/checkouts/UUSwiftCore/Library/UUURL.swift (in target 'UUSwiftCore' from project 'UUSwiftCore')
cd /Users/admin/builder/spi-builder-workspace/.swiftpm/xcode
builtin-SwiftPerFileCompile UUURL.swift
SwiftDriverJobDiscovery normal arm64_32 Compiling UURandom.swift, UUResult.swift, UUString.swift, UUSwiftCore.swift (in target 'UUSwiftCore' from project 'UUSwiftCore')
SwiftCompile normal arm64 Compiling\ UUDate.swift,\ UUDictionary.swift,\ UUJson.swift,\ UUJsonWebToken.swift /Users/admin/builder/spi-builder-workspace/.dependencies/checkouts/UUSwiftCore/Library/UUDate.swift /Users/admin/builder/spi-builder-workspace/.dependencies/checkouts/UUSwiftCore/Library/UUDictionary.swift /Users/admin/builder/spi-builder-workspace/.dependencies/checkouts/UUSwiftCore/Library/UUJson.swift /Users/admin/builder/spi-builder-workspace/.dependencies/checkouts/UUSwiftCore/Library/UUJsonWebToken.swift (in target 'UUSwiftCore' from project 'UUSwiftCore')
SwiftCompile normal arm64 /Users/admin/builder/spi-builder-workspace/.dependencies/checkouts/UUSwiftCore/Library/UUDate.swift (in target 'UUSwiftCore' from project 'UUSwiftCore')
cd /Users/admin/builder/spi-builder-workspace/.swiftpm/xcode
builtin-SwiftPerFileCompile UUDate.swift
SwiftCompile normal arm64 /Users/admin/builder/spi-builder-workspace/.dependencies/checkouts/UUSwiftCore/Library/UUDictionary.swift (in target 'UUSwiftCore' from project 'UUSwiftCore')
cd /Users/admin/builder/spi-builder-workspace/.swiftpm/xcode
builtin-SwiftPerFileCompile UUDictionary.swift
SwiftCompile normal arm64 /Users/admin/builder/spi-builder-workspace/.dependencies/checkouts/UUSwiftCore/Library/UUJson.swift (in target 'UUSwiftCore' from project 'UUSwiftCore')
cd /Users/admin/builder/spi-builder-workspace/.swiftpm/xcode
builtin-SwiftPerFileCompile UUJson.swift
SwiftCompile normal arm64 /Users/admin/builder/spi-builder-workspace/.dependencies/checkouts/UUSwiftCore/Library/UUJsonWebToken.swift (in target 'UUSwiftCore' from project 'UUSwiftCore')
cd /Users/admin/builder/spi-builder-workspace/.swiftpm/xcode
builtin-SwiftPerFileCompile UUJsonWebToken.swift
SwiftDriverJobDiscovery normal arm64 Compiling UUKeyStoreError.swift, UUKeychainError.swift, UUCrypto.swift, UUEncryptedKeychain.swift (in target 'UUSwiftCore' from project 'UUSwiftCore')
SwiftCompile normal arm64 Compiling\ UULocalization.swift,\ UUNumber.swift,\ UUObject.swift,\ UUObjectFactory.swift /Users/admin/builder/spi-builder-workspace/.dependencies/checkouts/UUSwiftCore/Library/UULocalization.swift /Users/admin/builder/spi-builder-workspace/.dependencies/checkouts/UUSwiftCore/Library/UUNumber.swift /Users/admin/builder/spi-builder-workspace/.dependencies/checkouts/UUSwiftCore/Library/UUObject.swift /Users/admin/builder/spi-builder-workspace/.dependencies/checkouts/UUSwiftCore/Library/UUObjectFactory.swift (in target 'UUSwiftCore' from project 'UUSwiftCore')
SwiftCompile normal arm64 /Users/admin/builder/spi-builder-workspace/.dependencies/checkouts/UUSwiftCore/Library/UULocalization.swift (in target 'UUSwiftCore' from project 'UUSwiftCore')
cd /Users/admin/builder/spi-builder-workspace/.swiftpm/xcode
builtin-SwiftPerFileCompile UULocalization.swift
SwiftCompile normal arm64 /Users/admin/builder/spi-builder-workspace/.dependencies/checkouts/UUSwiftCore/Library/UUNumber.swift (in target 'UUSwiftCore' from project 'UUSwiftCore')
cd /Users/admin/builder/spi-builder-workspace/.swiftpm/xcode
builtin-SwiftPerFileCompile UUNumber.swift
SwiftCompile normal arm64 /Users/admin/builder/spi-builder-workspace/.dependencies/checkouts/UUSwiftCore/Library/UUObject.swift (in target 'UUSwiftCore' from project 'UUSwiftCore')
cd /Users/admin/builder/spi-builder-workspace/.swiftpm/xcode
builtin-SwiftPerFileCompile UUObject.swift
SwiftCompile normal arm64 /Users/admin/builder/spi-builder-workspace/.dependencies/checkouts/UUSwiftCore/Library/UUObjectFactory.swift (in target 'UUSwiftCore' from project 'UUSwiftCore')
cd /Users/admin/builder/spi-builder-workspace/.swiftpm/xcode
builtin-SwiftPerFileCompile UUObjectFactory.swift
SwiftCompile normal arm64 Compiling\ resource_bundle_accessor.swift,\ UUConsoleLogWriter.swift,\ UULog.swift,\ UULogLevel.swift,\ UULogWriter.swift /Users/admin/builder/spi-builder-workspace/.derivedData/Build/Intermediates.noindex/UUSwiftCore.build/Debug-watchos/UUSwiftCore-t.build/DerivedSources/resource_bundle_accessor.swift /Users/admin/builder/spi-builder-workspace/.dependencies/checkouts/UUSwiftCore/Library/Logging/UUConsoleLogWriter.swift /Users/admin/builder/spi-builder-workspace/.dependencies/checkouts/UUSwiftCore/Library/Logging/UULog.swift /Users/admin/builder/spi-builder-workspace/.dependencies/checkouts/UUSwiftCore/Library/Logging/UULogLevel.swift /Users/admin/builder/spi-builder-workspace/.dependencies/checkouts/UUSwiftCore/Library/Logging/UULogWriter.swift (in target 'UUSwiftCore' from project 'UUSwiftCore')
SwiftCompile normal arm64 /Users/admin/builder/spi-builder-workspace/.derivedData/Build/Intermediates.noindex/UUSwiftCore.build/Debug-watchos/UUSwiftCore-t.build/DerivedSources/resource_bundle_accessor.swift (in target 'UUSwiftCore' from project 'UUSwiftCore')
cd /Users/admin/builder/spi-builder-workspace/.swiftpm/xcode
builtin-SwiftPerFileCompile resource_bundle_accessor.swift
SwiftCompile normal arm64 /Users/admin/builder/spi-builder-workspace/.dependencies/checkouts/UUSwiftCore/Library/Logging/UUConsoleLogWriter.swift (in target 'UUSwiftCore' from project 'UUSwiftCore')
cd /Users/admin/builder/spi-builder-workspace/.swiftpm/xcode
builtin-SwiftPerFileCompile UUConsoleLogWriter.swift
SwiftCompile normal arm64 /Users/admin/builder/spi-builder-workspace/.dependencies/checkouts/UUSwiftCore/Library/Logging/UULog.swift (in target 'UUSwiftCore' from project 'UUSwiftCore')
cd /Users/admin/builder/spi-builder-workspace/.swiftpm/xcode
builtin-SwiftPerFileCompile UULog.swift
SwiftCompile normal arm64 /Users/admin/builder/spi-builder-workspace/.dependencies/checkouts/UUSwiftCore/Library/Logging/UULogLevel.swift (in target 'UUSwiftCore' from project 'UUSwiftCore')
cd /Users/admin/builder/spi-builder-workspace/.swiftpm/xcode
builtin-SwiftPerFileCompile UULogLevel.swift
SwiftCompile normal arm64 /Users/admin/builder/spi-builder-workspace/.dependencies/checkouts/UUSwiftCore/Library/Logging/UULogWriter.swift (in target 'UUSwiftCore' from project 'UUSwiftCore')
cd /Users/admin/builder/spi-builder-workspace/.swiftpm/xcode
builtin-SwiftPerFileCompile UULogWriter.swift
SwiftDriverJobDiscovery normal arm64 Compiling UUKeyStore.swift, UUKeychain.swift, UUSecurity.swift, UUArray.swift (in target 'UUSwiftCore' from project 'UUSwiftCore')
SwiftCompile normal arm64_32 Compiling\ UUKeyStore.swift,\ UUKeychain.swift,\ UUSecurity.swift,\ UUArray.swift /Users/admin/builder/spi-builder-workspace/.dependencies/checkouts/UUSwiftCore/Library/Security/UUKeyStore.swift /Users/admin/builder/spi-builder-workspace/.dependencies/checkouts/UUSwiftCore/Library/Security/UUKeychain.swift /Users/admin/builder/spi-builder-workspace/.dependencies/checkouts/UUSwiftCore/Library/Security/UUSecurity.swift /Users/admin/builder/spi-builder-workspace/.dependencies/checkouts/UUSwiftCore/Library/UUArray.swift (in target 'UUSwiftCore' from project 'UUSwiftCore')
SwiftCompile normal arm64_32 /Users/admin/builder/spi-builder-workspace/.dependencies/checkouts/UUSwiftCore/Library/Security/UUKeyStore.swift (in target 'UUSwiftCore' from project 'UUSwiftCore')
cd /Users/admin/builder/spi-builder-workspace/.swiftpm/xcode
builtin-SwiftPerFileCompile UUKeyStore.swift
SwiftCompile normal arm64_32 /Users/admin/builder/spi-builder-workspace/.dependencies/checkouts/UUSwiftCore/Library/Security/UUKeychain.swift (in target 'UUSwiftCore' from project 'UUSwiftCore')
cd /Users/admin/builder/spi-builder-workspace/.swiftpm/xcode
builtin-SwiftPerFileCompile UUKeychain.swift
SwiftCompile normal arm64_32 /Users/admin/builder/spi-builder-workspace/.dependencies/checkouts/UUSwiftCore/Library/Security/UUSecurity.swift (in target 'UUSwiftCore' from project 'UUSwiftCore')
cd /Users/admin/builder/spi-builder-workspace/.swiftpm/xcode
builtin-SwiftPerFileCompile UUSecurity.swift
SwiftCompile normal arm64_32 /Users/admin/builder/spi-builder-workspace/.dependencies/checkouts/UUSwiftCore/Library/UUArray.swift (in target 'UUSwiftCore' from project 'UUSwiftCore')
cd /Users/admin/builder/spi-builder-workspace/.swiftpm/xcode
builtin-SwiftPerFileCompile UUArray.swift
SwiftDriverJobDiscovery normal arm64 Compiling UULogger+Ext.swift, UULogger.swift, UUPrintLogWriter.swift, UUCryptoError.swift (in target 'UUSwiftCore' from project 'UUSwiftCore')
SwiftDriverJobDiscovery normal arm64 Compiling UUTimeMeasurement.swift, UUTimer.swift, UUTypeAliases.swift, UUURL.swift (in target 'UUSwiftCore' from project 'UUSwiftCore')
SwiftDriver UUSwiftUX normal arm64_32 com.apple.xcode.tools.swift.compiler (in target 'UUSwiftUX' from project 'UUSwiftUX')
cd /Users/admin/builder/spi-builder-workspace/.swiftpm/xcode
builtin-SwiftDriver -- /Applications/Xcode-27.0.0-Release.Candidate.app/Contents/Developer/Toolchains/XcodeDefault.xctoolchain/usr/bin/swiftc -parse-as-library -module-name UUSwiftUX -Onone @/Users/admin/builder/spi-builder-workspace/.derivedData/Build/Intermediates.noindex/UUSwiftUX.build/Debug-watchos/UUSwiftUX-t.build/Objects-normal/arm64_32/UUSwiftUX.SwiftFileList -DSWIFT_PACKAGE -DDEBUG -DSWIFT_MODULE_RESOURCE_BUNDLE_UNAVAILABLE -DXcode -plugin-path /Applications/Xcode-27.0.0-Release.Candidate.app/Contents/Developer/Toolchains/XcodeDefault.xctoolchain/usr/lib/swift/host/plugins/testing -enable-experimental-feature DebugDescriptionMacro -sdk /Applications/Xcode-27.0.0-Release.Candidate.app/Contents/Developer/Platforms/WatchOS.platform/Developer/SDKs/WatchOS27.0.sdk -target arm64_32-apple-watchos9.0 -g -module-cache-path /Users/admin/builder/spi-builder-workspace/.derivedData/ModuleCache.noindex -Xfrontend -serialize-debugging-options -enable-testing -suppress-warnings -index-store-path /Users/admin/builder/spi-builder-workspace/.derivedData/Index.noindex/DataStore -Xcc -D_LIBCPP_HARDENING_MODE\=_LIBCPP_HARDENING_MODE_DEBUG -swift-version 6 -I /Users/admin/builder/spi-builder-workspace/.derivedData/Build/Products/Debug-watchos -Isystem /Applications/Xcode-27.0.0-Release.Candidate.app/Contents/Developer/Platforms/WatchOS.platform/Developer/usr/lib -F /Users/admin/builder/spi-builder-workspace/.derivedData/Build/Products/Debug-watchos/PackageFrameworks -F /Users/admin/builder/spi-builder-workspace/.derivedData/Build/Products/Debug-watchos -F /Applications/Xcode-27.0.0-Release.Candidate.app/Contents/Developer/Platforms/WatchOS.platform/Developer/Library/Frameworks -F /Applications/Xcode-27.0.0-Release.Candidate.app/Contents/Developer/Platforms/WatchOS.platform/Developer/SDKs/WatchOS27.0.sdk/Developer/Library/Frameworks -c -j10 -enable-batch-mode -incremental -Xcc -ivfsstatcache -Xcc /Users/admin/builder/spi-builder-workspace/.derivedData/SDKStatCaches.noindex/watchos27.0-24R360-e829b21a6f8c9b70876ba0858053c04477534ef55a1706bf4c1112bbb242f0a2.sdkstatcache -output-file-map /Users/admin/builder/spi-builder-workspace/.derivedData/Build/Intermediates.noindex/UUSwiftUX.build/Debug-watchos/UUSwiftUX-t.build/Objects-normal/arm64_32/UUSwiftUX-OutputFileMap.json -save-temps -no-color-diagnostics -explicit-module-build -module-cache-path /Users/admin/builder/spi-builder-workspace/.derivedData/Build/Intermediates.noindex/SwiftExplicitPrecompiledModules -clang-scanner-module-cache-path /Users/admin/builder/spi-builder-workspace/.derivedData/ModuleCache.noindex -sdk-module-cache-path /Users/admin/builder/spi-builder-workspace/.derivedData/SDKExplicitPrecompiledModules -emit-dependencies -emit-module -emit-module-path /Users/admin/builder/spi-builder-workspace/.derivedData/Build/Intermediates.noindex/UUSwiftUX.build/Debug-watchos/UUSwiftUX-t.build/Objects-normal/arm64_32/UUSwiftUX.swiftmodule -serialize-diagnostics -dependency-scan-serialize-diagnostics-path /Users/admin/builder/spi-builder-workspace/.derivedData/Build/Intermediates.noindex/UUSwiftUX.build/Debug-watchos/UUSwiftUX-t.build/Objects-normal/arm64_32/UUSwiftUX-dependency-scan.dia -user-module-version 1.2.0 -validate-clang-modules-once -clang-build-session-file /Users/admin/builder/spi-builder-workspace/.derivedData/ModuleCache.noindex/Session.modulevalidation -Xcc -fmodules-prune-interval\=86400 -Xcc -fmodules-prune-after\=345600 -package-name uuswiftux -emit-const-values -const-gather-protocols-list /Users/admin/builder/spi-builder-workspace/.derivedData/Build/Intermediates.noindex/UUSwiftUX.build/Debug-watchos/UUSwiftUX-t.build/Objects-normal/arm64_32/UUSwiftUX_const_extract_protocols.json -Xcc -I/Users/admin/builder/spi-builder-workspace/.derivedData/Build/Products/Debug-watchos/include -Xcc -I/Users/admin/builder/spi-builder-workspace/.derivedData/Build/Intermediates.noindex/UUSwiftUX.build/Debug-watchos/UUSwiftUX-t.build/DerivedSources-normal/arm64_32 -Xcc -I/Users/admin/builder/spi-builder-workspace/.derivedData/Build/Intermediates.noindex/UUSwiftUX.build/Debug-watchos/UUSwiftUX-t.build/DerivedSources/arm64_32 -Xcc -I/Users/admin/builder/spi-builder-workspace/.derivedData/Build/Intermediates.noindex/UUSwiftUX.build/Debug-watchos/UUSwiftUX-t.build/DerivedSources -Xcc -DSWIFT_PACKAGE -Xcc -DDEBUG\=1 -emit-objc-header -emit-objc-header-path /Users/admin/builder/spi-builder-workspace/.derivedData/Build/Intermediates.noindex/UUSwiftUX.build/Debug-watchos/UUSwiftUX-t.build/Objects-normal/arm64_32/UUSwiftUX-Swift.h -working-directory /Users/admin/builder/spi-builder-workspace/.swiftpm/xcode -experimental-emit-module-separately -disable-cmo
SwiftDriver UUSwiftUX normal arm64 com.apple.xcode.tools.swift.compiler (in target 'UUSwiftUX' from project 'UUSwiftUX')
cd /Users/admin/builder/spi-builder-workspace/.swiftpm/xcode
builtin-SwiftDriver -- /Applications/Xcode-27.0.0-Release.Candidate.app/Contents/Developer/Toolchains/XcodeDefault.xctoolchain/usr/bin/swiftc -parse-as-library -module-name UUSwiftUX -Onone @/Users/admin/builder/spi-builder-workspace/.derivedData/Build/Intermediates.noindex/UUSwiftUX.build/Debug-watchos/UUSwiftUX-t.build/Objects-normal/arm64/UUSwiftUX.SwiftFileList -DSWIFT_PACKAGE -DDEBUG -DSWIFT_MODULE_RESOURCE_BUNDLE_UNAVAILABLE -DXcode -plugin-path /Applications/Xcode-27.0.0-Release.Candidate.app/Contents/Developer/Toolchains/XcodeDefault.xctoolchain/usr/lib/swift/host/plugins/testing -enable-experimental-feature DebugDescriptionMacro -sdk /Applications/Xcode-27.0.0-Release.Candidate.app/Contents/Developer/Platforms/WatchOS.platform/Developer/SDKs/WatchOS27.0.sdk -target arm64-apple-watchos9.0 -g -module-cache-path /Users/admin/builder/spi-builder-workspace/.derivedData/ModuleCache.noindex -Xfrontend -serialize-debugging-options -enable-testing -suppress-warnings -index-store-path /Users/admin/builder/spi-builder-workspace/.derivedData/Index.noindex/DataStore -Xcc -D_LIBCPP_HARDENING_MODE\=_LIBCPP_HARDENING_MODE_DEBUG -swift-version 6 -I /Users/admin/builder/spi-builder-workspace/.derivedData/Build/Products/Debug-watchos -Isystem /Applications/Xcode-27.0.0-Release.Candidate.app/Contents/Developer/Platforms/WatchOS.platform/Developer/usr/lib -F /Users/admin/builder/spi-builder-workspace/.derivedData/Build/Products/Debug-watchos/PackageFrameworks -F /Users/admin/builder/spi-builder-workspace/.derivedData/Build/Products/Debug-watchos -F /Applications/Xcode-27.0.0-Release.Candidate.app/Contents/Developer/Platforms/WatchOS.platform/Developer/Library/Frameworks -F /Applications/Xcode-27.0.0-Release.Candidate.app/Contents/Developer/Platforms/WatchOS.platform/Developer/SDKs/WatchOS27.0.sdk/Developer/Library/Frameworks -c -j10 -enable-batch-mode -incremental -Xcc -ivfsstatcache -Xcc /Users/admin/builder/spi-builder-workspace/.derivedData/SDKStatCaches.noindex/watchos27.0-24R360-e829b21a6f8c9b70876ba0858053c04477534ef55a1706bf4c1112bbb242f0a2.sdkstatcache -output-file-map /Users/admin/builder/spi-builder-workspace/.derivedData/Build/Intermediates.noindex/UUSwiftUX.build/Debug-watchos/UUSwiftUX-t.build/Objects-normal/arm64/UUSwiftUX-OutputFileMap.json -save-temps -no-color-diagnostics -explicit-module-build -module-cache-path /Users/admin/builder/spi-builder-workspace/.derivedData/Build/Intermediates.noindex/SwiftExplicitPrecompiledModules -clang-scanner-module-cache-path /Users/admin/builder/spi-builder-workspace/.derivedData/ModuleCache.noindex -sdk-module-cache-path /Users/admin/builder/spi-builder-workspace/.derivedData/SDKExplicitPrecompiledModules -emit-dependencies -emit-module -emit-module-path /Users/admin/builder/spi-builder-workspace/.derivedData/Build/Intermediates.noindex/UUSwiftUX.build/Debug-watchos/UUSwiftUX-t.build/Objects-normal/arm64/UUSwiftUX.swiftmodule -serialize-diagnostics -dependency-scan-serialize-diagnostics-path /Users/admin/builder/spi-builder-workspace/.derivedData/Build/Intermediates.noindex/UUSwiftUX.build/Debug-watchos/UUSwiftUX-t.build/Objects-normal/arm64/UUSwiftUX-dependency-scan.dia -user-module-version 1.2.0 -validate-clang-modules-once -clang-build-session-file /Users/admin/builder/spi-builder-workspace/.derivedData/ModuleCache.noindex/Session.modulevalidation -Xcc -fmodules-prune-interval\=86400 -Xcc -fmodules-prune-after\=345600 -package-name uuswiftux -emit-const-values -const-gather-protocols-list /Users/admin/builder/spi-builder-workspace/.derivedData/Build/Intermediates.noindex/UUSwiftUX.build/Debug-watchos/UUSwiftUX-t.build/Objects-normal/arm64/UUSwiftUX_const_extract_protocols.json -Xcc -I/Users/admin/builder/spi-builder-workspace/.derivedData/Build/Products/Debug-watchos/include -Xcc -I/Users/admin/builder/spi-builder-workspace/.derivedData/Build/Intermediates.noindex/UUSwiftUX.build/Debug-watchos/UUSwiftUX-t.build/DerivedSources-normal/arm64 -Xcc -I/Users/admin/builder/spi-builder-workspace/.derivedData/Build/Intermediates.noindex/UUSwiftUX.build/Debug-watchos/UUSwiftUX-t.build/DerivedSources/arm64 -Xcc -I/Users/admin/builder/spi-builder-workspace/.derivedData/Build/Intermediates.noindex/UUSwiftUX.build/Debug-watchos/UUSwiftUX-t.build/DerivedSources -Xcc -DSWIFT_PACKAGE -Xcc -DDEBUG\=1 -emit-objc-header -emit-objc-header-path /Users/admin/builder/spi-builder-workspace/.derivedData/Build/Intermediates.noindex/UUSwiftUX.build/Debug-watchos/UUSwiftUX-t.build/Objects-normal/arm64/UUSwiftUX-Swift.h -working-directory /Users/admin/builder/spi-builder-workspace/.swiftpm/xcode -experimental-emit-module-separately -disable-cmo
SwiftDriverJobDiscovery normal arm64_32 Compiling UUKeyStore.swift, UUKeychain.swift, UUSecurity.swift, UUArray.swift (in target 'UUSwiftCore' from project 'UUSwiftCore')
SwiftDriverJobDiscovery normal arm64 Compiling UULocalization.swift, UUNumber.swift, UUObject.swift, UUObjectFactory.swift (in target 'UUSwiftCore' from project 'UUSwiftCore')
SwiftDriver UUSwiftNetworking normal arm64_32 com.apple.xcode.tools.swift.compiler (in target 'UUSwiftNetworking' from project 'UUSwiftNetworking')
cd /Users/admin/builder/spi-builder-workspace/.swiftpm/xcode
builtin-SwiftDriver -- /Applications/Xcode-27.0.0-Release.Candidate.app/Contents/Developer/Toolchains/XcodeDefault.xctoolchain/usr/bin/swiftc -parse-as-library -module-name UUSwiftNetworking -Onone @/Users/admin/builder/spi-builder-workspace/.derivedData/Build/Intermediates.noindex/UUSwiftNetworking.build/Debug-watchos/UUSwiftNetworking-t.build/Objects-normal/arm64_32/UUSwiftNetworking.SwiftFileList -DSWIFT_PACKAGE -DDEBUG -DSWIFT_MODULE_RESOURCE_BUNDLE_UNAVAILABLE -DXcode -plugin-path /Applications/Xcode-27.0.0-Release.Candidate.app/Contents/Developer/Toolchains/XcodeDefault.xctoolchain/usr/lib/swift/host/plugins/testing -enable-experimental-feature DebugDescriptionMacro -sdk /Applications/Xcode-27.0.0-Release.Candidate.app/Contents/Developer/Platforms/WatchOS.platform/Developer/SDKs/WatchOS27.0.sdk -target arm64_32-apple-watchos9.0 -g -module-cache-path /Users/admin/builder/spi-builder-workspace/.derivedData/ModuleCache.noindex -Xfrontend -serialize-debugging-options -enable-testing -suppress-warnings -index-store-path /Users/admin/builder/spi-builder-workspace/.derivedData/Index.noindex/DataStore -Xcc -D_LIBCPP_HARDENING_MODE\=_LIBCPP_HARDENING_MODE_DEBUG -swift-version 6 -I /Users/admin/builder/spi-builder-workspace/.derivedData/Build/Products/Debug-watchos -Isystem /Applications/Xcode-27.0.0-Release.Candidate.app/Contents/Developer/Platforms/WatchOS.platform/Developer/usr/lib -F /Users/admin/builder/spi-builder-workspace/.derivedData/Build/Products/Debug-watchos/PackageFrameworks -F /Users/admin/builder/spi-builder-workspace/.derivedData/Build/Products/Debug-watchos -F /Applications/Xcode-27.0.0-Release.Candidate.app/Contents/Developer/Platforms/WatchOS.platform/Developer/Library/Frameworks -F /Applications/Xcode-27.0.0-Release.Candidate.app/Contents/Developer/Platforms/WatchOS.platform/Developer/SDKs/WatchOS27.0.sdk/Developer/Library/Frameworks -c -j10 -enable-batch-mode -incremental -Xcc -ivfsstatcache -Xcc /Users/admin/builder/spi-builder-workspace/.derivedData/SDKStatCaches.noindex/watchos27.0-24R360-e829b21a6f8c9b70876ba0858053c04477534ef55a1706bf4c1112bbb242f0a2.sdkstatcache -output-file-map /Users/admin/builder/spi-builder-workspace/.derivedData/Build/Intermediates.noindex/UUSwiftNetworking.build/Debug-watchos/UUSwiftNetworking-t.build/Objects-normal/arm64_32/UUSwiftNetworking-OutputFileMap.json -save-temps -no-color-diagnostics -explicit-module-build -module-cache-path /Users/admin/builder/spi-builder-workspace/.derivedData/Build/Intermediates.noindex/SwiftExplicitPrecompiledModules -clang-scanner-module-cache-path /Users/admin/builder/spi-builder-workspace/.derivedData/ModuleCache.noindex -sdk-module-cache-path /Users/admin/builder/spi-builder-workspace/.derivedData/SDKExplicitPrecompiledModules -emit-dependencies -emit-module -emit-module-path /Users/admin/builder/spi-builder-workspace/.derivedData/Build/Intermediates.noindex/UUSwiftNetworking.build/Debug-watchos/UUSwiftNetworking-t.build/Objects-normal/arm64_32/UUSwiftNetworking.swiftmodule -serialize-diagnostics -dependency-scan-serialize-diagnostics-path /Users/admin/builder/spi-builder-workspace/.derivedData/Build/Intermediates.noindex/UUSwiftNetworking.build/Debug-watchos/UUSwiftNetworking-t.build/Objects-normal/arm64_32/UUSwiftNetworking-dependency-scan.dia -user-module-version 1.8.1 -validate-clang-modules-once -clang-build-session-file /Users/admin/builder/spi-builder-workspace/.derivedData/ModuleCache.noindex/Session.modulevalidation -Xcc -fmodules-prune-interval\=86400 -Xcc -fmodules-prune-after\=345600 -package-name uuswiftnetworking -emit-const-values -const-gather-protocols-list /Users/admin/builder/spi-builder-workspace/.derivedData/Build/Intermediates.noindex/UUSwiftNetworking.build/Debug-watchos/UUSwiftNetworking-t.build/Objects-normal/arm64_32/UUSwiftNetworking_const_extract_protocols.json -Xcc -I/Users/admin/builder/spi-builder-workspace/.derivedData/Build/Products/Debug-watchos/include -Xcc -I/Users/admin/builder/spi-builder-workspace/.derivedData/Build/Intermediates.noindex/UUSwiftNetworking.build/Debug-watchos/UUSwiftNetworking-t.build/DerivedSources-normal/arm64_32 -Xcc -I/Users/admin/builder/spi-builder-workspace/.derivedData/Build/Intermediates.noindex/UUSwiftNetworking.build/Debug-watchos/UUSwiftNetworking-t.build/DerivedSources/arm64_32 -Xcc -I/Users/admin/builder/spi-builder-workspace/.derivedData/Build/Intermediates.noindex/UUSwiftNetworking.build/Debug-watchos/UUSwiftNetworking-t.build/DerivedSources -Xcc -DSWIFT_PACKAGE -Xcc -DDEBUG\=1 -emit-objc-header -emit-objc-header-path /Users/admin/builder/spi-builder-workspace/.derivedData/Build/Intermediates.noindex/UUSwiftNetworking.build/Debug-watchos/UUSwiftNetworking-t.build/Objects-normal/arm64_32/UUSwiftNetworking-Swift.h -working-directory /Users/admin/builder/spi-builder-workspace/.swiftpm/xcode -experimental-emit-module-separately -disable-cmo
SwiftDriver UUSwiftNetworking normal arm64 com.apple.xcode.tools.swift.compiler (in target 'UUSwiftNetworking' from project 'UUSwiftNetworking')
cd /Users/admin/builder/spi-builder-workspace/.swiftpm/xcode
builtin-SwiftDriver -- /Applications/Xcode-27.0.0-Release.Candidate.app/Contents/Developer/Toolchains/XcodeDefault.xctoolchain/usr/bin/swiftc -parse-as-library -module-name UUSwiftNetworking -Onone @/Users/admin/builder/spi-builder-workspace/.derivedData/Build/Intermediates.noindex/UUSwiftNetworking.build/Debug-watchos/UUSwiftNetworking-t.build/Objects-normal/arm64/UUSwiftNetworking.SwiftFileList -DSWIFT_PACKAGE -DDEBUG -DSWIFT_MODULE_RESOURCE_BUNDLE_UNAVAILABLE -DXcode -plugin-path /Applications/Xcode-27.0.0-Release.Candidate.app/Contents/Developer/Toolchains/XcodeDefault.xctoolchain/usr/lib/swift/host/plugins/testing -enable-experimental-feature DebugDescriptionMacro -sdk /Applications/Xcode-27.0.0-Release.Candidate.app/Contents/Developer/Platforms/WatchOS.platform/Developer/SDKs/WatchOS27.0.sdk -target arm64-apple-watchos9.0 -g -module-cache-path /Users/admin/builder/spi-builder-workspace/.derivedData/ModuleCache.noindex -Xfrontend -serialize-debugging-options -enable-testing -suppress-warnings -index-store-path /Users/admin/builder/spi-builder-workspace/.derivedData/Index.noindex/DataStore -Xcc -D_LIBCPP_HARDENING_MODE\=_LIBCPP_HARDENING_MODE_DEBUG -swift-version 6 -I /Users/admin/builder/spi-builder-workspace/.derivedData/Build/Products/Debug-watchos -Isystem /Applications/Xcode-27.0.0-Release.Candidate.app/Contents/Developer/Platforms/WatchOS.platform/Developer/usr/lib -F /Users/admin/builder/spi-builder-workspace/.derivedData/Build/Products/Debug-watchos/PackageFrameworks -F /Users/admin/builder/spi-builder-workspace/.derivedData/Build/Products/Debug-watchos -F /Applications/Xcode-27.0.0-Release.Candidate.app/Contents/Developer/Platforms/WatchOS.platform/Developer/Library/Frameworks -F /Applications/Xcode-27.0.0-Release.Candidate.app/Contents/Developer/Platforms/WatchOS.platform/Developer/SDKs/WatchOS27.0.sdk/Developer/Library/Frameworks -c -j10 -enable-batch-mode -incremental -Xcc -ivfsstatcache -Xcc /Users/admin/builder/spi-builder-workspace/.derivedData/SDKStatCaches.noindex/watchos27.0-24R360-e829b21a6f8c9b70876ba0858053c04477534ef55a1706bf4c1112bbb242f0a2.sdkstatcache -output-file-map /Users/admin/builder/spi-builder-workspace/.derivedData/Build/Intermediates.noindex/UUSwiftNetworking.build/Debug-watchos/UUSwiftNetworking-t.build/Objects-normal/arm64/UUSwiftNetworking-OutputFileMap.json -save-temps -no-color-diagnostics -explicit-module-build -module-cache-path /Users/admin/builder/spi-builder-workspace/.derivedData/Build/Intermediates.noindex/SwiftExplicitPrecompiledModules -clang-scanner-module-cache-path /Users/admin/builder/spi-builder-workspace/.derivedData/ModuleCache.noindex -sdk-module-cache-path /Users/admin/builder/spi-builder-workspace/.derivedData/SDKExplicitPrecompiledModules -emit-dependencies -emit-module -emit-module-path /Users/admin/builder/spi-builder-workspace/.derivedData/Build/Intermediates.noindex/UUSwiftNetworking.build/Debug-watchos/UUSwiftNetworking-t.build/Objects-normal/arm64/UUSwiftNetworking.swiftmodule -serialize-diagnostics -dependency-scan-serialize-diagnostics-path /Users/admin/builder/spi-builder-workspace/.derivedData/Build/Intermediates.noindex/UUSwiftNetworking.build/Debug-watchos/UUSwiftNetworking-t.build/Objects-normal/arm64/UUSwiftNetworking-dependency-scan.dia -user-module-version 1.8.1 -validate-clang-modules-once -clang-build-session-file /Users/admin/builder/spi-builder-workspace/.derivedData/ModuleCache.noindex/Session.modulevalidation -Xcc -fmodules-prune-interval\=86400 -Xcc -fmodules-prune-after\=345600 -package-name uuswiftnetworking -emit-const-values -const-gather-protocols-list /Users/admin/builder/spi-builder-workspace/.derivedData/Build/Intermediates.noindex/UUSwiftNetworking.build/Debug-watchos/UUSwiftNetworking-t.build/Objects-normal/arm64/UUSwiftNetworking_const_extract_protocols.json -Xcc -I/Users/admin/builder/spi-builder-workspace/.derivedData/Build/Products/Debug-watchos/include -Xcc -I/Users/admin/builder/spi-builder-workspace/.derivedData/Build/Intermediates.noindex/UUSwiftNetworking.build/Debug-watchos/UUSwiftNetworking-t.build/DerivedSources-normal/arm64 -Xcc -I/Users/admin/builder/spi-builder-workspace/.derivedData/Build/Intermediates.noindex/UUSwiftNetworking.build/Debug-watchos/UUSwiftNetworking-t.build/DerivedSources/arm64 -Xcc -I/Users/admin/builder/spi-builder-workspace/.derivedData/Build/Intermediates.noindex/UUSwiftNetworking.build/Debug-watchos/UUSwiftNetworking-t.build/DerivedSources -Xcc -DSWIFT_PACKAGE -Xcc -DDEBUG\=1 -emit-objc-header -emit-objc-header-path /Users/admin/builder/spi-builder-workspace/.derivedData/Build/Intermediates.noindex/UUSwiftNetworking.build/Debug-watchos/UUSwiftNetworking-t.build/Objects-normal/arm64/UUSwiftNetworking-Swift.h -working-directory /Users/admin/builder/spi-builder-workspace/.swiftpm/xcode -experimental-emit-module-separately -disable-cmo
SwiftDriverJobDiscovery normal arm64 Compiling resource_bundle_accessor.swift, UUConsoleLogWriter.swift, UULog.swift, UULogLevel.swift, UULogWriter.swift (in target 'UUSwiftCore' from project 'UUSwiftCore')
SwiftDriver UUSwiftImage normal arm64_32 com.apple.xcode.tools.swift.compiler (in target 'UUSwiftImage' from project 'UUSwiftImage')
cd /Users/admin/builder/spi-builder-workspace/.swiftpm/xcode
builtin-SwiftDriver -- /Applications/Xcode-27.0.0-Release.Candidate.app/Contents/Developer/Toolchains/XcodeDefault.xctoolchain/usr/bin/swiftc -parse-as-library -module-name UUSwiftImage -Onone @/Users/admin/builder/spi-builder-workspace/.derivedData/Build/Intermediates.noindex/UUSwiftImage.build/Debug-watchos/UUSwiftImage-t.build/Objects-normal/arm64_32/UUSwiftImage.SwiftFileList -DSWIFT_PACKAGE -DDEBUG -DSWIFT_MODULE_RESOURCE_BUNDLE_UNAVAILABLE -DXcode -plugin-path /Applications/Xcode-27.0.0-Release.Candidate.app/Contents/Developer/Toolchains/XcodeDefault.xctoolchain/usr/lib/swift/host/plugins/testing -enable-experimental-feature DebugDescriptionMacro -sdk /Applications/Xcode-27.0.0-Release.Candidate.app/Contents/Developer/Platforms/WatchOS.platform/Developer/SDKs/WatchOS27.0.sdk -target arm64_32-apple-watchos9.0 -g -module-cache-path /Users/admin/builder/spi-builder-workspace/.derivedData/ModuleCache.noindex -Xfrontend -serialize-debugging-options -enable-testing -suppress-warnings -index-store-path /Users/admin/builder/spi-builder-workspace/.derivedData/Index.noindex/DataStore -Xcc -D_LIBCPP_HARDENING_MODE\=_LIBCPP_HARDENING_MODE_DEBUG -swift-version 6 -I /Users/admin/builder/spi-builder-workspace/.derivedData/Build/Products/Debug-watchos -Isystem /Applications/Xcode-27.0.0-Release.Candidate.app/Contents/Developer/Platforms/WatchOS.platform/Developer/usr/lib -F /Users/admin/builder/spi-builder-workspace/.derivedData/Build/Products/Debug-watchos/PackageFrameworks -F /Users/admin/builder/spi-builder-workspace/.derivedData/Build/Products/Debug-watchos -F /Applications/Xcode-27.0.0-Release.Candidate.app/Contents/Developer/Platforms/WatchOS.platform/Developer/Library/Frameworks -F /Applications/Xcode-27.0.0-Release.Candidate.app/Contents/Developer/Platforms/WatchOS.platform/Developer/SDKs/WatchOS27.0.sdk/Developer/Library/Frameworks -c -j10 -enable-batch-mode -incremental -Xcc -ivfsstatcache -Xcc /Users/admin/builder/spi-builder-workspace/.derivedData/SDKStatCaches.noindex/watchos27.0-24R360-e829b21a6f8c9b70876ba0858053c04477534ef55a1706bf4c1112bbb242f0a2.sdkstatcache -output-file-map /Users/admin/builder/spi-builder-workspace/.derivedData/Build/Intermediates.noindex/UUSwiftImage.build/Debug-watchos/UUSwiftImage-t.build/Objects-normal/arm64_32/UUSwiftImage-OutputFileMap.json -save-temps -no-color-diagnostics -explicit-module-build -module-cache-path /Users/admin/builder/spi-builder-workspace/.derivedData/Build/Intermediates.noindex/SwiftExplicitPrecompiledModules -clang-scanner-module-cache-path /Users/admin/builder/spi-builder-workspace/.derivedData/ModuleCache.noindex -sdk-module-cache-path /Users/admin/builder/spi-builder-workspace/.derivedData/SDKExplicitPrecompiledModules -emit-dependencies -emit-module -emit-module-path /Users/admin/builder/spi-builder-workspace/.derivedData/Build/Intermediates.noindex/UUSwiftImage.build/Debug-watchos/UUSwiftImage-t.build/Objects-normal/arm64_32/UUSwiftImage.swiftmodule -serialize-diagnostics -dependency-scan-serialize-diagnostics-path /Users/admin/builder/spi-builder-workspace/.derivedData/Build/Intermediates.noindex/UUSwiftImage.build/Debug-watchos/UUSwiftImage-t.build/Objects-normal/arm64_32/UUSwiftImage-dependency-scan.dia -user-module-version 1.3.0 -validate-clang-modules-once -clang-build-session-file /Users/admin/builder/spi-builder-workspace/.derivedData/ModuleCache.noindex/Session.modulevalidation -Xcc -fmodules-prune-interval\=86400 -Xcc -fmodules-prune-after\=345600 -package-name uuswiftimage -emit-const-values -const-gather-protocols-list /Users/admin/builder/spi-builder-workspace/.derivedData/Build/Intermediates.noindex/UUSwiftImage.build/Debug-watchos/UUSwiftImage-t.build/Objects-normal/arm64_32/UUSwiftImage_const_extract_protocols.json -Xcc -I/Users/admin/builder/spi-builder-workspace/.derivedData/Build/Products/Debug-watchos/include -Xcc -I/Users/admin/builder/spi-builder-workspace/.derivedData/Build/Intermediates.noindex/UUSwiftImage.build/Debug-watchos/UUSwiftImage-t.build/DerivedSources-normal/arm64_32 -Xcc -I/Users/admin/builder/spi-builder-workspace/.derivedData/Build/Intermediates.noindex/UUSwiftImage.build/Debug-watchos/UUSwiftImage-t.build/DerivedSources/arm64_32 -Xcc -I/Users/admin/builder/spi-builder-workspace/.derivedData/Build/Intermediates.noindex/UUSwiftImage.build/Debug-watchos/UUSwiftImage-t.build/DerivedSources -Xcc -DSWIFT_PACKAGE -Xcc -DDEBUG\=1 -emit-objc-header -emit-objc-header-path /Users/admin/builder/spi-builder-workspace/.derivedData/Build/Intermediates.noindex/UUSwiftImage.build/Debug-watchos/UUSwiftImage-t.build/Objects-normal/arm64_32/UUSwiftImage-Swift.h -working-directory /Users/admin/builder/spi-builder-workspace/.swiftpm/xcode -experimental-emit-module-separately -disable-cmo
SwiftEmitModule normal arm64_32 Emitting\ module\ for\ UUSwiftUX (in target 'UUSwiftUX' from project 'UUSwiftUX')
/Users/admin/builder/spi-builder-workspace/.dependencies/checkouts/UUSwiftUX/UUSwiftUX/UULinkTapGestureHandler.swift:50:34: error: 'UITextView' is unavailable in watchOS
48 | private(set) var defaultAction: (()->())? = nil
49 |
50 | public required init(_ view: UITextView)
| `- error: 'UITextView' is unavailable in watchOS
51 | {
52 | super.init()
/Applications/Xcode-27.0.0-Release.Candidate.app/Contents/Developer/Platforms/WatchOS.platform/Developer/SDKs/WatchOS27.0.sdk/System/Library/Frameworks/UIKit.framework/Headers/UITextView.h:223:12: note: 'UITextView' has been explicitly marked unavailable here
221 |
222 | UIKIT_EXTERN API_AVAILABLE(ios(2.0)) API_UNAVAILABLE(watchos) NS_SWIFT_UI_ACTOR
223 | @interface UITextView : UIScrollView <UITextInput, UIContentSizeCategoryAdjusting, UILetterformAwareAdjusting, NSTextViewportLayoutControllerDelegate>
| `- note: 'UITextView' has been explicitly marked unavailable here
224 |
225 | @property(nullable,nonatomic,weak) id<UITextViewDelegate> delegate;
/Users/admin/builder/spi-builder-workspace/.dependencies/checkouts/UUSwiftUX/UUSwiftUX/UULinkTapGestureHandler.swift:101:33: error: 'UITapGestureRecognizer' is unavailable in watchOS
99 |
100 | @objc
101 | func handleTapGesture(_ gr: UITapGestureRecognizer)
| `- error: 'UITapGestureRecognizer' is unavailable in watchOS
102 | {
103 | if let tv = gr.view as? UITextView
/Applications/Xcode-27.0.0-Release.Candidate.app/Contents/Developer/Platforms/WatchOS.platform/Developer/SDKs/WatchOS27.0.sdk/System/Library/Frameworks/UIKit.framework/Headers/UITapGestureRecognizer.h:23:12: note: 'UITapGestureRecognizer' has been explicitly marked unavailable here
21 |
22 | UIKIT_EXTERN API_AVAILABLE(ios(3.2)) API_UNAVAILABLE(watchos) NS_SWIFT_UI_ACTOR
23 | @interface UITapGestureRecognizer : UIGestureRecognizer
| `- note: 'UITapGestureRecognizer' has been explicitly marked unavailable here
24 |
25 | @property (nonatomic) NSUInteger numberOfTapsRequired; // Default is 1. The number of taps required to match
Failed frontend command:
/Applications/Xcode-27.0.0-Release.Candidate.app/Contents/Developer/Toolchains/XcodeDefault.xctoolchain/usr/bin/swift-frontend -frontend -emit-module -experimental-skip-non-inlinable-function-bodies-without-types /Users/admin/builder/spi-builder-workspace/.dependencies/checkouts/UUSwiftUX/UUSwiftUX/UUCircularImageView.swift /Users/admin/builder/spi-builder-workspace/.dependencies/checkouts/UUSwiftUX/UUSwiftUX/UUCircularView.swift /Users/admin/builder/spi-builder-workspace/.dependencies/checkouts/UUSwiftUX/UUSwiftUX/UUEditViewController.swift /Users/admin/builder/spi-builder-workspace/.dependencies/checkouts/UUSwiftUX/UUSwiftUX/UUGradientView.swift /Users/admin/builder/spi-builder-workspace/.dependencies/checkouts/UUSwiftUX/UUSwiftUX/UULinkTapGestureHandler.swift /Users/admin/builder/spi-builder-workspace/.dependencies/checkouts/UUSwiftUX/UUSwiftUX/UUMapView.swift /Users/admin/builder/spi-builder-workspace/.dependencies/checkouts/UUSwiftUX/UUSwiftUX/UUStyling.swift /Users/admin/builder/spi-builder-workspace/.dependencies/checkouts/UUSwiftUX/UUSwiftUX/UUSwitch.swift /Users/admin/builder/spi-builder-workspace/.dependencies/checkouts/UUSwiftUX/UUSwiftUX/UUTextField.swift /Users/admin/builder/spi-builder-workspace/.dependencies/checkouts/UUSwiftUX/UUSwiftUX/UUView.swift /Users/admin/builder/spi-builder-workspace/.dependencies/checkouts/UUSwiftUX/UUSwiftUX/UUViewController.swift -target arm64_32-apple-watchos9.0 -disable-cross-import-overlay-search -load-resolved-plugin /Applications/Xcode-27.0.0-Release.Candidate.app/Contents/Developer/Platforms/WatchOS.platform/Developer/usr/lib/swift/host/plugins/libFoundationMacros.dylib\#/Applications/Xcode-27.0.0-Release.Candidate.app/Contents/Developer/Platforms/WatchOS.platform/Developer/usr/bin/swift-plugin-server\#FoundationMacros -load-resolved-plugin /Applications/Xcode-27.0.0-Release.Candidate.app/Contents/Developer/Platforms/WatchOS.platform/Developer/usr/lib/swift/host/plugins/libObservationMacros.dylib\#/Applications/Xcode-27.0.0-Release.Candidate.app/Contents/Developer/Platforms/WatchOS.platform/Developer/usr/bin/swift-plugin-server\#ObservationMacros -load-resolved-plugin /Applications/Xcode-27.0.0-Release.Candidate.app/Contents/Developer/Platforms/WatchOS.platform/Developer/usr/lib/swift/host/plugins/libSwiftMacros.dylib\#/Applications/Xcode-27.0.0-Release.Candidate.app/Contents/Developer/Platforms/WatchOS.platform/Developer/usr/bin/swift-plugin-server\#SwiftMacros -load-resolved-plugin /Applications/Xcode-27.0.0-Release.Candidate.app/Contents/Developer/Platforms/WatchOS.platform/Developer/usr/lib/swift/host/plugins/libSwiftUIMacros.dylib\#/Applications/Xcode-27.0.0-Release.Candidate.app/Contents/Developer/Platforms/WatchOS.platform/Developer/usr/bin/swift-plugin-server\#SwiftUIMacros -disable-implicit-swift-modules -Xcc -fno-implicit-modules -Xcc -fno-implicit-module-maps -explicit-swift-module-map-file /Users/admin/builder/spi-builder-workspace/.derivedData/Build/Intermediates.noindex/UUSwiftUX.build/Debug-watchos/UUSwiftUX-t.build/Objects-normal/arm64_32/UUSwiftUX-dependencies-1.json -enable-objc-interop -sdk /Applications/Xcode-27.0.0-Release.Candidate.app/Contents/Developer/Platforms/WatchOS.platform/Developer/SDKs/WatchOS27.0.sdk -I /Users/admin/builder/spi-builder-workspace/.derivedData/Build/Products/Debug-watchos -Isystem /Applications/Xcode-27.0.0-Release.Candidate.app/Contents/Developer/Platforms/WatchOS.platform/Developer/usr/lib -F /Users/admin/builder/spi-builder-workspace/.derivedData/Build/Products/Debug-watchos/PackageFrameworks -F /Users/admin/builder/spi-builder-workspace/.derivedData/Build/Products/Debug-watchos -F /Applications/Xcode-27.0.0-Release.Candidate.app/Contents/Developer/Platforms/WatchOS.platform/Developer/Library/Frameworks -F /Applications/Xcode-27.0.0-Release.Candidate.app/Contents/Developer/Platforms/WatchOS.platform/Developer/SDKs/WatchOS27.0.sdk/Developer/Library/Frameworks -module-cache-path /Users/admin/builder/spi-builder-workspace/.derivedData/Build/Intermediates.noindex/SwiftExplicitPrecompiledModules -no-color-diagnostics -Xcc -fno-color-diagnostics -enable-testing -g -debug-info-format\=dwarf -dwarf-version\=4 -suppress-warnings -swift-version 6 -Onone -D SWIFT_PACKAGE -D DEBUG -D SWIFT_MODULE_RESOURCE_BUNDLE_UNAVAILABLE -D Xcode -serialize-debugging-options -enable-experimental-feature DebugDescriptionMacro -empty-abi-descriptor -user-module-version 1.2.0 -validate-clang-modules-once -clang-build-session-file /Users/admin/builder/spi-builder-workspace/.derivedData/ModuleCache.noindex/Session.modulevalidation -Xcc -working-directory -Xcc /Users/admin/builder/spi-builder-workspace/.swiftpm/xcode -enable-anonymous-context-mangled-names -file-compilation-dir /Users/admin/builder/spi-builder-workspace/.swiftpm/xcode -Xcc -D_LIBCPP_HARDENING_MODE\=_LIBCPP_HARDENING_MODE_DEBUG -Xcc -ivfsstatcache -Xcc /Users/admin/builder/spi-builder-workspace/.derivedData/SDKStatCaches.noindex/watchos27.0-24R360-e829b21a6f8c9b70876ba0858053c04477534ef55a1706bf4c1112bbb242f0a2.sdkstatcache -Xcc -fmodules-prune-interval\=86400 -Xcc -fmodules-prune-after\=345600 -Xcc -I/Users/admin/builder/spi-builder-workspace/.derivedData/Build/Products/Debug-watchos/include -Xcc -I/Users/admin/builder/spi-builder-workspace/.derivedData/Build/Intermediates.noindex/UUSwiftUX.build/Debug-watchos/UUSwiftUX-t.build/DerivedSources-normal/arm64_32 -Xcc -I/Users/admin/builder/spi-builder-workspace/.derivedData/Build/Intermediates.noindex/UUSwiftUX.build/Debug-watchos/UUSwiftUX-t.build/DerivedSources/arm64_32 -Xcc -I/Users/admin/builder/spi-builder-workspace/.derivedData/Build/Intermediates.noindex/UUSwiftUX.build/Debug-watchos/UUSwiftUX-t.build/DerivedSources -Xcc -DSWIFT_PACKAGE -Xcc -DDEBUG\=1 -no-auto-bridging-header-chaining -module-name UUSwiftUX -package-name uuswiftux -const-gather-protocols-file /Users/admin/builder/spi-builder-workspace/.derivedData/Build/Intermediates.noindex/UUSwiftUX.build/Debug-watchos/UUSwiftUX-t.build/Objects-normal/arm64_32/UUSwiftUX_const_extract_protocols.json -disable-clang-spi -clang-target arm64_32-apple-watchos27.0 -target-sdk-version 27.0 -target-sdk-name watchos27.0 -in-process-plugin-server-path /Applications/Xcode-27.0.0-Release.Candidate.app/Contents/Developer/Toolchains/XcodeDefault.xctoolchain/usr/lib/swift/host/libSwiftInProcPluginServer.dylib -emit-module-doc-path /Users/admin/builder/spi-builder-workspace/.derivedData/Build/Intermediates.noindex/UUSwiftUX.build/Debug-watchos/UUSwiftUX-t.build/Objects-normal/arm64_32/UUSwiftUX.swiftdoc -emit-module-source-info-path /Users/admin/builder/spi-builder-workspace/.derivedData/Build/Intermediates.noindex/UUSwiftUX.build/Debug-watchos/UUSwiftUX-t.build/Objects-normal/arm64_32/UUSwiftUX.swiftsourceinfo -emit-objc-header-path /Users/admin/builder/spi-builder-workspace/.derivedData/Build/Intermediates.noindex/UUSwiftUX.build/Debug-watchos/UUSwiftUX-t.build/Objects-normal/arm64_32/UUSwiftUX-Swift.h -serialize-diagnostics-path /Users/admin/builder/spi-builder-workspace/.derivedData/Build/Intermediates.noindex/UUSwiftUX.build/Debug-watchos/UUSwiftUX-t.build/Objects-normal/arm64_32/UUSwiftUX-primary-emit-module.dia -emit-dependencies-path /Users/admin/builder/spi-builder-workspace/.derivedData/Build/Intermediates.noindex/UUSwiftUX.build/Debug-watchos/UUSwiftUX-t.build/Objects-normal/arm64_32/UUSwiftUX-primary-emit-module.d -parse-as-library -o /Users/admin/builder/spi-builder-workspace/.derivedData/Build/Intermediates.noindex/UUSwiftUX.build/Debug-watchos/UUSwiftUX-t.build/Objects-normal/arm64_32/UUSwiftUX.swiftmodule -emit-abi-descriptor-path /Users/admin/builder/spi-builder-workspace/.derivedData/Build/Intermediates.noindex/UUSwiftUX.build/Debug-watchos/UUSwiftUX-t.build/Objects-normal/arm64_32/UUSwiftUX.abi.json
SwiftCompile normal arm64_32 (in target 'UUSwiftUX' from project 'UUSwiftUX')
cd /Users/admin/builder/spi-builder-workspace/.swiftpm/xcode
SwiftEmitModule normal arm64 Emitting\ module\ for\ UUSwiftUX (in target 'UUSwiftUX' from project 'UUSwiftUX')
SwiftCompile normal arm64 (in target 'UUSwiftUX' from project 'UUSwiftUX')
cd /Users/admin/builder/spi-builder-workspace/.swiftpm/xcode
SwiftDriverJobDiscovery normal arm64 Compiling UURandom.swift, UUResult.swift, UUString.swift, UUSwiftCore.swift (in target 'UUSwiftCore' from project 'UUSwiftCore')
SwiftDriver UUSwiftImage normal arm64 com.apple.xcode.tools.swift.compiler (in target 'UUSwiftImage' from project 'UUSwiftImage')
cd /Users/admin/builder/spi-builder-workspace/.swiftpm/xcode
builtin-SwiftDriver -- /Applications/Xcode-27.0.0-Release.Candidate.app/Contents/Developer/Toolchains/XcodeDefault.xctoolchain/usr/bin/swiftc -parse-as-library -module-name UUSwiftImage -Onone @/Users/admin/builder/spi-builder-workspace/.derivedData/Build/Intermediates.noindex/UUSwiftImage.build/Debug-watchos/UUSwiftImage-t.build/Objects-normal/arm64/UUSwiftImage.SwiftFileList -DSWIFT_PACKAGE -DDEBUG -DSWIFT_MODULE_RESOURCE_BUNDLE_UNAVAILABLE -DXcode -plugin-path /Applications/Xcode-27.0.0-Release.Candidate.app/Contents/Developer/Toolchains/XcodeDefault.xctoolchain/usr/lib/swift/host/plugins/testing -enable-experimental-feature DebugDescriptionMacro -sdk /Applications/Xcode-27.0.0-Release.Candidate.app/Contents/Developer/Platforms/WatchOS.platform/Developer/SDKs/WatchOS27.0.sdk -target arm64-apple-watchos9.0 -g -module-cache-path /Users/admin/builder/spi-builder-workspace/.derivedData/ModuleCache.noindex -Xfrontend -serialize-debugging-options -enable-testing -suppress-warnings -index-store-path /Users/admin/builder/spi-builder-workspace/.derivedData/Index.noindex/DataStore -Xcc -D_LIBCPP_HARDENING_MODE\=_LIBCPP_HARDENING_MODE_DEBUG -swift-version 6 -I /Users/admin/builder/spi-builder-workspace/.derivedData/Build/Products/Debug-watchos -Isystem /Applications/Xcode-27.0.0-Release.Candidate.app/Contents/Developer/Platforms/WatchOS.platform/Developer/usr/lib -F /Users/admin/builder/spi-builder-workspace/.derivedData/Build/Products/Debug-watchos/PackageFrameworks -F /Users/admin/builder/spi-builder-workspace/.derivedData/Build/Products/Debug-watchos -F /Applications/Xcode-27.0.0-Release.Candidate.app/Contents/Developer/Platforms/WatchOS.platform/Developer/Library/Frameworks -F /Applications/Xcode-27.0.0-Release.Candidate.app/Contents/Developer/Platforms/WatchOS.platform/Developer/SDKs/WatchOS27.0.sdk/Developer/Library/Frameworks -c -j10 -enable-batch-mode -incremental -Xcc -ivfsstatcache -Xcc /Users/admin/builder/spi-builder-workspace/.derivedData/SDKStatCaches.noindex/watchos27.0-24R360-e829b21a6f8c9b70876ba0858053c04477534ef55a1706bf4c1112bbb242f0a2.sdkstatcache -output-file-map /Users/admin/builder/spi-builder-workspace/.derivedData/Build/Intermediates.noindex/UUSwiftImage.build/Debug-watchos/UUSwiftImage-t.build/Objects-normal/arm64/UUSwiftImage-OutputFileMap.json -save-temps -no-color-diagnostics -explicit-module-build -module-cache-path /Users/admin/builder/spi-builder-workspace/.derivedData/Build/Intermediates.noindex/SwiftExplicitPrecompiledModules -clang-scanner-module-cache-path /Users/admin/builder/spi-builder-workspace/.derivedData/ModuleCache.noindex -sdk-module-cache-path /Users/admin/builder/spi-builder-workspace/.derivedData/SDKExplicitPrecompiledModules -emit-dependencies -emit-module -emit-module-path /Users/admin/builder/spi-builder-workspace/.derivedData/Build/Intermediates.noindex/UUSwiftImage.build/Debug-watchos/UUSwiftImage-t.build/Objects-normal/arm64/UUSwiftImage.swiftmodule -serialize-diagnostics -dependency-scan-serialize-diagnostics-path /Users/admin/builder/spi-builder-workspace/.derivedData/Build/Intermediates.noindex/UUSwiftImage.build/Debug-watchos/UUSwiftImage-t.build/Objects-normal/arm64/UUSwiftImage-dependency-scan.dia -user-module-version 1.3.0 -validate-clang-modules-once -clang-build-session-file /Users/admin/builder/spi-builder-workspace/.derivedData/ModuleCache.noindex/Session.modulevalidation -Xcc -fmodules-prune-interval\=86400 -Xcc -fmodules-prune-after\=345600 -package-name uuswiftimage -emit-const-values -const-gather-protocols-list /Users/admin/builder/spi-builder-workspace/.derivedData/Build/Intermediates.noindex/UUSwiftImage.build/Debug-watchos/UUSwiftImage-t.build/Objects-normal/arm64/UUSwiftImage_const_extract_protocols.json -Xcc -I/Users/admin/builder/spi-builder-workspace/.derivedData/Build/Products/Debug-watchos/include -Xcc -I/Users/admin/builder/spi-builder-workspace/.derivedData/Build/Intermediates.noindex/UUSwiftImage.build/Debug-watchos/UUSwiftImage-t.build/DerivedSources-normal/arm64 -Xcc -I/Users/admin/builder/spi-builder-workspace/.derivedData/Build/Intermediates.noindex/UUSwiftImage.build/Debug-watchos/UUSwiftImage-t.build/DerivedSources/arm64 -Xcc -I/Users/admin/builder/spi-builder-workspace/.derivedData/Build/Intermediates.noindex/UUSwiftImage.build/Debug-watchos/UUSwiftImage-t.build/DerivedSources -Xcc -DSWIFT_PACKAGE -Xcc -DDEBUG\=1 -emit-objc-header -emit-objc-header-path /Users/admin/builder/spi-builder-workspace/.derivedData/Build/Intermediates.noindex/UUSwiftImage.build/Debug-watchos/UUSwiftImage-t.build/Objects-normal/arm64/UUSwiftImage-Swift.h -working-directory /Users/admin/builder/spi-builder-workspace/.swiftpm/xcode -experimental-emit-module-separately -disable-cmo
SwiftEmitModule normal arm64_32 Emitting\ module\ for\ UUSwiftNetworking (in target 'UUSwiftNetworking' from project 'UUSwiftNetworking')
SwiftCompile normal arm64_32 (in target 'UUSwiftNetworking' from project 'UUSwiftNetworking')
cd /Users/admin/builder/spi-builder-workspace/.swiftpm/xcode
PruneExplicitPrecompiledModules /Users/admin/builder/spi-builder-workspace/.derivedData/Build/Intermediates.noindex/SwiftExplicitPrecompiledModules
PruneExplicitPrecompiledModules /Users/admin/builder/spi-builder-workspace/.derivedData/SDKExplicitPrecompiledModules
PruneExplicitPrecompiledModules /Users/admin/builder/spi-builder-workspace/.derivedData/Build/Intermediates.noindex/ExplicitPrecompiledModules
2026-09-18 10:43:35.324 xcodebuild[795:4855] [MT] IDERunDestination: Supported platforms for the buildables in the current scheme is empty.
** BUILD FAILED **
The following build commands failed:
SwiftEmitModule normal arm64_32 Emitting\ module\ for\ UUSwiftUX (in target 'UUSwiftUX' from project 'UUSwiftUX')
SwiftCompile normal arm64_32 (in target 'UUSwiftUX' from project 'UUSwiftUX')
Building workspace UUSwift with scheme UUSwift
(3 failures)
Command line invocation:
/Applications/Xcode-27.0.0-Release.Candidate.app/Contents/Developer/usr/bin/xcodebuild -IDEClonedSourcePackagesDirPathOverride=/Users/admin/builder/spi-builder-workspace/.dependencies -resolvePackageDependencies
Resolve Package Graph
Resolved source packages:
UUSwiftCore: https://github.com/SilverPineSoftware/UUSwiftCore @ 1.7.2
UUSwift: /Users/admin/builder/spi-builder-workspace
UUSwiftImage: https://github.com/SilverPineSoftware/UUSwiftImage @ 1.3.0
UUSwiftNetworking: https://github.com/SilverPineSoftware/UUSwiftNetworking @ 1.8.1
UUSwiftUX: https://github.com/SilverPineSoftware/UUSwiftUX @ 1.2.0
resolved source packages: UUSwiftCore, UUSwift, UUSwiftImage, UUSwiftNetworking, UUSwiftUX
2026-09-18 10:43:45.334 xcodebuild[977:6048] [MT] IDERunDestination: Supported platforms for the buildables in the current scheme is empty.
{
"dependencies" : [
{
"identity" : "uuswiftcore",
"requirement" : {
"range" : [
{
"lower_bound" : "1.1.8",
"upper_bound" : "2.0.0"
}
]
},
"type" : "sourceControl",
"url" : "https://github.com/SilverPineSoftware/UUSwiftCore.git"
},
{
"identity" : "uuswiftux",
"requirement" : {
"range" : [
{
"lower_bound" : "1.0.10",
"upper_bound" : "2.0.0"
}
]
},
"type" : "sourceControl",
"url" : "https://github.com/SilverPineSoftware/UUSwiftUX.git"
},
{
"identity" : "uuswiftimage",
"requirement" : {
"range" : [
{
"lower_bound" : "1.1.2",
"upper_bound" : "2.0.0"
}
]
},
"type" : "sourceControl",
"url" : "https://github.com/SilverPineSoftware/UUSwiftImage.git"
},
{
"identity" : "uuswiftnetworking",
"requirement" : {
"range" : [
{
"lower_bound" : "1.3.6",
"upper_bound" : "2.0.0"
}
]
},
"type" : "sourceControl",
"url" : "https://github.com/SilverPineSoftware/UUSwiftNetworking.git"
}
],
"manifest_display_name" : "UUSwift",
"name" : "UUSwift",
"path" : "/Users/admin/builder/spi-builder-workspace",
"platforms" : [
{
"name" : "ios",
"version" : "10.0"
},
{
"name" : "macos",
"version" : "10.15"
}
],
"products" : [
{
"name" : "UUSwift",
"targets" : [
"UUSwift"
],
"type" : {
"library" : [
"automatic"
]
}
}
],
"swift_languages_versions" : [
"4.2",
"5"
],
"targets" : [
{
"c99name" : "UUSwift",
"module_type" : "SwiftTarget",
"name" : "UUSwift",
"path" : "UUSwift",
"product_dependencies" : [
"UUSwiftCore",
"UUSwiftUX",
"UUSwiftImage",
"UUSwiftNetworking"
],
"product_memberships" : [
"UUSwift"
],
"sources" : [
"UUSwift.swift"
],
"type" : "library"
}
],
"tools_version" : "5.3"
}
{
"workspace" : {
"name" : "UUSwift",
"schemes" : [
"UUSwift",
"UUSwiftCore"
]
}
}
2026-09-18 10:43:46.595 xcodebuild[985:6119] [MT] IDERunDestination: Supported platforms for the buildables in the current scheme is empty.
{
"workspace" : {
"name" : "UUSwift",
"schemes" : [
"UUSwift",
"UUSwiftCore"
]
}
}
2026-09-18 10:43:47.637 xcodebuild[987:6149] [MT] IDERunDestination: Supported platforms for the buildables in the current scheme is empty.
Running build ...
env DEVELOPER_DIR=/Applications/Xcode-27.0.0-Release.Candidate.app xcrun xcodebuild -IDEClonedSourcePackagesDirPathOverride=$PWD/.dependencies -skipMacroValidation -skipPackagePluginValidation -derivedDataPath $PWD/.derivedData build -scheme UUSwift -destination generic/platform=watchOS
Command line invocation:
/Applications/Xcode-27.0.0-Release.Candidate.app/Contents/Developer/usr/bin/xcodebuild -IDEClonedSourcePackagesDirPathOverride=/Users/admin/builder/spi-builder-workspace/.dependencies -skipMacroValidation -skipPackagePluginValidation -derivedDataPath /Users/admin/builder/spi-builder-workspace/.derivedData build -scheme UUSwift -destination generic/platform=watchOS
Resolve Package Graph
Resolved source packages:
UUSwiftImage: https://github.com/SilverPineSoftware/UUSwiftImage @ 1.3.0
UUSwift: /Users/admin/builder/spi-builder-workspace
UUSwiftUX: https://github.com/SilverPineSoftware/UUSwiftUX @ 1.2.0
UUSwiftNetworking: https://github.com/SilverPineSoftware/UUSwiftNetworking @ 1.8.1
UUSwiftCore: https://github.com/SilverPineSoftware/UUSwiftCore @ 1.7.2
ComputePackagePrebuildTargetDependencyGraph
Prepare packages
CreateBuildRequest
SendProjectDescription
CreateBuildOperation
ComputeTargetDependencyGraph
note: Building targets in dependency order
note: Target dependency graph (11 targets)
Target 'UUSwift-product' in project 'UUSwift'
➜ Explicit dependency on target 'UUSwift' in project 'UUSwift'
➜ Explicit dependency on target 'UUSwiftCore-product' in project 'UUSwiftCore'
➜ Explicit dependency on target 'UUSwiftUX-product' in project 'UUSwiftUX'
➜ Explicit dependency on target 'UUSwiftImage-product' in project 'UUSwiftImage'
➜ Explicit dependency on target 'UUSwiftNetworking-product' in project 'UUSwiftNetworking'
Target 'UUSwift' in project 'UUSwift'
➜ Explicit dependency on target 'UUSwiftCore-product' in project 'UUSwiftCore'
➜ Explicit dependency on target 'UUSwiftUX-product' in project 'UUSwiftUX'
➜ Explicit dependency on target 'UUSwiftImage-product' in project 'UUSwiftImage'
➜ Explicit dependency on target 'UUSwiftNetworking-product' in project 'UUSwiftNetworking'
Target 'UUSwiftNetworking-product' in project 'UUSwiftNetworking'
➜ Explicit dependency on target 'UUSwiftNetworking' in project 'UUSwiftNetworking'
➜ Explicit dependency on target 'UUSwiftCore-product' in project 'UUSwiftCore'
Target 'UUSwiftNetworking' in project 'UUSwiftNetworking'
➜ Explicit dependency on target 'UUSwiftCore-product' in project 'UUSwiftCore'
Target 'UUSwiftImage-product' in project 'UUSwiftImage'
➜ Explicit dependency on target 'UUSwiftImage' in project 'UUSwiftImage'
➜ Explicit dependency on target 'UUSwiftCore-product' in project 'UUSwiftCore'
Target 'UUSwiftImage' in project 'UUSwiftImage'
➜ Explicit dependency on target 'UUSwiftCore-product' in project 'UUSwiftCore'
Target 'UUSwiftUX-product' in project 'UUSwiftUX'
➜ Explicit dependency on target 'UUSwiftUX' in project 'UUSwiftUX'
➜ Explicit dependency on target 'UUSwiftCore-product' in project 'UUSwiftCore'
Target 'UUSwiftUX' in project 'UUSwiftUX'
➜ Explicit dependency on target 'UUSwiftCore-product' in project 'UUSwiftCore'
Target 'UUSwiftCore-product' in project 'UUSwiftCore'
➜ Explicit dependency on target 'UUSwiftCore' in project 'UUSwiftCore'
➜ Explicit dependency on target 'UUSwiftCore_UUSwiftCore' in project 'UUSwiftCore'
Target 'UUSwiftCore' in project 'UUSwiftCore'
➜ Explicit dependency on target 'UUSwiftCore_UUSwiftCore' in project 'UUSwiftCore'
Target 'UUSwiftCore_UUSwiftCore' in project 'UUSwiftCore' (no dependencies)
GatherProvisioningInputs
CreateBuildDescription
ClangStatCache /Applications/Xcode-27.0.0-Release.Candidate.app/Contents/Developer/Toolchains/XcodeDefault.xctoolchain/usr/bin/clang-stat-cache /Applications/Xcode-27.0.0-Release.Candidate.app/Contents/Developer/Platforms/WatchOS.platform/Developer/SDKs/WatchOS27.0.sdk /Users/admin/builder/spi-builder-workspace/.derivedData/SDKStatCaches.noindex/watchos27.0-24R360-e829b21a6f8c9b70876ba0858053c04477534ef55a1706bf4c1112bbb242f0a2.sdkstatcache
cd /Users/admin/builder/spi-builder-workspace/.swiftpm/xcode
/Applications/Xcode-27.0.0-Release.Candidate.app/Contents/Developer/Toolchains/XcodeDefault.xctoolchain/usr/bin/clang-stat-cache /Applications/Xcode-27.0.0-Release.Candidate.app/Contents/Developer/Platforms/WatchOS.platform/Developer/SDKs/WatchOS27.0.sdk -o /Users/admin/builder/spi-builder-workspace/.derivedData/SDKStatCaches.noindex/watchos27.0-24R360-e829b21a6f8c9b70876ba0858053c04477534ef55a1706bf4c1112bbb242f0a2.sdkstatcache
SwiftDriver UUSwiftUX normal arm64_32 com.apple.xcode.tools.swift.compiler (in target 'UUSwiftUX' from project 'UUSwiftUX')
cd /Users/admin/builder/spi-builder-workspace/.swiftpm/xcode
builtin-SwiftDriver -- /Applications/Xcode-27.0.0-Release.Candidate.app/Contents/Developer/Toolchains/XcodeDefault.xctoolchain/usr/bin/swiftc -parse-as-library -module-name UUSwiftUX -Onone @/Users/admin/builder/spi-builder-workspace/.derivedData/Build/Intermediates.noindex/UUSwiftUX.build/Debug-watchos/UUSwiftUX-t.build/Objects-normal/arm64_32/UUSwiftUX.SwiftFileList -DSWIFT_PACKAGE -DDEBUG -DSWIFT_MODULE_RESOURCE_BUNDLE_UNAVAILABLE -DXcode -plugin-path /Applications/Xcode-27.0.0-Release.Candidate.app/Contents/Developer/Toolchains/XcodeDefault.xctoolchain/usr/lib/swift/host/plugins/testing -enable-experimental-feature DebugDescriptionMacro -sdk /Applications/Xcode-27.0.0-Release.Candidate.app/Contents/Developer/Platforms/WatchOS.platform/Developer/SDKs/WatchOS27.0.sdk -target arm64_32-apple-watchos9.0 -g -module-cache-path /Users/admin/builder/spi-builder-workspace/.derivedData/ModuleCache.noindex -Xfrontend -serialize-debugging-options -enable-testing -suppress-warnings -index-store-path /Users/admin/builder/spi-builder-workspace/.derivedData/Index.noindex/DataStore -Xcc -D_LIBCPP_HARDENING_MODE\=_LIBCPP_HARDENING_MODE_DEBUG -swift-version 6 -I /Users/admin/builder/spi-builder-workspace/.derivedData/Build/Products/Debug-watchos -Isystem /Applications/Xcode-27.0.0-Release.Candidate.app/Contents/Developer/Platforms/WatchOS.platform/Developer/usr/lib -F /Users/admin/builder/spi-builder-workspace/.derivedData/Build/Products/Debug-watchos/PackageFrameworks -F /Users/admin/builder/spi-builder-workspace/.derivedData/Build/Products/Debug-watchos -F /Applications/Xcode-27.0.0-Release.Candidate.app/Contents/Developer/Platforms/WatchOS.platform/Developer/Library/Frameworks -F /Applications/Xcode-27.0.0-Release.Candidate.app/Contents/Developer/Platforms/WatchOS.platform/Developer/SDKs/WatchOS27.0.sdk/Developer/Library/Frameworks -c -j10 -enable-batch-mode -incremental -Xcc -ivfsstatcache -Xcc /Users/admin/builder/spi-builder-workspace/.derivedData/SDKStatCaches.noindex/watchos27.0-24R360-e829b21a6f8c9b70876ba0858053c04477534ef55a1706bf4c1112bbb242f0a2.sdkstatcache -output-file-map /Users/admin/builder/spi-builder-workspace/.derivedData/Build/Intermediates.noindex/UUSwiftUX.build/Debug-watchos/UUSwiftUX-t.build/Objects-normal/arm64_32/UUSwiftUX-OutputFileMap.json -save-temps -no-color-diagnostics -explicit-module-build -module-cache-path /Users/admin/builder/spi-builder-workspace/.derivedData/Build/Intermediates.noindex/SwiftExplicitPrecompiledModules -clang-scanner-module-cache-path /Users/admin/builder/spi-builder-workspace/.derivedData/ModuleCache.noindex -sdk-module-cache-path /Users/admin/builder/spi-builder-workspace/.derivedData/SDKExplicitPrecompiledModules -emit-dependencies -emit-module -emit-module-path /Users/admin/builder/spi-builder-workspace/.derivedData/Build/Intermediates.noindex/UUSwiftUX.build/Debug-watchos/UUSwiftUX-t.build/Objects-normal/arm64_32/UUSwiftUX.swiftmodule -serialize-diagnostics -dependency-scan-serialize-diagnostics-path /Users/admin/builder/spi-builder-workspace/.derivedData/Build/Intermediates.noindex/UUSwiftUX.build/Debug-watchos/UUSwiftUX-t.build/Objects-normal/arm64_32/UUSwiftUX-dependency-scan.dia -user-module-version 1.2.0 -validate-clang-modules-once -clang-build-session-file /Users/admin/builder/spi-builder-workspace/.derivedData/ModuleCache.noindex/Session.modulevalidation -Xcc -fmodules-prune-interval\=86400 -Xcc -fmodules-prune-after\=345600 -package-name uuswiftux -emit-const-values -const-gather-protocols-list /Users/admin/builder/spi-builder-workspace/.derivedData/Build/Intermediates.noindex/UUSwiftUX.build/Debug-watchos/UUSwiftUX-t.build/Objects-normal/arm64_32/UUSwiftUX_const_extract_protocols.json -Xcc -I/Users/admin/builder/spi-builder-workspace/.derivedData/Build/Products/Debug-watchos/include -Xcc -I/Users/admin/builder/spi-builder-workspace/.derivedData/Build/Intermediates.noindex/UUSwiftUX.build/Debug-watchos/UUSwiftUX-t.build/DerivedSources-normal/arm64_32 -Xcc -I/Users/admin/builder/spi-builder-workspace/.derivedData/Build/Intermediates.noindex/UUSwiftUX.build/Debug-watchos/UUSwiftUX-t.build/DerivedSources/arm64_32 -Xcc -I/Users/admin/builder/spi-builder-workspace/.derivedData/Build/Intermediates.noindex/UUSwiftUX.build/Debug-watchos/UUSwiftUX-t.build/DerivedSources -Xcc -DSWIFT_PACKAGE -Xcc -DDEBUG\=1 -emit-objc-header -emit-objc-header-path /Users/admin/builder/spi-builder-workspace/.derivedData/Build/Intermediates.noindex/UUSwiftUX.build/Debug-watchos/UUSwiftUX-t.build/Objects-normal/arm64_32/UUSwiftUX-Swift.h -working-directory /Users/admin/builder/spi-builder-workspace/.swiftpm/xcode -experimental-emit-module-separately -disable-cmo
SwiftDriver UUSwiftUX normal arm64 com.apple.xcode.tools.swift.compiler (in target 'UUSwiftUX' from project 'UUSwiftUX')
cd /Users/admin/builder/spi-builder-workspace/.swiftpm/xcode
builtin-SwiftDriver -- /Applications/Xcode-27.0.0-Release.Candidate.app/Contents/Developer/Toolchains/XcodeDefault.xctoolchain/usr/bin/swiftc -parse-as-library -module-name UUSwiftUX -Onone @/Users/admin/builder/spi-builder-workspace/.derivedData/Build/Intermediates.noindex/UUSwiftUX.build/Debug-watchos/UUSwiftUX-t.build/Objects-normal/arm64/UUSwiftUX.SwiftFileList -DSWIFT_PACKAGE -DDEBUG -DSWIFT_MODULE_RESOURCE_BUNDLE_UNAVAILABLE -DXcode -plugin-path /Applications/Xcode-27.0.0-Release.Candidate.app/Contents/Developer/Toolchains/XcodeDefault.xctoolchain/usr/lib/swift/host/plugins/testing -enable-experimental-feature DebugDescriptionMacro -sdk /Applications/Xcode-27.0.0-Release.Candidate.app/Contents/Developer/Platforms/WatchOS.platform/Developer/SDKs/WatchOS27.0.sdk -target arm64-apple-watchos9.0 -g -module-cache-path /Users/admin/builder/spi-builder-workspace/.derivedData/ModuleCache.noindex -Xfrontend -serialize-debugging-options -enable-testing -suppress-warnings -index-store-path /Users/admin/builder/spi-builder-workspace/.derivedData/Index.noindex/DataStore -Xcc -D_LIBCPP_HARDENING_MODE\=_LIBCPP_HARDENING_MODE_DEBUG -swift-version 6 -I /Users/admin/builder/spi-builder-workspace/.derivedData/Build/Products/Debug-watchos -Isystem /Applications/Xcode-27.0.0-Release.Candidate.app/Contents/Developer/Platforms/WatchOS.platform/Developer/usr/lib -F /Users/admin/builder/spi-builder-workspace/.derivedData/Build/Products/Debug-watchos/PackageFrameworks -F /Users/admin/builder/spi-builder-workspace/.derivedData/Build/Products/Debug-watchos -F /Applications/Xcode-27.0.0-Release.Candidate.app/Contents/Developer/Platforms/WatchOS.platform/Developer/Library/Frameworks -F /Applications/Xcode-27.0.0-Release.Candidate.app/Contents/Developer/Platforms/WatchOS.platform/Developer/SDKs/WatchOS27.0.sdk/Developer/Library/Frameworks -c -j10 -enable-batch-mode -incremental -Xcc -ivfsstatcache -Xcc /Users/admin/builder/spi-builder-workspace/.derivedData/SDKStatCaches.noindex/watchos27.0-24R360-e829b21a6f8c9b70876ba0858053c04477534ef55a1706bf4c1112bbb242f0a2.sdkstatcache -output-file-map /Users/admin/builder/spi-builder-workspace/.derivedData/Build/Intermediates.noindex/UUSwiftUX.build/Debug-watchos/UUSwiftUX-t.build/Objects-normal/arm64/UUSwiftUX-OutputFileMap.json -save-temps -no-color-diagnostics -explicit-module-build -module-cache-path /Users/admin/builder/spi-builder-workspace/.derivedData/Build/Intermediates.noindex/SwiftExplicitPrecompiledModules -clang-scanner-module-cache-path /Users/admin/builder/spi-builder-workspace/.derivedData/ModuleCache.noindex -sdk-module-cache-path /Users/admin/builder/spi-builder-workspace/.derivedData/SDKExplicitPrecompiledModules -emit-dependencies -emit-module -emit-module-path /Users/admin/builder/spi-builder-workspace/.derivedData/Build/Intermediates.noindex/UUSwiftUX.build/Debug-watchos/UUSwiftUX-t.build/Objects-normal/arm64/UUSwiftUX.swiftmodule -serialize-diagnostics -dependency-scan-serialize-diagnostics-path /Users/admin/builder/spi-builder-workspace/.derivedData/Build/Intermediates.noindex/UUSwiftUX.build/Debug-watchos/UUSwiftUX-t.build/Objects-normal/arm64/UUSwiftUX-dependency-scan.dia -user-module-version 1.2.0 -validate-clang-modules-once -clang-build-session-file /Users/admin/builder/spi-builder-workspace/.derivedData/ModuleCache.noindex/Session.modulevalidation -Xcc -fmodules-prune-interval\=86400 -Xcc -fmodules-prune-after\=345600 -package-name uuswiftux -emit-const-values -const-gather-protocols-list /Users/admin/builder/spi-builder-workspace/.derivedData/Build/Intermediates.noindex/UUSwiftUX.build/Debug-watchos/UUSwiftUX-t.build/Objects-normal/arm64/UUSwiftUX_const_extract_protocols.json -Xcc -I/Users/admin/builder/spi-builder-workspace/.derivedData/Build/Products/Debug-watchos/include -Xcc -I/Users/admin/builder/spi-builder-workspace/.derivedData/Build/Intermediates.noindex/UUSwiftUX.build/Debug-watchos/UUSwiftUX-t.build/DerivedSources-normal/arm64 -Xcc -I/Users/admin/builder/spi-builder-workspace/.derivedData/Build/Intermediates.noindex/UUSwiftUX.build/Debug-watchos/UUSwiftUX-t.build/DerivedSources/arm64 -Xcc -I/Users/admin/builder/spi-builder-workspace/.derivedData/Build/Intermediates.noindex/UUSwiftUX.build/Debug-watchos/UUSwiftUX-t.build/DerivedSources -Xcc -DSWIFT_PACKAGE -Xcc -DDEBUG\=1 -emit-objc-header -emit-objc-header-path /Users/admin/builder/spi-builder-workspace/.derivedData/Build/Intermediates.noindex/UUSwiftUX.build/Debug-watchos/UUSwiftUX-t.build/Objects-normal/arm64/UUSwiftUX-Swift.h -working-directory /Users/admin/builder/spi-builder-workspace/.swiftpm/xcode -experimental-emit-module-separately -disable-cmo
SwiftDriver UUSwiftNetworking normal arm64_32 com.apple.xcode.tools.swift.compiler (in target 'UUSwiftNetworking' from project 'UUSwiftNetworking')
cd /Users/admin/builder/spi-builder-workspace/.swiftpm/xcode
builtin-SwiftDriver -- /Applications/Xcode-27.0.0-Release.Candidate.app/Contents/Developer/Toolchains/XcodeDefault.xctoolchain/usr/bin/swiftc -parse-as-library -module-name UUSwiftNetworking -Onone @/Users/admin/builder/spi-builder-workspace/.derivedData/Build/Intermediates.noindex/UUSwiftNetworking.build/Debug-watchos/UUSwiftNetworking-t.build/Objects-normal/arm64_32/UUSwiftNetworking.SwiftFileList -DSWIFT_PACKAGE -DDEBUG -DSWIFT_MODULE_RESOURCE_BUNDLE_UNAVAILABLE -DXcode -plugin-path /Applications/Xcode-27.0.0-Release.Candidate.app/Contents/Developer/Toolchains/XcodeDefault.xctoolchain/usr/lib/swift/host/plugins/testing -enable-experimental-feature DebugDescriptionMacro -sdk /Applications/Xcode-27.0.0-Release.Candidate.app/Contents/Developer/Platforms/WatchOS.platform/Developer/SDKs/WatchOS27.0.sdk -target arm64_32-apple-watchos9.0 -g -module-cache-path /Users/admin/builder/spi-builder-workspace/.derivedData/ModuleCache.noindex -Xfrontend -serialize-debugging-options -enable-testing -suppress-warnings -index-store-path /Users/admin/builder/spi-builder-workspace/.derivedData/Index.noindex/DataStore -Xcc -D_LIBCPP_HARDENING_MODE\=_LIBCPP_HARDENING_MODE_DEBUG -swift-version 6 -I /Users/admin/builder/spi-builder-workspace/.derivedData/Build/Products/Debug-watchos -Isystem /Applications/Xcode-27.0.0-Release.Candidate.app/Contents/Developer/Platforms/WatchOS.platform/Developer/usr/lib -F /Users/admin/builder/spi-builder-workspace/.derivedData/Build/Products/Debug-watchos/PackageFrameworks -F /Users/admin/builder/spi-builder-workspace/.derivedData/Build/Products/Debug-watchos -F /Applications/Xcode-27.0.0-Release.Candidate.app/Contents/Developer/Platforms/WatchOS.platform/Developer/Library/Frameworks -F /Applications/Xcode-27.0.0-Release.Candidate.app/Contents/Developer/Platforms/WatchOS.platform/Developer/SDKs/WatchOS27.0.sdk/Developer/Library/Frameworks -c -j10 -enable-batch-mode -incremental -Xcc -ivfsstatcache -Xcc /Users/admin/builder/spi-builder-workspace/.derivedData/SDKStatCaches.noindex/watchos27.0-24R360-e829b21a6f8c9b70876ba0858053c04477534ef55a1706bf4c1112bbb242f0a2.sdkstatcache -output-file-map /Users/admin/builder/spi-builder-workspace/.derivedData/Build/Intermediates.noindex/UUSwiftNetworking.build/Debug-watchos/UUSwiftNetworking-t.build/Objects-normal/arm64_32/UUSwiftNetworking-OutputFileMap.json -save-temps -no-color-diagnostics -explicit-module-build -module-cache-path /Users/admin/builder/spi-builder-workspace/.derivedData/Build/Intermediates.noindex/SwiftExplicitPrecompiledModules -clang-scanner-module-cache-path /Users/admin/builder/spi-builder-workspace/.derivedData/ModuleCache.noindex -sdk-module-cache-path /Users/admin/builder/spi-builder-workspace/.derivedData/SDKExplicitPrecompiledModules -emit-dependencies -emit-module -emit-module-path /Users/admin/builder/spi-builder-workspace/.derivedData/Build/Intermediates.noindex/UUSwiftNetworking.build/Debug-watchos/UUSwiftNetworking-t.build/Objects-normal/arm64_32/UUSwiftNetworking.swiftmodule -serialize-diagnostics -dependency-scan-serialize-diagnostics-path /Users/admin/builder/spi-builder-workspace/.derivedData/Build/Intermediates.noindex/UUSwiftNetworking.build/Debug-watchos/UUSwiftNetworking-t.build/Objects-normal/arm64_32/UUSwiftNetworking-dependency-scan.dia -user-module-version 1.8.1 -validate-clang-modules-once -clang-build-session-file /Users/admin/builder/spi-builder-workspace/.derivedData/ModuleCache.noindex/Session.modulevalidation -Xcc -fmodules-prune-interval\=86400 -Xcc -fmodules-prune-after\=345600 -package-name uuswiftnetworking -emit-const-values -const-gather-protocols-list /Users/admin/builder/spi-builder-workspace/.derivedData/Build/Intermediates.noindex/UUSwiftNetworking.build/Debug-watchos/UUSwiftNetworking-t.build/Objects-normal/arm64_32/UUSwiftNetworking_const_extract_protocols.json -Xcc -I/Users/admin/builder/spi-builder-workspace/.derivedData/Build/Products/Debug-watchos/include -Xcc -I/Users/admin/builder/spi-builder-workspace/.derivedData/Build/Intermediates.noindex/UUSwiftNetworking.build/Debug-watchos/UUSwiftNetworking-t.build/DerivedSources-normal/arm64_32 -Xcc -I/Users/admin/builder/spi-builder-workspace/.derivedData/Build/Intermediates.noindex/UUSwiftNetworking.build/Debug-watchos/UUSwiftNetworking-t.build/DerivedSources/arm64_32 -Xcc -I/Users/admin/builder/spi-builder-workspace/.derivedData/Build/Intermediates.noindex/UUSwiftNetworking.build/Debug-watchos/UUSwiftNetworking-t.build/DerivedSources -Xcc -DSWIFT_PACKAGE -Xcc -DDEBUG\=1 -emit-objc-header -emit-objc-header-path /Users/admin/builder/spi-builder-workspace/.derivedData/Build/Intermediates.noindex/UUSwiftNetworking.build/Debug-watchos/UUSwiftNetworking-t.build/Objects-normal/arm64_32/UUSwiftNetworking-Swift.h -working-directory /Users/admin/builder/spi-builder-workspace/.swiftpm/xcode -experimental-emit-module-separately -disable-cmo
SwiftDriver UUSwiftNetworking normal arm64 com.apple.xcode.tools.swift.compiler (in target 'UUSwiftNetworking' from project 'UUSwiftNetworking')
cd /Users/admin/builder/spi-builder-workspace/.swiftpm/xcode
builtin-SwiftDriver -- /Applications/Xcode-27.0.0-Release.Candidate.app/Contents/Developer/Toolchains/XcodeDefault.xctoolchain/usr/bin/swiftc -parse-as-library -module-name UUSwiftNetworking -Onone @/Users/admin/builder/spi-builder-workspace/.derivedData/Build/Intermediates.noindex/UUSwiftNetworking.build/Debug-watchos/UUSwiftNetworking-t.build/Objects-normal/arm64/UUSwiftNetworking.SwiftFileList -DSWIFT_PACKAGE -DDEBUG -DSWIFT_MODULE_RESOURCE_BUNDLE_UNAVAILABLE -DXcode -plugin-path /Applications/Xcode-27.0.0-Release.Candidate.app/Contents/Developer/Toolchains/XcodeDefault.xctoolchain/usr/lib/swift/host/plugins/testing -enable-experimental-feature DebugDescriptionMacro -sdk /Applications/Xcode-27.0.0-Release.Candidate.app/Contents/Developer/Platforms/WatchOS.platform/Developer/SDKs/WatchOS27.0.sdk -target arm64-apple-watchos9.0 -g -module-cache-path /Users/admin/builder/spi-builder-workspace/.derivedData/ModuleCache.noindex -Xfrontend -serialize-debugging-options -enable-testing -suppress-warnings -index-store-path /Users/admin/builder/spi-builder-workspace/.derivedData/Index.noindex/DataStore -Xcc -D_LIBCPP_HARDENING_MODE\=_LIBCPP_HARDENING_MODE_DEBUG -swift-version 6 -I /Users/admin/builder/spi-builder-workspace/.derivedData/Build/Products/Debug-watchos -Isystem /Applications/Xcode-27.0.0-Release.Candidate.app/Contents/Developer/Platforms/WatchOS.platform/Developer/usr/lib -F /Users/admin/builder/spi-builder-workspace/.derivedData/Build/Products/Debug-watchos/PackageFrameworks -F /Users/admin/builder/spi-builder-workspace/.derivedData/Build/Products/Debug-watchos -F /Applications/Xcode-27.0.0-Release.Candidate.app/Contents/Developer/Platforms/WatchOS.platform/Developer/Library/Frameworks -F /Applications/Xcode-27.0.0-Release.Candidate.app/Contents/Developer/Platforms/WatchOS.platform/Developer/SDKs/WatchOS27.0.sdk/Developer/Library/Frameworks -c -j10 -enable-batch-mode -incremental -Xcc -ivfsstatcache -Xcc /Users/admin/builder/spi-builder-workspace/.derivedData/SDKStatCaches.noindex/watchos27.0-24R360-e829b21a6f8c9b70876ba0858053c04477534ef55a1706bf4c1112bbb242f0a2.sdkstatcache -output-file-map /Users/admin/builder/spi-builder-workspace/.derivedData/Build/Intermediates.noindex/UUSwiftNetworking.build/Debug-watchos/UUSwiftNetworking-t.build/Objects-normal/arm64/UUSwiftNetworking-OutputFileMap.json -save-temps -no-color-diagnostics -explicit-module-build -module-cache-path /Users/admin/builder/spi-builder-workspace/.derivedData/Build/Intermediates.noindex/SwiftExplicitPrecompiledModules -clang-scanner-module-cache-path /Users/admin/builder/spi-builder-workspace/.derivedData/ModuleCache.noindex -sdk-module-cache-path /Users/admin/builder/spi-builder-workspace/.derivedData/SDKExplicitPrecompiledModules -emit-dependencies -emit-module -emit-module-path /Users/admin/builder/spi-builder-workspace/.derivedData/Build/Intermediates.noindex/UUSwiftNetworking.build/Debug-watchos/UUSwiftNetworking-t.build/Objects-normal/arm64/UUSwiftNetworking.swiftmodule -serialize-diagnostics -dependency-scan-serialize-diagnostics-path /Users/admin/builder/spi-builder-workspace/.derivedData/Build/Intermediates.noindex/UUSwiftNetworking.build/Debug-watchos/UUSwiftNetworking-t.build/Objects-normal/arm64/UUSwiftNetworking-dependency-scan.dia -user-module-version 1.8.1 -validate-clang-modules-once -clang-build-session-file /Users/admin/builder/spi-builder-workspace/.derivedData/ModuleCache.noindex/Session.modulevalidation -Xcc -fmodules-prune-interval\=86400 -Xcc -fmodules-prune-after\=345600 -package-name uuswiftnetworking -emit-const-values -const-gather-protocols-list /Users/admin/builder/spi-builder-workspace/.derivedData/Build/Intermediates.noindex/UUSwiftNetworking.build/Debug-watchos/UUSwiftNetworking-t.build/Objects-normal/arm64/UUSwiftNetworking_const_extract_protocols.json -Xcc -I/Users/admin/builder/spi-builder-workspace/.derivedData/Build/Products/Debug-watchos/include -Xcc -I/Users/admin/builder/spi-builder-workspace/.derivedData/Build/Intermediates.noindex/UUSwiftNetworking.build/Debug-watchos/UUSwiftNetworking-t.build/DerivedSources-normal/arm64 -Xcc -I/Users/admin/builder/spi-builder-workspace/.derivedData/Build/Intermediates.noindex/UUSwiftNetworking.build/Debug-watchos/UUSwiftNetworking-t.build/DerivedSources/arm64 -Xcc -I/Users/admin/builder/spi-builder-workspace/.derivedData/Build/Intermediates.noindex/UUSwiftNetworking.build/Debug-watchos/UUSwiftNetworking-t.build/DerivedSources -Xcc -DSWIFT_PACKAGE -Xcc -DDEBUG\=1 -emit-objc-header -emit-objc-header-path /Users/admin/builder/spi-builder-workspace/.derivedData/Build/Intermediates.noindex/UUSwiftNetworking.build/Debug-watchos/UUSwiftNetworking-t.build/Objects-normal/arm64/UUSwiftNetworking-Swift.h -working-directory /Users/admin/builder/spi-builder-workspace/.swiftpm/xcode -experimental-emit-module-separately -disable-cmo
SwiftDriver UUSwiftImage normal arm64_32 com.apple.xcode.tools.swift.compiler (in target 'UUSwiftImage' from project 'UUSwiftImage')
cd /Users/admin/builder/spi-builder-workspace/.swiftpm/xcode
builtin-SwiftDriver -- /Applications/Xcode-27.0.0-Release.Candidate.app/Contents/Developer/Toolchains/XcodeDefault.xctoolchain/usr/bin/swiftc -parse-as-library -module-name UUSwiftImage -Onone @/Users/admin/builder/spi-builder-workspace/.derivedData/Build/Intermediates.noindex/UUSwiftImage.build/Debug-watchos/UUSwiftImage-t.build/Objects-normal/arm64_32/UUSwiftImage.SwiftFileList -DSWIFT_PACKAGE -DDEBUG -DSWIFT_MODULE_RESOURCE_BUNDLE_UNAVAILABLE -DXcode -plugin-path /Applications/Xcode-27.0.0-Release.Candidate.app/Contents/Developer/Toolchains/XcodeDefault.xctoolchain/usr/lib/swift/host/plugins/testing -enable-experimental-feature DebugDescriptionMacro -sdk /Applications/Xcode-27.0.0-Release.Candidate.app/Contents/Developer/Platforms/WatchOS.platform/Developer/SDKs/WatchOS27.0.sdk -target arm64_32-apple-watchos9.0 -g -module-cache-path /Users/admin/builder/spi-builder-workspace/.derivedData/ModuleCache.noindex -Xfrontend -serialize-debugging-options -enable-testing -suppress-warnings -index-store-path /Users/admin/builder/spi-builder-workspace/.derivedData/Index.noindex/DataStore -Xcc -D_LIBCPP_HARDENING_MODE\=_LIBCPP_HARDENING_MODE_DEBUG -swift-version 6 -I /Users/admin/builder/spi-builder-workspace/.derivedData/Build/Products/Debug-watchos -Isystem /Applications/Xcode-27.0.0-Release.Candidate.app/Contents/Developer/Platforms/WatchOS.platform/Developer/usr/lib -F /Users/admin/builder/spi-builder-workspace/.derivedData/Build/Products/Debug-watchos/PackageFrameworks -F /Users/admin/builder/spi-builder-workspace/.derivedData/Build/Products/Debug-watchos -F /Applications/Xcode-27.0.0-Release.Candidate.app/Contents/Developer/Platforms/WatchOS.platform/Developer/Library/Frameworks -F /Applications/Xcode-27.0.0-Release.Candidate.app/Contents/Developer/Platforms/WatchOS.platform/Developer/SDKs/WatchOS27.0.sdk/Developer/Library/Frameworks -c -j10 -enable-batch-mode -incremental -Xcc -ivfsstatcache -Xcc /Users/admin/builder/spi-builder-workspace/.derivedData/SDKStatCaches.noindex/watchos27.0-24R360-e829b21a6f8c9b70876ba0858053c04477534ef55a1706bf4c1112bbb242f0a2.sdkstatcache -output-file-map /Users/admin/builder/spi-builder-workspace/.derivedData/Build/Intermediates.noindex/UUSwiftImage.build/Debug-watchos/UUSwiftImage-t.build/Objects-normal/arm64_32/UUSwiftImage-OutputFileMap.json -save-temps -no-color-diagnostics -explicit-module-build -module-cache-path /Users/admin/builder/spi-builder-workspace/.derivedData/Build/Intermediates.noindex/SwiftExplicitPrecompiledModules -clang-scanner-module-cache-path /Users/admin/builder/spi-builder-workspace/.derivedData/ModuleCache.noindex -sdk-module-cache-path /Users/admin/builder/spi-builder-workspace/.derivedData/SDKExplicitPrecompiledModules -emit-dependencies -emit-module -emit-module-path /Users/admin/builder/spi-builder-workspace/.derivedData/Build/Intermediates.noindex/UUSwiftImage.build/Debug-watchos/UUSwiftImage-t.build/Objects-normal/arm64_32/UUSwiftImage.swiftmodule -serialize-diagnostics -dependency-scan-serialize-diagnostics-path /Users/admin/builder/spi-builder-workspace/.derivedData/Build/Intermediates.noindex/UUSwiftImage.build/Debug-watchos/UUSwiftImage-t.build/Objects-normal/arm64_32/UUSwiftImage-dependency-scan.dia -user-module-version 1.3.0 -validate-clang-modules-once -clang-build-session-file /Users/admin/builder/spi-builder-workspace/.derivedData/ModuleCache.noindex/Session.modulevalidation -Xcc -fmodules-prune-interval\=86400 -Xcc -fmodules-prune-after\=345600 -package-name uuswiftimage -emit-const-values -const-gather-protocols-list /Users/admin/builder/spi-builder-workspace/.derivedData/Build/Intermediates.noindex/UUSwiftImage.build/Debug-watchos/UUSwiftImage-t.build/Objects-normal/arm64_32/UUSwiftImage_const_extract_protocols.json -Xcc -I/Users/admin/builder/spi-builder-workspace/.derivedData/Build/Products/Debug-watchos/include -Xcc -I/Users/admin/builder/spi-builder-workspace/.derivedData/Build/Intermediates.noindex/UUSwiftImage.build/Debug-watchos/UUSwiftImage-t.build/DerivedSources-normal/arm64_32 -Xcc -I/Users/admin/builder/spi-builder-workspace/.derivedData/Build/Intermediates.noindex/UUSwiftImage.build/Debug-watchos/UUSwiftImage-t.build/DerivedSources/arm64_32 -Xcc -I/Users/admin/builder/spi-builder-workspace/.derivedData/Build/Intermediates.noindex/UUSwiftImage.build/Debug-watchos/UUSwiftImage-t.build/DerivedSources -Xcc -DSWIFT_PACKAGE -Xcc -DDEBUG\=1 -emit-objc-header -emit-objc-header-path /Users/admin/builder/spi-builder-workspace/.derivedData/Build/Intermediates.noindex/UUSwiftImage.build/Debug-watchos/UUSwiftImage-t.build/Objects-normal/arm64_32/UUSwiftImage-Swift.h -working-directory /Users/admin/builder/spi-builder-workspace/.swiftpm/xcode -experimental-emit-module-separately -disable-cmo
SwiftDriver UUSwiftImage normal arm64 com.apple.xcode.tools.swift.compiler (in target 'UUSwiftImage' from project 'UUSwiftImage')
cd /Users/admin/builder/spi-builder-workspace/.swiftpm/xcode
builtin-SwiftDriver -- /Applications/Xcode-27.0.0-Release.Candidate.app/Contents/Developer/Toolchains/XcodeDefault.xctoolchain/usr/bin/swiftc -parse-as-library -module-name UUSwiftImage -Onone @/Users/admin/builder/spi-builder-workspace/.derivedData/Build/Intermediates.noindex/UUSwiftImage.build/Debug-watchos/UUSwiftImage-t.build/Objects-normal/arm64/UUSwiftImage.SwiftFileList -DSWIFT_PACKAGE -DDEBUG -DSWIFT_MODULE_RESOURCE_BUNDLE_UNAVAILABLE -DXcode -plugin-path /Applications/Xcode-27.0.0-Release.Candidate.app/Contents/Developer/Toolchains/XcodeDefault.xctoolchain/usr/lib/swift/host/plugins/testing -enable-experimental-feature DebugDescriptionMacro -sdk /Applications/Xcode-27.0.0-Release.Candidate.app/Contents/Developer/Platforms/WatchOS.platform/Developer/SDKs/WatchOS27.0.sdk -target arm64-apple-watchos9.0 -g -module-cache-path /Users/admin/builder/spi-builder-workspace/.derivedData/ModuleCache.noindex -Xfrontend -serialize-debugging-options -enable-testing -suppress-warnings -index-store-path /Users/admin/builder/spi-builder-workspace/.derivedData/Index.noindex/DataStore -Xcc -D_LIBCPP_HARDENING_MODE\=_LIBCPP_HARDENING_MODE_DEBUG -swift-version 6 -I /Users/admin/builder/spi-builder-workspace/.derivedData/Build/Products/Debug-watchos -Isystem /Applications/Xcode-27.0.0-Release.Candidate.app/Contents/Developer/Platforms/WatchOS.platform/Developer/usr/lib -F /Users/admin/builder/spi-builder-workspace/.derivedData/Build/Products/Debug-watchos/PackageFrameworks -F /Users/admin/builder/spi-builder-workspace/.derivedData/Build/Products/Debug-watchos -F /Applications/Xcode-27.0.0-Release.Candidate.app/Contents/Developer/Platforms/WatchOS.platform/Developer/Library/Frameworks -F /Applications/Xcode-27.0.0-Release.Candidate.app/Contents/Developer/Platforms/WatchOS.platform/Developer/SDKs/WatchOS27.0.sdk/Developer/Library/Frameworks -c -j10 -enable-batch-mode -incremental -Xcc -ivfsstatcache -Xcc /Users/admin/builder/spi-builder-workspace/.derivedData/SDKStatCaches.noindex/watchos27.0-24R360-e829b21a6f8c9b70876ba0858053c04477534ef55a1706bf4c1112bbb242f0a2.sdkstatcache -output-file-map /Users/admin/builder/spi-builder-workspace/.derivedData/Build/Intermediates.noindex/UUSwiftImage.build/Debug-watchos/UUSwiftImage-t.build/Objects-normal/arm64/UUSwiftImage-OutputFileMap.json -save-temps -no-color-diagnostics -explicit-module-build -module-cache-path /Users/admin/builder/spi-builder-workspace/.derivedData/Build/Intermediates.noindex/SwiftExplicitPrecompiledModules -clang-scanner-module-cache-path /Users/admin/builder/spi-builder-workspace/.derivedData/ModuleCache.noindex -sdk-module-cache-path /Users/admin/builder/spi-builder-workspace/.derivedData/SDKExplicitPrecompiledModules -emit-dependencies -emit-module -emit-module-path /Users/admin/builder/spi-builder-workspace/.derivedData/Build/Intermediates.noindex/UUSwiftImage.build/Debug-watchos/UUSwiftImage-t.build/Objects-normal/arm64/UUSwiftImage.swiftmodule -serialize-diagnostics -dependency-scan-serialize-diagnostics-path /Users/admin/builder/spi-builder-workspace/.derivedData/Build/Intermediates.noindex/UUSwiftImage.build/Debug-watchos/UUSwiftImage-t.build/Objects-normal/arm64/UUSwiftImage-dependency-scan.dia -user-module-version 1.3.0 -validate-clang-modules-once -clang-build-session-file /Users/admin/builder/spi-builder-workspace/.derivedData/ModuleCache.noindex/Session.modulevalidation -Xcc -fmodules-prune-interval\=86400 -Xcc -fmodules-prune-after\=345600 -package-name uuswiftimage -emit-const-values -const-gather-protocols-list /Users/admin/builder/spi-builder-workspace/.derivedData/Build/Intermediates.noindex/UUSwiftImage.build/Debug-watchos/UUSwiftImage-t.build/Objects-normal/arm64/UUSwiftImage_const_extract_protocols.json -Xcc -I/Users/admin/builder/spi-builder-workspace/.derivedData/Build/Products/Debug-watchos/include -Xcc -I/Users/admin/builder/spi-builder-workspace/.derivedData/Build/Intermediates.noindex/UUSwiftImage.build/Debug-watchos/UUSwiftImage-t.build/DerivedSources-normal/arm64 -Xcc -I/Users/admin/builder/spi-builder-workspace/.derivedData/Build/Intermediates.noindex/UUSwiftImage.build/Debug-watchos/UUSwiftImage-t.build/DerivedSources/arm64 -Xcc -I/Users/admin/builder/spi-builder-workspace/.derivedData/Build/Intermediates.noindex/UUSwiftImage.build/Debug-watchos/UUSwiftImage-t.build/DerivedSources -Xcc -DSWIFT_PACKAGE -Xcc -DDEBUG\=1 -emit-objc-header -emit-objc-header-path /Users/admin/builder/spi-builder-workspace/.derivedData/Build/Intermediates.noindex/UUSwiftImage.build/Debug-watchos/UUSwiftImage-t.build/Objects-normal/arm64/UUSwiftImage-Swift.h -working-directory /Users/admin/builder/spi-builder-workspace/.swiftpm/xcode -experimental-emit-module-separately -disable-cmo
SwiftDriver UUSwiftCore normal arm64 com.apple.xcode.tools.swift.compiler (in target 'UUSwiftCore' from project 'UUSwiftCore')
cd /Users/admin/builder/spi-builder-workspace/.swiftpm/xcode
builtin-SwiftDriver -- /Applications/Xcode-27.0.0-Release.Candidate.app/Contents/Developer/Toolchains/XcodeDefault.xctoolchain/usr/bin/swiftc -parse-as-library -module-name UUSwiftCore -Onone @/Users/admin/builder/spi-builder-workspace/.derivedData/Build/Intermediates.noindex/UUSwiftCore.build/Debug-watchos/UUSwiftCore-t.build/Objects-normal/arm64/UUSwiftCore.SwiftFileList -DSWIFT_PACKAGE -DDEBUG -DSWIFT_MODULE_RESOURCE_BUNDLE_AVAILABLE -DXcode -plugin-path /Applications/Xcode-27.0.0-Release.Candidate.app/Contents/Developer/Toolchains/XcodeDefault.xctoolchain/usr/lib/swift/host/plugins/testing -enable-experimental-feature DebugDescriptionMacro -sdk /Applications/Xcode-27.0.0-Release.Candidate.app/Contents/Developer/Platforms/WatchOS.platform/Developer/SDKs/WatchOS27.0.sdk -target arm64-apple-watchos9.0 -g -module-cache-path /Users/admin/builder/spi-builder-workspace/.derivedData/ModuleCache.noindex -Xfrontend -serialize-debugging-options -enable-testing -suppress-warnings -index-store-path /Users/admin/builder/spi-builder-workspace/.derivedData/Index.noindex/DataStore -Xcc -D_LIBCPP_HARDENING_MODE\=_LIBCPP_HARDENING_MODE_DEBUG -swift-version 6 -I /Users/admin/builder/spi-builder-workspace/.derivedData/Build/Products/Debug-watchos -Isystem /Applications/Xcode-27.0.0-Release.Candidate.app/Contents/Developer/Platforms/WatchOS.platform/Developer/usr/lib -F /Users/admin/builder/spi-builder-workspace/.derivedData/Build/Products/Debug-watchos -F /Applications/Xcode-27.0.0-Release.Candidate.app/Contents/Developer/Platforms/WatchOS.platform/Developer/Library/Frameworks -F /Applications/Xcode-27.0.0-Release.Candidate.app/Contents/Developer/Platforms/WatchOS.platform/Developer/SDKs/WatchOS27.0.sdk/Developer/Library/Frameworks -c -j10 -enable-batch-mode -incremental -Xcc -ivfsstatcache -Xcc /Users/admin/builder/spi-builder-workspace/.derivedData/SDKStatCaches.noindex/watchos27.0-24R360-e829b21a6f8c9b70876ba0858053c04477534ef55a1706bf4c1112bbb242f0a2.sdkstatcache -output-file-map /Users/admin/builder/spi-builder-workspace/.derivedData/Build/Intermediates.noindex/UUSwiftCore.build/Debug-watchos/UUSwiftCore-t.build/Objects-normal/arm64/UUSwiftCore-OutputFileMap.json -save-temps -no-color-diagnostics -explicit-module-build -module-cache-path /Users/admin/builder/spi-builder-workspace/.derivedData/Build/Intermediates.noindex/SwiftExplicitPrecompiledModules -clang-scanner-module-cache-path /Users/admin/builder/spi-builder-workspace/.derivedData/ModuleCache.noindex -sdk-module-cache-path /Users/admin/builder/spi-builder-workspace/.derivedData/SDKExplicitPrecompiledModules -emit-dependencies -emit-module -emit-module-path /Users/admin/builder/spi-builder-workspace/.derivedData/Build/Intermediates.noindex/UUSwiftCore.build/Debug-watchos/UUSwiftCore-t.build/Objects-normal/arm64/UUSwiftCore.swiftmodule -serialize-diagnostics -dependency-scan-serialize-diagnostics-path /Users/admin/builder/spi-builder-workspace/.derivedData/Build/Intermediates.noindex/UUSwiftCore.build/Debug-watchos/UUSwiftCore-t.build/Objects-normal/arm64/UUSwiftCore-dependency-scan.dia -user-module-version 1.7.2 -validate-clang-modules-once -clang-build-session-file /Users/admin/builder/spi-builder-workspace/.derivedData/ModuleCache.noindex/Session.modulevalidation -Xcc -fmodules-prune-interval\=86400 -Xcc -fmodules-prune-after\=345600 -package-name uuswiftcore -emit-const-values -const-gather-protocols-list /Users/admin/builder/spi-builder-workspace/.derivedData/Build/Intermediates.noindex/UUSwiftCore.build/Debug-watchos/UUSwiftCore-t.build/Objects-normal/arm64/UUSwiftCore_const_extract_protocols.json -Xcc -I/Users/admin/builder/spi-builder-workspace/.derivedData/Build/Products/Debug-watchos/include -Xcc -I/Users/admin/builder/spi-builder-workspace/.derivedData/Build/Intermediates.noindex/UUSwiftCore.build/Debug-watchos/UUSwiftCore-t.build/DerivedSources-normal/arm64 -Xcc -I/Users/admin/builder/spi-builder-workspace/.derivedData/Build/Intermediates.noindex/UUSwiftCore.build/Debug-watchos/UUSwiftCore-t.build/DerivedSources/arm64 -Xcc -I/Users/admin/builder/spi-builder-workspace/.derivedData/Build/Intermediates.noindex/UUSwiftCore.build/Debug-watchos/UUSwiftCore-t.build/DerivedSources -Xcc -DSWIFT_PACKAGE -Xcc -DDEBUG\=1 -emit-objc-header -emit-objc-header-path /Users/admin/builder/spi-builder-workspace/.derivedData/Build/Intermediates.noindex/UUSwiftCore.build/Debug-watchos/UUSwiftCore-t.build/Objects-normal/arm64/UUSwiftCore-Swift.h -working-directory /Users/admin/builder/spi-builder-workspace/.swiftpm/xcode -experimental-emit-module-separately -disable-cmo
SwiftDriver UUSwiftCore normal arm64_32 com.apple.xcode.tools.swift.compiler (in target 'UUSwiftCore' from project 'UUSwiftCore')
cd /Users/admin/builder/spi-builder-workspace/.swiftpm/xcode
builtin-SwiftDriver -- /Applications/Xcode-27.0.0-Release.Candidate.app/Contents/Developer/Toolchains/XcodeDefault.xctoolchain/usr/bin/swiftc -parse-as-library -module-name UUSwiftCore -Onone @/Users/admin/builder/spi-builder-workspace/.derivedData/Build/Intermediates.noindex/UUSwiftCore.build/Debug-watchos/UUSwiftCore-t.build/Objects-normal/arm64_32/UUSwiftCore.SwiftFileList -DSWIFT_PACKAGE -DDEBUG -DSWIFT_MODULE_RESOURCE_BUNDLE_AVAILABLE -DXcode -plugin-path /Applications/Xcode-27.0.0-Release.Candidate.app/Contents/Developer/Toolchains/XcodeDefault.xctoolchain/usr/lib/swift/host/plugins/testing -enable-experimental-feature DebugDescriptionMacro -sdk /Applications/Xcode-27.0.0-Release.Candidate.app/Contents/Developer/Platforms/WatchOS.platform/Developer/SDKs/WatchOS27.0.sdk -target arm64_32-apple-watchos9.0 -g -module-cache-path /Users/admin/builder/spi-builder-workspace/.derivedData/ModuleCache.noindex -Xfrontend -serialize-debugging-options -enable-testing -suppress-warnings -index-store-path /Users/admin/builder/spi-builder-workspace/.derivedData/Index.noindex/DataStore -Xcc -D_LIBCPP_HARDENING_MODE\=_LIBCPP_HARDENING_MODE_DEBUG -swift-version 6 -I /Users/admin/builder/spi-builder-workspace/.derivedData/Build/Products/Debug-watchos -Isystem /Applications/Xcode-27.0.0-Release.Candidate.app/Contents/Developer/Platforms/WatchOS.platform/Developer/usr/lib -F /Users/admin/builder/spi-builder-workspace/.derivedData/Build/Products/Debug-watchos -F /Applications/Xcode-27.0.0-Release.Candidate.app/Contents/Developer/Platforms/WatchOS.platform/Developer/Library/Frameworks -F /Applications/Xcode-27.0.0-Release.Candidate.app/Contents/Developer/Platforms/WatchOS.platform/Developer/SDKs/WatchOS27.0.sdk/Developer/Library/Frameworks -c -j10 -enable-batch-mode -incremental -Xcc -ivfsstatcache -Xcc /Users/admin/builder/spi-builder-workspace/.derivedData/SDKStatCaches.noindex/watchos27.0-24R360-e829b21a6f8c9b70876ba0858053c04477534ef55a1706bf4c1112bbb242f0a2.sdkstatcache -output-file-map /Users/admin/builder/spi-builder-workspace/.derivedData/Build/Intermediates.noindex/UUSwiftCore.build/Debug-watchos/UUSwiftCore-t.build/Objects-normal/arm64_32/UUSwiftCore-OutputFileMap.json -save-temps -no-color-diagnostics -explicit-module-build -module-cache-path /Users/admin/builder/spi-builder-workspace/.derivedData/Build/Intermediates.noindex/SwiftExplicitPrecompiledModules -clang-scanner-module-cache-path /Users/admin/builder/spi-builder-workspace/.derivedData/ModuleCache.noindex -sdk-module-cache-path /Users/admin/builder/spi-builder-workspace/.derivedData/SDKExplicitPrecompiledModules -emit-dependencies -emit-module -emit-module-path /Users/admin/builder/spi-builder-workspace/.derivedData/Build/Intermediates.noindex/UUSwiftCore.build/Debug-watchos/UUSwiftCore-t.build/Objects-normal/arm64_32/UUSwiftCore.swiftmodule -serialize-diagnostics -dependency-scan-serialize-diagnostics-path /Users/admin/builder/spi-builder-workspace/.derivedData/Build/Intermediates.noindex/UUSwiftCore.build/Debug-watchos/UUSwiftCore-t.build/Objects-normal/arm64_32/UUSwiftCore-dependency-scan.dia -user-module-version 1.7.2 -validate-clang-modules-once -clang-build-session-file /Users/admin/builder/spi-builder-workspace/.derivedData/ModuleCache.noindex/Session.modulevalidation -Xcc -fmodules-prune-interval\=86400 -Xcc -fmodules-prune-after\=345600 -package-name uuswiftcore -emit-const-values -const-gather-protocols-list /Users/admin/builder/spi-builder-workspace/.derivedData/Build/Intermediates.noindex/UUSwiftCore.build/Debug-watchos/UUSwiftCore-t.build/Objects-normal/arm64_32/UUSwiftCore_const_extract_protocols.json -Xcc -I/Users/admin/builder/spi-builder-workspace/.derivedData/Build/Products/Debug-watchos/include -Xcc -I/Users/admin/builder/spi-builder-workspace/.derivedData/Build/Intermediates.noindex/UUSwiftCore.build/Debug-watchos/UUSwiftCore-t.build/DerivedSources-normal/arm64_32 -Xcc -I/Users/admin/builder/spi-builder-workspace/.derivedData/Build/Intermediates.noindex/UUSwiftCore.build/Debug-watchos/UUSwiftCore-t.build/DerivedSources/arm64_32 -Xcc -I/Users/admin/builder/spi-builder-workspace/.derivedData/Build/Intermediates.noindex/UUSwiftCore.build/Debug-watchos/UUSwiftCore-t.build/DerivedSources -Xcc -DSWIFT_PACKAGE -Xcc -DDEBUG\=1 -emit-objc-header -emit-objc-header-path /Users/admin/builder/spi-builder-workspace/.derivedData/Build/Intermediates.noindex/UUSwiftCore.build/Debug-watchos/UUSwiftCore-t.build/Objects-normal/arm64_32/UUSwiftCore-Swift.h -working-directory /Users/admin/builder/spi-builder-workspace/.swiftpm/xcode -experimental-emit-module-separately -disable-cmo
SwiftCompile normal arm64 Compiling\ UUImage.swift /Users/admin/builder/spi-builder-workspace/.dependencies/checkouts/UUSwiftImage/UUSwiftImage/UUImage.swift (in target 'UUSwiftImage' from project 'UUSwiftImage')
/Users/admin/builder/spi-builder-workspace/.dependencies/checkouts/UUSwiftImage/UUSwiftImage/UUImage.swift:254:25: error: cannot call value of non-function type 'CGImage?'
252 | var imageRect = CGRect(origin: .zero, size: self.size)
253 |
254 | if let cgImage = self.cgImage(forProposedRect: &imageRect, context: nil, hints: nil)
| `- error: cannot call value of non-function type 'CGImage?'
255 | {
256 | let bitmapRep = NSBitmapImageRep(cgImage: cgImage)
/Users/admin/builder/spi-builder-workspace/.dependencies/checkouts/UUSwiftImage/UUSwiftImage/UUImage.swift:254:71: error: 'nil' requires a contextual type
252 | var imageRect = CGRect(origin: .zero, size: self.size)
253 |
254 | if let cgImage = self.cgImage(forProposedRect: &imageRect, context: nil, hints: nil)
| `- error: 'nil' requires a contextual type
255 | {
256 | let bitmapRep = NSBitmapImageRep(cgImage: cgImage)
/Users/admin/builder/spi-builder-workspace/.dependencies/checkouts/UUSwiftImage/UUSwiftImage/UUImage.swift:254:83: error: 'nil' requires a contextual type
252 | var imageRect = CGRect(origin: .zero, size: self.size)
253 |
254 | if let cgImage = self.cgImage(forProposedRect: &imageRect, context: nil, hints: nil)
| `- error: 'nil' requires a contextual type
255 | {
256 | let bitmapRep = NSBitmapImageRep(cgImage: cgImage)
/Users/admin/builder/spi-builder-workspace/.dependencies/checkouts/UUSwiftImage/UUSwiftImage/UUImage.swift:256:20: error: cannot find 'NSBitmapImageRep' in scope
254 | if let cgImage = self.cgImage(forProposedRect: &imageRect, context: nil, hints: nil)
255 | {
256 | let bitmapRep = NSBitmapImageRep(cgImage: cgImage)
| `- error: cannot find 'NSBitmapImageRep' in scope
257 | bitmapRep.size = self.size
258 | if let data = bitmapRep.representation(using: .png, properties: [:])
/Users/admin/builder/spi-builder-workspace/.dependencies/checkouts/UUSwiftImage/UUSwiftImage/UUImage.swift:271:25: error: cannot call value of non-function type 'CGImage?'
269 | var imageRect = CGRect(origin: .zero, size: self.size)
270 |
271 | if let cgImage = self.cgImage(forProposedRect: &imageRect, context: nil, hints: nil)
| `- error: cannot call value of non-function type 'CGImage?'
272 | {
273 | let bitmapRep = NSBitmapImageRep(cgImage: cgImage)
/Users/admin/builder/spi-builder-workspace/.dependencies/checkouts/UUSwiftImage/UUSwiftImage/UUImage.swift:271:71: error: 'nil' requires a contextual type
269 | var imageRect = CGRect(origin: .zero, size: self.size)
270 |
271 | if let cgImage = self.cgImage(forProposedRect: &imageRect, context: nil, hints: nil)
| `- error: 'nil' requires a contextual type
272 | {
273 | let bitmapRep = NSBitmapImageRep(cgImage: cgImage)
/Users/admin/builder/spi-builder-workspace/.dependencies/checkouts/UUSwiftImage/UUSwiftImage/UUImage.swift:271:83: error: 'nil' requires a contextual type
269 | var imageRect = CGRect(origin: .zero, size: self.size)
270 |
271 | if let cgImage = self.cgImage(forProposedRect: &imageRect, context: nil, hints: nil)
| `- error: 'nil' requires a contextual type
272 | {
273 | let bitmapRep = NSBitmapImageRep(cgImage: cgImage)
/Users/admin/builder/spi-builder-workspace/.dependencies/checkouts/UUSwiftImage/UUSwiftImage/UUImage.swift:273:20: error: cannot find 'NSBitmapImageRep' in scope
271 | if let cgImage = self.cgImage(forProposedRect: &imageRect, context: nil, hints: nil)
272 | {
273 | let bitmapRep = NSBitmapImageRep(cgImage: cgImage)
| `- error: cannot find 'NSBitmapImageRep' in scope
274 | bitmapRep.size = self.size
275 | if let data = bitmapRep.representation(using: .jpeg, properties: [NSBitmapImageRep.PropertyKey.compressionFactor: compressionQuality])
/Users/admin/builder/spi-builder-workspace/.dependencies/checkouts/UUSwiftImage/UUSwiftImage/UUImage.swift:275:70: error: cannot find 'NSBitmapImageRep' in scope
273 | let bitmapRep = NSBitmapImageRep(cgImage: cgImage)
274 | bitmapRep.size = self.size
275 | if let data = bitmapRep.representation(using: .jpeg, properties: [NSBitmapImageRep.PropertyKey.compressionFactor: compressionQuality])
| `- error: cannot find 'NSBitmapImageRep' in scope
276 | {
277 | return data
/Users/admin/builder/spi-builder-workspace/.dependencies/checkouts/UUSwiftImage/UUSwiftImage/UUImage.swift:286:35: error: value of type 'UIImage' has no member 'bestRepresentation'
284 | private func uuPlatformDraw(targetSize : CGSize, thumbnailRect : CGRect, scale : CGFloat = 1.0) -> UUImage
285 | {
286 | guard let representation = self.bestRepresentation(for: thumbnailRect, context: nil, hints: nil) else {
| `- error: value of type 'UIImage' has no member 'bestRepresentation'
287 | return self
288 | }
SwiftCompile normal arm64 /Users/admin/builder/spi-builder-workspace/.dependencies/checkouts/UUSwiftImage/UUSwiftImage/UUImage.swift (in target 'UUSwiftImage' from project 'UUSwiftImage')
cd /Users/admin/builder/spi-builder-workspace/.swiftpm/xcode
builtin-SwiftPerFileCompile UUImage.swift
SwiftEmitModule normal arm64 Emitting\ module\ for\ UUSwiftImage (in target 'UUSwiftImage' from project 'UUSwiftImage')
SwiftCompile normal arm64 (in target 'UUSwiftImage' from project 'UUSwiftImage')
cd /Users/admin/builder/spi-builder-workspace/.swiftpm/xcode
SwiftDriverJobDiscovery normal arm64 Emitting module for UUSwiftImage (in target 'UUSwiftImage' from project 'UUSwiftImage')
SwiftDriver\ Compilation\ Requirements UUSwiftImage normal arm64 com.apple.xcode.tools.swift.compiler (in target 'UUSwiftImage' from project 'UUSwiftImage')
cd /Users/admin/builder/spi-builder-workspace/.swiftpm/xcode
builtin-Swift-Compilation-Requirements -- /Applications/Xcode-27.0.0-Release.Candidate.app/Contents/Developer/Toolchains/XcodeDefault.xctoolchain/usr/bin/swiftc -parse-as-library -module-name UUSwiftImage -Onone @/Users/admin/builder/spi-builder-workspace/.derivedData/Build/Intermediates.noindex/UUSwiftImage.build/Debug-watchos/UUSwiftImage-t.build/Objects-normal/arm64/UUSwiftImage.SwiftFileList -DSWIFT_PACKAGE -DDEBUG -DSWIFT_MODULE_RESOURCE_BUNDLE_UNAVAILABLE -DXcode -plugin-path /Applications/Xcode-27.0.0-Release.Candidate.app/Contents/Developer/Toolchains/XcodeDefault.xctoolchain/usr/lib/swift/host/plugins/testing -enable-experimental-feature DebugDescriptionMacro -sdk /Applications/Xcode-27.0.0-Release.Candidate.app/Contents/Developer/Platforms/WatchOS.platform/Developer/SDKs/WatchOS27.0.sdk -target arm64-apple-watchos9.0 -g -module-cache-path /Users/admin/builder/spi-builder-workspace/.derivedData/ModuleCache.noindex -Xfrontend -serialize-debugging-options -enable-testing -suppress-warnings -index-store-path /Users/admin/builder/spi-builder-workspace/.derivedData/Index.noindex/DataStore -Xcc -D_LIBCPP_HARDENING_MODE\=_LIBCPP_HARDENING_MODE_DEBUG -swift-version 6 -I /Users/admin/builder/spi-builder-workspace/.derivedData/Build/Products/Debug-watchos -Isystem /Applications/Xcode-27.0.0-Release.Candidate.app/Contents/Developer/Platforms/WatchOS.platform/Developer/usr/lib -F /Users/admin/builder/spi-builder-workspace/.derivedData/Build/Products/Debug-watchos/PackageFrameworks -F /Users/admin/builder/spi-builder-workspace/.derivedData/Build/Products/Debug-watchos -F /Applications/Xcode-27.0.0-Release.Candidate.app/Contents/Developer/Platforms/WatchOS.platform/Developer/Library/Frameworks -F /Applications/Xcode-27.0.0-Release.Candidate.app/Contents/Developer/Platforms/WatchOS.platform/Developer/SDKs/WatchOS27.0.sdk/Developer/Library/Frameworks -c -j10 -enable-batch-mode -incremental -Xcc -ivfsstatcache -Xcc /Users/admin/builder/spi-builder-workspace/.derivedData/SDKStatCaches.noindex/watchos27.0-24R360-e829b21a6f8c9b70876ba0858053c04477534ef55a1706bf4c1112bbb242f0a2.sdkstatcache -output-file-map /Users/admin/builder/spi-builder-workspace/.derivedData/Build/Intermediates.noindex/UUSwiftImage.build/Debug-watchos/UUSwiftImage-t.build/Objects-normal/arm64/UUSwiftImage-OutputFileMap.json -save-temps -no-color-diagnostics -explicit-module-build -module-cache-path /Users/admin/builder/spi-builder-workspace/.derivedData/Build/Intermediates.noindex/SwiftExplicitPrecompiledModules -clang-scanner-module-cache-path /Users/admin/builder/spi-builder-workspace/.derivedData/ModuleCache.noindex -sdk-module-cache-path /Users/admin/builder/spi-builder-workspace/.derivedData/SDKExplicitPrecompiledModules -emit-dependencies -emit-module -emit-module-path /Users/admin/builder/spi-builder-workspace/.derivedData/Build/Intermediates.noindex/UUSwiftImage.build/Debug-watchos/UUSwiftImage-t.build/Objects-normal/arm64/UUSwiftImage.swiftmodule -serialize-diagnostics -dependency-scan-serialize-diagnostics-path /Users/admin/builder/spi-builder-workspace/.derivedData/Build/Intermediates.noindex/UUSwiftImage.build/Debug-watchos/UUSwiftImage-t.build/Objects-normal/arm64/UUSwiftImage-dependency-scan.dia -user-module-version 1.3.0 -validate-clang-modules-once -clang-build-session-file /Users/admin/builder/spi-builder-workspace/.derivedData/ModuleCache.noindex/Session.modulevalidation -Xcc -fmodules-prune-interval\=86400 -Xcc -fmodules-prune-after\=345600 -package-name uuswiftimage -emit-const-values -const-gather-protocols-list /Users/admin/builder/spi-builder-workspace/.derivedData/Build/Intermediates.noindex/UUSwiftImage.build/Debug-watchos/UUSwiftImage-t.build/Objects-normal/arm64/UUSwiftImage_const_extract_protocols.json -Xcc -I/Users/admin/builder/spi-builder-workspace/.derivedData/Build/Products/Debug-watchos/include -Xcc -I/Users/admin/builder/spi-builder-workspace/.derivedData/Build/Intermediates.noindex/UUSwiftImage.build/Debug-watchos/UUSwiftImage-t.build/DerivedSources-normal/arm64 -Xcc -I/Users/admin/builder/spi-builder-workspace/.derivedData/Build/Intermediates.noindex/UUSwiftImage.build/Debug-watchos/UUSwiftImage-t.build/DerivedSources/arm64 -Xcc -I/Users/admin/builder/spi-builder-workspace/.derivedData/Build/Intermediates.noindex/UUSwiftImage.build/Debug-watchos/UUSwiftImage-t.build/DerivedSources -Xcc -DSWIFT_PACKAGE -Xcc -DDEBUG\=1 -emit-objc-header -emit-objc-header-path /Users/admin/builder/spi-builder-workspace/.derivedData/Build/Intermediates.noindex/UUSwiftImage.build/Debug-watchos/UUSwiftImage-t.build/Objects-normal/arm64/UUSwiftImage-Swift.h -working-directory /Users/admin/builder/spi-builder-workspace/.swiftpm/xcode -experimental-emit-module-separately -disable-cmo
Copy /Users/admin/builder/spi-builder-workspace/.derivedData/Build/Products/Debug-watchos/UUSwiftImage.swiftmodule/arm64-apple-watchos.swiftmodule /Users/admin/builder/spi-builder-workspace/.derivedData/Build/Intermediates.noindex/UUSwiftImage.build/Debug-watchos/UUSwiftImage-t.build/Objects-normal/arm64/UUSwiftImage.swiftmodule (in target 'UUSwiftImage' from project 'UUSwiftImage')
cd /Users/admin/builder/spi-builder-workspace/.dependencies/checkouts/UUSwiftImage
builtin-copy -exclude .DS_Store -exclude CVS -exclude .svn -exclude .git -exclude .hg -resolve-src-symlinks -rename /Users/admin/builder/spi-builder-workspace/.derivedData/Build/Intermediates.noindex/UUSwiftImage.build/Debug-watchos/UUSwiftImage-t.build/Objects-normal/arm64/UUSwiftImage.swiftmodule /Users/admin/builder/spi-builder-workspace/.derivedData/Build/Products/Debug-watchos/UUSwiftImage.swiftmodule/arm64-apple-watchos.swiftmodule
Copy /Users/admin/builder/spi-builder-workspace/.derivedData/Build/Products/Debug-watchos/UUSwiftImage.swiftmodule/arm64-apple-watchos.swiftdoc /Users/admin/builder/spi-builder-workspace/.derivedData/Build/Intermediates.noindex/UUSwiftImage.build/Debug-watchos/UUSwiftImage-t.build/Objects-normal/arm64/UUSwiftImage.swiftdoc (in target 'UUSwiftImage' from project 'UUSwiftImage')
cd /Users/admin/builder/spi-builder-workspace/.dependencies/checkouts/UUSwiftImage
builtin-copy -exclude .DS_Store -exclude CVS -exclude .svn -exclude .git -exclude .hg -resolve-src-symlinks -rename /Users/admin/builder/spi-builder-workspace/.derivedData/Build/Intermediates.noindex/UUSwiftImage.build/Debug-watchos/UUSwiftImage-t.build/Objects-normal/arm64/UUSwiftImage.swiftdoc /Users/admin/builder/spi-builder-workspace/.derivedData/Build/Products/Debug-watchos/UUSwiftImage.swiftmodule/arm64-apple-watchos.swiftdoc
Copy /Users/admin/builder/spi-builder-workspace/.derivedData/Build/Products/Debug-watchos/UUSwiftImage.swiftmodule/arm64-apple-watchos.abi.json /Users/admin/builder/spi-builder-workspace/.derivedData/Build/Intermediates.noindex/UUSwiftImage.build/Debug-watchos/UUSwiftImage-t.build/Objects-normal/arm64/UUSwiftImage.abi.json (in target 'UUSwiftImage' from project 'UUSwiftImage')
cd /Users/admin/builder/spi-builder-workspace/.dependencies/checkouts/UUSwiftImage
builtin-copy -exclude .DS_Store -exclude CVS -exclude .svn -exclude .git -exclude .hg -resolve-src-symlinks -rename /Users/admin/builder/spi-builder-workspace/.derivedData/Build/Intermediates.noindex/UUSwiftImage.build/Debug-watchos/UUSwiftImage-t.build/Objects-normal/arm64/UUSwiftImage.abi.json /Users/admin/builder/spi-builder-workspace/.derivedData/Build/Products/Debug-watchos/UUSwiftImage.swiftmodule/arm64-apple-watchos.abi.json
Copy /Users/admin/builder/spi-builder-workspace/.derivedData/Build/Products/Debug-watchos/UUSwiftImage.swiftmodule/Project/arm64-apple-watchos.swiftsourceinfo /Users/admin/builder/spi-builder-workspace/.derivedData/Build/Intermediates.noindex/UUSwiftImage.build/Debug-watchos/UUSwiftImage-t.build/Objects-normal/arm64/UUSwiftImage.swiftsourceinfo (in target 'UUSwiftImage' from project 'UUSwiftImage')
cd /Users/admin/builder/spi-builder-workspace/.dependencies/checkouts/UUSwiftImage
builtin-copy -exclude .DS_Store -exclude CVS -exclude .svn -exclude .git -exclude .hg -resolve-src-symlinks -rename /Users/admin/builder/spi-builder-workspace/.derivedData/Build/Intermediates.noindex/UUSwiftImage.build/Debug-watchos/UUSwiftImage-t.build/Objects-normal/arm64/UUSwiftImage.swiftsourceinfo /Users/admin/builder/spi-builder-workspace/.derivedData/Build/Products/Debug-watchos/UUSwiftImage.swiftmodule/Project/arm64-apple-watchos.swiftsourceinfo
SwiftEmitModule normal arm64_32 Emitting\ module\ for\ UUSwiftImage (in target 'UUSwiftImage' from project 'UUSwiftImage')
SwiftCompile normal arm64_32 (in target 'UUSwiftImage' from project 'UUSwiftImage')
cd /Users/admin/builder/spi-builder-workspace/.swiftpm/xcode
SwiftCompile normal arm64_32 Compiling\ UUImage.swift /Users/admin/builder/spi-builder-workspace/.dependencies/checkouts/UUSwiftImage/UUSwiftImage/UUImage.swift (in target 'UUSwiftImage' from project 'UUSwiftImage')
/Users/admin/builder/spi-builder-workspace/.dependencies/checkouts/UUSwiftImage/UUSwiftImage/UUImage.swift:254:25: error: cannot call value of non-function type 'CGImage?'
252 | var imageRect = CGRect(origin: .zero, size: self.size)
253 |
254 | if let cgImage = self.cgImage(forProposedRect: &imageRect, context: nil, hints: nil)
| `- error: cannot call value of non-function type 'CGImage?'
255 | {
256 | let bitmapRep = NSBitmapImageRep(cgImage: cgImage)
/Users/admin/builder/spi-builder-workspace/.dependencies/checkouts/UUSwiftImage/UUSwiftImage/UUImage.swift:254:71: error: 'nil' requires a contextual type
252 | var imageRect = CGRect(origin: .zero, size: self.size)
253 |
254 | if let cgImage = self.cgImage(forProposedRect: &imageRect, context: nil, hints: nil)
| `- error: 'nil' requires a contextual type
255 | {
256 | let bitmapRep = NSBitmapImageRep(cgImage: cgImage)
/Users/admin/builder/spi-builder-workspace/.dependencies/checkouts/UUSwiftImage/UUSwiftImage/UUImage.swift:254:83: error: 'nil' requires a contextual type
252 | var imageRect = CGRect(origin: .zero, size: self.size)
253 |
254 | if let cgImage = self.cgImage(forProposedRect: &imageRect, context: nil, hints: nil)
| `- error: 'nil' requires a contextual type
255 | {
256 | let bitmapRep = NSBitmapImageRep(cgImage: cgImage)
/Users/admin/builder/spi-builder-workspace/.dependencies/checkouts/UUSwiftImage/UUSwiftImage/UUImage.swift:256:20: error: cannot find 'NSBitmapImageRep' in scope
254 | if let cgImage = self.cgImage(forProposedRect: &imageRect, context: nil, hints: nil)
255 | {
256 | let bitmapRep = NSBitmapImageRep(cgImage: cgImage)
| `- error: cannot find 'NSBitmapImageRep' in scope
257 | bitmapRep.size = self.size
258 | if let data = bitmapRep.representation(using: .png, properties: [:])
/Users/admin/builder/spi-builder-workspace/.dependencies/checkouts/UUSwiftImage/UUSwiftImage/UUImage.swift:271:25: error: cannot call value of non-function type 'CGImage?'
269 | var imageRect = CGRect(origin: .zero, size: self.size)
270 |
271 | if let cgImage = self.cgImage(forProposedRect: &imageRect, context: nil, hints: nil)
| `- error: cannot call value of non-function type 'CGImage?'
272 | {
273 | let bitmapRep = NSBitmapImageRep(cgImage: cgImage)
/Users/admin/builder/spi-builder-workspace/.dependencies/checkouts/UUSwiftImage/UUSwiftImage/UUImage.swift:271:71: error: 'nil' requires a contextual type
269 | var imageRect = CGRect(origin: .zero, size: self.size)
270 |
271 | if let cgImage = self.cgImage(forProposedRect: &imageRect, context: nil, hints: nil)
| `- error: 'nil' requires a contextual type
272 | {
273 | let bitmapRep = NSBitmapImageRep(cgImage: cgImage)
/Users/admin/builder/spi-builder-workspace/.dependencies/checkouts/UUSwiftImage/UUSwiftImage/UUImage.swift:271:83: error: 'nil' requires a contextual type
269 | var imageRect = CGRect(origin: .zero, size: self.size)
270 |
271 | if let cgImage = self.cgImage(forProposedRect: &imageRect, context: nil, hints: nil)
| `- error: 'nil' requires a contextual type
272 | {
273 | let bitmapRep = NSBitmapImageRep(cgImage: cgImage)
/Users/admin/builder/spi-builder-workspace/.dependencies/checkouts/UUSwiftImage/UUSwiftImage/UUImage.swift:273:20: error: cannot find 'NSBitmapImageRep' in scope
271 | if let cgImage = self.cgImage(forProposedRect: &imageRect, context: nil, hints: nil)
272 | {
273 | let bitmapRep = NSBitmapImageRep(cgImage: cgImage)
| `- error: cannot find 'NSBitmapImageRep' in scope
274 | bitmapRep.size = self.size
275 | if let data = bitmapRep.representation(using: .jpeg, properties: [NSBitmapImageRep.PropertyKey.compressionFactor: compressionQuality])
/Users/admin/builder/spi-builder-workspace/.dependencies/checkouts/UUSwiftImage/UUSwiftImage/UUImage.swift:275:70: error: cannot find 'NSBitmapImageRep' in scope
273 | let bitmapRep = NSBitmapImageRep(cgImage: cgImage)
274 | bitmapRep.size = self.size
275 | if let data = bitmapRep.representation(using: .jpeg, properties: [NSBitmapImageRep.PropertyKey.compressionFactor: compressionQuality])
| `- error: cannot find 'NSBitmapImageRep' in scope
276 | {
277 | return data
/Users/admin/builder/spi-builder-workspace/.dependencies/checkouts/UUSwiftImage/UUSwiftImage/UUImage.swift:286:35: error: value of type 'UIImage' has no member 'bestRepresentation'
284 | private func uuPlatformDraw(targetSize : CGSize, thumbnailRect : CGRect, scale : CGFloat = 1.0) -> UUImage
285 | {
286 | guard let representation = self.bestRepresentation(for: thumbnailRect, context: nil, hints: nil) else {
| `- error: value of type 'UIImage' has no member 'bestRepresentation'
287 | return self
288 | }
SwiftCompile normal arm64_32 /Users/admin/builder/spi-builder-workspace/.dependencies/checkouts/UUSwiftImage/UUSwiftImage/UUImage.swift (in target 'UUSwiftImage' from project 'UUSwiftImage')
cd /Users/admin/builder/spi-builder-workspace/.swiftpm/xcode
builtin-SwiftPerFileCompile UUImage.swift
SwiftEmitModule normal arm64 Emitting\ module\ for\ UUSwiftUX (in target 'UUSwiftUX' from project 'UUSwiftUX')
/Users/admin/builder/spi-builder-workspace/.dependencies/checkouts/UUSwiftUX/UUSwiftUX/UULinkTapGestureHandler.swift:50:34: error: 'UITextView' is unavailable in watchOS
48 | private(set) var defaultAction: (()->())? = nil
49 |
50 | public required init(_ view: UITextView)
| `- error: 'UITextView' is unavailable in watchOS
51 | {
52 | super.init()
/Applications/Xcode-27.0.0-Release.Candidate.app/Contents/Developer/Platforms/WatchOS.platform/Developer/SDKs/WatchOS27.0.sdk/System/Library/Frameworks/UIKit.framework/Headers/UITextView.h:223:12: note: 'UITextView' has been explicitly marked unavailable here
221 |
222 | UIKIT_EXTERN API_AVAILABLE(ios(2.0)) API_UNAVAILABLE(watchos) NS_SWIFT_UI_ACTOR
223 | @interface UITextView : UIScrollView <UITextInput, UIContentSizeCategoryAdjusting, UILetterformAwareAdjusting, NSTextViewportLayoutControllerDelegate>
| `- note: 'UITextView' has been explicitly marked unavailable here
224 |
225 | @property(nullable,nonatomic,weak) id<UITextViewDelegate> delegate;
/Users/admin/builder/spi-builder-workspace/.dependencies/checkouts/UUSwiftUX/UUSwiftUX/UULinkTapGestureHandler.swift:101:33: error: 'UITapGestureRecognizer' is unavailable in watchOS
99 |
100 | @objc
101 | func handleTapGesture(_ gr: UITapGestureRecognizer)
| `- error: 'UITapGestureRecognizer' is unavailable in watchOS
102 | {
103 | if let tv = gr.view as? UITextView
/Applications/Xcode-27.0.0-Release.Candidate.app/Contents/Developer/Platforms/WatchOS.platform/Developer/SDKs/WatchOS27.0.sdk/System/Library/Frameworks/UIKit.framework/Headers/UITapGestureRecognizer.h:23:12: note: 'UITapGestureRecognizer' has been explicitly marked unavailable here
21 |
22 | UIKIT_EXTERN API_AVAILABLE(ios(3.2)) API_UNAVAILABLE(watchos) NS_SWIFT_UI_ACTOR
23 | @interface UITapGestureRecognizer : UIGestureRecognizer
| `- note: 'UITapGestureRecognizer' has been explicitly marked unavailable here
24 |
25 | @property (nonatomic) NSUInteger numberOfTapsRequired; // Default is 1. The number of taps required to match
Failed frontend command:
/Applications/Xcode-27.0.0-Release.Candidate.app/Contents/Developer/Toolchains/XcodeDefault.xctoolchain/usr/bin/swift-frontend -frontend -emit-module -experimental-skip-non-inlinable-function-bodies-without-types /Users/admin/builder/spi-builder-workspace/.dependencies/checkouts/UUSwiftUX/UUSwiftUX/UUCircularImageView.swift /Users/admin/builder/spi-builder-workspace/.dependencies/checkouts/UUSwiftUX/UUSwiftUX/UUCircularView.swift /Users/admin/builder/spi-builder-workspace/.dependencies/checkouts/UUSwiftUX/UUSwiftUX/UUEditViewController.swift /Users/admin/builder/spi-builder-workspace/.dependencies/checkouts/UUSwiftUX/UUSwiftUX/UUGradientView.swift /Users/admin/builder/spi-builder-workspace/.dependencies/checkouts/UUSwiftUX/UUSwiftUX/UULinkTapGestureHandler.swift /Users/admin/builder/spi-builder-workspace/.dependencies/checkouts/UUSwiftUX/UUSwiftUX/UUMapView.swift /Users/admin/builder/spi-builder-workspace/.dependencies/checkouts/UUSwiftUX/UUSwiftUX/UUStyling.swift /Users/admin/builder/spi-builder-workspace/.dependencies/checkouts/UUSwiftUX/UUSwiftUX/UUSwitch.swift /Users/admin/builder/spi-builder-workspace/.dependencies/checkouts/UUSwiftUX/UUSwiftUX/UUTextField.swift /Users/admin/builder/spi-builder-workspace/.dependencies/checkouts/UUSwiftUX/UUSwiftUX/UUView.swift /Users/admin/builder/spi-builder-workspace/.dependencies/checkouts/UUSwiftUX/UUSwiftUX/UUViewController.swift -target arm64-apple-watchos9.0 -disable-cross-import-overlay-search -load-resolved-plugin /Applications/Xcode-27.0.0-Release.Candidate.app/Contents/Developer/Platforms/WatchOS.platform/Developer/usr/lib/swift/host/plugins/libFoundationMacros.dylib\#/Applications/Xcode-27.0.0-Release.Candidate.app/Contents/Developer/Platforms/WatchOS.platform/Developer/usr/bin/swift-plugin-server\#FoundationMacros -load-resolved-plugin /Applications/Xcode-27.0.0-Release.Candidate.app/Contents/Developer/Platforms/WatchOS.platform/Developer/usr/lib/swift/host/plugins/libObservationMacros.dylib\#/Applications/Xcode-27.0.0-Release.Candidate.app/Contents/Developer/Platforms/WatchOS.platform/Developer/usr/bin/swift-plugin-server\#ObservationMacros -load-resolved-plugin /Applications/Xcode-27.0.0-Release.Candidate.app/Contents/Developer/Platforms/WatchOS.platform/Developer/usr/lib/swift/host/plugins/libSwiftMacros.dylib\#/Applications/Xcode-27.0.0-Release.Candidate.app/Contents/Developer/Platforms/WatchOS.platform/Developer/usr/bin/swift-plugin-server\#SwiftMacros -load-resolved-plugin /Applications/Xcode-27.0.0-Release.Candidate.app/Contents/Developer/Platforms/WatchOS.platform/Developer/usr/lib/swift/host/plugins/libSwiftUIMacros.dylib\#/Applications/Xcode-27.0.0-Release.Candidate.app/Contents/Developer/Platforms/WatchOS.platform/Developer/usr/bin/swift-plugin-server\#SwiftUIMacros -disable-implicit-swift-modules -Xcc -fno-implicit-modules -Xcc -fno-implicit-module-maps -explicit-swift-module-map-file /Users/admin/builder/spi-builder-workspace/.derivedData/Build/Intermediates.noindex/UUSwiftUX.build/Debug-watchos/UUSwiftUX-t.build/Objects-normal/arm64/UUSwiftUX-dependencies-1.json -Xllvm -aarch64-use-tbi -enable-objc-interop -stack-check -sdk /Applications/Xcode-27.0.0-Release.Candidate.app/Contents/Developer/Platforms/WatchOS.platform/Developer/SDKs/WatchOS27.0.sdk -I /Users/admin/builder/spi-builder-workspace/.derivedData/Build/Products/Debug-watchos -Isystem /Applications/Xcode-27.0.0-Release.Candidate.app/Contents/Developer/Platforms/WatchOS.platform/Developer/usr/lib -F /Users/admin/builder/spi-builder-workspace/.derivedData/Build/Products/Debug-watchos/PackageFrameworks -F /Users/admin/builder/spi-builder-workspace/.derivedData/Build/Products/Debug-watchos -F /Applications/Xcode-27.0.0-Release.Candidate.app/Contents/Developer/Platforms/WatchOS.platform/Developer/Library/Frameworks -F /Applications/Xcode-27.0.0-Release.Candidate.app/Contents/Developer/Platforms/WatchOS.platform/Developer/SDKs/WatchOS27.0.sdk/Developer/Library/Frameworks -module-cache-path /Users/admin/builder/spi-builder-workspace/.derivedData/Build/Intermediates.noindex/SwiftExplicitPrecompiledModules -no-color-diagnostics -Xcc -fno-color-diagnostics -enable-testing -g -debug-info-format\=dwarf -dwarf-version\=4 -suppress-warnings -swift-version 6 -Onone -D SWIFT_PACKAGE -D DEBUG -D SWIFT_MODULE_RESOURCE_BUNDLE_UNAVAILABLE -D Xcode -serialize-debugging-options -enable-experimental-feature DebugDescriptionMacro -empty-abi-descriptor -user-module-version 1.2.0 -validate-clang-modules-once -clang-build-session-file /Users/admin/builder/spi-builder-workspace/.derivedData/ModuleCache.noindex/Session.modulevalidation -Xcc -working-directory -Xcc /Users/admin/builder/spi-builder-workspace/.swiftpm/xcode -enable-anonymous-context-mangled-names -file-compilation-dir /Users/admin/builder/spi-builder-workspace/.swiftpm/xcode -Xcc -D_LIBCPP_HARDENING_MODE\=_LIBCPP_HARDENING_MODE_DEBUG -Xcc -ivfsstatcache -Xcc /Users/admin/builder/spi-builder-workspace/.derivedData/SDKStatCaches.noindex/watchos27.0-24R360-e829b21a6f8c9b70876ba0858053c04477534ef55a1706bf4c1112bbb242f0a2.sdkstatcache -Xcc -fmodules-prune-interval\=86400 -Xcc -fmodules-prune-after\=345600 -Xcc -I/Users/admin/builder/spi-builder-workspace/.derivedData/Build/Products/Debug-watchos/include -Xcc -I/Users/admin/builder/spi-builder-workspace/.derivedData/Build/Intermediates.noindex/UUSwiftUX.build/Debug-watchos/UUSwiftUX-t.build/DerivedSources-normal/arm64 -Xcc -I/Users/admin/builder/spi-builder-workspace/.derivedData/Build/Intermediates.noindex/UUSwiftUX.build/Debug-watchos/UUSwiftUX-t.build/DerivedSources/arm64 -Xcc -I/Users/admin/builder/spi-builder-workspace/.derivedData/Build/Intermediates.noindex/UUSwiftUX.build/Debug-watchos/UUSwiftUX-t.build/DerivedSources -Xcc -DSWIFT_PACKAGE -Xcc -DDEBUG\=1 -no-auto-bridging-header-chaining -module-name UUSwiftUX -package-name uuswiftux -const-gather-protocols-file /Users/admin/builder/spi-builder-workspace/.derivedData/Build/Intermediates.noindex/UUSwiftUX.build/Debug-watchos/UUSwiftUX-t.build/Objects-normal/arm64/UUSwiftUX_const_extract_protocols.json -disable-clang-spi -clang-target arm64-apple-watchos27.0 -target-sdk-version 27.0 -target-sdk-name watchos27.0 -in-process-plugin-server-path /Applications/Xcode-27.0.0-Release.Candidate.app/Contents/Developer/Toolchains/XcodeDefault.xctoolchain/usr/lib/swift/host/libSwiftInProcPluginServer.dylib -emit-module-doc-path /Users/admin/builder/spi-builder-workspace/.derivedData/Build/Intermediates.noindex/UUSwiftUX.build/Debug-watchos/UUSwiftUX-t.build/Objects-normal/arm64/UUSwiftUX.swiftdoc -emit-module-source-info-path /Users/admin/builder/spi-builder-workspace/.derivedData/Build/Intermediates.noindex/UUSwiftUX.build/Debug-watchos/UUSwiftUX-t.build/Objects-normal/arm64/UUSwiftUX.swiftsourceinfo -emit-objc-header-path /Users/admin/builder/spi-builder-workspace/.derivedData/Build/Intermediates.noindex/UUSwiftUX.build/Debug-watchos/UUSwiftUX-t.build/Objects-normal/arm64/UUSwiftUX-Swift.h -serialize-diagnostics-path /Users/admin/builder/spi-builder-workspace/.derivedData/Build/Intermediates.noindex/UUSwiftUX.build/Debug-watchos/UUSwiftUX-t.build/Objects-normal/arm64/UUSwiftUX-primary-emit-module.dia -emit-dependencies-path /Users/admin/builder/spi-builder-workspace/.derivedData/Build/Intermediates.noindex/UUSwiftUX.build/Debug-watchos/UUSwiftUX-t.build/Objects-normal/arm64/UUSwiftUX-primary-emit-module.d -parse-as-library -o /Users/admin/builder/spi-builder-workspace/.derivedData/Build/Intermediates.noindex/UUSwiftUX.build/Debug-watchos/UUSwiftUX-t.build/Objects-normal/arm64/UUSwiftUX.swiftmodule -emit-abi-descriptor-path /Users/admin/builder/spi-builder-workspace/.derivedData/Build/Intermediates.noindex/UUSwiftUX.build/Debug-watchos/UUSwiftUX-t.build/Objects-normal/arm64/UUSwiftUX.abi.json
SwiftCompile normal arm64 (in target 'UUSwiftUX' from project 'UUSwiftUX')
cd /Users/admin/builder/spi-builder-workspace/.swiftpm/xcode
SwiftCompile normal arm64 Compiling\ UUMapView.swift /Users/admin/builder/spi-builder-workspace/.dependencies/checkouts/UUSwiftUX/UUSwiftUX/UUMapView.swift (in target 'UUSwiftUX' from project 'UUSwiftUX')
SwiftCompile normal arm64 /Users/admin/builder/spi-builder-workspace/.dependencies/checkouts/UUSwiftUX/UUSwiftUX/UUMapView.swift (in target 'UUSwiftUX' from project 'UUSwiftUX')
cd /Users/admin/builder/spi-builder-workspace/.swiftpm/xcode
builtin-SwiftPerFileCompile UUMapView.swift
SwiftCompile normal arm64 Compiling\ UUViewController.swift /Users/admin/builder/spi-builder-workspace/.dependencies/checkouts/UUSwiftUX/UUSwiftUX/UUViewController.swift (in target 'UUSwiftUX' from project 'UUSwiftUX')
SwiftCompile normal arm64 /Users/admin/builder/spi-builder-workspace/.dependencies/checkouts/UUSwiftUX/UUSwiftUX/UUViewController.swift (in target 'UUSwiftUX' from project 'UUSwiftUX')
cd /Users/admin/builder/spi-builder-workspace/.swiftpm/xcode
builtin-SwiftPerFileCompile UUViewController.swift
SwiftDriverJobDiscovery normal arm64_32 Emitting module for UUSwiftImage (in target 'UUSwiftImage' from project 'UUSwiftImage')
SwiftDriver\ Compilation\ Requirements UUSwiftImage normal arm64_32 com.apple.xcode.tools.swift.compiler (in target 'UUSwiftImage' from project 'UUSwiftImage')
cd /Users/admin/builder/spi-builder-workspace/.swiftpm/xcode
builtin-Swift-Compilation-Requirements -- /Applications/Xcode-27.0.0-Release.Candidate.app/Contents/Developer/Toolchains/XcodeDefault.xctoolchain/usr/bin/swiftc -parse-as-library -module-name UUSwiftImage -Onone @/Users/admin/builder/spi-builder-workspace/.derivedData/Build/Intermediates.noindex/UUSwiftImage.build/Debug-watchos/UUSwiftImage-t.build/Objects-normal/arm64_32/UUSwiftImage.SwiftFileList -DSWIFT_PACKAGE -DDEBUG -DSWIFT_MODULE_RESOURCE_BUNDLE_UNAVAILABLE -DXcode -plugin-path /Applications/Xcode-27.0.0-Release.Candidate.app/Contents/Developer/Toolchains/XcodeDefault.xctoolchain/usr/lib/swift/host/plugins/testing -enable-experimental-feature DebugDescriptionMacro -sdk /Applications/Xcode-27.0.0-Release.Candidate.app/Contents/Developer/Platforms/WatchOS.platform/Developer/SDKs/WatchOS27.0.sdk -target arm64_32-apple-watchos9.0 -g -module-cache-path /Users/admin/builder/spi-builder-workspace/.derivedData/ModuleCache.noindex -Xfrontend -serialize-debugging-options -enable-testing -suppress-warnings -index-store-path /Users/admin/builder/spi-builder-workspace/.derivedData/Index.noindex/DataStore -Xcc -D_LIBCPP_HARDENING_MODE\=_LIBCPP_HARDENING_MODE_DEBUG -swift-version 6 -I /Users/admin/builder/spi-builder-workspace/.derivedData/Build/Products/Debug-watchos -Isystem /Applications/Xcode-27.0.0-Release.Candidate.app/Contents/Developer/Platforms/WatchOS.platform/Developer/usr/lib -F /Users/admin/builder/spi-builder-workspace/.derivedData/Build/Products/Debug-watchos/PackageFrameworks -F /Users/admin/builder/spi-builder-workspace/.derivedData/Build/Products/Debug-watchos -F /Applications/Xcode-27.0.0-Release.Candidate.app/Contents/Developer/Platforms/WatchOS.platform/Developer/Library/Frameworks -F /Applications/Xcode-27.0.0-Release.Candidate.app/Contents/Developer/Platforms/WatchOS.platform/Developer/SDKs/WatchOS27.0.sdk/Developer/Library/Frameworks -c -j10 -enable-batch-mode -incremental -Xcc -ivfsstatcache -Xcc /Users/admin/builder/spi-builder-workspace/.derivedData/SDKStatCaches.noindex/watchos27.0-24R360-e829b21a6f8c9b70876ba0858053c04477534ef55a1706bf4c1112bbb242f0a2.sdkstatcache -output-file-map /Users/admin/builder/spi-builder-workspace/.derivedData/Build/Intermediates.noindex/UUSwiftImage.build/Debug-watchos/UUSwiftImage-t.build/Objects-normal/arm64_32/UUSwiftImage-OutputFileMap.json -save-temps -no-color-diagnostics -explicit-module-build -module-cache-path /Users/admin/builder/spi-builder-workspace/.derivedData/Build/Intermediates.noindex/SwiftExplicitPrecompiledModules -clang-scanner-module-cache-path /Users/admin/builder/spi-builder-workspace/.derivedData/ModuleCache.noindex -sdk-module-cache-path /Users/admin/builder/spi-builder-workspace/.derivedData/SDKExplicitPrecompiledModules -emit-dependencies -emit-module -emit-module-path /Users/admin/builder/spi-builder-workspace/.derivedData/Build/Intermediates.noindex/UUSwiftImage.build/Debug-watchos/UUSwiftImage-t.build/Objects-normal/arm64_32/UUSwiftImage.swiftmodule -serialize-diagnostics -dependency-scan-serialize-diagnostics-path /Users/admin/builder/spi-builder-workspace/.derivedData/Build/Intermediates.noindex/UUSwiftImage.build/Debug-watchos/UUSwiftImage-t.build/Objects-normal/arm64_32/UUSwiftImage-dependency-scan.dia -user-module-version 1.3.0 -validate-clang-modules-once -clang-build-session-file /Users/admin/builder/spi-builder-workspace/.derivedData/ModuleCache.noindex/Session.modulevalidation -Xcc -fmodules-prune-interval\=86400 -Xcc -fmodules-prune-after\=345600 -package-name uuswiftimage -emit-const-values -const-gather-protocols-list /Users/admin/builder/spi-builder-workspace/.derivedData/Build/Intermediates.noindex/UUSwiftImage.build/Debug-watchos/UUSwiftImage-t.build/Objects-normal/arm64_32/UUSwiftImage_const_extract_protocols.json -Xcc -I/Users/admin/builder/spi-builder-workspace/.derivedData/Build/Products/Debug-watchos/include -Xcc -I/Users/admin/builder/spi-builder-workspace/.derivedData/Build/Intermediates.noindex/UUSwiftImage.build/Debug-watchos/UUSwiftImage-t.build/DerivedSources-normal/arm64_32 -Xcc -I/Users/admin/builder/spi-builder-workspace/.derivedData/Build/Intermediates.noindex/UUSwiftImage.build/Debug-watchos/UUSwiftImage-t.build/DerivedSources/arm64_32 -Xcc -I/Users/admin/builder/spi-builder-workspace/.derivedData/Build/Intermediates.noindex/UUSwiftImage.build/Debug-watchos/UUSwiftImage-t.build/DerivedSources -Xcc -DSWIFT_PACKAGE -Xcc -DDEBUG\=1 -emit-objc-header -emit-objc-header-path /Users/admin/builder/spi-builder-workspace/.derivedData/Build/Intermediates.noindex/UUSwiftImage.build/Debug-watchos/UUSwiftImage-t.build/Objects-normal/arm64_32/UUSwiftImage-Swift.h -working-directory /Users/admin/builder/spi-builder-workspace/.swiftpm/xcode -experimental-emit-module-separately -disable-cmo
SwiftCompile normal arm64 Compiling\ UULinkTapGestureHandler.swift /Users/admin/builder/spi-builder-workspace/.dependencies/checkouts/UUSwiftUX/UUSwiftUX/UULinkTapGestureHandler.swift (in target 'UUSwiftUX' from project 'UUSwiftUX')
SwiftCompile normal arm64 /Users/admin/builder/spi-builder-workspace/.dependencies/checkouts/UUSwiftUX/UUSwiftUX/UULinkTapGestureHandler.swift (in target 'UUSwiftUX' from project 'UUSwiftUX')
cd /Users/admin/builder/spi-builder-workspace/.swiftpm/xcode
builtin-SwiftPerFileCompile UULinkTapGestureHandler.swift
SwiftEmitModule normal arm64_32 Emitting\ module\ for\ UUSwiftUX (in target 'UUSwiftUX' from project 'UUSwiftUX')
SwiftCompile normal arm64_32 (in target 'UUSwiftUX' from project 'UUSwiftUX')
cd /Users/admin/builder/spi-builder-workspace/.swiftpm/xcode
SwiftDriverJobDiscovery normal arm64 Compiling UUMapView.swift (in target 'UUSwiftUX' from project 'UUSwiftUX')
SwiftMergeGeneratedHeaders /Users/admin/builder/spi-builder-workspace/.derivedData/Build/Intermediates.noindex/GeneratedModuleMaps-watchos/UUSwiftImage-Swift.h /Users/admin/builder/spi-builder-workspace/.derivedData/Build/Intermediates.noindex/UUSwiftImage.build/Debug-watchos/UUSwiftImage-t.build/Objects-normal/arm64/UUSwiftImage-Swift.h /Users/admin/builder/spi-builder-workspace/.derivedData/Build/Intermediates.noindex/UUSwiftImage.build/Debug-watchos/UUSwiftImage-t.build/Objects-normal/arm64_32/UUSwiftImage-Swift.h (in target 'UUSwiftImage' from project 'UUSwiftImage')
cd /Users/admin/builder/spi-builder-workspace/.dependencies/checkouts/UUSwiftImage
builtin-swiftHeaderTool -arch arm64 /Users/admin/builder/spi-builder-workspace/.derivedData/Build/Intermediates.noindex/UUSwiftImage.build/Debug-watchos/UUSwiftImage-t.build/Objects-normal/arm64/UUSwiftImage-Swift.h -arch arm64_32 /Users/admin/builder/spi-builder-workspace/.derivedData/Build/Intermediates.noindex/UUSwiftImage.build/Debug-watchos/UUSwiftImage-t.build/Objects-normal/arm64_32/UUSwiftImage-Swift.h -o /Users/admin/builder/spi-builder-workspace/.derivedData/Build/Intermediates.noindex/GeneratedModuleMaps-watchos/UUSwiftImage-Swift.h
PruneExplicitPrecompiledModules /Users/admin/builder/spi-builder-workspace/.derivedData/Build/Intermediates.noindex/SwiftExplicitPrecompiledModules
PruneExplicitPrecompiledModules /Users/admin/builder/spi-builder-workspace/.derivedData/Build/Intermediates.noindex/ExplicitPrecompiledModules
PruneExplicitPrecompiledModules /Users/admin/builder/spi-builder-workspace/.derivedData/SDKExplicitPrecompiledModules
2026-09-18 10:43:48.651 xcodebuild[988:6174] [MT] IDERunDestination: Supported platforms for the buildables in the current scheme is empty.
** BUILD FAILED **
The following build commands failed:
SwiftEmitModule normal arm64 Emitting\ module\ for\ UUSwiftUX (in target 'UUSwiftUX' from project 'UUSwiftUX')
SwiftCompile normal arm64 (in target 'UUSwiftUX' from project 'UUSwiftUX')
Building workspace UUSwift with scheme UUSwift
(3 failures)
BUILD FAILURE 6.4 watchOS