Build Information
Failed to build Baggins, reference 1.1.0 (c31a6c), with Swift 6.4 for macOS (Xcode) using Xcode 27.0 on 18 Sep 2026 03:09:51 UTC.
Build Command
env DEVELOPER_DIR=/Applications/Xcode-27.0.0-Release.Candidate.app xcrun xcodebuild -IDEClonedSourcePackagesDirPathOverride=$PWD/.dependencies -skipMacroValidation -skipPackagePluginValidation -derivedDataPath $PWD/.derivedData build -scheme Baggins-Package -destination platform=macOS,arch=arm64Build Log
========================================
RunAll
========================================
Builder version: 5.1.0
Interrupt handler set up.
========================================
Checkout
========================================
Clone URL: https://github.com/alexito4/Baggins.git
Reference: 1.1.0
Initialized empty Git repository in /Users/admin/builder/spi-builder-workspace/.git/
From https://github.com/alexito4/Baggins
* tag 1.1.0 -> FETCH_HEAD
HEAD is now at c31a6ce Update ci.yml
Cloned https://github.com/alexito4/Baggins.git
Revision (git rev-parse @):
c31a6cec7936aacfd8a18cdb0a4aafa02c1954bf
SUCCESS checkout https://github.com/alexito4/Baggins.git at 1.1.0
========================================
Build
========================================
Selected platform: macosXcodebuild
Swift version: 6.4
Building package at path: $PWD
https://github.com/alexito4/Baggins.git
Command line invocation:
/Applications/Xcode-27.0.0-Release.Candidate.app/Contents/Developer/usr/bin/xcodebuild -IDEClonedSourcePackagesDirPathOverride=/Users/admin/builder/spi-builder-workspace/.dependencies -resolvePackageDependencies
resolved source packages:
{
"dependencies" : [
{
"identity" : "flow",
"requirement" : {
"range" : [
{
"lower_bound" : "1.0.0",
"upper_bound" : "2.0.0"
}
]
},
"type" : "sourceControl",
"url" : "https://github.com/alexito4/Flow.git"
},
{
"identity" : "unwraporthrow",
"requirement" : {
"range" : [
{
"lower_bound" : "1.0.0",
"upper_bound" : "2.0.0"
}
]
},
"type" : "sourceControl",
"url" : "https://github.com/alexito4/UnwrapOrThrow"
}
],
"manifest_display_name" : "Baggins",
"name" : "Baggins",
"path" : "/Users/admin/builder/spi-builder-workspace",
"platforms" : [
{
"name" : "ios",
"version" : "14.0"
},
{
"name" : "macos",
"version" : "10.15"
}
],
"products" : [
{
"name" : "Baggins",
"targets" : [
"Baggins"
],
"type" : {
"library" : [
"automatic"
]
}
}
],
"targets" : [
{
"c99name" : "BagginsTests",
"module_type" : "SwiftTarget",
"name" : "BagginsTests",
"path" : "Tests/BagginsTests",
"sources" : [
"BoolTests.swift",
"BrewingTests.swift",
"CollectionTests.swift",
"ConcurrencyTests.swift",
"ConcurrencyUnsafeBlockingTests.swift",
"SequenceTests.swift",
"StringTests.swift"
],
"target_dependencies" : [
"Baggins"
],
"type" : "test"
},
{
"c99name" : "Baggins",
"module_type" : "SwiftTarget",
"name" : "Baggins",
"path" : "Sources/Baggins",
"product_dependencies" : [
"Flow",
"UnwrapOrThrow"
],
"product_memberships" : [
"Baggins"
],
"sources" : [
"Bool.swift",
"Collection.swift",
"Concurrency.swift",
"Flow.swift",
"Sequence.swift",
"String.swift",
"UnwrapOrThrow.swift",
"_Brewing.swift"
],
"type" : "library"
}
],
"tools_version" : "5.5"
}
{
"project" : {
"configurations" : [
"Debug",
"Release"
],
"name" : "Baggins",
"schemes" : [
"Baggins-Package",
"BagginsPackageDescription",
"BagginsPackageTests"
],
"targets" : [
"BagginsPackageDescription",
"BagginsTests",
"Baggins",
"BagginsPackageTests"
]
}
}
Running build ...
env DEVELOPER_DIR=/Applications/Xcode-27.0.0-Release.Candidate.app xcrun xcodebuild -IDEClonedSourcePackagesDirPathOverride=$PWD/.dependencies -skipMacroValidation -skipPackagePluginValidation -derivedDataPath $PWD/.derivedData build -scheme Baggins-Package -destination platform=macOS,arch=arm64
Command line invocation:
/Applications/Xcode-27.0.0-Release.Candidate.app/Contents/Developer/usr/bin/xcodebuild -IDEClonedSourcePackagesDirPathOverride=/Users/admin/builder/spi-builder-workspace/.dependencies -skipMacroValidation -skipPackagePluginValidation -derivedDataPath /Users/admin/builder/spi-builder-workspace/.derivedData build -scheme Baggins-Package -destination platform=macOS,arch=arm64
ComputePackagePrebuildTargetDependencyGraph
Prepare packages
CreateBuildRequest
SendProjectDescription
CreateBuildOperation
ComputeTargetDependencyGraph
note: Building targets in dependency order
note: Target dependency graph (1 target)
Target 'Baggins' in project 'Baggins' (no dependencies)
GatherProvisioningInputs
CreateBuildDescription
ExecuteExternalTool /Applications/Xcode-27.0.0-Release.Candidate.app/Contents/Developer/Toolchains/XcodeDefault.xctoolchain/usr/bin/clang -v -E -dM -isysroot /Applications/Xcode-27.0.0-Release.Candidate.app/Contents/Developer/Platforms/MacOSX.platform/Developer/SDKs/MacOSX27.0.sdk -x c -c /dev/null
ExecuteExternalTool /Applications/Xcode-27.0.0-Release.Candidate.app/Contents/Developer/Toolchains/XcodeDefault.xctoolchain/usr/bin/swiftc --version
ExecuteExternalTool /Applications/Xcode-27.0.0-Release.Candidate.app/Contents/Developer/Toolchains/XcodeDefault.xctoolchain/usr/bin/ld -version_details
Build description signature: 67494f5521e04872df8529d3c62ec8b8
Build description path: /Users/admin/builder/spi-builder-workspace/.derivedData/Build/Intermediates.noindex/XCBuildData/67494f5521e04872df8529d3c62ec8b8.xcbuilddata
/Users/admin/builder/spi-builder-workspace/Baggins.xcodeproj: error: The macOS deployment target 'MACOSX_DEPLOYMENT_TARGET' is set to 10.10, but the range of supported deployment target versions is 12.0 to 27.0.x. (in target 'Baggins' from project 'Baggins')
** BUILD FAILED **
The following build commands failed:
Building project Baggins with scheme Baggins-Package
(1 failure)
Command line invocation:
/Applications/Xcode-27.0.0-Release.Candidate.app/Contents/Developer/usr/bin/xcodebuild -IDEClonedSourcePackagesDirPathOverride=/Users/admin/builder/spi-builder-workspace/.dependencies -resolvePackageDependencies
resolved source packages:
{
"dependencies" : [
{
"identity" : "flow",
"requirement" : {
"range" : [
{
"lower_bound" : "1.0.0",
"upper_bound" : "2.0.0"
}
]
},
"type" : "sourceControl",
"url" : "https://github.com/alexito4/Flow.git"
},
{
"identity" : "unwraporthrow",
"requirement" : {
"range" : [
{
"lower_bound" : "1.0.0",
"upper_bound" : "2.0.0"
}
]
},
"type" : "sourceControl",
"url" : "https://github.com/alexito4/UnwrapOrThrow"
}
],
"manifest_display_name" : "Baggins",
"name" : "Baggins",
"path" : "/Users/admin/builder/spi-builder-workspace",
"platforms" : [
{
"name" : "ios",
"version" : "14.0"
},
{
"name" : "macos",
"version" : "10.15"
}
],
"products" : [
{
"name" : "Baggins",
"targets" : [
"Baggins"
],
"type" : {
"library" : [
"automatic"
]
}
}
],
"targets" : [
{
"c99name" : "BagginsTests",
"module_type" : "SwiftTarget",
"name" : "BagginsTests",
"path" : "Tests/BagginsTests",
"sources" : [
"BoolTests.swift",
"BrewingTests.swift",
"CollectionTests.swift",
"ConcurrencyTests.swift",
"ConcurrencyUnsafeBlockingTests.swift",
"SequenceTests.swift",
"StringTests.swift"
],
"target_dependencies" : [
"Baggins"
],
"type" : "test"
},
{
"c99name" : "Baggins",
"module_type" : "SwiftTarget",
"name" : "Baggins",
"path" : "Sources/Baggins",
"product_dependencies" : [
"Flow",
"UnwrapOrThrow"
],
"product_memberships" : [
"Baggins"
],
"sources" : [
"Bool.swift",
"Collection.swift",
"Concurrency.swift",
"Flow.swift",
"Sequence.swift",
"String.swift",
"UnwrapOrThrow.swift",
"_Brewing.swift"
],
"type" : "library"
}
],
"tools_version" : "5.5"
}
{
"project" : {
"configurations" : [
"Debug",
"Release"
],
"name" : "Baggins",
"schemes" : [
"Baggins-Package",
"BagginsPackageDescription",
"BagginsPackageTests"
],
"targets" : [
"BagginsPackageDescription",
"BagginsTests",
"Baggins",
"BagginsPackageTests"
]
}
}
Running build ...
env DEVELOPER_DIR=/Applications/Xcode-27.0.0-Release.Candidate.app xcrun xcodebuild -IDEClonedSourcePackagesDirPathOverride=$PWD/.dependencies -skipMacroValidation -skipPackagePluginValidation -derivedDataPath $PWD/.derivedData build -scheme Baggins-Package -destination platform=macOS,arch=arm64
Command line invocation:
/Applications/Xcode-27.0.0-Release.Candidate.app/Contents/Developer/usr/bin/xcodebuild -IDEClonedSourcePackagesDirPathOverride=/Users/admin/builder/spi-builder-workspace/.dependencies -skipMacroValidation -skipPackagePluginValidation -derivedDataPath /Users/admin/builder/spi-builder-workspace/.derivedData build -scheme Baggins-Package -destination platform=macOS,arch=arm64
ComputePackagePrebuildTargetDependencyGraph
Prepare packages
CreateBuildRequest
SendProjectDescription
CreateBuildOperation
ComputeTargetDependencyGraph
note: Building targets in dependency order
note: Target dependency graph (1 target)
Target 'Baggins' in project 'Baggins' (no dependencies)
GatherProvisioningInputs
CreateBuildDescription
/Users/admin/builder/spi-builder-workspace/Baggins.xcodeproj: error: The macOS deployment target 'MACOSX_DEPLOYMENT_TARGET' is set to 10.10, but the range of supported deployment target versions is 12.0 to 27.0.x. (in target 'Baggins' from project 'Baggins')
** BUILD FAILED **
The following build commands failed:
Building project Baggins with scheme Baggins-Package
(1 failure)
BUILD FAILURE 6.4 macosXcodebuild