The Swift Package Index logo.Swift Package Index

Build Information

Failed to build swift-cli, reference 0.1.2 (b2526e), with Swift 6.4 for Linux on 23 Sep 2026 19:00:04 UTC.

Build Command

bash -c docker run --pull=always --rm -v "checkouts-54344847-2":/host -w "$PWD" -e JAVA_HOME="/root/.sdkman/candidates/java/current" -e SPI_BUILD="1" -e SPI_PROCESSING="1" registry.gitlab.com/saguaro1/spi-images:basic-6.4-latest swift build --triple x86_64-unknown-linux-gnu 2>&1

Build Log

========================================
RunAll
========================================
Builder version: 5.1.0
Interrupt handler set up.
========================================
Checkout
========================================
Clone URL: https://github.com/CorvidLabs/swift-cli.git
Reference: 0.1.2
Initialized empty Git repository in /host/spi-builder-workspace/.git/
hint: Using 'master' as the name for the initial branch. This default branch name
hint: is subject to change. To configure the initial branch name to use in all
hint: of your new repositories, which will suppress this warning, call:
hint:
hint: 	git config --global init.defaultBranch <name>
hint:
hint: Names commonly chosen instead of 'master' are 'main', 'trunk' and
hint: 'development'. The just-created branch can be renamed via this command:
hint:
hint: 	git branch -m <name>
From https://github.com/CorvidLabs/swift-cli
 * tag               0.1.2      -> FETCH_HEAD
HEAD is now at b2526e6 Fix multiline Text rendering bug and add DocC documentation (#3)
Cloned https://github.com/CorvidLabs/swift-cli.git
Revision (git rev-parse @):
b2526e6ccad5916f548a7fad5f5ce9d4f73c7be4
SUCCESS checkout https://github.com/CorvidLabs/swift-cli.git at 0.1.2
========================================
Build
========================================
Selected platform:         linux
Swift version:             6.4
Building package at path:  $PWD
https://github.com/CorvidLabs/swift-cli.git
Running build ...
bash -c docker run --pull=always --rm -v "checkouts-54344847-2":/host -w "$PWD" -e JAVA_HOME="/root/.sdkman/candidates/java/current" -e SPI_BUILD="1" -e SPI_PROCESSING="1" registry.gitlab.com/saguaro1/spi-images:basic-6.4-latest swift build --triple x86_64-unknown-linux-gnu 2>&1
basic-6.4-latest: Pulling from saguaro1/spi-images
Digest: sha256:c77fcce225e223ac0fafed844619173fc6de8d62dd560eeb28db3182af6a282b
Status: Image is up to date for registry.gitlab.com/saguaro1/spi-images:basic-6.4-latest
Fetching https://github.com/apple/swift-atomics.git
Fetching https://github.com/swiftlang/swift-docc-plugin
[1/2345] Fetching swift-docc-plugin
[236/4220] Fetching swift-docc-plugin, swift-atomics
Fetched https://github.com/swiftlang/swift-docc-plugin (0.53s)
Fetched https://github.com/apple/swift-atomics.git (0.53s)
Computing version for https://github.com/apple/swift-atomics.git
Computed https://github.com/apple/swift-atomics.git at 1.3.1 (0.73s)
Computing version for https://github.com/swiftlang/swift-docc-plugin
Computed https://github.com/swiftlang/swift-docc-plugin at 1.5.0 (1.07s)
Fetching https://github.com/swiftlang/swift-docc-symbolkit
[1/3829] Fetching swift-docc-symbolkit
Fetched https://github.com/swiftlang/swift-docc-symbolkit (0.64s)
Computing version for https://github.com/swiftlang/swift-docc-symbolkit
Computed https://github.com/swiftlang/swift-docc-symbolkit at 1.0.0 (0.88s)
Creating working copy for https://github.com/apple/swift-atomics.git
Working copy of https://github.com/apple/swift-atomics.git resolved at 1.3.1
Creating working copy for https://github.com/swiftlang/swift-docc-plugin
Working copy of https://github.com/swiftlang/swift-docc-plugin resolved at 1.5.0
Creating working copy for https://github.com/swiftlang/swift-docc-symbolkit
Working copy of https://github.com/swiftlang/swift-docc-symbolkit resolved at 1.0.0
Building for debugging...
[Computing dependencies]
[Pre-planning 1 / 619]
[Planning deferred tasks]
[87 / 171]
[98 / 191] _AtomicsShims
[105 / 191] Atomics
[105 / 191] ANSI
[114 / 191] Atomics-product
[117 / 191] TerminalCore
[122 / 199] TerminalCore
[125 / 199] TerminalCore
[134 / 206] TerminalStyle
[137 / 206] TerminalStyle
[141 / 206] TerminalStyle
[142 / 206] TerminalStyle-product
[154 / 224] TerminalLayout
[156 / 224] TerminalGraphics
[172 / 226] TerminalStyle
[174 / 226] TerminalLayout
[184 / 235] TerminalInput
[189 / 238] TerminalLayout
[203 / 246] TerminalComponents
[206 / 246] TerminalComponents
[207 / 246] TerminalComponents
[220 / 257] TerminalComponents
[230 / 257] TerminalUI
[236 / 258] TerminalStyle-product
[244 / 261] TerminalLayout-product
[258 / 272] swift-cli-example-product
[261 / 273] swift-cli-example-product
[262 / 273] swift-cli-example-product
[270 / 273] swift-cli-example-product
error: SwiftCompile normal x86_64 /host/spi-builder-workspace/Sources/SwiftCLIExample/SwiftCLIExample.swift failed with a nonzero exit code. Command line:     cd /host
    builtin-SwiftPerFileCompile SwiftCLIExample.swift
/host/spi-builder-workspace/Sources/SwiftCLIExample/SwiftCLIExample.swift:149:5: error: the compiler is unable to type-check this expression in reasonable time; try breaking up the expression into distinct sub-expressions
 147 |     // Basic colors
 148 |     await terminal.writeLine("Basic Colors:".bold.render())
 149 |     await terminal.writeLine("  " + "Red".red.render() + "  " + "Green".green.render() + "  " + "Blue".blue.render() + "  " + "Yellow".yellow.render() + "  " + "Cyan".cyan.render() + "  " + "Magenta".magenta.render())
     |     `- error: the compiler is unable to type-check this expression in reasonable time; try breaking up the expression into distinct sub-expressions
 150 |     await terminal.writeLine("")
 151 |
/host/spi-builder-workspace/Sources/SwiftCLIExample/SwiftCLIExample.swift:154:5: error: the compiler is unable to type-check this expression in reasonable time; try breaking up the expression into distinct sub-expressions
 152 |     // Text styles
 153 |     await terminal.writeLine("Text Styles:".bold.render())
 154 |     await terminal.writeLine("  " + "Bold".bold.render() + "  " + "Dim".dim.render() + "  " + "Italic".italic.render() + "  " + "Underline".underline.render() + "  " + "Strikethrough".strikethrough.render())
     |     `- error: the compiler is unable to type-check this expression in reasonable time; try breaking up the expression into distinct sub-expressions
 155 |     await terminal.writeLine("")
 156 |
Failed frontend command:
/usr/bin/swift-frontend -frontend -c /host/spi-builder-workspace/Sources/SwiftCLIExample/Apps/ExploreApp.swift /host/spi-builder-workspace/Sources/SwiftCLIExample/Apps/FileBrowserApp.swift /host/spi-builder-workspace/Sources/SwiftCLIExample/Apps/NetworkMonitorApp.swift /host/spi-builder-workspace/Sources/SwiftCLIExample/Apps/SnakeApp.swift /host/spi-builder-workspace/Sources/SwiftCLIExample/Apps/TestRunnerApp.swift /host/spi-builder-workspace/Sources/SwiftCLIExample/Apps/TextEditorApp.swift /host/spi-builder-workspace/Sources/SwiftCLIExample/Apps/TodoApp.swift -primary-file /host/spi-builder-workspace/Sources/SwiftCLIExample/SwiftCLIExample.swift -emit-dependencies-path /host/spi-builder-workspace/.build/out/Intermediates.noindex/swift-cli.build/Debug-linux-x86_64/swift-cli-example-p.build/Objects-normal/x86_64/SwiftCLIExample.d -emit-const-values-path /host/spi-builder-workspace/.build/out/Intermediates.noindex/swift-cli.build/Debug-linux-x86_64/swift-cli-example-p.build/Objects-normal/x86_64/SwiftCLIExample.swiftconstvalues -emit-reference-dependencies-path /host/spi-builder-workspace/.build/out/Intermediates.noindex/swift-cli.build/Debug-linux-x86_64/swift-cli-example-p.build/Objects-normal/x86_64/SwiftCLIExample.swiftdeps -serialize-diagnostics-path /host/spi-builder-workspace/.build/out/Intermediates.noindex/swift-cli.build/Debug-linux-x86_64/swift-cli-example-p.build/Objects-normal/x86_64/SwiftCLIExample.dia -target x86_64-unknown-linux-gnu -disable-objc-interop -I /host/spi-builder-workspace/.build/out/Products/Debug-linux-x86_64 -module-cache-path /host/spi-builder-workspace/.build/out/ModuleCache.noindex -color-diagnostics -Xcc -fcolor-diagnostics -enable-testing -g -debug-info-format\=dwarf -dwarf-version\=4 -swift-version 6 -Onone -D SWIFT_PACKAGE -D DEBUG -D Xcode -serialize-debugging-options -enable-experimental-feature DebugDescriptionMacro -empty-abi-descriptor -external-plugin-path /usr/lib/swift/host/plugins/testing\#/usr/bin/swift-plugin-server -validate-clang-modules-once -clang-build-session-file /host/spi-builder-workspace/.build/out/ModuleCache.noindex/Session.modulevalidation -Xcc -working-directory -Xcc /host -enable-anonymous-context-mangled-names -file-compilation-dir /host -Xcc -fmodule-map-file\=/host/spi-builder-workspace/.build/checkouts/swift-atomics/Sources/_AtomicsShims/include/module.modulemap -Xcc -fno-omit-frame-pointer -Xcc -D_LIBCPP_HARDENING_MODE\=_LIBCPP_HARDENING_MODE_DEBUG -Xcc -fmodules-prune-interval\=86400 -Xcc -fmodules-prune-after\=345600 -Xcc -I/host/spi-builder-workspace/.build/checkouts/swift-atomics/Sources/_AtomicsShims/include -Xcc -I/host/spi-builder-workspace/.build/out/Products/Debug-linux-x86_64/include -Xcc -I/host/spi-builder-workspace/.build/out/Intermediates.noindex/swift-cli.build/Debug-linux-x86_64/swift-cli-example-p.build/DerivedSources-normal/x86_64 -Xcc -I/host/spi-builder-workspace/.build/out/Intermediates.noindex/swift-cli.build/Debug-linux-x86_64/swift-cli-example-p.build/DerivedSources/x86_64 -Xcc -I/host/spi-builder-workspace/.build/out/Intermediates.noindex/swift-cli.build/Debug-linux-x86_64/swift-cli-example-p.build/DerivedSources -Xcc -DSWIFT_PACKAGE -Xcc -DDEBUG\=1 -no-auto-bridging-header-chaining -module-name SwiftCLIExample -package-name spi_builder_workspace -const-gather-protocols-file /host/spi-builder-workspace/.build/out/Intermediates.noindex/swift-cli.build/Debug-linux-x86_64/swift-cli-example-p.build/Objects-normal/x86_64/swift-cli-example_const_extract_protocols.json -in-process-plugin-server-path /usr/lib/swift/host/libSwiftInProcPluginServer.so -plugin-path /usr/lib/swift/host/plugins -plugin-path /usr/local/lib/swift/host/plugins -parse-as-library -o /host/spi-builder-workspace/.build/out/Intermediates.noindex/swift-cli.build/Debug-linux-x86_64/swift-cli-example-p.build/Objects-normal/x86_64/SwiftCLIExample.o -index-unit-output-path /swift-cli.build/Debug-linux-x86_64/swift-cli-example-p.build/Objects-normal/x86_64/SwiftCLIExample.o -index-store-path /host/spi-builder-workspace/.build/out -index-system-modules
error: Build failed
BUILD FAILURE 6.4 linux