The Swift Package Index logo.Swift Package Index

Build Information

Failed to build Aespa, reference main (4865b2), with Swift 6.2 for watchOS using Xcode 26.3 on 1 Jul 2026 02:03:44 UTC.

Build Command

env DEVELOPER_DIR=/Applications/Xcode-26.3.0.app xcrun xcodebuild -IDEClonedSourcePackagesDirPathOverride=$PWD/.dependencies -skipMacroValidation -skipPackagePluginValidation -derivedDataPath $PWD/.derivedData build -scheme Aespa -destination generic/platform=watchOS

Build Log

========================================
RunAll
========================================
Builder version: undefined version: run 'make version' to update
Interrupt handler set up.
========================================
Checkout
========================================
Clone URL: https://github.com/enebin/Aespa.git
Reference: main
Initialized empty Git repository in /Users/admin/builder/spi-builder-workspace/.git/
From https://github.com/enebin/Aespa
 * branch            main       -> FETCH_HEAD
 * [new branch]      main       -> origin/main
HEAD is now at 4865b20 Merge pull request #70 from enebin/gh-69-update-code-base-for-6-2
Cloned https://github.com/enebin/Aespa.git
Revision (git rev-parse @):
4865b20d3f428e37509884b87286b4ddd994ed52
SUCCESS checkout https://github.com/enebin/Aespa.git at main
========================================
Build
========================================
Selected platform:         watchOS
Swift version:             6.2
Building package at path:  $PWD
https://github.com/enebin/Aespa.git
Command line invocation:
    /Applications/Xcode-26.3.0.app/Contents/Developer/usr/bin/xcodebuild -IDEClonedSourcePackagesDirPathOverride=/Users/admin/builder/spi-builder-workspace/.dependencies -resolvePackageDependencies
Resolve Package Graph
Resolve Package Graph
Resolved source packages:
  Aespa: /Users/admin/builder/spi-builder-workspace
resolved source packages: Aespa
2026-06-30 22:02:58.807 xcodebuild[538:3084] [MT] IDERunDestination: Supported platforms for the buildables in the current scheme is empty.
2026-06-30 22:03:06.381 xcodebuild[538:3084] [MT] IDERunDestination: Supported platforms for the buildables in the current scheme is empty.
2026-06-30 22:03:06.489 xcodebuild[538:3084] [MT] IDERunDestination: Supported platforms for the buildables in the current scheme is empty.
{
  "dependencies" : [
  ],
  "manifest_display_name" : "Aespa",
  "name" : "Aespa",
  "path" : "/Users/admin/builder/spi-builder-workspace",
  "platforms" : [
    {
      "name" : "ios",
      "version" : "14.0"
    }
  ],
  "products" : [
    {
      "name" : "Aespa",
      "targets" : [
        "Aespa"
      ],
      "type" : {
        "library" : [
          "automatic"
        ]
      }
    }
  ],
  "targets" : [
    {
      "c99name" : "Aespa",
      "module_type" : "SwiftTarget",
      "name" : "Aespa",
      "path" : "Sources/Aespa",
      "product_memberships" : [
        "Aespa"
      ],
      "sources" : [
        "Aespa.swift",
        "AespaError.swift",
        "AespaOption.swift",
        "AespaSession.swift",
        "Core/AespaCoreAlbumManager.swift",
        "Core/AespaCoreCamera.swift",
        "Core/AespaCoreRecorder.swift",
        "Core/AespaCoreSession.swift",
        "Core/AespaEventManager.swift",
        "Core/Context/AespaPhotoContext.swift",
        "Core/Context/AespaVideoContext.swift",
        "Core/Context/Context.swift",
        "Core/Representable/AVCaptureConnection+AespaRepresentable.swift",
        "Core/Representable/AVCaptureDevice+AespaRepresentable.swift",
        "Core/Representable/AVCaptureFileOutput+AespaRepresentable.swift",
        "Core/Representable/AVCapturePhotoOutput+AespaRepresentable.swift",
        "Core/Representable/AespaCoreSession+AespaRepresentable.swift",
        "Core/Representable/Photos+AespaRepresentable.swift",
        "Data/Asset/PhotoAsset.swift",
        "Data/Asset/VideoAsset.swift",
        "Data/Event/VideoAssetEvent.swift",
        "Data/File/PhotoFile.swift",
        "Data/File/VideoFile.swift",
        "Data/Proxy/AssetCachingProxy.swift",
        "Loader/AespaLoading.swift",
        "Loader/Asset/AssetLoader.swift",
        "Processor/AespaProcessing.swift",
        "Processor/Asset/PhotoAssetAdditionProcessor.swift",
        "Processor/Asset/VideoAssetAdditionProcessor.swift",
        "Processor/Capture/CapturePhotoProcessor.swift",
        "Processor/File/FileWritingProcessor.swift",
        "Processor/Record/FinishRecordProcessor.swift",
        "Processor/Record/StartRecordProcessor.swift",
        "Tuner/AespaTuning.swift",
        "Tuner/Connection/VideoOrientationTuner.swift",
        "Tuner/Connection/VideoStabilizationTuner.swift",
        "Tuner/Device/ChangeMonitoringTuner.swift",
        "Tuner/Device/FocusTuner.swift",
        "Tuner/Device/TorchTuner.swift",
        "Tuner/Device/ZoomTuner.swift",
        "Tuner/Session/AudioTuner.swift",
        "Tuner/Session/CameraPositionTuner.swift",
        "Tuner/Session/QualityTuner.swift",
        "Tuner/Session/SessionTerminationTuner.swift",
        "Util/Album/AlbumImporter.swift",
        "Util/Authorization/AuthorizationChecker.swift",
        "Util/Extension/AVFoundation+Extension.swift",
        "Util/Extension/Subject+Extension.swift",
        "Util/Extension/SwiftUI+Extension.swift",
        "Util/Extension/UIKit+Extension.swift",
        "Util/File/FilePathProvider.swift",
        "Util/File/PhotoFileGenerator.swift",
        "Util/File/VideoFileGenerator.swift",
        "Util/Log/Logger.swift",
        "View/InteractivePreview.swift",
        "View/Preview.swift"
      ],
      "type" : "library"
    }
  ],
  "tools_version" : "5.5"
}
{
  "workspace" : {
    "name" : "spi-builder-workspace",
    "schemes" : [
      "Aespa"
    ]
  }
}
2026-06-30 22:03:35.601 xcodebuild[684:4315] [MT] IDERunDestination: Supported platforms for the buildables in the current scheme is empty.
2026-06-30 22:03:35.766 xcodebuild[684:4315] [MT] IDERunDestination: Supported platforms for the buildables in the current scheme is empty.
Running build ...
env DEVELOPER_DIR=/Applications/Xcode-26.3.0.app xcrun xcodebuild -IDEClonedSourcePackagesDirPathOverride=$PWD/.dependencies -skipMacroValidation -skipPackagePluginValidation -derivedDataPath $PWD/.derivedData build -scheme Aespa -destination generic/platform=watchOS
Command line invocation:
    /Applications/Xcode-26.3.0.app/Contents/Developer/usr/bin/xcodebuild -IDEClonedSourcePackagesDirPathOverride=/Users/admin/builder/spi-builder-workspace/.dependencies -skipMacroValidation -skipPackagePluginValidation -derivedDataPath /Users/admin/builder/spi-builder-workspace/.derivedData build -scheme Aespa -destination generic/platform=watchOS
Resolve Package Graph
Resolved source packages:
  Aespa: /Users/admin/builder/spi-builder-workspace
ComputePackagePrebuildTargetDependencyGraph
Prepare packages
CreateBuildRequest
SendProjectDescription
CreateBuildOperation
ComputeTargetDependencyGraph
note: Building targets in dependency order
note: Target dependency graph (2 targets)
    Target 'Aespa' in project 'Aespa'
        ➜ Explicit dependency on target 'Aespa' in project 'Aespa'
    Target 'Aespa' in project 'Aespa' (no dependencies)
GatherProvisioningInputs
CreateBuildDescription
ExecuteExternalTool /Applications/Xcode-26.3.0.app/Contents/Developer/Toolchains/XcodeDefault.xctoolchain/usr/bin/clang -v -E -dM -isysroot /Applications/Xcode-26.3.0.app/Contents/Developer/Platforms/WatchOS.platform/Developer/SDKs/WatchOS26.2.sdk -x c -c /dev/null
ExecuteExternalTool /Applications/Xcode-26.3.0.app/Contents/Developer/Toolchains/XcodeDefault.xctoolchain/usr/bin/swiftc --version
ExecuteExternalTool /Applications/Xcode-26.3.0.app/Contents/Developer/Toolchains/XcodeDefault.xctoolchain/usr/bin/ld -version_details
ReadFileContents /Applications/Xcode-26.3.0.app/Contents/Developer/Toolchains/XcodeDefault.xctoolchain/usr/share/docc/features.json
Build description signature: fadbbbeb0c97c46f70094e0b8582415a
Build description path: /Users/admin/builder/spi-builder-workspace/.derivedData/Build/Intermediates.noindex/XCBuildData/fadbbbeb0c97c46f70094e0b8582415a.xcbuilddata
ClangStatCache /Applications/Xcode-26.3.0.app/Contents/Developer/Toolchains/XcodeDefault.xctoolchain/usr/bin/clang-stat-cache /Applications/Xcode-26.3.0.app/Contents/Developer/Platforms/WatchOS.platform/Developer/SDKs/WatchOS26.2.sdk /Users/admin/builder/spi-builder-workspace/.derivedData/SDKStatCaches.noindex/watchos26.2-23S303-dc75598d0054f22ec865fa860f139d721753b489057de6bda919edfa1c59a62b.sdkstatcache
    cd /Users/admin/builder/spi-builder-workspace/.swiftpm/xcode
    /Applications/Xcode-26.3.0.app/Contents/Developer/Toolchains/XcodeDefault.xctoolchain/usr/bin/clang-stat-cache /Applications/Xcode-26.3.0.app/Contents/Developer/Platforms/WatchOS.platform/Developer/SDKs/WatchOS26.2.sdk -o /Users/admin/builder/spi-builder-workspace/.derivedData/SDKStatCaches.noindex/watchos26.2-23S303-dc75598d0054f22ec865fa860f139d721753b489057de6bda919edfa1c59a62b.sdkstatcache
CreateBuildDirectory /Users/admin/builder/spi-builder-workspace/.derivedData/Build/Products
    cd /Users/admin/builder/spi-builder-workspace/.swiftpm/xcode
    builtin-create-build-directory /Users/admin/builder/spi-builder-workspace/.derivedData/Build/Products
CreateBuildDirectory /Users/admin/builder/spi-builder-workspace/.derivedData/Build/Intermediates.noindex
    cd /Users/admin/builder/spi-builder-workspace/.swiftpm/xcode
    builtin-create-build-directory /Users/admin/builder/spi-builder-workspace/.derivedData/Build/Intermediates.noindex
CreateBuildDirectory /Users/admin/builder/spi-builder-workspace/.derivedData/Build/Intermediates.noindex/SwiftExplicitPrecompiledModules
    cd /Users/admin/builder/spi-builder-workspace/.swiftpm/xcode
    builtin-create-build-directory /Users/admin/builder/spi-builder-workspace/.derivedData/Build/Intermediates.noindex/SwiftExplicitPrecompiledModules
CreateBuildDirectory /Users/admin/builder/spi-builder-workspace/.derivedData/Build/Intermediates.noindex/ExplicitPrecompiledModules
    cd /Users/admin/builder/spi-builder-workspace/.swiftpm/xcode
    builtin-create-build-directory /Users/admin/builder/spi-builder-workspace/.derivedData/Build/Intermediates.noindex/ExplicitPrecompiledModules
CreateBuildDirectory /Users/admin/builder/spi-builder-workspace/.derivedData/Build/Products/Debug-watchos
    cd /Users/admin/builder/spi-builder-workspace/.swiftpm/xcode
    builtin-create-build-directory /Users/admin/builder/spi-builder-workspace/.derivedData/Build/Products/Debug-watchos
CreateBuildDirectory /Users/admin/builder/spi-builder-workspace/.derivedData/Build/Intermediates.noindex/EagerLinkingTBDs/Debug-watchos
    cd /Users/admin/builder/spi-builder-workspace/.swiftpm/xcode
    builtin-create-build-directory /Users/admin/builder/spi-builder-workspace/.derivedData/Build/Intermediates.noindex/EagerLinkingTBDs/Debug-watchos
CreateBuildDirectory /Users/admin/builder/spi-builder-workspace/.derivedData/Build/Products/Debug-watchos/PackageFrameworks
    cd /Users/admin/builder/spi-builder-workspace/.swiftpm/xcode
    builtin-create-build-directory /Users/admin/builder/spi-builder-workspace/.derivedData/Build/Products/Debug-watchos/PackageFrameworks
WriteAuxiliaryFile /Users/admin/builder/spi-builder-workspace/.derivedData/Build/Intermediates.noindex/Aespa.build/Debug-watchos/Aespa.build/Aespa.modulemap (in target 'Aespa' from project 'Aespa')
    cd /Users/admin/builder/spi-builder-workspace
    write-file /Users/admin/builder/spi-builder-workspace/.derivedData/Build/Intermediates.noindex/Aespa.build/Debug-watchos/Aespa.build/Aespa.modulemap
WriteAuxiliaryFile /Users/admin/builder/spi-builder-workspace/.derivedData/Build/Intermediates.noindex/Aespa.build/Debug-watchos/Aespa.build/Objects-normal/arm64_32/Aespa-OutputFileMap.json (in target 'Aespa' from project 'Aespa')
    cd /Users/admin/builder/spi-builder-workspace
    write-file /Users/admin/builder/spi-builder-workspace/.derivedData/Build/Intermediates.noindex/Aespa.build/Debug-watchos/Aespa.build/Objects-normal/arm64_32/Aespa-OutputFileMap.json
WriteAuxiliaryFile /Users/admin/builder/spi-builder-workspace/.derivedData/Build/Intermediates.noindex/Aespa.build/Debug-watchos/Aespa.build/Objects-normal/armv7k/Aespa.LinkFileList (in target 'Aespa' from project 'Aespa')
    cd /Users/admin/builder/spi-builder-workspace
    write-file /Users/admin/builder/spi-builder-workspace/.derivedData/Build/Intermediates.noindex/Aespa.build/Debug-watchos/Aespa.build/Objects-normal/armv7k/Aespa.LinkFileList
WriteAuxiliaryFile /Users/admin/builder/spi-builder-workspace/.derivedData/Build/Intermediates.noindex/Aespa.build/Debug-watchos/Aespa.build/Objects-normal/armv7k/Aespa.SwiftFileList (in target 'Aespa' from project 'Aespa')
    cd /Users/admin/builder/spi-builder-workspace
    write-file /Users/admin/builder/spi-builder-workspace/.derivedData/Build/Intermediates.noindex/Aespa.build/Debug-watchos/Aespa.build/Objects-normal/armv7k/Aespa.SwiftFileList
WriteAuxiliaryFile /Users/admin/builder/spi-builder-workspace/.derivedData/Build/Intermediates.noindex/Aespa.build/Debug-watchos/Aespa.build/Objects-normal/arm64_32/Aespa.SwiftFileList (in target 'Aespa' from project 'Aespa')
    cd /Users/admin/builder/spi-builder-workspace
    write-file /Users/admin/builder/spi-builder-workspace/.derivedData/Build/Intermediates.noindex/Aespa.build/Debug-watchos/Aespa.build/Objects-normal/arm64_32/Aespa.SwiftFileList
WriteAuxiliaryFile /Users/admin/builder/spi-builder-workspace/.derivedData/Build/Intermediates.noindex/Aespa.build/Debug-watchos/Aespa.build/Objects-normal/armv7k/Aespa_const_extract_protocols.json (in target 'Aespa' from project 'Aespa')
    cd /Users/admin/builder/spi-builder-workspace
    write-file /Users/admin/builder/spi-builder-workspace/.derivedData/Build/Intermediates.noindex/Aespa.build/Debug-watchos/Aespa.build/Objects-normal/armv7k/Aespa_const_extract_protocols.json
WriteAuxiliaryFile /Users/admin/builder/spi-builder-workspace/.derivedData/Build/Intermediates.noindex/Aespa.build/Debug-watchos/Aespa.build/Objects-normal/arm64_32/Aespa_const_extract_protocols.json (in target 'Aespa' from project 'Aespa')
    cd /Users/admin/builder/spi-builder-workspace
    write-file /Users/admin/builder/spi-builder-workspace/.derivedData/Build/Intermediates.noindex/Aespa.build/Debug-watchos/Aespa.build/Objects-normal/arm64_32/Aespa_const_extract_protocols.json
WriteAuxiliaryFile /Users/admin/builder/spi-builder-workspace/.derivedData/Build/Intermediates.noindex/Aespa.build/Debug-watchos/Aespa.build/Objects-normal/armv7k/Aespa-OutputFileMap.json (in target 'Aespa' from project 'Aespa')
    cd /Users/admin/builder/spi-builder-workspace
    write-file /Users/admin/builder/spi-builder-workspace/.derivedData/Build/Intermediates.noindex/Aespa.build/Debug-watchos/Aespa.build/Objects-normal/armv7k/Aespa-OutputFileMap.json
WriteAuxiliaryFile /Users/admin/builder/spi-builder-workspace/.derivedData/Build/Intermediates.noindex/Aespa.build/Debug-watchos/Aespa.build/Objects-normal/armv7k/Aespa.SwiftConstValuesFileList (in target 'Aespa' from project 'Aespa')
    cd /Users/admin/builder/spi-builder-workspace
    write-file /Users/admin/builder/spi-builder-workspace/.derivedData/Build/Intermediates.noindex/Aespa.build/Debug-watchos/Aespa.build/Objects-normal/armv7k/Aespa.SwiftConstValuesFileList
WriteAuxiliaryFile /Users/admin/builder/spi-builder-workspace/.derivedData/Build/Intermediates.noindex/Aespa.build/Debug-watchos/Aespa.build/Objects-normal/arm64_32/Aespa.SwiftConstValuesFileList (in target 'Aespa' from project 'Aespa')
    cd /Users/admin/builder/spi-builder-workspace
    write-file /Users/admin/builder/spi-builder-workspace/.derivedData/Build/Intermediates.noindex/Aespa.build/Debug-watchos/Aespa.build/Objects-normal/arm64_32/Aespa.SwiftConstValuesFileList
WriteAuxiliaryFile /Users/admin/builder/spi-builder-workspace/.derivedData/Build/Intermediates.noindex/Aespa.build/Debug-watchos/Aespa.build/Objects-normal/arm64_32/Aespa.LinkFileList (in target 'Aespa' from project 'Aespa')
    cd /Users/admin/builder/spi-builder-workspace
    write-file /Users/admin/builder/spi-builder-workspace/.derivedData/Build/Intermediates.noindex/Aespa.build/Debug-watchos/Aespa.build/Objects-normal/arm64_32/Aespa.LinkFileList
WriteAuxiliaryFile /Users/admin/builder/spi-builder-workspace/.derivedData/Build/Intermediates.noindex/Aespa.build/Debug-watchos/Aespa.build/Objects-normal/arm64/Aespa_const_extract_protocols.json (in target 'Aespa' from project 'Aespa')
    cd /Users/admin/builder/spi-builder-workspace
    write-file /Users/admin/builder/spi-builder-workspace/.derivedData/Build/Intermediates.noindex/Aespa.build/Debug-watchos/Aespa.build/Objects-normal/arm64/Aespa_const_extract_protocols.json
WriteAuxiliaryFile /Users/admin/builder/spi-builder-workspace/.derivedData/Build/Intermediates.noindex/Aespa.build/Debug-watchos/Aespa.build/Objects-normal/arm64/Aespa.LinkFileList (in target 'Aespa' from project 'Aespa')
    cd /Users/admin/builder/spi-builder-workspace
    write-file /Users/admin/builder/spi-builder-workspace/.derivedData/Build/Intermediates.noindex/Aespa.build/Debug-watchos/Aespa.build/Objects-normal/arm64/Aespa.LinkFileList
WriteAuxiliaryFile /Users/admin/builder/spi-builder-workspace/.derivedData/Build/Intermediates.noindex/Aespa.build/Debug-watchos/Aespa.build/Objects-normal/arm64/Aespa.SwiftConstValuesFileList (in target 'Aespa' from project 'Aespa')
    cd /Users/admin/builder/spi-builder-workspace
    write-file /Users/admin/builder/spi-builder-workspace/.derivedData/Build/Intermediates.noindex/Aespa.build/Debug-watchos/Aespa.build/Objects-normal/arm64/Aespa.SwiftConstValuesFileList
WriteAuxiliaryFile /Users/admin/builder/spi-builder-workspace/.derivedData/Build/Intermediates.noindex/Aespa.build/Debug-watchos/Aespa.build/Objects-normal/arm64/Aespa.SwiftFileList (in target 'Aespa' from project 'Aespa')
    cd /Users/admin/builder/spi-builder-workspace
    write-file /Users/admin/builder/spi-builder-workspace/.derivedData/Build/Intermediates.noindex/Aespa.build/Debug-watchos/Aespa.build/Objects-normal/arm64/Aespa.SwiftFileList
WriteAuxiliaryFile /Users/admin/builder/spi-builder-workspace/.derivedData/Build/Intermediates.noindex/Aespa.build/Debug-watchos/Aespa.build/Objects-normal/arm64/Aespa-OutputFileMap.json (in target 'Aespa' from project 'Aespa')
    cd /Users/admin/builder/spi-builder-workspace
    write-file /Users/admin/builder/spi-builder-workspace/.derivedData/Build/Intermediates.noindex/Aespa.build/Debug-watchos/Aespa.build/Objects-normal/arm64/Aespa-OutputFileMap.json
WriteAuxiliaryFile /Users/admin/builder/spi-builder-workspace/.derivedData/Build/Intermediates.noindex/Aespa.build/Debug-watchos/Aespa.build/Aespa.DependencyStaticMetadataFileList (in target 'Aespa' from project 'Aespa')
    cd /Users/admin/builder/spi-builder-workspace
    write-file /Users/admin/builder/spi-builder-workspace/.derivedData/Build/Intermediates.noindex/Aespa.build/Debug-watchos/Aespa.build/Aespa.DependencyStaticMetadataFileList
WriteAuxiliaryFile /Users/admin/builder/spi-builder-workspace/.derivedData/Build/Intermediates.noindex/Aespa.build/Debug-watchos/Aespa.build/Aespa.DependencyMetadataFileList (in target 'Aespa' from project 'Aespa')
    cd /Users/admin/builder/spi-builder-workspace
    write-file /Users/admin/builder/spi-builder-workspace/.derivedData/Build/Intermediates.noindex/Aespa.build/Debug-watchos/Aespa.build/Aespa.DependencyMetadataFileList
Copy /Users/admin/builder/spi-builder-workspace/.derivedData/Build/Intermediates.noindex/GeneratedModuleMaps-watchos/Aespa.modulemap /Users/admin/builder/spi-builder-workspace/.derivedData/Build/Intermediates.noindex/Aespa.build/Debug-watchos/Aespa.build/Aespa.modulemap (in target 'Aespa' from project 'Aespa')
    cd /Users/admin/builder/spi-builder-workspace
    builtin-copy -exclude .DS_Store -exclude CVS -exclude .svn -exclude .git -exclude .hg -resolve-src-symlinks /Users/admin/builder/spi-builder-workspace/.derivedData/Build/Intermediates.noindex/Aespa.build/Debug-watchos/Aespa.build/Aespa.modulemap /Users/admin/builder/spi-builder-workspace/.derivedData/Build/Intermediates.noindex/GeneratedModuleMaps-watchos
SwiftDriver Aespa normal arm64_32 com.apple.xcode.tools.swift.compiler (in target 'Aespa' from project 'Aespa')
    cd /Users/admin/builder/spi-builder-workspace/.swiftpm/xcode
    builtin-SwiftDriver -- /Applications/Xcode-26.3.0.app/Contents/Developer/Toolchains/XcodeDefault.xctoolchain/usr/bin/swiftc -module-name Aespa -Onone -enforce-exclusivity\=checked @/Users/admin/builder/spi-builder-workspace/.derivedData/Build/Intermediates.noindex/Aespa.build/Debug-watchos/Aespa.build/Objects-normal/arm64_32/Aespa.SwiftFileList -DSWIFT_PACKAGE -DDEBUG -DSWIFT_MODULE_RESOURCE_BUNDLE_UNAVAILABLE -DXcode -plugin-path /Applications/Xcode-26.3.0.app/Contents/Developer/Toolchains/XcodeDefault.xctoolchain/usr/lib/swift/host/plugins/testing -enable-experimental-feature DebugDescriptionMacro -sdk /Applications/Xcode-26.3.0.app/Contents/Developer/Platforms/WatchOS.platform/Developer/SDKs/WatchOS26.2.sdk -target arm64_32-apple-watchos7.0 -g -module-cache-path /Users/admin/builder/spi-builder-workspace/.derivedData/ModuleCache.noindex -Xfrontend -serialize-debugging-options -enable-testing -index-store-path /Users/admin/builder/spi-builder-workspace/.derivedData/Index.noindex/DataStore -Xcc -D_LIBCPP_HARDENING_MODE\=_LIBCPP_HARDENING_MODE_DEBUG -swift-version 5 -I /Users/admin/builder/spi-builder-workspace/.derivedData/Build/Products/Debug-watchos -Isystem /Applications/Xcode-26.3.0.app/Contents/Developer/Platforms/WatchOS.platform/Developer/usr/lib -F /Users/admin/builder/spi-builder-workspace/.derivedData/Build/Products/Debug-watchos -F /Applications/Xcode-26.3.0.app/Contents/Developer/Platforms/WatchOS.platform/Developer/Library/Frameworks -F /Applications/Xcode-26.3.0.app/Contents/Developer/Platforms/WatchOS.platform/Developer/SDKs/WatchOS26.2.sdk/Developer/Library/Frameworks -c -j10 -enable-batch-mode -incremental -Xcc -ivfsstatcache -Xcc /Users/admin/builder/spi-builder-workspace/.derivedData/SDKStatCaches.noindex/watchos26.2-23S303-dc75598d0054f22ec865fa860f139d721753b489057de6bda919edfa1c59a62b.sdkstatcache -output-file-map /Users/admin/builder/spi-builder-workspace/.derivedData/Build/Intermediates.noindex/Aespa.build/Debug-watchos/Aespa.build/Objects-normal/arm64_32/Aespa-OutputFileMap.json -use-frontend-parseable-output -save-temps -no-color-diagnostics -explicit-module-build -module-cache-path /Users/admin/builder/spi-builder-workspace/.derivedData/Build/Intermediates.noindex/SwiftExplicitPrecompiledModules -clang-scanner-module-cache-path /Users/admin/builder/spi-builder-workspace/.derivedData/ModuleCache.noindex -sdk-module-cache-path /Users/admin/builder/spi-builder-workspace/.derivedData/ModuleCache.noindex -serialize-diagnostics -emit-dependencies -emit-module -emit-module-path /Users/admin/builder/spi-builder-workspace/.derivedData/Build/Intermediates.noindex/Aespa.build/Debug-watchos/Aespa.build/Objects-normal/arm64_32/Aespa.swiftmodule -validate-clang-modules-once -clang-build-session-file /Users/admin/builder/spi-builder-workspace/.derivedData/ModuleCache.noindex/Session.modulevalidation -Xcc -I/Users/admin/builder/spi-builder-workspace/.derivedData/Build/Intermediates.noindex/Aespa.build/Debug-watchos/Aespa.build/swift-overrides.hmap -emit-const-values -Xfrontend -const-gather-protocols-file -Xfrontend /Users/admin/builder/spi-builder-workspace/.derivedData/Build/Intermediates.noindex/Aespa.build/Debug-watchos/Aespa.build/Objects-normal/arm64_32/Aespa_const_extract_protocols.json -Xcc -I/Users/admin/builder/spi-builder-workspace/.derivedData/Build/Products/Debug-watchos/include -Xcc -I/Users/admin/builder/spi-builder-workspace/.derivedData/Build/Intermediates.noindex/Aespa.build/Debug-watchos/Aespa.build/DerivedSources-normal/arm64_32 -Xcc -I/Users/admin/builder/spi-builder-workspace/.derivedData/Build/Intermediates.noindex/Aespa.build/Debug-watchos/Aespa.build/DerivedSources/arm64_32 -Xcc -I/Users/admin/builder/spi-builder-workspace/.derivedData/Build/Intermediates.noindex/Aespa.build/Debug-watchos/Aespa.build/DerivedSources -Xcc -DSWIFT_PACKAGE -Xcc -DDEBUG\=1 -emit-objc-header -emit-objc-header-path /Users/admin/builder/spi-builder-workspace/.derivedData/Build/Intermediates.noindex/Aespa.build/Debug-watchos/Aespa.build/Objects-normal/arm64_32/Aespa-Swift.h -working-directory /Users/admin/builder/spi-builder-workspace/.swiftpm/xcode -experimental-emit-module-separately -disable-cmo
/Users/admin/builder/spi-builder-workspace/Sources/Aespa/Core/AespaCoreAlbumManager.swift:8:8: error: Unable to find module dependency: 'Photos'
import Photos
       ^ (in target 'Aespa' from project 'Aespa')
/Users/admin/builder/spi-builder-workspace/Sources/Aespa/Core/AespaCoreAlbumManager.swift:8:8: note: A dependency of main module 'Aespa'
import Photos
       ^ (in target 'Aespa' from project 'Aespa')
/Users/admin/builder/spi-builder-workspace/Sources/Aespa/Core/Representable/Photos+AespaRepresentable.swift:8:8: note: Also imported here
import Photos
       ^ (in target 'Aespa' from project 'Aespa')
/Users/admin/builder/spi-builder-workspace/Sources/Aespa/Data/Asset/PhotoAsset.swift:9:8: note: Also imported here
import Photos
       ^ (in target 'Aespa' from project 'Aespa')
/Users/admin/builder/spi-builder-workspace/Sources/Aespa/Data/Asset/VideoAsset.swift:9:8: note: Also imported here
import Photos
       ^ (in target 'Aespa' from project 'Aespa')
/Users/admin/builder/spi-builder-workspace/Sources/Aespa/Data/Event/VideoAssetEvent.swift:9:8: note: Also imported here
import Photos
       ^ (in target 'Aespa' from project 'Aespa')
/Users/admin/builder/spi-builder-workspace/Sources/Aespa/Data/Proxy/AssetCachingProxy.swift:10:8: note: Also imported here
import Photos
       ^ (in target 'Aespa' from project 'Aespa')
/Users/admin/builder/spi-builder-workspace/Sources/Aespa/Loader/Asset/AssetLoader.swift:8:8: note: Also imported here
import Photos
       ^ (in target 'Aespa' from project 'Aespa')
/Users/admin/builder/spi-builder-workspace/Sources/Aespa/Processor/AespaProcessing.swift:8:8: note: Also imported here
import Photos
       ^ (in target 'Aespa' from project 'Aespa')
/Users/admin/builder/spi-builder-workspace/Sources/Aespa/Processor/Asset/PhotoAssetAdditionProcessor.swift:8:8: note: Also imported here
import Photos
       ^ (in target 'Aespa' from project 'Aespa')
/Users/admin/builder/spi-builder-workspace/Sources/Aespa/Processor/Asset/VideoAssetAdditionProcessor.swift:8:8: note: Also imported here
import Photos
       ^ (in target 'Aespa' from project 'Aespa')
/Users/admin/builder/spi-builder-workspace/Sources/Aespa/Util/Album/AlbumImporter.swift:10:8: note: Also imported here
import Photos
       ^ (in target 'Aespa' from project 'Aespa')
SwiftDriver Aespa normal armv7k com.apple.xcode.tools.swift.compiler (in target 'Aespa' from project 'Aespa')
    cd /Users/admin/builder/spi-builder-workspace/.swiftpm/xcode
    builtin-SwiftDriver -- /Applications/Xcode-26.3.0.app/Contents/Developer/Toolchains/XcodeDefault.xctoolchain/usr/bin/swiftc -module-name Aespa -Onone -enforce-exclusivity\=checked @/Users/admin/builder/spi-builder-workspace/.derivedData/Build/Intermediates.noindex/Aespa.build/Debug-watchos/Aespa.build/Objects-normal/armv7k/Aespa.SwiftFileList -DSWIFT_PACKAGE -DDEBUG -DSWIFT_MODULE_RESOURCE_BUNDLE_UNAVAILABLE -DXcode -plugin-path /Applications/Xcode-26.3.0.app/Contents/Developer/Toolchains/XcodeDefault.xctoolchain/usr/lib/swift/host/plugins/testing -enable-experimental-feature DebugDescriptionMacro -sdk /Applications/Xcode-26.3.0.app/Contents/Developer/Platforms/WatchOS.platform/Developer/SDKs/WatchOS26.2.sdk -target armv7k-apple-watchos7.0 -g -module-cache-path /Users/admin/builder/spi-builder-workspace/.derivedData/ModuleCache.noindex -Xfrontend -serialize-debugging-options -enable-testing -index-store-path /Users/admin/builder/spi-builder-workspace/.derivedData/Index.noindex/DataStore -Xcc -D_LIBCPP_HARDENING_MODE\=_LIBCPP_HARDENING_MODE_DEBUG -swift-version 5 -I /Users/admin/builder/spi-builder-workspace/.derivedData/Build/Products/Debug-watchos -Isystem /Applications/Xcode-26.3.0.app/Contents/Developer/Platforms/WatchOS.platform/Developer/usr/lib -F /Users/admin/builder/spi-builder-workspace/.derivedData/Build/Products/Debug-watchos -F /Applications/Xcode-26.3.0.app/Contents/Developer/Platforms/WatchOS.platform/Developer/Library/Frameworks -F /Applications/Xcode-26.3.0.app/Contents/Developer/Platforms/WatchOS.platform/Developer/SDKs/WatchOS26.2.sdk/Developer/Library/Frameworks -c -j10 -enable-batch-mode -incremental -Xcc -ivfsstatcache -Xcc /Users/admin/builder/spi-builder-workspace/.derivedData/SDKStatCaches.noindex/watchos26.2-23S303-dc75598d0054f22ec865fa860f139d721753b489057de6bda919edfa1c59a62b.sdkstatcache -output-file-map /Users/admin/builder/spi-builder-workspace/.derivedData/Build/Intermediates.noindex/Aespa.build/Debug-watchos/Aespa.build/Objects-normal/armv7k/Aespa-OutputFileMap.json -use-frontend-parseable-output -save-temps -no-color-diagnostics -explicit-module-build -module-cache-path /Users/admin/builder/spi-builder-workspace/.derivedData/Build/Intermediates.noindex/SwiftExplicitPrecompiledModules -clang-scanner-module-cache-path /Users/admin/builder/spi-builder-workspace/.derivedData/ModuleCache.noindex -sdk-module-cache-path /Users/admin/builder/spi-builder-workspace/.derivedData/ModuleCache.noindex -serialize-diagnostics -emit-dependencies -emit-module -emit-module-path /Users/admin/builder/spi-builder-workspace/.derivedData/Build/Intermediates.noindex/Aespa.build/Debug-watchos/Aespa.build/Objects-normal/armv7k/Aespa.swiftmodule -validate-clang-modules-once -clang-build-session-file /Users/admin/builder/spi-builder-workspace/.derivedData/ModuleCache.noindex/Session.modulevalidation -Xcc -I/Users/admin/builder/spi-builder-workspace/.derivedData/Build/Intermediates.noindex/Aespa.build/Debug-watchos/Aespa.build/swift-overrides.hmap -emit-const-values -Xfrontend -const-gather-protocols-file -Xfrontend /Users/admin/builder/spi-builder-workspace/.derivedData/Build/Intermediates.noindex/Aespa.build/Debug-watchos/Aespa.build/Objects-normal/armv7k/Aespa_const_extract_protocols.json -Xcc -I/Users/admin/builder/spi-builder-workspace/.derivedData/Build/Products/Debug-watchos/include -Xcc -I/Users/admin/builder/spi-builder-workspace/.derivedData/Build/Intermediates.noindex/Aespa.build/Debug-watchos/Aespa.build/DerivedSources-normal/armv7k -Xcc -I/Users/admin/builder/spi-builder-workspace/.derivedData/Build/Intermediates.noindex/Aespa.build/Debug-watchos/Aespa.build/DerivedSources/armv7k -Xcc -I/Users/admin/builder/spi-builder-workspace/.derivedData/Build/Intermediates.noindex/Aespa.build/Debug-watchos/Aespa.build/DerivedSources -Xcc -DSWIFT_PACKAGE -Xcc -DDEBUG\=1 -emit-objc-header -emit-objc-header-path /Users/admin/builder/spi-builder-workspace/.derivedData/Build/Intermediates.noindex/Aespa.build/Debug-watchos/Aespa.build/Objects-normal/armv7k/Aespa-Swift.h -working-directory /Users/admin/builder/spi-builder-workspace/.swiftpm/xcode -experimental-emit-module-separately -disable-cmo
/Users/admin/builder/spi-builder-workspace/Sources/Aespa/Core/AespaCoreAlbumManager.swift:8:8: error: Unable to find module dependency: 'Photos'
import Photos
       ^ (in target 'Aespa' from project 'Aespa')
/Users/admin/builder/spi-builder-workspace/Sources/Aespa/Core/AespaCoreAlbumManager.swift:8:8: note: A dependency of main module 'Aespa'
import Photos
       ^ (in target 'Aespa' from project 'Aespa')
/Users/admin/builder/spi-builder-workspace/Sources/Aespa/Core/Representable/Photos+AespaRepresentable.swift:8:8: note: Also imported here
import Photos
       ^ (in target 'Aespa' from project 'Aespa')
/Users/admin/builder/spi-builder-workspace/Sources/Aespa/Data/Asset/PhotoAsset.swift:9:8: note: Also imported here
import Photos
       ^ (in target 'Aespa' from project 'Aespa')
/Users/admin/builder/spi-builder-workspace/Sources/Aespa/Data/Asset/VideoAsset.swift:9:8: note: Also imported here
import Photos
       ^ (in target 'Aespa' from project 'Aespa')
/Users/admin/builder/spi-builder-workspace/Sources/Aespa/Data/Event/VideoAssetEvent.swift:9:8: note: Also imported here
import Photos
       ^ (in target 'Aespa' from project 'Aespa')
/Users/admin/builder/spi-builder-workspace/Sources/Aespa/Data/Proxy/AssetCachingProxy.swift:10:8: note: Also imported here
import Photos
       ^ (in target 'Aespa' from project 'Aespa')
/Users/admin/builder/spi-builder-workspace/Sources/Aespa/Loader/Asset/AssetLoader.swift:8:8: note: Also imported here
import Photos
       ^ (in target 'Aespa' from project 'Aespa')
/Users/admin/builder/spi-builder-workspace/Sources/Aespa/Processor/AespaProcessing.swift:8:8: note: Also imported here
import Photos
       ^ (in target 'Aespa' from project 'Aespa')
/Users/admin/builder/spi-builder-workspace/Sources/Aespa/Processor/Asset/PhotoAssetAdditionProcessor.swift:8:8: note: Also imported here
import Photos
       ^ (in target 'Aespa' from project 'Aespa')
/Users/admin/builder/spi-builder-workspace/Sources/Aespa/Processor/Asset/VideoAssetAdditionProcessor.swift:8:8: note: Also imported here
import Photos
       ^ (in target 'Aespa' from project 'Aespa')
/Users/admin/builder/spi-builder-workspace/Sources/Aespa/Util/Album/AlbumImporter.swift:10:8: note: Also imported here
import Photos
       ^ (in target 'Aespa' from project 'Aespa')
SwiftDriver Aespa normal arm64 com.apple.xcode.tools.swift.compiler (in target 'Aespa' from project 'Aespa')
    cd /Users/admin/builder/spi-builder-workspace/.swiftpm/xcode
    builtin-SwiftDriver -- /Applications/Xcode-26.3.0.app/Contents/Developer/Toolchains/XcodeDefault.xctoolchain/usr/bin/swiftc -module-name Aespa -Onone -enforce-exclusivity\=checked @/Users/admin/builder/spi-builder-workspace/.derivedData/Build/Intermediates.noindex/Aespa.build/Debug-watchos/Aespa.build/Objects-normal/arm64/Aespa.SwiftFileList -DSWIFT_PACKAGE -DDEBUG -DSWIFT_MODULE_RESOURCE_BUNDLE_UNAVAILABLE -DXcode -plugin-path /Applications/Xcode-26.3.0.app/Contents/Developer/Toolchains/XcodeDefault.xctoolchain/usr/lib/swift/host/plugins/testing -enable-experimental-feature DebugDescriptionMacro -sdk /Applications/Xcode-26.3.0.app/Contents/Developer/Platforms/WatchOS.platform/Developer/SDKs/WatchOS26.2.sdk -target arm64-apple-watchos7.0 -g -module-cache-path /Users/admin/builder/spi-builder-workspace/.derivedData/ModuleCache.noindex -Xfrontend -serialize-debugging-options -enable-testing -index-store-path /Users/admin/builder/spi-builder-workspace/.derivedData/Index.noindex/DataStore -Xcc -D_LIBCPP_HARDENING_MODE\=_LIBCPP_HARDENING_MODE_DEBUG -swift-version 5 -I /Users/admin/builder/spi-builder-workspace/.derivedData/Build/Products/Debug-watchos -Isystem /Applications/Xcode-26.3.0.app/Contents/Developer/Platforms/WatchOS.platform/Developer/usr/lib -F /Users/admin/builder/spi-builder-workspace/.derivedData/Build/Products/Debug-watchos -F /Applications/Xcode-26.3.0.app/Contents/Developer/Platforms/WatchOS.platform/Developer/Library/Frameworks -F /Applications/Xcode-26.3.0.app/Contents/Developer/Platforms/WatchOS.platform/Developer/SDKs/WatchOS26.2.sdk/Developer/Library/Frameworks -c -j10 -enable-batch-mode -incremental -Xcc -ivfsstatcache -Xcc /Users/admin/builder/spi-builder-workspace/.derivedData/SDKStatCaches.noindex/watchos26.2-23S303-dc75598d0054f22ec865fa860f139d721753b489057de6bda919edfa1c59a62b.sdkstatcache -output-file-map /Users/admin/builder/spi-builder-workspace/.derivedData/Build/Intermediates.noindex/Aespa.build/Debug-watchos/Aespa.build/Objects-normal/arm64/Aespa-OutputFileMap.json -use-frontend-parseable-output -save-temps -no-color-diagnostics -explicit-module-build -module-cache-path /Users/admin/builder/spi-builder-workspace/.derivedData/Build/Intermediates.noindex/SwiftExplicitPrecompiledModules -clang-scanner-module-cache-path /Users/admin/builder/spi-builder-workspace/.derivedData/ModuleCache.noindex -sdk-module-cache-path /Users/admin/builder/spi-builder-workspace/.derivedData/ModuleCache.noindex -serialize-diagnostics -emit-dependencies -emit-module -emit-module-path /Users/admin/builder/spi-builder-workspace/.derivedData/Build/Intermediates.noindex/Aespa.build/Debug-watchos/Aespa.build/Objects-normal/arm64/Aespa.swiftmodule -validate-clang-modules-once -clang-build-session-file /Users/admin/builder/spi-builder-workspace/.derivedData/ModuleCache.noindex/Session.modulevalidation -Xcc -I/Users/admin/builder/spi-builder-workspace/.derivedData/Build/Intermediates.noindex/Aespa.build/Debug-watchos/Aespa.build/swift-overrides.hmap -emit-const-values -Xfrontend -const-gather-protocols-file -Xfrontend /Users/admin/builder/spi-builder-workspace/.derivedData/Build/Intermediates.noindex/Aespa.build/Debug-watchos/Aespa.build/Objects-normal/arm64/Aespa_const_extract_protocols.json -Xcc -I/Users/admin/builder/spi-builder-workspace/.derivedData/Build/Products/Debug-watchos/include -Xcc -I/Users/admin/builder/spi-builder-workspace/.derivedData/Build/Intermediates.noindex/Aespa.build/Debug-watchos/Aespa.build/DerivedSources-normal/arm64 -Xcc -I/Users/admin/builder/spi-builder-workspace/.derivedData/Build/Intermediates.noindex/Aespa.build/Debug-watchos/Aespa.build/DerivedSources/arm64 -Xcc -I/Users/admin/builder/spi-builder-workspace/.derivedData/Build/Intermediates.noindex/Aespa.build/Debug-watchos/Aespa.build/DerivedSources -Xcc -DSWIFT_PACKAGE -Xcc -DDEBUG\=1 -emit-objc-header -emit-objc-header-path /Users/admin/builder/spi-builder-workspace/.derivedData/Build/Intermediates.noindex/Aespa.build/Debug-watchos/Aespa.build/Objects-normal/arm64/Aespa-Swift.h -working-directory /Users/admin/builder/spi-builder-workspace/.swiftpm/xcode -experimental-emit-module-separately -disable-cmo
/Users/admin/builder/spi-builder-workspace/Sources/Aespa/Core/AespaCoreAlbumManager.swift:8:8: error: Unable to find module dependency: 'Photos'
import Photos
       ^ (in target 'Aespa' from project 'Aespa')
/Users/admin/builder/spi-builder-workspace/Sources/Aespa/Core/AespaCoreAlbumManager.swift:8:8: note: A dependency of main module 'Aespa'
import Photos
       ^ (in target 'Aespa' from project 'Aespa')
/Users/admin/builder/spi-builder-workspace/Sources/Aespa/Core/Representable/Photos+AespaRepresentable.swift:8:8: note: Also imported here
import Photos
       ^ (in target 'Aespa' from project 'Aespa')
/Users/admin/builder/spi-builder-workspace/Sources/Aespa/Data/Asset/PhotoAsset.swift:9:8: note: Also imported here
import Photos
       ^ (in target 'Aespa' from project 'Aespa')
/Users/admin/builder/spi-builder-workspace/Sources/Aespa/Data/Asset/VideoAsset.swift:9:8: note: Also imported here
import Photos
       ^ (in target 'Aespa' from project 'Aespa')
/Users/admin/builder/spi-builder-workspace/Sources/Aespa/Data/Event/VideoAssetEvent.swift:9:8: note: Also imported here
import Photos
       ^ (in target 'Aespa' from project 'Aespa')
/Users/admin/builder/spi-builder-workspace/Sources/Aespa/Data/Proxy/AssetCachingProxy.swift:10:8: note: Also imported here
import Photos
       ^ (in target 'Aespa' from project 'Aespa')
/Users/admin/builder/spi-builder-workspace/Sources/Aespa/Loader/Asset/AssetLoader.swift:8:8: note: Also imported here
import Photos
       ^ (in target 'Aespa' from project 'Aespa')
/Users/admin/builder/spi-builder-workspace/Sources/Aespa/Processor/AespaProcessing.swift:8:8: note: Also imported here
import Photos
       ^ (in target 'Aespa' from project 'Aespa')
/Users/admin/builder/spi-builder-workspace/Sources/Aespa/Processor/Asset/PhotoAssetAdditionProcessor.swift:8:8: note: Also imported here
import Photos
       ^ (in target 'Aespa' from project 'Aespa')
/Users/admin/builder/spi-builder-workspace/Sources/Aespa/Processor/Asset/VideoAssetAdditionProcessor.swift:8:8: note: Also imported here
import Photos
       ^ (in target 'Aespa' from project 'Aespa')
/Users/admin/builder/spi-builder-workspace/Sources/Aespa/Util/Album/AlbumImporter.swift:10:8: note: Also imported here
import Photos
       ^ (in target 'Aespa' from project 'Aespa')
2026-06-30 22:03:36.464 xcodebuild[686:4368] [MT] IDERunDestination: Supported platforms for the buildables in the current scheme is empty.
2026-06-30 22:03:36.624 xcodebuild[686:4368] [MT] IDERunDestination: Supported platforms for the buildables in the current scheme is empty.
/Users/admin/builder/spi-builder-workspace/Sources/Aespa/Core/AespaCoreAlbumManager.swift:8:8: error: Unable to find module dependency: 'Photos'
import Photos
       ^
/Users/admin/builder/spi-builder-workspace/Sources/Aespa/Core/AespaCoreAlbumManager.swift:8:8: note: a dependency of main module 'Aespa'
import Photos
       ^
/Users/admin/builder/spi-builder-workspace/Sources/Aespa/Core/Representable/Photos+AespaRepresentable.swift:8:8: note: also imported here
import Photos
       ^
/Users/admin/builder/spi-builder-workspace/Sources/Aespa/Data/Asset/PhotoAsset.swift:9:8: note: also imported here
import Photos
       ^
/Users/admin/builder/spi-builder-workspace/Sources/Aespa/Data/Asset/VideoAsset.swift:9:8: note: also imported here
import Photos
       ^
/Users/admin/builder/spi-builder-workspace/Sources/Aespa/Data/Event/VideoAssetEvent.swift:9:8: note: also imported here
import Photos
       ^
/Users/admin/builder/spi-builder-workspace/Sources/Aespa/Data/Proxy/AssetCachingProxy.swift:10:8: note: also imported here
import Photos
       ^
/Users/admin/builder/spi-builder-workspace/Sources/Aespa/Loader/Asset/AssetLoader.swift:8:8: note: also imported here
import Photos
       ^
/Users/admin/builder/spi-builder-workspace/Sources/Aespa/Processor/AespaProcessing.swift:8:8: note: also imported here
import Photos
       ^
/Users/admin/builder/spi-builder-workspace/Sources/Aespa/Processor/Asset/PhotoAssetAdditionProcessor.swift:8:8: note: also imported here
import Photos
       ^
/Users/admin/builder/spi-builder-workspace/Sources/Aespa/Processor/Asset/VideoAssetAdditionProcessor.swift:8:8: note: also imported here
import Photos
       ^
/Users/admin/builder/spi-builder-workspace/Sources/Aespa/Util/Album/AlbumImporter.swift:10:8: note: also imported here
import Photos
       ^
/Users/admin/builder/spi-builder-workspace/Sources/Aespa/Core/AespaCoreAlbumManager.swift:8:8: error: Unable to find module dependency: 'Photos'
import Photos
       ^
/Users/admin/builder/spi-builder-workspace/Sources/Aespa/Core/AespaCoreAlbumManager.swift:8:8: note: a dependency of main module 'Aespa'
import Photos
       ^
/Users/admin/builder/spi-builder-workspace/Sources/Aespa/Core/Representable/Photos+AespaRepresentable.swift:8:8: note: also imported here
import Photos
       ^
/Users/admin/builder/spi-builder-workspace/Sources/Aespa/Data/Asset/PhotoAsset.swift:9:8: note: also imported here
import Photos
       ^
/Users/admin/builder/spi-builder-workspace/Sources/Aespa/Data/Asset/VideoAsset.swift:9:8: note: also imported here
import Photos
       ^
/Users/admin/builder/spi-builder-workspace/Sources/Aespa/Data/Event/VideoAssetEvent.swift:9:8: note: also imported here
import Photos
       ^
/Users/admin/builder/spi-builder-workspace/Sources/Aespa/Data/Proxy/AssetCachingProxy.swift:10:8: note: also imported here
import Photos
       ^
/Users/admin/builder/spi-builder-workspace/Sources/Aespa/Loader/Asset/AssetLoader.swift:8:8: note: also imported here
import Photos
       ^
/Users/admin/builder/spi-builder-workspace/Sources/Aespa/Processor/AespaProcessing.swift:8:8: note: also imported here
import Photos
       ^
/Users/admin/builder/spi-builder-workspace/Sources/Aespa/Processor/Asset/PhotoAssetAdditionProcessor.swift:8:8: note: also imported here
import Photos
       ^
/Users/admin/builder/spi-builder-workspace/Sources/Aespa/Processor/Asset/VideoAssetAdditionProcessor.swift:8:8: note: also imported here
import Photos
       ^
/Users/admin/builder/spi-builder-workspace/Sources/Aespa/Util/Album/AlbumImporter.swift:10:8: note: also imported here
import Photos
       ^
/Users/admin/builder/spi-builder-workspace/Sources/Aespa/Core/AespaCoreAlbumManager.swift:8:8: error: Unable to find module dependency: 'Photos'
import Photos
       ^
/Users/admin/builder/spi-builder-workspace/Sources/Aespa/Core/AespaCoreAlbumManager.swift:8:8: note: a dependency of main module 'Aespa'
import Photos
       ^
/Users/admin/builder/spi-builder-workspace/Sources/Aespa/Core/Representable/Photos+AespaRepresentable.swift:8:8: note: also imported here
import Photos
       ^
/Users/admin/builder/spi-builder-workspace/Sources/Aespa/Data/Asset/PhotoAsset.swift:9:8: note: also imported here
import Photos
       ^
/Users/admin/builder/spi-builder-workspace/Sources/Aespa/Data/Asset/VideoAsset.swift:9:8: note: also imported here
import Photos
       ^
/Users/admin/builder/spi-builder-workspace/Sources/Aespa/Data/Event/VideoAssetEvent.swift:9:8: note: also imported here
import Photos
       ^
/Users/admin/builder/spi-builder-workspace/Sources/Aespa/Data/Proxy/AssetCachingProxy.swift:10:8: note: also imported here
import Photos
       ^
/Users/admin/builder/spi-builder-workspace/Sources/Aespa/Loader/Asset/AssetLoader.swift:8:8: note: also imported here
import Photos
       ^
/Users/admin/builder/spi-builder-workspace/Sources/Aespa/Processor/AespaProcessing.swift:8:8: note: also imported here
import Photos
       ^
/Users/admin/builder/spi-builder-workspace/Sources/Aespa/Processor/Asset/PhotoAssetAdditionProcessor.swift:8:8: note: also imported here
import Photos
       ^
/Users/admin/builder/spi-builder-workspace/Sources/Aespa/Processor/Asset/VideoAssetAdditionProcessor.swift:8:8: note: also imported here
import Photos
       ^
/Users/admin/builder/spi-builder-workspace/Sources/Aespa/Util/Album/AlbumImporter.swift:10:8: note: also imported here
import Photos
       ^
** BUILD FAILED **
The following build commands failed:
	SwiftDriver Aespa normal arm64_32 com.apple.xcode.tools.swift.compiler (in target 'Aespa' from project 'Aespa')
	SwiftDriver Aespa normal armv7k com.apple.xcode.tools.swift.compiler (in target 'Aespa' from project 'Aespa')
	SwiftDriver Aespa normal arm64 com.apple.xcode.tools.swift.compiler (in target 'Aespa' from project 'Aespa')
	Building workspace spi-builder-workspace with scheme Aespa
(4 failures)
Command line invocation:
    /Applications/Xcode-26.3.0.app/Contents/Developer/usr/bin/xcodebuild -IDEClonedSourcePackagesDirPathOverride=/Users/admin/builder/spi-builder-workspace/.dependencies -resolvePackageDependencies
Resolve Package Graph
Resolved source packages:
  Aespa: /Users/admin/builder/spi-builder-workspace
resolved source packages: Aespa
2026-06-30 22:03:41.820 xcodebuild[702:4707] [MT] IDERunDestination: Supported platforms for the buildables in the current scheme is empty.
2026-06-30 22:03:41.981 xcodebuild[702:4707] [MT] IDERunDestination: Supported platforms for the buildables in the current scheme is empty.
{
  "dependencies" : [
  ],
  "manifest_display_name" : "Aespa",
  "name" : "Aespa",
  "path" : "/Users/admin/builder/spi-builder-workspace",
  "platforms" : [
    {
      "name" : "ios",
      "version" : "14.0"
    }
  ],
  "products" : [
    {
      "name" : "Aespa",
      "targets" : [
        "Aespa"
      ],
      "type" : {
        "library" : [
          "automatic"
        ]
      }
    }
  ],
  "targets" : [
    {
      "c99name" : "Aespa",
      "module_type" : "SwiftTarget",
      "name" : "Aespa",
      "path" : "Sources/Aespa",
      "product_memberships" : [
        "Aespa"
      ],
      "sources" : [
        "Aespa.swift",
        "AespaError.swift",
        "AespaOption.swift",
        "AespaSession.swift",
        "Core/AespaCoreAlbumManager.swift",
        "Core/AespaCoreCamera.swift",
        "Core/AespaCoreRecorder.swift",
        "Core/AespaCoreSession.swift",
        "Core/AespaEventManager.swift",
        "Core/Context/AespaPhotoContext.swift",
        "Core/Context/AespaVideoContext.swift",
        "Core/Context/Context.swift",
        "Core/Representable/AVCaptureConnection+AespaRepresentable.swift",
        "Core/Representable/AVCaptureDevice+AespaRepresentable.swift",
        "Core/Representable/AVCaptureFileOutput+AespaRepresentable.swift",
        "Core/Representable/AVCapturePhotoOutput+AespaRepresentable.swift",
        "Core/Representable/AespaCoreSession+AespaRepresentable.swift",
        "Core/Representable/Photos+AespaRepresentable.swift",
        "Data/Asset/PhotoAsset.swift",
        "Data/Asset/VideoAsset.swift",
        "Data/Event/VideoAssetEvent.swift",
        "Data/File/PhotoFile.swift",
        "Data/File/VideoFile.swift",
        "Data/Proxy/AssetCachingProxy.swift",
        "Loader/AespaLoading.swift",
        "Loader/Asset/AssetLoader.swift",
        "Processor/AespaProcessing.swift",
        "Processor/Asset/PhotoAssetAdditionProcessor.swift",
        "Processor/Asset/VideoAssetAdditionProcessor.swift",
        "Processor/Capture/CapturePhotoProcessor.swift",
        "Processor/File/FileWritingProcessor.swift",
        "Processor/Record/FinishRecordProcessor.swift",
        "Processor/Record/StartRecordProcessor.swift",
        "Tuner/AespaTuning.swift",
        "Tuner/Connection/VideoOrientationTuner.swift",
        "Tuner/Connection/VideoStabilizationTuner.swift",
        "Tuner/Device/ChangeMonitoringTuner.swift",
        "Tuner/Device/FocusTuner.swift",
        "Tuner/Device/TorchTuner.swift",
        "Tuner/Device/ZoomTuner.swift",
        "Tuner/Session/AudioTuner.swift",
        "Tuner/Session/CameraPositionTuner.swift",
        "Tuner/Session/QualityTuner.swift",
        "Tuner/Session/SessionTerminationTuner.swift",
        "Util/Album/AlbumImporter.swift",
        "Util/Authorization/AuthorizationChecker.swift",
        "Util/Extension/AVFoundation+Extension.swift",
        "Util/Extension/Subject+Extension.swift",
        "Util/Extension/SwiftUI+Extension.swift",
        "Util/Extension/UIKit+Extension.swift",
        "Util/File/FilePathProvider.swift",
        "Util/File/PhotoFileGenerator.swift",
        "Util/File/VideoFileGenerator.swift",
        "Util/Log/Logger.swift",
        "View/InteractivePreview.swift",
        "View/Preview.swift"
      ],
      "type" : "library"
    }
  ],
  "tools_version" : "5.5"
}
{
  "workspace" : {
    "name" : "spi-builder-workspace",
    "schemes" : [
      "Aespa"
    ]
  }
}
2026-06-30 22:03:42.902 xcodebuild[710:4778] [MT] IDERunDestination: Supported platforms for the buildables in the current scheme is empty.
2026-06-30 22:03:43.063 xcodebuild[710:4778] [MT] IDERunDestination: Supported platforms for the buildables in the current scheme is empty.
Running build ...
env DEVELOPER_DIR=/Applications/Xcode-26.3.0.app xcrun xcodebuild -IDEClonedSourcePackagesDirPathOverride=$PWD/.dependencies -skipMacroValidation -skipPackagePluginValidation -derivedDataPath $PWD/.derivedData build -scheme Aespa -destination generic/platform=watchOS
Command line invocation:
    /Applications/Xcode-26.3.0.app/Contents/Developer/usr/bin/xcodebuild -IDEClonedSourcePackagesDirPathOverride=/Users/admin/builder/spi-builder-workspace/.dependencies -skipMacroValidation -skipPackagePluginValidation -derivedDataPath /Users/admin/builder/spi-builder-workspace/.derivedData build -scheme Aespa -destination generic/platform=watchOS
Resolve Package Graph
Resolved source packages:
  Aespa: /Users/admin/builder/spi-builder-workspace
ComputePackagePrebuildTargetDependencyGraph
Prepare packages
CreateBuildRequest
SendProjectDescription
CreateBuildOperation
ComputeTargetDependencyGraph
note: Building targets in dependency order
note: Target dependency graph (2 targets)
    Target 'Aespa' in project 'Aespa'
        ➜ Explicit dependency on target 'Aespa' in project 'Aespa'
    Target 'Aespa' in project 'Aespa' (no dependencies)
GatherProvisioningInputs
CreateBuildDescription
ClangStatCache /Applications/Xcode-26.3.0.app/Contents/Developer/Toolchains/XcodeDefault.xctoolchain/usr/bin/clang-stat-cache /Applications/Xcode-26.3.0.app/Contents/Developer/Platforms/WatchOS.platform/Developer/SDKs/WatchOS26.2.sdk /Users/admin/builder/spi-builder-workspace/.derivedData/SDKStatCaches.noindex/watchos26.2-23S303-dc75598d0054f22ec865fa860f139d721753b489057de6bda919edfa1c59a62b.sdkstatcache
    cd /Users/admin/builder/spi-builder-workspace/.swiftpm/xcode
    /Applications/Xcode-26.3.0.app/Contents/Developer/Toolchains/XcodeDefault.xctoolchain/usr/bin/clang-stat-cache /Applications/Xcode-26.3.0.app/Contents/Developer/Platforms/WatchOS.platform/Developer/SDKs/WatchOS26.2.sdk -o /Users/admin/builder/spi-builder-workspace/.derivedData/SDKStatCaches.noindex/watchos26.2-23S303-dc75598d0054f22ec865fa860f139d721753b489057de6bda919edfa1c59a62b.sdkstatcache
SwiftDriver Aespa normal arm64_32 com.apple.xcode.tools.swift.compiler (in target 'Aespa' from project 'Aespa')
    cd /Users/admin/builder/spi-builder-workspace/.swiftpm/xcode
    builtin-SwiftDriver -- /Applications/Xcode-26.3.0.app/Contents/Developer/Toolchains/XcodeDefault.xctoolchain/usr/bin/swiftc -module-name Aespa -Onone -enforce-exclusivity\=checked @/Users/admin/builder/spi-builder-workspace/.derivedData/Build/Intermediates.noindex/Aespa.build/Debug-watchos/Aespa.build/Objects-normal/arm64_32/Aespa.SwiftFileList -DSWIFT_PACKAGE -DDEBUG -DSWIFT_MODULE_RESOURCE_BUNDLE_UNAVAILABLE -DXcode -plugin-path /Applications/Xcode-26.3.0.app/Contents/Developer/Toolchains/XcodeDefault.xctoolchain/usr/lib/swift/host/plugins/testing -enable-experimental-feature DebugDescriptionMacro -sdk /Applications/Xcode-26.3.0.app/Contents/Developer/Platforms/WatchOS.platform/Developer/SDKs/WatchOS26.2.sdk -target arm64_32-apple-watchos7.0 -g -module-cache-path /Users/admin/builder/spi-builder-workspace/.derivedData/ModuleCache.noindex -Xfrontend -serialize-debugging-options -enable-testing -index-store-path /Users/admin/builder/spi-builder-workspace/.derivedData/Index.noindex/DataStore -Xcc -D_LIBCPP_HARDENING_MODE\=_LIBCPP_HARDENING_MODE_DEBUG -swift-version 5 -I /Users/admin/builder/spi-builder-workspace/.derivedData/Build/Products/Debug-watchos -Isystem /Applications/Xcode-26.3.0.app/Contents/Developer/Platforms/WatchOS.platform/Developer/usr/lib -F /Users/admin/builder/spi-builder-workspace/.derivedData/Build/Products/Debug-watchos -F /Applications/Xcode-26.3.0.app/Contents/Developer/Platforms/WatchOS.platform/Developer/Library/Frameworks -F /Applications/Xcode-26.3.0.app/Contents/Developer/Platforms/WatchOS.platform/Developer/SDKs/WatchOS26.2.sdk/Developer/Library/Frameworks -c -j10 -enable-batch-mode -incremental -Xcc -ivfsstatcache -Xcc /Users/admin/builder/spi-builder-workspace/.derivedData/SDKStatCaches.noindex/watchos26.2-23S303-dc75598d0054f22ec865fa860f139d721753b489057de6bda919edfa1c59a62b.sdkstatcache -output-file-map /Users/admin/builder/spi-builder-workspace/.derivedData/Build/Intermediates.noindex/Aespa.build/Debug-watchos/Aespa.build/Objects-normal/arm64_32/Aespa-OutputFileMap.json -use-frontend-parseable-output -save-temps -no-color-diagnostics -explicit-module-build -module-cache-path /Users/admin/builder/spi-builder-workspace/.derivedData/Build/Intermediates.noindex/SwiftExplicitPrecompiledModules -clang-scanner-module-cache-path /Users/admin/builder/spi-builder-workspace/.derivedData/ModuleCache.noindex -sdk-module-cache-path /Users/admin/builder/spi-builder-workspace/.derivedData/ModuleCache.noindex -serialize-diagnostics -emit-dependencies -emit-module -emit-module-path /Users/admin/builder/spi-builder-workspace/.derivedData/Build/Intermediates.noindex/Aespa.build/Debug-watchos/Aespa.build/Objects-normal/arm64_32/Aespa.swiftmodule -validate-clang-modules-once -clang-build-session-file /Users/admin/builder/spi-builder-workspace/.derivedData/ModuleCache.noindex/Session.modulevalidation -Xcc -I/Users/admin/builder/spi-builder-workspace/.derivedData/Build/Intermediates.noindex/Aespa.build/Debug-watchos/Aespa.build/swift-overrides.hmap -emit-const-values -Xfrontend -const-gather-protocols-file -Xfrontend /Users/admin/builder/spi-builder-workspace/.derivedData/Build/Intermediates.noindex/Aespa.build/Debug-watchos/Aespa.build/Objects-normal/arm64_32/Aespa_const_extract_protocols.json -Xcc -I/Users/admin/builder/spi-builder-workspace/.derivedData/Build/Products/Debug-watchos/include -Xcc -I/Users/admin/builder/spi-builder-workspace/.derivedData/Build/Intermediates.noindex/Aespa.build/Debug-watchos/Aespa.build/DerivedSources-normal/arm64_32 -Xcc -I/Users/admin/builder/spi-builder-workspace/.derivedData/Build/Intermediates.noindex/Aespa.build/Debug-watchos/Aespa.build/DerivedSources/arm64_32 -Xcc -I/Users/admin/builder/spi-builder-workspace/.derivedData/Build/Intermediates.noindex/Aespa.build/Debug-watchos/Aespa.build/DerivedSources -Xcc -DSWIFT_PACKAGE -Xcc -DDEBUG\=1 -emit-objc-header -emit-objc-header-path /Users/admin/builder/spi-builder-workspace/.derivedData/Build/Intermediates.noindex/Aespa.build/Debug-watchos/Aespa.build/Objects-normal/arm64_32/Aespa-Swift.h -working-directory /Users/admin/builder/spi-builder-workspace/.swiftpm/xcode -experimental-emit-module-separately -disable-cmo
/Users/admin/builder/spi-builder-workspace/Sources/Aespa/Core/AespaCoreAlbumManager.swift:8:8: error: Unable to find module dependency: 'Photos'
import Photos
       ^ (in target 'Aespa' from project 'Aespa')
/Users/admin/builder/spi-builder-workspace/Sources/Aespa/Core/AespaCoreAlbumManager.swift:8:8: note: A dependency of main module 'Aespa'
import Photos
       ^ (in target 'Aespa' from project 'Aespa')
/Users/admin/builder/spi-builder-workspace/Sources/Aespa/Core/Representable/Photos+AespaRepresentable.swift:8:8: note: Also imported here
import Photos
       ^ (in target 'Aespa' from project 'Aespa')
/Users/admin/builder/spi-builder-workspace/Sources/Aespa/Data/Asset/PhotoAsset.swift:9:8: note: Also imported here
import Photos
       ^ (in target 'Aespa' from project 'Aespa')
/Users/admin/builder/spi-builder-workspace/Sources/Aespa/Data/Asset/VideoAsset.swift:9:8: note: Also imported here
import Photos
       ^ (in target 'Aespa' from project 'Aespa')
/Users/admin/builder/spi-builder-workspace/Sources/Aespa/Data/Event/VideoAssetEvent.swift:9:8: note: Also imported here
import Photos
       ^ (in target 'Aespa' from project 'Aespa')
/Users/admin/builder/spi-builder-workspace/Sources/Aespa/Data/Proxy/AssetCachingProxy.swift:10:8: note: Also imported here
import Photos
       ^ (in target 'Aespa' from project 'Aespa')
/Users/admin/builder/spi-builder-workspace/Sources/Aespa/Loader/Asset/AssetLoader.swift:8:8: note: Also imported here
import Photos
       ^ (in target 'Aespa' from project 'Aespa')
/Users/admin/builder/spi-builder-workspace/Sources/Aespa/Processor/AespaProcessing.swift:8:8: note: Also imported here
import Photos
       ^ (in target 'Aespa' from project 'Aespa')
/Users/admin/builder/spi-builder-workspace/Sources/Aespa/Processor/Asset/PhotoAssetAdditionProcessor.swift:8:8: note: Also imported here
import Photos
       ^ (in target 'Aespa' from project 'Aespa')
/Users/admin/builder/spi-builder-workspace/Sources/Aespa/Processor/Asset/VideoAssetAdditionProcessor.swift:8:8: note: Also imported here
import Photos
       ^ (in target 'Aespa' from project 'Aespa')
/Users/admin/builder/spi-builder-workspace/Sources/Aespa/Util/Album/AlbumImporter.swift:10:8: note: Also imported here
import Photos
       ^ (in target 'Aespa' from project 'Aespa')
SwiftDriver Aespa normal arm64 com.apple.xcode.tools.swift.compiler (in target 'Aespa' from project 'Aespa')
    cd /Users/admin/builder/spi-builder-workspace/.swiftpm/xcode
    builtin-SwiftDriver -- /Applications/Xcode-26.3.0.app/Contents/Developer/Toolchains/XcodeDefault.xctoolchain/usr/bin/swiftc -module-name Aespa -Onone -enforce-exclusivity\=checked @/Users/admin/builder/spi-builder-workspace/.derivedData/Build/Intermediates.noindex/Aespa.build/Debug-watchos/Aespa.build/Objects-normal/arm64/Aespa.SwiftFileList -DSWIFT_PACKAGE -DDEBUG -DSWIFT_MODULE_RESOURCE_BUNDLE_UNAVAILABLE -DXcode -plugin-path /Applications/Xcode-26.3.0.app/Contents/Developer/Toolchains/XcodeDefault.xctoolchain/usr/lib/swift/host/plugins/testing -enable-experimental-feature DebugDescriptionMacro -sdk /Applications/Xcode-26.3.0.app/Contents/Developer/Platforms/WatchOS.platform/Developer/SDKs/WatchOS26.2.sdk -target arm64-apple-watchos7.0 -g -module-cache-path /Users/admin/builder/spi-builder-workspace/.derivedData/ModuleCache.noindex -Xfrontend -serialize-debugging-options -enable-testing -index-store-path /Users/admin/builder/spi-builder-workspace/.derivedData/Index.noindex/DataStore -Xcc -D_LIBCPP_HARDENING_MODE\=_LIBCPP_HARDENING_MODE_DEBUG -swift-version 5 -I /Users/admin/builder/spi-builder-workspace/.derivedData/Build/Products/Debug-watchos -Isystem /Applications/Xcode-26.3.0.app/Contents/Developer/Platforms/WatchOS.platform/Developer/usr/lib -F /Users/admin/builder/spi-builder-workspace/.derivedData/Build/Products/Debug-watchos -F /Applications/Xcode-26.3.0.app/Contents/Developer/Platforms/WatchOS.platform/Developer/Library/Frameworks -F /Applications/Xcode-26.3.0.app/Contents/Developer/Platforms/WatchOS.platform/Developer/SDKs/WatchOS26.2.sdk/Developer/Library/Frameworks -c -j10 -enable-batch-mode -incremental -Xcc -ivfsstatcache -Xcc /Users/admin/builder/spi-builder-workspace/.derivedData/SDKStatCaches.noindex/watchos26.2-23S303-dc75598d0054f22ec865fa860f139d721753b489057de6bda919edfa1c59a62b.sdkstatcache -output-file-map /Users/admin/builder/spi-builder-workspace/.derivedData/Build/Intermediates.noindex/Aespa.build/Debug-watchos/Aespa.build/Objects-normal/arm64/Aespa-OutputFileMap.json -use-frontend-parseable-output -save-temps -no-color-diagnostics -explicit-module-build -module-cache-path /Users/admin/builder/spi-builder-workspace/.derivedData/Build/Intermediates.noindex/SwiftExplicitPrecompiledModules -clang-scanner-module-cache-path /Users/admin/builder/spi-builder-workspace/.derivedData/ModuleCache.noindex -sdk-module-cache-path /Users/admin/builder/spi-builder-workspace/.derivedData/ModuleCache.noindex -serialize-diagnostics -emit-dependencies -emit-module -emit-module-path /Users/admin/builder/spi-builder-workspace/.derivedData/Build/Intermediates.noindex/Aespa.build/Debug-watchos/Aespa.build/Objects-normal/arm64/Aespa.swiftmodule -validate-clang-modules-once -clang-build-session-file /Users/admin/builder/spi-builder-workspace/.derivedData/ModuleCache.noindex/Session.modulevalidation -Xcc -I/Users/admin/builder/spi-builder-workspace/.derivedData/Build/Intermediates.noindex/Aespa.build/Debug-watchos/Aespa.build/swift-overrides.hmap -emit-const-values -Xfrontend -const-gather-protocols-file -Xfrontend /Users/admin/builder/spi-builder-workspace/.derivedData/Build/Intermediates.noindex/Aespa.build/Debug-watchos/Aespa.build/Objects-normal/arm64/Aespa_const_extract_protocols.json -Xcc -I/Users/admin/builder/spi-builder-workspace/.derivedData/Build/Products/Debug-watchos/include -Xcc -I/Users/admin/builder/spi-builder-workspace/.derivedData/Build/Intermediates.noindex/Aespa.build/Debug-watchos/Aespa.build/DerivedSources-normal/arm64 -Xcc -I/Users/admin/builder/spi-builder-workspace/.derivedData/Build/Intermediates.noindex/Aespa.build/Debug-watchos/Aespa.build/DerivedSources/arm64 -Xcc -I/Users/admin/builder/spi-builder-workspace/.derivedData/Build/Intermediates.noindex/Aespa.build/Debug-watchos/Aespa.build/DerivedSources -Xcc -DSWIFT_PACKAGE -Xcc -DDEBUG\=1 -emit-objc-header -emit-objc-header-path /Users/admin/builder/spi-builder-workspace/.derivedData/Build/Intermediates.noindex/Aespa.build/Debug-watchos/Aespa.build/Objects-normal/arm64/Aespa-Swift.h -working-directory /Users/admin/builder/spi-builder-workspace/.swiftpm/xcode -experimental-emit-module-separately -disable-cmo
/Users/admin/builder/spi-builder-workspace/Sources/Aespa/Core/AespaCoreAlbumManager.swift:8:8: error: Unable to find module dependency: 'Photos'
import Photos
       ^ (in target 'Aespa' from project 'Aespa')
/Users/admin/builder/spi-builder-workspace/Sources/Aespa/Core/AespaCoreAlbumManager.swift:8:8: note: A dependency of main module 'Aespa'
import Photos
       ^ (in target 'Aespa' from project 'Aespa')
/Users/admin/builder/spi-builder-workspace/Sources/Aespa/Core/Representable/Photos+AespaRepresentable.swift:8:8: note: Also imported here
import Photos
       ^ (in target 'Aespa' from project 'Aespa')
/Users/admin/builder/spi-builder-workspace/Sources/Aespa/Data/Asset/PhotoAsset.swift:9:8: note: Also imported here
import Photos
       ^ (in target 'Aespa' from project 'Aespa')
/Users/admin/builder/spi-builder-workspace/Sources/Aespa/Data/Asset/VideoAsset.swift:9:8: note: Also imported here
import Photos
       ^ (in target 'Aespa' from project 'Aespa')
/Users/admin/builder/spi-builder-workspace/Sources/Aespa/Data/Event/VideoAssetEvent.swift:9:8: note: Also imported here
import Photos
       ^ (in target 'Aespa' from project 'Aespa')
/Users/admin/builder/spi-builder-workspace/Sources/Aespa/Data/Proxy/AssetCachingProxy.swift:10:8: note: Also imported here
import Photos
       ^ (in target 'Aespa' from project 'Aespa')
/Users/admin/builder/spi-builder-workspace/Sources/Aespa/Loader/Asset/AssetLoader.swift:8:8: note: Also imported here
import Photos
       ^ (in target 'Aespa' from project 'Aespa')
/Users/admin/builder/spi-builder-workspace/Sources/Aespa/Processor/AespaProcessing.swift:8:8: note: Also imported here
import Photos
       ^ (in target 'Aespa' from project 'Aespa')
/Users/admin/builder/spi-builder-workspace/Sources/Aespa/Processor/Asset/PhotoAssetAdditionProcessor.swift:8:8: note: Also imported here
import Photos
       ^ (in target 'Aespa' from project 'Aespa')
/Users/admin/builder/spi-builder-workspace/Sources/Aespa/Processor/Asset/VideoAssetAdditionProcessor.swift:8:8: note: Also imported here
import Photos
       ^ (in target 'Aespa' from project 'Aespa')
/Users/admin/builder/spi-builder-workspace/Sources/Aespa/Util/Album/AlbumImporter.swift:10:8: note: Also imported here
import Photos
       ^ (in target 'Aespa' from project 'Aespa')
SwiftDriver Aespa normal armv7k com.apple.xcode.tools.swift.compiler (in target 'Aespa' from project 'Aespa')
    cd /Users/admin/builder/spi-builder-workspace/.swiftpm/xcode
    builtin-SwiftDriver -- /Applications/Xcode-26.3.0.app/Contents/Developer/Toolchains/XcodeDefault.xctoolchain/usr/bin/swiftc -module-name Aespa -Onone -enforce-exclusivity\=checked @/Users/admin/builder/spi-builder-workspace/.derivedData/Build/Intermediates.noindex/Aespa.build/Debug-watchos/Aespa.build/Objects-normal/armv7k/Aespa.SwiftFileList -DSWIFT_PACKAGE -DDEBUG -DSWIFT_MODULE_RESOURCE_BUNDLE_UNAVAILABLE -DXcode -plugin-path /Applications/Xcode-26.3.0.app/Contents/Developer/Toolchains/XcodeDefault.xctoolchain/usr/lib/swift/host/plugins/testing -enable-experimental-feature DebugDescriptionMacro -sdk /Applications/Xcode-26.3.0.app/Contents/Developer/Platforms/WatchOS.platform/Developer/SDKs/WatchOS26.2.sdk -target armv7k-apple-watchos7.0 -g -module-cache-path /Users/admin/builder/spi-builder-workspace/.derivedData/ModuleCache.noindex -Xfrontend -serialize-debugging-options -enable-testing -index-store-path /Users/admin/builder/spi-builder-workspace/.derivedData/Index.noindex/DataStore -Xcc -D_LIBCPP_HARDENING_MODE\=_LIBCPP_HARDENING_MODE_DEBUG -swift-version 5 -I /Users/admin/builder/spi-builder-workspace/.derivedData/Build/Products/Debug-watchos -Isystem /Applications/Xcode-26.3.0.app/Contents/Developer/Platforms/WatchOS.platform/Developer/usr/lib -F /Users/admin/builder/spi-builder-workspace/.derivedData/Build/Products/Debug-watchos -F /Applications/Xcode-26.3.0.app/Contents/Developer/Platforms/WatchOS.platform/Developer/Library/Frameworks -F /Applications/Xcode-26.3.0.app/Contents/Developer/Platforms/WatchOS.platform/Developer/SDKs/WatchOS26.2.sdk/Developer/Library/Frameworks -c -j10 -enable-batch-mode -incremental -Xcc -ivfsstatcache -Xcc /Users/admin/builder/spi-builder-workspace/.derivedData/SDKStatCaches.noindex/watchos26.2-23S303-dc75598d0054f22ec865fa860f139d721753b489057de6bda919edfa1c59a62b.sdkstatcache -output-file-map /Users/admin/builder/spi-builder-workspace/.derivedData/Build/Intermediates.noindex/Aespa.build/Debug-watchos/Aespa.build/Objects-normal/armv7k/Aespa-OutputFileMap.json -use-frontend-parseable-output -save-temps -no-color-diagnostics -explicit-module-build -module-cache-path /Users/admin/builder/spi-builder-workspace/.derivedData/Build/Intermediates.noindex/SwiftExplicitPrecompiledModules -clang-scanner-module-cache-path /Users/admin/builder/spi-builder-workspace/.derivedData/ModuleCache.noindex -sdk-module-cache-path /Users/admin/builder/spi-builder-workspace/.derivedData/ModuleCache.noindex -serialize-diagnostics -emit-dependencies -emit-module -emit-module-path /Users/admin/builder/spi-builder-workspace/.derivedData/Build/Intermediates.noindex/Aespa.build/Debug-watchos/Aespa.build/Objects-normal/armv7k/Aespa.swiftmodule -validate-clang-modules-once -clang-build-session-file /Users/admin/builder/spi-builder-workspace/.derivedData/ModuleCache.noindex/Session.modulevalidation -Xcc -I/Users/admin/builder/spi-builder-workspace/.derivedData/Build/Intermediates.noindex/Aespa.build/Debug-watchos/Aespa.build/swift-overrides.hmap -emit-const-values -Xfrontend -const-gather-protocols-file -Xfrontend /Users/admin/builder/spi-builder-workspace/.derivedData/Build/Intermediates.noindex/Aespa.build/Debug-watchos/Aespa.build/Objects-normal/armv7k/Aespa_const_extract_protocols.json -Xcc -I/Users/admin/builder/spi-builder-workspace/.derivedData/Build/Products/Debug-watchos/include -Xcc -I/Users/admin/builder/spi-builder-workspace/.derivedData/Build/Intermediates.noindex/Aespa.build/Debug-watchos/Aespa.build/DerivedSources-normal/armv7k -Xcc -I/Users/admin/builder/spi-builder-workspace/.derivedData/Build/Intermediates.noindex/Aespa.build/Debug-watchos/Aespa.build/DerivedSources/armv7k -Xcc -I/Users/admin/builder/spi-builder-workspace/.derivedData/Build/Intermediates.noindex/Aespa.build/Debug-watchos/Aespa.build/DerivedSources -Xcc -DSWIFT_PACKAGE -Xcc -DDEBUG\=1 -emit-objc-header -emit-objc-header-path /Users/admin/builder/spi-builder-workspace/.derivedData/Build/Intermediates.noindex/Aespa.build/Debug-watchos/Aespa.build/Objects-normal/armv7k/Aespa-Swift.h -working-directory /Users/admin/builder/spi-builder-workspace/.swiftpm/xcode -experimental-emit-module-separately -disable-cmo
/Users/admin/builder/spi-builder-workspace/Sources/Aespa/Core/AespaCoreAlbumManager.swift:8:8: error: Unable to find module dependency: 'Photos'
import Photos
       ^ (in target 'Aespa' from project 'Aespa')
/Users/admin/builder/spi-builder-workspace/Sources/Aespa/Core/AespaCoreAlbumManager.swift:8:8: note: A dependency of main module 'Aespa'
import Photos
       ^ (in target 'Aespa' from project 'Aespa')
/Users/admin/builder/spi-builder-workspace/Sources/Aespa/Core/Representable/Photos+AespaRepresentable.swift:8:8: note: Also imported here
import Photos
       ^ (in target 'Aespa' from project 'Aespa')
/Users/admin/builder/spi-builder-workspace/Sources/Aespa/Data/Asset/PhotoAsset.swift:9:8: note: Also imported here
import Photos
       ^ (in target 'Aespa' from project 'Aespa')
/Users/admin/builder/spi-builder-workspace/Sources/Aespa/Data/Asset/VideoAsset.swift:9:8: note: Also imported here
import Photos
       ^ (in target 'Aespa' from project 'Aespa')
/Users/admin/builder/spi-builder-workspace/Sources/Aespa/Data/Event/VideoAssetEvent.swift:9:8: note: Also imported here
import Photos
       ^ (in target 'Aespa' from project 'Aespa')
/Users/admin/builder/spi-builder-workspace/Sources/Aespa/Data/Proxy/AssetCachingProxy.swift:10:8: note: Also imported here
import Photos
       ^ (in target 'Aespa' from project 'Aespa')
/Users/admin/builder/spi-builder-workspace/Sources/Aespa/Loader/Asset/AssetLoader.swift:8:8: note: Also imported here
import Photos
       ^ (in target 'Aespa' from project 'Aespa')
/Users/admin/builder/spi-builder-workspace/Sources/Aespa/Processor/AespaProcessing.swift:8:8: note: Also imported here
import Photos
       ^ (in target 'Aespa' from project 'Aespa')
/Users/admin/builder/spi-builder-workspace/Sources/Aespa/Processor/Asset/PhotoAssetAdditionProcessor.swift:8:8: note: Also imported here
import Photos
       ^ (in target 'Aespa' from project 'Aespa')
/Users/admin/builder/spi-builder-workspace/Sources/Aespa/Processor/Asset/VideoAssetAdditionProcessor.swift:8:8: note: Also imported here
import Photos
       ^ (in target 'Aespa' from project 'Aespa')
/Users/admin/builder/spi-builder-workspace/Sources/Aespa/Util/Album/AlbumImporter.swift:10:8: note: Also imported here
import Photos
       ^ (in target 'Aespa' from project 'Aespa')
2026-06-30 22:03:43.770 xcodebuild[712:4810] [MT] IDERunDestination: Supported platforms for the buildables in the current scheme is empty.
2026-06-30 22:03:43.933 xcodebuild[712:4810] [MT] IDERunDestination: Supported platforms for the buildables in the current scheme is empty.
/Users/admin/builder/spi-builder-workspace/Sources/Aespa/Core/AespaCoreAlbumManager.swift:8:8: error: Unable to find module dependency: 'Photos'
import Photos
       ^
/Users/admin/builder/spi-builder-workspace/Sources/Aespa/Core/AespaCoreAlbumManager.swift:8:8: note: a dependency of main module 'Aespa'
import Photos
       ^
/Users/admin/builder/spi-builder-workspace/Sources/Aespa/Core/Representable/Photos+AespaRepresentable.swift:8:8: note: also imported here
import Photos
       ^
/Users/admin/builder/spi-builder-workspace/Sources/Aespa/Data/Asset/PhotoAsset.swift:9:8: note: also imported here
import Photos
       ^
/Users/admin/builder/spi-builder-workspace/Sources/Aespa/Data/Asset/VideoAsset.swift:9:8: note: also imported here
import Photos
       ^
/Users/admin/builder/spi-builder-workspace/Sources/Aespa/Data/Event/VideoAssetEvent.swift:9:8: note: also imported here
import Photos
       ^
/Users/admin/builder/spi-builder-workspace/Sources/Aespa/Data/Proxy/AssetCachingProxy.swift:10:8: note: also imported here
import Photos
       ^
/Users/admin/builder/spi-builder-workspace/Sources/Aespa/Loader/Asset/AssetLoader.swift:8:8: note: also imported here
import Photos
       ^
/Users/admin/builder/spi-builder-workspace/Sources/Aespa/Processor/AespaProcessing.swift:8:8: note: also imported here
import Photos
       ^
/Users/admin/builder/spi-builder-workspace/Sources/Aespa/Processor/Asset/PhotoAssetAdditionProcessor.swift:8:8: note: also imported here
import Photos
       ^
/Users/admin/builder/spi-builder-workspace/Sources/Aespa/Processor/Asset/VideoAssetAdditionProcessor.swift:8:8: note: also imported here
import Photos
       ^
/Users/admin/builder/spi-builder-workspace/Sources/Aespa/Util/Album/AlbumImporter.swift:10:8: note: also imported here
import Photos
       ^
/Users/admin/builder/spi-builder-workspace/Sources/Aespa/Core/AespaCoreAlbumManager.swift:8:8: error: Unable to find module dependency: 'Photos'
import Photos
       ^
/Users/admin/builder/spi-builder-workspace/Sources/Aespa/Core/AespaCoreAlbumManager.swift:8:8: note: a dependency of main module 'Aespa'
import Photos
       ^
/Users/admin/builder/spi-builder-workspace/Sources/Aespa/Core/Representable/Photos+AespaRepresentable.swift:8:8: note: also imported here
import Photos
       ^
/Users/admin/builder/spi-builder-workspace/Sources/Aespa/Data/Asset/PhotoAsset.swift:9:8: note: also imported here
import Photos
       ^
/Users/admin/builder/spi-builder-workspace/Sources/Aespa/Data/Asset/VideoAsset.swift:9:8: note: also imported here
import Photos
       ^
/Users/admin/builder/spi-builder-workspace/Sources/Aespa/Data/Event/VideoAssetEvent.swift:9:8: note: also imported here
import Photos
       ^
/Users/admin/builder/spi-builder-workspace/Sources/Aespa/Data/Proxy/AssetCachingProxy.swift:10:8: note: also imported here
import Photos
       ^
/Users/admin/builder/spi-builder-workspace/Sources/Aespa/Loader/Asset/AssetLoader.swift:8:8: note: also imported here
import Photos
       ^
/Users/admin/builder/spi-builder-workspace/Sources/Aespa/Processor/AespaProcessing.swift:8:8: note: also imported here
import Photos
       ^
/Users/admin/builder/spi-builder-workspace/Sources/Aespa/Processor/Asset/PhotoAssetAdditionProcessor.swift:8:8: note: also imported here
import Photos
       ^
/Users/admin/builder/spi-builder-workspace/Sources/Aespa/Processor/Asset/VideoAssetAdditionProcessor.swift:8:8: note: also imported here
import Photos
       ^
/Users/admin/builder/spi-builder-workspace/Sources/Aespa/Util/Album/AlbumImporter.swift:10:8: note: also imported here
import Photos
       ^
/Users/admin/builder/spi-builder-workspace/Sources/Aespa/Core/AespaCoreAlbumManager.swift:8:8: error: Unable to find module dependency: 'Photos'
import Photos
       ^
/Users/admin/builder/spi-builder-workspace/Sources/Aespa/Core/AespaCoreAlbumManager.swift:8:8: note: a dependency of main module 'Aespa'
import Photos
       ^
/Users/admin/builder/spi-builder-workspace/Sources/Aespa/Core/Representable/Photos+AespaRepresentable.swift:8:8: note: also imported here
import Photos
       ^
/Users/admin/builder/spi-builder-workspace/Sources/Aespa/Data/Asset/PhotoAsset.swift:9:8: note: also imported here
import Photos
       ^
/Users/admin/builder/spi-builder-workspace/Sources/Aespa/Data/Asset/VideoAsset.swift:9:8: note: also imported here
import Photos
       ^
/Users/admin/builder/spi-builder-workspace/Sources/Aespa/Data/Event/VideoAssetEvent.swift:9:8: note: also imported here
import Photos
       ^
/Users/admin/builder/spi-builder-workspace/Sources/Aespa/Data/Proxy/AssetCachingProxy.swift:10:8: note: also imported here
import Photos
       ^
/Users/admin/builder/spi-builder-workspace/Sources/Aespa/Loader/Asset/AssetLoader.swift:8:8: note: also imported here
import Photos
       ^
/Users/admin/builder/spi-builder-workspace/Sources/Aespa/Processor/AespaProcessing.swift:8:8: note: also imported here
import Photos
       ^
/Users/admin/builder/spi-builder-workspace/Sources/Aespa/Processor/Asset/PhotoAssetAdditionProcessor.swift:8:8: note: also imported here
import Photos
       ^
/Users/admin/builder/spi-builder-workspace/Sources/Aespa/Processor/Asset/VideoAssetAdditionProcessor.swift:8:8: note: also imported here
import Photos
       ^
/Users/admin/builder/spi-builder-workspace/Sources/Aespa/Util/Album/AlbumImporter.swift:10:8: note: also imported here
import Photos
       ^
** BUILD FAILED **
The following build commands failed:
	SwiftDriver Aespa normal arm64_32 com.apple.xcode.tools.swift.compiler (in target 'Aespa' from project 'Aespa')
	SwiftDriver Aespa normal arm64 com.apple.xcode.tools.swift.compiler (in target 'Aespa' from project 'Aespa')
	SwiftDriver Aespa normal armv7k com.apple.xcode.tools.swift.compiler (in target 'Aespa' from project 'Aespa')
	Building workspace spi-builder-workspace with scheme Aespa
(4 failures)
BUILD FAILURE 6.2 watchOS