Build Information
Failed to build GoogleCloudSecurityComplianceV1, reference 0.5.0 (26ad6b), with Swift 6.2 for Android on 11 Oct 2026 12:52:57 UTC.
Build Command
bash -c docker run --pull=always --rm -v "checkouts-54344847-1":/host -w "$PWD" -e JAVA_HOME="/root/.sdkman/candidates/java/current" -e SPI_BUILD="1" -e SPI_PROCESSING="1" registry.gitlab.com/saguaro1/spi-images:android-6.2-latest swift build --swift-sdk aarch64-unknown-linux-android28 2>&1Build Log
========================================
RunAll
========================================
Builder version: 5.1.1
Interrupt handler set up.
========================================
Checkout
========================================
Clone URL: https://github.com/googleapis/swift-google-cloud-cloudsecuritycompliance-v1.git
Reference: 0.5.0
Initialized empty Git repository in /host/spi-builder-workspace/.git/
hint: Using 'master' as the name for the initial branch. This default branch name
hint: is subject to change. To configure the initial branch name to use in all
hint: of your new repositories, which will suppress this warning, call:
hint:
hint: git config --global init.defaultBranch <name>
hint:
hint: Names commonly chosen instead of 'master' are 'main', 'trunk' and
hint: 'development'. The just-created branch can be renamed via this command:
hint:
hint: git branch -m <name>
From https://github.com/googleapis/swift-google-cloud-cloudsecuritycompliance-v1
* tag 0.5.0 -> FETCH_HEAD
HEAD is now at 26ad6be chore: release circa 2026-10-07 (#1382)
Cloned https://github.com/googleapis/swift-google-cloud-cloudsecuritycompliance-v1.git
Revision (git rev-parse @):
26ad6beaecb848efd42db98cd6b95e6242497c67
SPI manifest file found: $PWD/.spi.yml
SUCCESS checkout https://github.com/googleapis/swift-google-cloud-cloudsecuritycompliance-v1.git at 0.5.0
========================================
Build
========================================
Selected platform: android
Swift version: 6.2
Building package at path: $PWD
https://github.com/googleapis/swift-google-cloud-cloudsecuritycompliance-v1.git
Running build ...
bash -c docker run --pull=always --rm -v "checkouts-54344847-1":/host -w "$PWD" -e JAVA_HOME="/root/.sdkman/candidates/java/current" -e SPI_BUILD="1" -e SPI_PROCESSING="1" registry.gitlab.com/saguaro1/spi-images:android-6.2-latest swift build --swift-sdk aarch64-unknown-linux-android28 2>&1
android-6.2-latest: Pulling from saguaro1/spi-images
Digest: sha256:a839c9ce201f1dacc8eb056626ec7ab0a1c6d53d7b77c83feda395f4507c51be
Status: Image is up to date for registry.gitlab.com/saguaro1/spi-images:android-6.2-latest
Fetching https://github.com/googleapis/swift-google-wkt
Fetching https://github.com/googleapis/swift-google-longrunning
Fetching https://github.com/googleapis/swift-google-gax
Fetching https://github.com/apple/swift-log
Fetching https://github.com/googleapis/swift-google-rpc
Fetching https://github.com/googleapis/swift-google-type
[1/619] Fetching swift-google-longrunning
[70/1041] Fetching swift-google-longrunning, swift-google-rpc
[87/9298] Fetching swift-google-longrunning, swift-google-rpc, swift-log
[317/9735] Fetching swift-google-longrunning, swift-google-rpc, swift-log, swift-google-type
[453/10758] Fetching swift-google-longrunning, swift-google-rpc, swift-log, swift-google-type, swift-google-wkt
Fetched https://github.com/googleapis/swift-google-type from cache (0.42s)
[2852/10321] Fetching swift-google-longrunning, swift-google-rpc, swift-log, swift-google-wkt
Fetching https://github.com/googleapis/swift-google-auth
[3462/12069] Fetching swift-google-longrunning, swift-google-rpc, swift-log, swift-google-wkt, swift-google-gax
Fetched https://github.com/googleapis/swift-google-wkt from cache (0.45s)
Fetched https://github.com/googleapis/swift-google-rpc from cache (0.45s)
[4490/10624] Fetching swift-google-longrunning, swift-log, swift-google-gax
Fetching https://github.com/googleapis/swift-google-cloud-location
Fetched https://github.com/googleapis/swift-google-gax from cache (0.54s)
Fetched https://github.com/googleapis/swift-google-longrunning from cache (0.54s)
Fetched https://github.com/apple/swift-log from cache (0.54s)
[1/552] Fetching swift-google-cloud-location
[13/1575] Fetching swift-google-cloud-location, swift-google-auth
Fetched https://github.com/googleapis/swift-google-cloud-location from cache (0.37s)
[665/1023] Fetching swift-google-auth
Fetched https://github.com/googleapis/swift-google-auth from cache (0.43s)
Computing version for https://github.com/googleapis/swift-google-wkt
Computed https://github.com/googleapis/swift-google-wkt at 0.5.0 (1.00s)
Fetching https://github.com/swift-extras/swift-extras-base64
[1/954] Fetching swift-extras-base64
Fetched https://github.com/swift-extras/swift-extras-base64 from cache (0.40s)
Computing version for https://github.com/googleapis/swift-google-type
Computed https://github.com/googleapis/swift-google-type at 0.5.0 (0.57s)
Computing version for https://github.com/googleapis/swift-google-rpc
Computed https://github.com/googleapis/swift-google-rpc at 0.5.0 (0.16s)
Computing version for https://github.com/googleapis/swift-google-longrunning
Computed https://github.com/googleapis/swift-google-longrunning at 0.5.0 (0.15s)
Computing version for https://github.com/googleapis/swift-google-gax
Computed https://github.com/googleapis/swift-google-gax at 0.5.0 (0.16s)
Fetching https://github.com/swift-server/async-http-client.git
Fetching https://github.com/apple/swift-nio
[1/16464] Fetching async-http-client
[16465/102838] Fetching async-http-client, swift-nio
Fetched https://github.com/swift-server/async-http-client.git from cache (3.83s)
Fetched https://github.com/apple/swift-nio from cache (3.87s)
Computing version for https://github.com/googleapis/swift-google-cloud-location
Computed https://github.com/googleapis/swift-google-cloud-location at 0.5.0 (4.02s)
Computing version for https://github.com/googleapis/swift-google-auth
Computed https://github.com/googleapis/swift-google-auth at 0.5.0 (0.15s)
Fetching https://github.com/apple/swift-system.git
Fetching https://github.com/vapor/jwt-kit.git
[1/7241] Fetching swift-system
[364/17495] Fetching swift-system, jwt-kit
Fetched https://github.com/apple/swift-system.git from cache (0.93s)
Fetched https://github.com/vapor/jwt-kit.git from cache (0.94s)
Computing version for https://github.com/swift-extras/swift-extras-base64
Computed https://github.com/swift-extras/swift-extras-base64 at 1.2.0 (1.08s)
Computing version for https://github.com/swift-server/async-http-client.git
Computed https://github.com/swift-server/async-http-client.git at 1.36.2 (0.17s)
Fetching https://github.com/apple/swift-algorithms.git
Fetching https://github.com/apple/swift-nio-ssl.git
Fetching https://github.com/apple/swift-service-context.git
Fetching https://github.com/apple/swift-distributed-tracing.git
Fetching https://github.com/apple/swift-nio-http2.git
Fetching https://github.com/apple/swift-configuration.git
[1/1500] Fetching swift-service-context
[901/5428] Fetching swift-service-context, swift-configuration
[1737/11979] Fetching swift-service-context, swift-configuration, swift-distributed-tracing
[1738/28850] Fetching swift-service-context, swift-configuration, swift-distributed-tracing, swift-nio-ssl
[2210/35014] Fetching swift-service-context, swift-configuration, swift-distributed-tracing, swift-nio-ssl, swift-algorithms
[9327/47308] Fetching swift-service-context, swift-configuration, swift-distributed-tracing, swift-nio-ssl, swift-algorithms, swift-nio-http2
Fetched https://github.com/apple/swift-algorithms.git from cache (0.56s)
Fetching https://github.com/apple/swift-atomics.git
[16339/41144] Fetching swift-service-context, swift-configuration, swift-distributed-tracing, swift-nio-ssl, swift-nio-http2
Fetched https://github.com/apple/swift-service-context.git from cache (0.61s)
[17543/39644] Fetching swift-configuration, swift-distributed-tracing, swift-nio-ssl, swift-nio-http2
Fetched https://github.com/apple/swift-distributed-tracing.git from cache (0.61s)
Fetching https://github.com/apple/swift-nio-extras.git
Fetching https://github.com/apple/swift-nio-transport-services.git
[11238/33093] Fetching swift-configuration, swift-nio-ssl, swift-nio-http2
[33094/34982] Fetching swift-configuration, swift-nio-ssl, swift-nio-http2, swift-atomics
Fetched https://github.com/apple/swift-nio-http2.git from cache (0.95s)
[20913/22688] Fetching swift-configuration, swift-nio-ssl, swift-atomics
[21178/25555] Fetching swift-configuration, swift-nio-ssl, swift-atomics, swift-nio-transport-services
[24209/32258] Fetching swift-configuration, swift-nio-ssl, swift-atomics, swift-nio-transport-services, swift-nio-extras
Fetched https://github.com/apple/swift-atomics.git from cache (0.50s)
[25476/30369] Fetching swift-configuration, swift-nio-ssl, swift-nio-transport-services, swift-nio-extras
Fetched https://github.com/apple/swift-nio-transport-services.git from cache (0.46s)
[23146/27502] Fetching swift-configuration, swift-nio-ssl, swift-nio-extras
Fetched https://github.com/apple/swift-nio-extras.git from cache (0.55s)
Fetched https://github.com/apple/swift-configuration.git from cache (1.29s)
Fetched https://github.com/apple/swift-nio-ssl.git from cache (1.30s)
Computing version for https://github.com/apple/swift-service-context.git
Computed https://github.com/apple/swift-service-context.git at 1.3.0 (1.45s)
Computing version for https://github.com/apple/swift-algorithms.git
Computed https://github.com/apple/swift-algorithms.git at 1.2.1 (0.87s)
Fetching https://github.com/apple/swift-numerics.git
[1/6733] Fetching swift-numerics
Fetched https://github.com/apple/swift-numerics.git from cache (0.53s)
Computing version for https://github.com/apple/swift-log
Computed https://github.com/apple/swift-log at 1.16.1 (0.68s)
Computing version for https://github.com/apple/swift-distributed-tracing.git
Computed https://github.com/apple/swift-distributed-tracing.git at 1.5.0 (0.14s)
Computing version for https://github.com/apple/swift-atomics.git
Computed https://github.com/apple/swift-atomics.git at 1.3.1 (0.14s)
Computing version for https://github.com/apple/swift-numerics.git
Computed https://github.com/apple/swift-numerics.git at 1.1.1 (0.13s)
Computing version for https://github.com/apple/swift-nio
Computed https://github.com/apple/swift-nio at 2.104.0 (0.34s)
Fetching https://github.com/apple/swift-collections.git
[1/28703] Fetching swift-collections
Fetched https://github.com/apple/swift-collections.git from cache (1.36s)
Computing version for https://github.com/apple/swift-configuration.git
Computed https://github.com/apple/swift-configuration.git at 1.2.2 (2.16s)
Fetching https://github.com/swift-server/swift-service-lifecycle
[1/2867] Fetching swift-service-lifecycle
Fetched https://github.com/swift-server/swift-service-lifecycle from cache (0.54s)
Computing version for https://github.com/apple/swift-nio-transport-services.git
Computed https://github.com/apple/swift-nio-transport-services.git at 1.28.0 (0.70s)
Computing version for https://github.com/swift-server/swift-service-lifecycle
Computed https://github.com/swift-server/swift-service-lifecycle at 2.12.1 (0.14s)
Fetching https://github.com/apple/swift-async-algorithms.git
[1/6820] Fetching swift-async-algorithms
Fetched https://github.com/apple/swift-async-algorithms.git from cache (0.58s)
Computing version for https://github.com/apple/swift-async-algorithms.git
Computed https://github.com/apple/swift-async-algorithms.git at 1.1.7 (0.79s)
Computing version for https://github.com/apple/swift-collections.git
Computed https://github.com/apple/swift-collections.git at 1.7.2 (0.24s)
Computing version for https://github.com/apple/swift-nio-http2.git
Computed https://github.com/apple/swift-nio-http2.git at 1.46.0 (0.16s)
Computing version for https://github.com/vapor/jwt-kit.git
Computed https://github.com/vapor/jwt-kit.git at 5.7.1 (0.14s)
Fetching https://github.com/apple/swift-certificates.git
Fetching https://github.com/apple/swift-crypto.git
[1/18629] Fetching swift-crypto
[2/26238] Fetching swift-crypto, swift-certificates
Fetched https://github.com/apple/swift-certificates.git from cache (1.22s)
Fetched https://github.com/apple/swift-crypto.git from cache (1.23s)
Computing version for https://github.com/apple/swift-crypto.git
Computed https://github.com/apple/swift-crypto.git at 4.5.2 (1.84s)
Fetching https://github.com/apple/swift-asn1.git
[1/2009] Fetching swift-asn1
Fetched https://github.com/apple/swift-asn1.git from cache (0.48s)
Computing version for https://github.com/apple/swift-asn1.git
Computed https://github.com/apple/swift-asn1.git at 1.7.3 (0.66s)
Computing version for https://github.com/apple/swift-certificates.git
Computed https://github.com/apple/swift-certificates.git at 1.21.0 (0.21s)
Computing version for https://github.com/apple/swift-nio-ssl.git
Computed https://github.com/apple/swift-nio-ssl.git at 2.37.5 (0.18s)
Computing version for https://github.com/apple/swift-system.git
Computed https://github.com/apple/swift-system.git at 1.8.1 (0.18s)
Computing version for https://github.com/apple/swift-nio-extras.git
Computed https://github.com/apple/swift-nio-extras.git at 1.35.1 (0.27s)
Fetching https://github.com/apple/swift-http-structured-headers.git
Fetching https://github.com/apple/swift-http-types.git
[1/1939] Fetching swift-http-types
[409/3192] Fetching swift-http-types, swift-http-structured-headers
Fetched https://github.com/apple/swift-http-types.git from cache (0.42s)
Fetched https://github.com/apple/swift-http-structured-headers.git from cache (0.42s)
Computing version for https://github.com/apple/swift-http-structured-headers.git
Computed https://github.com/apple/swift-http-structured-headers.git at 1.7.0 (0.57s)
Computing version for https://github.com/apple/swift-http-types.git
Computed https://github.com/apple/swift-http-types.git at 1.8.0 (0.16s)
Creating working copy for https://github.com/apple/swift-http-types.git
Working copy of https://github.com/apple/swift-http-types.git resolved at 1.8.0
Creating working copy for https://github.com/apple/swift-service-context.git
Working copy of https://github.com/apple/swift-service-context.git resolved at 1.3.0
Creating working copy for https://github.com/swift-extras/swift-extras-base64
Working copy of https://github.com/swift-extras/swift-extras-base64 resolved at 1.2.0
Creating working copy for https://github.com/apple/swift-collections.git
Working copy of https://github.com/apple/swift-collections.git resolved at 1.7.2
Creating working copy for https://github.com/googleapis/swift-google-longrunning
Working copy of https://github.com/googleapis/swift-google-longrunning resolved at 0.5.0
Creating working copy for https://github.com/apple/swift-http-structured-headers.git
Working copy of https://github.com/apple/swift-http-structured-headers.git resolved at 1.7.0
Creating working copy for https://github.com/apple/swift-nio-http2.git
Working copy of https://github.com/apple/swift-nio-http2.git resolved at 1.46.0
Creating working copy for https://github.com/apple/swift-distributed-tracing.git
Working copy of https://github.com/apple/swift-distributed-tracing.git resolved at 1.5.0
Creating working copy for https://github.com/apple/swift-atomics.git
Working copy of https://github.com/apple/swift-atomics.git resolved at 1.3.1
Creating working copy for https://github.com/apple/swift-algorithms.git
Working copy of https://github.com/apple/swift-algorithms.git resolved at 1.2.1
Creating working copy for https://github.com/apple/swift-nio-transport-services.git
Working copy of https://github.com/apple/swift-nio-transport-services.git resolved at 1.28.0
Creating working copy for https://github.com/googleapis/swift-google-rpc
Working copy of https://github.com/googleapis/swift-google-rpc resolved at 0.5.0
Creating working copy for https://github.com/googleapis/swift-google-auth
Working copy of https://github.com/googleapis/swift-google-auth resolved at 0.5.0
Creating working copy for https://github.com/swift-server/async-http-client.git
Working copy of https://github.com/swift-server/async-http-client.git resolved at 1.36.2
Creating working copy for https://github.com/apple/swift-async-algorithms.git
Working copy of https://github.com/apple/swift-async-algorithms.git resolved at 1.1.7
Creating working copy for https://github.com/apple/swift-nio
Working copy of https://github.com/apple/swift-nio resolved at 2.104.0
Creating working copy for https://github.com/apple/swift-numerics.git
Working copy of https://github.com/apple/swift-numerics.git resolved at 1.1.1
Creating working copy for https://github.com/googleapis/swift-google-type
Working copy of https://github.com/googleapis/swift-google-type resolved at 0.5.0
Creating working copy for https://github.com/apple/swift-configuration.git
Working copy of https://github.com/apple/swift-configuration.git resolved at 1.2.2
Creating working copy for https://github.com/apple/swift-nio-ssl.git
Working copy of https://github.com/apple/swift-nio-ssl.git resolved at 2.37.5
Creating working copy for https://github.com/vapor/jwt-kit.git
Working copy of https://github.com/vapor/jwt-kit.git resolved at 5.7.1
Creating working copy for https://github.com/googleapis/swift-google-wkt
Working copy of https://github.com/googleapis/swift-google-wkt resolved at 0.5.0
Creating working copy for https://github.com/googleapis/swift-google-cloud-location
Working copy of https://github.com/googleapis/swift-google-cloud-location resolved at 0.5.0
Creating working copy for https://github.com/apple/swift-log
Working copy of https://github.com/apple/swift-log resolved at 1.16.1
Creating working copy for https://github.com/apple/swift-crypto.git
Working copy of https://github.com/apple/swift-crypto.git resolved at 4.5.2
Creating working copy for https://github.com/swift-server/swift-service-lifecycle
Working copy of https://github.com/swift-server/swift-service-lifecycle resolved at 2.12.1
Creating working copy for https://github.com/apple/swift-nio-extras.git
Working copy of https://github.com/apple/swift-nio-extras.git resolved at 1.35.1
Creating working copy for https://github.com/apple/swift-system.git
Working copy of https://github.com/apple/swift-system.git resolved at 1.8.1
Creating working copy for https://github.com/googleapis/swift-google-gax
Working copy of https://github.com/googleapis/swift-google-gax resolved at 0.5.0
Creating working copy for https://github.com/apple/swift-asn1.git
Working copy of https://github.com/apple/swift-asn1.git resolved at 1.7.3
Creating working copy for https://github.com/apple/swift-certificates.git
Working copy of https://github.com/apple/swift-certificates.git resolved at 1.21.0
Building for debugging...
[0/1120] Compiling chacha-armv4-linux.S
[0/1120] Compiling sha256-x86_64-linux.S
[0/1120] Compiling sha256-x86_64-apple.S
[0/1120] Compiling aes128gcmsiv-x86_64-apple.S
[0/1120] Write sources
[16/1120] Compiling aes128gcmsiv-x86_64-linux.S
[17/1120] Write sources
[95/1120] Compiling _NumericsShims _NumericsShims.c
[96/1120] Compiling _AtomicsShims.c
[97/1120] Compiling SimpleFIPS202.c
[97/1120] Compiling CXKCPShims shims.c
[99/1120] Compiling KeccakSponge.c
[100/1120] Compiling KeccakHash.c
[101/1120] Compiling CNIOWindows shim.c
[102/1120] Compiling CNIOWindows WSAStartup.c
[102/1120] Write swift-version--11D90AFD9DD3AB2.txt
[104/1120] Compiling CNIOWASI CNIOWASI.c
[105/1120] Compiling CSystem shims.c
[106/1120] Compiling CNIOPosix event_loop_id.c
[107/1165] Compiling KeccakP-1600-opt64.c
[109/1165] Emitting module _CertificateInternals
[110/1182] Emitting module _NIOBase64
[110/1182] Compiling a_mbstr.cc
[111/1182] Compiling x509.cc
[112/1185] Compiling x509_att.cc
[114/1207] Emitting module ServiceContextModule
[115/1207] Emitting module SystemPackage
[116/1212] Compiling SystemPackage IOCompletion.swift
[117/1212] Compiling SystemPackage IORequest.swift
[118/1212] Compiling SystemPackage IORing+Util.swift
[119/1212] Compiling SystemPackage IORing.swift
[120/1212] Compiling SystemPackage RawIORequest.swift
[121/1212] Compiling SwiftASN1 ASN1OctetString.swift
[122/1212] Compiling SwiftASN1 ASN1Strings.swift
[123/1214] Emitting module RealModule
[124/1215] Compiling _NIOBase64 Base64.swift
[125/1216] Compiling Logging SwiftLogNoOpLogHandler.swift
[126/1216] Compiling Logging Locks.swift
[127/1216] Compiling Logging MultiplexLogHandler.swift
[128/1216] Compiling Logging StreamLogHandler.swift
[129/1216] Compiling Logging LogEvent.swift
[130/1216] Compiling Logging LogHandler.swift
[131/1216] Compiling SwiftASN1 TimeUtilities.swift
[132/1216] Compiling SwiftASN1 UTCTime.swift
[134/1216] Compiling RealModule RelaxedArithmetic.swift
[135/1216] Compiling Logging Logger.swift
[136/1217] Compiling RealModule RealFunctions.swift
[139/1235] Compiling Logging Logger+With.swift
[140/1235] Compiling Logging LoggingSystem.swift
[141/1245] Compiling InternalCollectionsUtilities BorrowingIteratorProtocol+Equality.swift
[142/1245] Compiling InternalCollectionsUtilities BorrowingIteratorProtocol+Extras.swift
[143/1245] Compiling InternalCollectionsUtilities FixedWidthInteger+roundUpToPowerOfTwo.swift
[144/1245] Compiling InternalCollectionsUtilities Integer rank.swift
[145/1245] Compiling SystemPackage SystemString.swift
[146/1245] Compiling SystemPackage Util+StringArray.swift
[147/1245] Compiling SystemPackage Util.swift
[148/1245] Compiling SystemPackage UtilConsumers.swift
[149/1245] Compiling SystemPackage WinSDK+Overlay.swift
[150/1245] Emitting module _NIODataStructures
[153/1245] Compiling InternalCollectionsUtilities Debugging.swift
[154/1245] Compiling InternalCollectionsUtilities Descriptions.swift
[156/1245] Compiling _NIODataStructures PriorityQueue.swift
[157/1245] Compiling _NIODataStructures _TinyArray.swift
[158/1245] Compiling _NIODataStructures Heap.swift
[159/1246] Compiling ServiceContextModule ServiceContextKey.swift
[160/1246] Compiling ServiceContextModule ServiceContext.swift
[161/1247] Compiling _CertificateInternals _TinyArray.swift
[162/1248] Compiling InternalCollectionsUtilities Iterable+CopyContents.swift
[163/1248] Compiling InternalCollectionsUtilities Iterable+Equality.swift
[164/1248] Compiling InternalCollectionsUtilities LifetimeOverride.swift
[165/1248] Compiling InternalCollectionsUtilities MutableRef.swift
[167/1251] Compiling RealModule Float80+Real.swift
[168/1251] Compiling RealModule Real.swift
[169/1251] Compiling InternalCollectionsUtilities UnsafeMutablePointer+Extras.swift
[170/1251] Compiling InternalCollectionsUtilities UnsafeMutableRawBufferPointer+Extras.swift
[171/1251] Compiling InternalCollectionsUtilities UnsafePointer+Extras.swift
[172/1251] Compiling RealModule Float16+Real.swift
[175/1251] Compiling Logging Logger+Attributes.swift
[178/1252] Wrapping AST for _NIODataStructures for debugging
[179/1263] Wrapping AST for _NIOBase64 for debugging
[180/1263] Wrapping AST for _CertificateInternals for debugging
[182/1263] Compiling InternalCollectionsUtilities UnsafeRawBufferPointer+Extras.swift
[183/1263] Compiling InternalCollectionsUtilities _SortedCollection.swift
[184/1263] Compiling InternalCollectionsUtilities _UniqueCollection.swift
[184/1263] Wrapping AST for RealModule for debugging
[185/1263] Wrapping AST for ServiceContextModule for debugging
[187/1263] Emitting module SwiftASN1
[187/1263] Compiling CNIOOpenBSD shim.c
[188/1263] Compiling CNIOLinux liburing_shims.c
[190/1263] Compiling ExtrasBase64 Base64+Span.swift
[190/1263] Compiling CNIOLinux shim.c
[192/1263] Compiling Instrumentation NoOpInstrument.swift
[193/1263] Compiling Instrumentation MultiplexInstrument.swift
[193/1263] Compiling CNIOLLHTTP c_nio_http.c
[194/1263] Compiling CNIOLLHTTP c_nio_llhttp.c
[195/1263] Compiling CNIOFreeBSD shim.c
[196/1263] Compiling CNIOExtrasZlib zutil.c
[197/1263] Compiling CNIOLLHTTP c_nio_api.c
[201/1263] Compiling InternalCollectionsUtilities UInt+first and last set bit.swift
[202/1263] Compiling InternalCollectionsUtilities UInt+reversed.swift
[203/1263] Compiling Instrumentation InstrumentationSystem.swift
[206/1263] Compiling Instrumentation Instrument.swift
[209/1263] Emitting module Instrumentation
[209/1263] Compiling CNIOExtrasZlib inftrees.c
[210/1263] Compiling CNIOExtrasZlib trees.c
[211/1263] Compiling CNIOExtrasZlib inffast.c
[213/1263] Compiling InternalCollectionsUtilities Strideable+LimitHelpers.swift
[214/1263] Compiling InternalCollectionsUtilities String+Padding.swift
[214/1263] Compiling CNIOExtrasZlib inflate.c
[215/1263] Compiling CNIOExtrasZlib deflate.c
[216/1263] Compiling CNIOExtrasZlib adler32.c
[217/1263] Compiling CNIOExtrasZlib crc32.c
[218/1263] Compiling CNIODarwin shim.c
[219/1263] Compiling fiat_p256_adx_sqr.S
[221/1263] Emitting module InternalCollectionsUtilities
[221/1263] Compiling fiat_p256_adx_mul.S
[222/1263] Compiling fiat_curve25519_adx_square.S
[223/1263] Compiling fiat_curve25519_adx_mul.S
[227/1263] Compiling InternalCollectionsUtilities TemporaryAllocation.swift
[228/1263] Compiling InternalCollectionsUtilities _UnsafeBitSet+Index.swift
[229/1263] Compiling InternalCollectionsUtilities _UnsafeBitSet+_Word.swift
[230/1263] Compiling InternalCollectionsUtilities _UnsafeBitSet.swift
[231/1263] Compiling InternalCollectionsUtilities UnsafeBufferPointer+Extras.swift
[232/1263] Compiling InternalCollectionsUtilities UnsafeMutableBufferPointer+Extras.swift
[233/1263] Compiling InternalCollectionsUtilities MutableSpan+Extras.swift
[234/1263] Compiling InternalCollectionsUtilities OutputSpan+Extras.swift
[235/1263] Compiling InternalCollectionsUtilities RandomAccessCollection+Offsets.swift
[236/1263] Compiling InternalCollectionsUtilities Span+Extras.swift
[237/1264] Compiling CNIOBoringSSLShims shims.c
[241/1268] Compiling Logging MetadataProvider.swift
[247/1268] Compiling SpanPreview MutableSpan+InputSpanHelpers.swift
[248/1268] Compiling Instrumentation Locks.swift
[249/1268] Compiling SpanPreview OutputSpan+InputSpanHelpers.swift
[250/1269] Emitting module SpanPreview
[251/1269] Compiling SpanPreview InputSpan.swift
[253/1270] Emitting module Logging
[268/1271] Wrapping AST for InternalCollectionsUtilities for debugging
[269/1279] Wrapping AST for SpanPreview for debugging
[270/1279] Wrapping AST for Logging for debugging
[272/1321] Compiling DequeModule Deque._UnsafeHandle.swift
[273/1321] Compiling DequeModule Deque.swift
[274/1321] Compiling DequeModule _DequeBuffer.swift
[275/1321] Compiling DequeModule _DequeBufferHeader.swift
[276/1321] Compiling DequeModule Deque+Testing.swift
[277/1321] Compiling DequeModule Deque._Storage.swift
[277/1322] Wrapping AST for Instrumentation for debugging
[278/1322] Compiling ExtrasBase64 Base32+Span.swift
[280/1322] Compiling ExtrasBase64 Base32.swift
[281/1322] Compiling DequeModule RigidDeque+Initializers.swift
[282/1322] Compiling DequeModule RigidDeque+Insertions.swift
[283/1322] Compiling DequeModule RigidDeque+Iterable.swift
[284/1322] Compiling DequeModule UniqueDeque+Consumption.swift
[285/1322] Compiling DequeModule UniqueDeque+ContainerOperations.swift
[286/1322] Compiling DequeModule RigidDeque+Removals.swift
[287/1322] Compiling DequeModule RigidDeque+Replacements.swift
[288/1322] Compiling DequeModule RigidDeque+Testing.swift
[289/1322] Compiling DequeModule RigidDeque.swift
[290/1322] Compiling DequeModule UniqueDeque+Append.swift
[292/1323] Compiling Tracing TracingTime.swift
[294/1324] Compiling Tracing NoOpTracer.swift
[295/1324] Compiling Tracing InstrumentationSystem+Tracing.swift
[296/1324] Compiling Tracing Tracer.swift
[296/1324] Wrapping AST for SwiftASN1 for debugging
[298/1324] Compiling Tracing WithTracer.swift
[299/1324] Emitting module Tracing
[299/1324] Wrapping AST for SystemPackage for debugging
[301/1324] Compiling Tracing TracerProtocol.swift
[302/1324] Compiling Tracing TracerProtocol+Legacy.swift
[305/1324] Compiling DequeModule RigidDeque+Append.swift
[306/1324] Compiling DequeModule RigidDeque+Consumption.swift
[307/1324] Compiling DequeModule RigidDeque+ContainerOperations.swift
[308/1324] Compiling DequeModule RigidDeque+Deprecations.swift
[311/1329] Compiling DequeModule UniqueDeque+Deprecations.swift
[312/1329] Compiling DequeModule UniqueDeque+Descriptions.swift
[313/1329] Compiling DequeModule UniqueDeque+Equatable.swift
[314/1329] Compiling DequeModule UniqueDeque+Hashable.swift
[315/1329] Compiling DequeModule UniqueDeque+Initializers.swift
[316/1329] Compiling DequeModule UniqueDeque+Insertions.swift
[317/1329] Compiling DequeModule UniqueDeque+Iterable.swift
[318/1329] Compiling DequeModule UniqueDeque+Prepend.swift
[319/1329] Compiling DequeModule UniqueDeque+Removals.swift
[319/1329] Compiling tls_record.cc
[321/1329] Compiling DequeModule RigidDeque+Descriptions.swift
[322/1329] Compiling DequeModule RigidDeque+Equatable.swift
[323/1329] Compiling DequeModule RigidDeque+Hashable.swift
[327/1329] Compiling DequeModule RigidDeque+Prepend.swift
[332/1329] Compiling tls_method.cc
[334/1329] Compiling Tracing SpanProtocol.swift
[335/1330] Compiling tls13_server.cc
[336/1330] Wrapping AST for Tracing for debugging
[338/1330] Compiling DequeModule Deque+Extras.swift
[339/1330] Compiling DequeModule Deque+Hashable.swift
[344/1330] Compiling DequeModule Deque+Codable.swift
[345/1330] Compiling DequeModule Deque+Collection.swift
[346/1330] Compiling DequeModule Deque+CustomReflectable.swift
[347/1330] Compiling DequeModule Deque+Descriptions.swift
[348/1330] Compiling DequeModule Deque+Equatable.swift
[349/1330] Compiling DequeModule Deque+ExpressibleByArrayLiteral.swift
[349/1330] Compiling tls13_enc.cc
[350/1330] Compiling tls13_client.cc
[351/1330] Compiling tls13_both.cc
[352/1330] Compiling t1_enc.cc
[353/1330] Compiling ssl_x509.cc
[354/1330] Compiling ssl_versions.cc
[355/1330] Compiling ssl_stat.cc
[356/1330] Compiling ssl_transcript.cc
[358/1330] Emitting module DequeModule
[358/1330] Compiling ssl_session.cc
[360/1330] Compiling DequeModule UniqueDeque+Replacements.swift
[361/1330] Compiling DequeModule UniqueDeque.swift
[362/1330] Compiling DequeModule _DequeSlot.swift
[363/1330] Compiling DequeModule _UnsafeDequeHandle.swift
[364/1330] Compiling DequeModule _UnsafeDequeSegments.swift
[365/1331] Compiling ssl_privkey.cc
[366/1331] Compiling ssl_key_share.cc
[367/1332] Compiling ssl_lib.cc
[368/1374] Wrapping AST for DequeModule for debugging
[369/1374] Compiling ssl_file.cc
[370/1374] Compiling ssl_credential.cc
[372/1374] Compiling Configuration JSONSnapshot.swift
[373/1374] Compiling Configuration PropertyListSnapshot.swift
[374/1374] Compiling Configuration ReloadingFileProvider.swift
[375/1374] Compiling Configuration ReloadingFileProviderMetrics.swift
[376/1374] Compiling Configuration YAMLSnapshot.swift
[377/1374] Compiling Configuration InMemoryProvider.swift
[377/1379] Compiling ssl_cipher.cc
[379/1379] Emitting module ExtrasBase64
[380/1379] Compiling ExtrasBase64 Base64.swift
[381/1380] Compiling ssl_buffer.cc
[382/1411] Compiling ssl_asn1.cc
[383/1411] Wrapping AST for ExtrasBase64 for debugging
[384/1411] Compiling s3_pkt.cc
[385/1411] Compiling ssl_cert.cc
[387/1411] Compiling GoogleWKT WKTValue.swift
[388/1411] Compiling GoogleWKT WKTApi.swift
[389/1411] Compiling GoogleWKT WKTEnum.swift
[390/1411] Compiling GoogleWKT WKTEnumValue.swift
[391/1411] Compiling GoogleWKT WKTStringValue.swift
[392/1411] Compiling GoogleWKT WKTTimestamp.swift
[392/1411] Compiling ssl_aead_ctx.cc
[393/1411] Compiling s3_lib.cc
[395/1411] Compiling GoogleWKT WKTDoubleValue.swift
[396/1411] Compiling GoogleWKT WKTDuration.swift
[397/1411] Compiling GoogleWKT WKTEmpty.swift
[398/1411] Compiling GoogleWKT WKTFieldMask.swift
[398/1415] Compiling s3_both.cc
[400/1415] Compiling GoogleWKT WKTField.swift
[401/1415] Compiling GoogleWKT WKTMethod.swift
[402/1415] Compiling GoogleWKT WKTMixin.swift
[403/1415] Compiling GoogleWKT WKTOption.swift
[404/1415] Compiling GoogleWKT UnknownFields.swift
[405/1415] Compiling GoogleWKT WKTAny.swift
[406/1415] Compiling GoogleWKT WKTAnyError.swift
[407/1415] Compiling GoogleWKT WKTBoolValue.swift
[408/1415] Compiling GoogleWKT WKTBytesValue.swift
[411/1415] Compiling GoogleWKT WKTUInt32Value.swift
[412/1415] Compiling GoogleWKT WKTUInt64Value.swift
[413/1415] Compiling GoogleWKT WKTFloatValue.swift
[414/1415] Compiling GoogleWKT WKTInt32Value.swift
[415/1415] Compiling GoogleWKT WKTInt64Value.swift
[416/1415] Compiling GoogleWKT WKTRecursive.swift
[421/1415] Compiling GoogleWKT WKTSourceContext.swift
[422/1415] Compiling GoogleWKT WKTSyntax.swift
[423/1415] Compiling GoogleWKT WKTType.swift
[424/1415] Compiling GoogleWKT PackageVersion.swift
[424/1415] Compiling handoff.cc
[425/1415] Compiling handshake_client.cc
[426/1415] Compiling handshake.cc
[427/1415] Compiling handshake_server.cc
[429/1415] Compiling GoogleWKT ProtoJSONDecoder.swift
[430/1415] Compiling GoogleWKT ProtoJSONEncoder.swift
[441/1415] Compiling Configuration MutableInMemoryProvider.swift
[442/1415] Compiling Configuration ConfigProvider+Operators.swift
[443/1415] Compiling Configuration KeyMappingProvider.swift
[444/1415] Compiling Configuration SecretsSpecifier.swift
[445/1415] Compiling Configuration AsyncCombineLatestManySequence.swift
[446/1415] Compiling Configuration CombineLatestManyStateMachine.swift
[447/1415] Compiling GoogleWKT AnyPackable.swift
[448/1415] Compiling GoogleWKT DecodeToDefault.swift
[449/1415] Compiling GoogleWKT DiscoveryBase64.swift
[452/1415] Emitting module GoogleWKT
[454/1416] Compiling Configuration CombineLatestManyStorage.swift
[455/1416] Compiling Configuration AsyncSequences.swift
[456/1416] Compiling Configuration FoundationExtensions.swift
[457/1416] Compiling Configuration Span.swift
[458/1416] Compiling Configuration ConfigBytesFromStringDecoder.swift
[464/1416] Compiling extensions.cc
[465/1416] Compiling encrypted_client_hello.cc
[467/1449] Compiling GoogleRpc Help.swift
[468/1449] Compiling GoogleRpc HttpHeader.swift
[469/1449] Compiling GoogleRpc LocalizedMessage.swift
[470/1449] Compiling GoogleRpc PackageVersion.swift
[471/1449] Compiling GoogleRpc PreconditionFailure.swift
[472/1449] Compiling GoogleRpc QuotaFailure.swift
[473/1449] Emitting module Configuration
[474/1450] Compiling dtls_method.cc
[475/1450] Compiling dtls_record.cc
[476/1450] Wrapping AST for GoogleWKT for debugging
[477/1450] Wrapping AST for Configuration for debugging
[478/1450] Compiling d1_srtp.cc
[479/1450] Compiling md5-x86_64-apple.S
[480/1450] Compiling md5-x86_64-linux.S
[481/1450] Compiling md5-586-linux.S
[482/1450] Compiling md5-586-apple.S
[484/1450] Emitting module GoogleRpc
[484/1452] Compiling chacha20_poly1305_x86_64-linux.S
[485/1452] Compiling chacha20_poly1305_x86_64-apple.S
[486/1452] Compiling chacha20_poly1305_armv8-win.S
[488/1452] Compiling GoogleRpc RequestInfo.swift
[489/1452] Compiling GoogleRpc ResourceInfo.swift
[492/1454] Compiling GoogleRpc DebugInfo.swift
[493/1454] Compiling GoogleRpc ErrorInfo.swift
[494/1454] Compiling GoogleRpc HttpRequest.swift
[495/1454] Compiling GoogleRpc HttpResponse.swift
[498/1454] Compiling d1_pkt.cc
[499/1454] Compiling chacha20_poly1305_armv8-linux.S
[501/1454] Compiling GoogleRpc Status.swift
[502/1454] Compiling GoogleType Quaternion.swift
[502/1454] Compiling chacha20_poly1305_armv8-apple.S
[503/1454] Compiling chacha-x86_64-linux.S
[510/1454] Compiling GoogleRpc RetryInfo.swift
[511/1454] Emitting module GoogleType
[511/1454] Compiling chacha-x86-linux.S
[512/1454] Compiling chacha-x86_64-apple.S
[514/1454] Compiling GoogleRpc BadRequest.swift
[515/1454] Compiling GoogleRpc Code.swift
[515/1454] Compiling chacha-x86-apple.S
[516/1454] Compiling chacha-armv8-win.S
[523/1454] Compiling err_data.cc
[524/1454] Compiling chacha-armv4-linux.S
[525/1454] Compiling chacha-armv8-linux.S
[526/1454] Compiling chacha-armv8-apple.S
[529/1454] Compiling aes128gcmsiv-x86_64-linux.S
[535/1455] Compiling GoogleType TimeOfDay.swift
[536/1455] Compiling GoogleType TimeZone.swift
[536/1455] Compiling aes128gcmsiv-x86_64-apple.S
[537/1456] Compiling x86_64-mont5-linux.S
[538/1456] Compiling x86_64-mont5-apple.S
[541/1456] Compiling x86_64-mont-linux.S
[542/1456] Compiling x86_64-mont-apple.S
[543/1456] Compiling x86-mont-linux.S
[544/1456] Compiling x86-mont-apple.S
[545/1456] Compiling vpaes-x86_64-linux.S
[546/1456] Wrapping AST for GoogleRpc for debugging
[547/1456] Compiling vpaes-x86_64-apple.S
[548/1456] Wrapping AST for GoogleType for debugging
[549/1456] Compiling vpaes-x86-linux.S
[550/1456] Compiling vpaes-x86-apple.S
[551/1456] Compiling vpaes-armv8-win.S
[552/1456] Compiling vpaes-armv8-apple.S
[553/1456] Compiling vpaes-armv8-linux.S
[554/1456] Compiling vpaes-armv7-linux.S
[555/1456] Compiling sha512-x86_64-linux.S
[556/1456] Compiling sha512-x86_64-apple.S
[557/1456] Compiling sha512-armv8-win.S
[558/1456] Compiling sha512-armv8-apple.S
[559/1456] Compiling sha512-armv4-linux.S
[560/1456] Compiling sha512-armv8-linux.S
[561/1456] Compiling sha512-586-linux.S
[562/1456] Compiling sha512-586-apple.S
[563/1456] Compiling sha256-x86_64-linux.S
[564/1456] Compiling sha256-x86_64-apple.S
[565/1456] Compiling sha256-armv8-win.S
[566/1456] Compiling sha256-armv8-apple.S
[567/1456] Compiling sha256-armv4-linux.S
[568/1456] Compiling sha256-armv8-linux.S
[569/1456] Compiling sha256-586-apple.S
[570/1456] Compiling sha256-586-linux.S
[571/1456] Compiling d1_lib.cc
[572/1456] Compiling sha1-x86_64-linux.S
[573/1456] Compiling sha1-x86_64-apple.S
[574/1456] Compiling sha1-armv8-win.S
[575/1456] Compiling sha1-armv4-large-linux.S
[575/1456] Compiling sha1-armv8-apple.S
[577/1456] Compiling bio_ssl.cc
[578/1456] Compiling sha1-armv8-linux.S
[579/1456] Compiling sha1-586-linux.S
[580/1456] Compiling sha1-586-apple.S
[581/1456] Compiling rsaz-avx2-apple.S
[582/1456] Compiling rsaz-avx2-linux.S
[582/1456] Compiling rdrand-x86_64-linux.S
[584/1456] Compiling rdrand-x86_64-apple.S
[585/1456] Compiling p256_beeu-x86_64-asm-linux.S
[586/1456] Compiling p256_beeu-x86_64-asm-apple.S
[587/1456] Compiling p256_beeu-armv8-asm-win.S
[588/1456] Compiling p256_beeu-armv8-asm-linux.S
[589/1456] Compiling p256_beeu-armv8-asm-apple.S
[590/1456] Compiling p256-x86_64-asm-linux.S
[591/1456] Compiling p256-x86_64-asm-apple.S
[592/1456] Compiling p256-armv8-asm-win.S
[593/1456] Compiling p256-armv8-asm-apple.S
[594/1456] Compiling ghashv8-armv8-win.S
[595/1456] Compiling p256-armv8-asm-linux.S
[596/1456] Compiling ghashv8-armv8-apple.S
[597/1456] Compiling ghashv8-armv8-linux.S
[598/1456] Compiling ghashv8-armv7-linux.S
[599/1456] Compiling ghash-x86_64-linux.S
[600/1456] Compiling ghash-x86_64-apple.S
[601/1456] Compiling ghash-x86-linux.S
[602/1456] Compiling ghash-ssse3-x86_64-apple.S
[602/1456] Compiling ghash-ssse3-x86_64-linux.S
[604/1456] Compiling ghash-x86-apple.S
[605/1456] Compiling ghash-ssse3-x86-linux.S
[606/1456] Compiling ghash-ssse3-x86-apple.S
[607/1456] Compiling ghash-neon-armv8-win.S
[608/1456] Compiling ghash-neon-armv8-linux.S
[608/1456] Compiling ghash-armv4-linux.S
[609/1456] Compiling ghash-neon-armv8-apple.S
[611/1456] Compiling co-586-linux.S
[611/1456] Compiling co-586-apple.S
[613/1456] Compiling bsaes-armv7-linux.S
[614/1456] Compiling d1_both.cc
[615/1456] Compiling bn-armv8-win.S
[616/1456] Compiling bn-armv8-apple.S
[617/1456] Compiling bn-armv8-linux.S
[618/1456] Compiling bn-586-linux.S
[619/1456] Compiling bn-586-apple.S
[620/1456] Compiling armv8-mont-win.S
[621/1456] Compiling armv8-mont-apple.S
[622/1456] Compiling armv4-mont-linux.S
[623/1456] Compiling armv8-mont-linux.S
[624/1456] Compiling aesv8-gcm-armv8-win.S
[625/1456] Compiling aesv8-armv8-win.S
[626/1456] Compiling aesv8-gcm-armv8-apple.S
[627/1456] Compiling aesv8-gcm-armv8-linux.S
[628/1456] Compiling aesv8-armv8-linux.S
[629/1456] Compiling aesv8-armv8-apple.S
[630/1456] Compiling aesv8-armv7-linux.S
[631/1456] Compiling aesni-x86_64-linux.S
[632/1456] Compiling aesni-x86_64-apple.S
[633/1456] Compiling aesni-x86-linux.S
[634/1456] Compiling aesni-x86-apple.S
[635/1456] Compiling aesni-gcm-x86_64-linux.S
[636/1456] Compiling aesni-gcm-x86_64-apple.S
[637/1456] Compiling aes-gcm-avx2-x86_64-apple.S
[638/1456] Compiling aes-gcm-avx10-x86_64-linux.S
[639/1456] Compiling aes-gcm-avx2-x86_64-linux.S
[640/1456] Compiling aes-gcm-avx10-x86_64-apple.S
[641/1456] Compiling x_sig.cc
[642/1456] Compiling x_req.cc
[642/1456] Compiling x_spki.cc
[642/1456] Compiling x_val.cc
[645/1456] Compiling x_x509a.cc
[646/1456] Compiling x_pubkey.cc
[647/1456] Compiling x_x509.cc
[648/1456] Compiling x_name.cc
[649/1456] Compiling x_exten.cc
[650/1456] Compiling x509spki.cc
[651/1456] Compiling x_attrib.cc
[651/1456] Compiling x_algor.cc
[653/1456] Compiling x509rset.cc
[654/1456] Compiling x_crl.cc
[655/1456] Compiling x_all.cc
[656/1456] Compiling x509name.cc
[657/1456] Compiling x509_txt.cc
[658/1456] Compiling x509cset.cc
[659/1456] Compiling x509_v3.cc
[660/1456] Compiling x509_vpm.cc
[661/1456] Compiling x509_set.cc
[662/1456] Compiling x509_trs.cc
[663/1456] Compiling x509_vfy.cc
[664/1456] Compiling x509_req.cc
[665/1456] Compiling x509_def.cc
[666/1456] Compiling x509_obj.cc
[667/1456] Compiling x509_lu.cc
[668/1456] Compiling x509_d2.cc
[669/1456] Compiling x509_ext.cc
[670/1456] Compiling x509_cmp.cc
[671/1456] Compiling v3_skey.cc
[672/1456] Compiling v3_utl.cc
[673/1456] Compiling v3_prn.cc
[674/1456] Compiling v3_ocsp.cc
[675/1456] Compiling v3_purp.cc
[675/1456] Compiling v3_pcons.cc
[675/1456] Compiling v3_pmaps.cc
[678/1456] Compiling v3_lib.cc
[679/1456] Compiling v3_ncons.cc
[680/1456] Compiling v3_int.cc
[681/1456] Compiling v3_info.cc
[682/1456] Compiling v3_ia5.cc
[683/1456] Compiling v3_enum.cc
[684/1456] Compiling v3_genn.cc
[685/1456] Compiling v3_extku.cc
[686/1456] Compiling v3_cpols.cc
[687/1456] Compiling v3_crld.cc
[688/1456] Compiling v3_conf.cc
[689/1456] Compiling v3_bitst.cc
[690/1456] Compiling v3_bcons.cc
[691/1456] Compiling v3_akeya.cc
[692/1456] Compiling v3_alt.cc
[693/1456] Compiling v3_akey.cc
[694/1456] Compiling t_x509a.cc
[695/1456] Compiling t_x509.cc
[695/1456] Compiling t_req.cc
[697/1456] Compiling i2d_pr.cc
[698/1456] Compiling t_crl.cc
[699/1456] Compiling name_print.cc
[700/1456] Compiling rsa_pss.cc
[701/1456] Compiling policy.cc
[702/1456] Compiling by_file.cc
[703/1456] Compiling by_dir.cc
[704/1456] Compiling asn1_gen.cc
[705/1456] Compiling algorithm.cc
[706/1456] Compiling thread_win.cc
[707/1456] Compiling a_verify.cc
[708/1456] Compiling voprf.cc
[709/1456] Compiling a_sign.cc
[710/1456] Compiling a_digest.cc
[711/1456] Compiling trust_token.cc
[712/1456] Compiling thread_pthread.cc
[713/1456] Compiling pmbtoken.cc
[714/1456] Compiling thread_none.cc
[715/1456] Compiling thread.cc
[716/1456] Compiling stack.cc
[717/1456] Compiling siphash.cc
[718/1456] Compiling sha512.cc
[719/1456] Compiling sha256.cc
[720/1456] Compiling slhdsa.cc
[721/1456] Compiling sha1.cc
[722/1456] Compiling spake2plus.cc
[723/1456] Compiling rsa_print.cc
[724/1456] Compiling rsa_extra.cc
[725/1456] Compiling rc4.cc
[726/1456] Compiling refcount.cc
[727/1456] Compiling rsa_crypt.cc
[728/1456] Compiling windows.cc
[729/1456] Compiling urandom.cc
[730/1456] Compiling rsa_asn1.cc
[731/1456] Compiling trusty.cc
[732/1456] Compiling rand.cc
[733/1456] Compiling ios.cc
[733/1456] Compiling getentropy.cc
[733/1456] Compiling passive.cc
[736/1456] Compiling poly1305_arm_asm.S
[737/1456] Compiling forkunsafe.cc
[738/1456] Compiling fork_detect.cc
[739/1456] Compiling deterministic.cc
[740/1456] Compiling poly1305_vec.cc
[741/1456] Compiling poly1305_arm.cc
[742/1456] Compiling poly1305.cc
[743/1456] Compiling pool.cc
[744/1456] Compiling pkcs7.cc
[745/1456] Compiling pkcs8_x509.cc
[746/1456] Compiling p5_pbev2.cc
[747/1456] Compiling pkcs8.cc
[748/1456] Compiling pkcs7_x509.cc
[749/1456] Compiling pem_xaux.cc
[750/1456] Compiling pem_x509.cc
[751/1456] Compiling pem_pkey.cc
[752/1456] Compiling pem_pk8.cc
[753/1456] Compiling pem_oth.cc
[754/1456] Compiling mlkem.cc
[755/1456] Compiling pem_info.cc
[756/1456] Compiling pem_lib.cc
[757/1456] Compiling pem_all.cc
[758/1456] Compiling obj_xref.cc
[759/1456] Compiling obj.cc
[760/1456] Compiling poly_rq_mul.S
[761/1456] Compiling mldsa.cc
[762/1456] Compiling fips_shared_support.cc
[763/1456] Compiling mem.cc
[764/1456] Compiling md5.cc
[765/1456] Compiling lhash.cc
[766/1456] Compiling md4.cc
[767/1456] Compiling kyber.cc
[768/1456] Compiling ex_data.cc
[769/1456] Compiling sign.cc
[770/1456] Compiling scrypt.cc
[771/1456] Compiling hrss.cc
[772/1456] Compiling print.cc
[773/1456] Compiling hpke.cc
[774/1456] Compiling pbkdf.cc
[775/1456] Compiling p_x25519.cc
[776/1456] Compiling p_x25519_asn1.cc
[777/1456] Compiling p_rsa_asn1.cc
[778/1456] Compiling p_rsa.cc
[779/1456] Compiling p_hkdf.cc
[780/1456] Compiling p_ed25519.cc
[781/1456] Compiling p_ed25519_asn1.cc
[782/1456] Compiling p_ec.cc
[783/1456] Compiling p_ec_asn1.cc
[784/1456] Compiling p_dh_asn1.cc
[785/1456] Compiling p_dh.cc
[786/1456] Compiling evp_ctx.cc
[787/1456] Compiling p_dsa_asn1.cc
[788/1456] Compiling evp_asn1.cc
[789/1456] Compiling evp.cc
[790/1456] Compiling err.cc
[791/1456] Compiling engine.cc
[792/1456] Compiling ecdh.cc
[793/1456] Compiling hash_to_curve.cc
[794/1456] Compiling ecdsa_asn1.cc
[795/1456] Compiling ec_derive.cc
[796/1456] Compiling dsa.cc
[797/1456] Compiling ec_asn1.cc
[798/1456] Compiling dsa_asn1.cc
[799/1456] Compiling params.cc
[800/1456] Compiling x25519-asm-arm.S
[801/1456] Compiling digest_extra.cc
[801/1456] Compiling bcm.cc
[803/1456] Compiling dh_asn1.cc
[804/1456] Compiling des.cc
[805/1456] Compiling curve25519_64_adx.cc
[806/1456] Compiling spake25519.cc
[807/1456] Compiling crypto.cc
[807/1456] Compiling cpu_intel.cc
[809/1456] Compiling cpu_arm_linux.cc
[810/1456] Compiling cpu_arm_freebsd.cc
[811/1456] Compiling curve25519.cc
[812/1456] Compiling cpu_aarch64_win.cc
[813/1456] Compiling cpu_aarch64_sysreg.cc
[814/1456] Compiling cpu_aarch64_openbsd.cc
[815/1456] Compiling cpu_aarch64_linux.cc
[816/1456] Compiling cpu_aarch64_fuchsia.cc
[817/1456] Compiling cpu_aarch64_apple.cc
[818/1456] Compiling get_cipher.cc
[819/1456] Compiling conf.cc
[820/1456] Compiling tls_cbc.cc
[821/1456] Compiling e_tls.cc
[822/1456] Compiling e_rc4.cc
[823/1456] Compiling e_null.cc
[824/1456] Compiling e_rc2.cc
[825/1456] Compiling e_des.cc
[826/1456] Compiling e_chacha20poly1305.cc
[827/1456] Compiling e_aesgcmsiv.cc
[827/1456] Compiling e_aesctrhmac.cc
[829/1456] Compiling derive_key.cc
[830/1456] Compiling chacha.cc
[831/1456] Compiling unicode.cc
[832/1456] Compiling buf.cc
[833/1456] Compiling cbb.cc
[834/1456] Compiling cbs.cc
[835/1456] Compiling ber.cc
[836/1456] Compiling asn1_compat.cc
[837/1456] Compiling convert.cc
[837/1456] Compiling bn_asn1.cc
[839/1456] Compiling blake2.cc
[840/1456] Compiling socket.cc
[841/1456] Compiling socket_helper.cc
[842/1456] Compiling printf.cc
[843/1456] Compiling pair.cc
[844/1456] Compiling hexdump.cc
[845/1456] Compiling file.cc
[845/1456] Compiling fd.cc
[847/1456] Compiling errno.cc
[848/1456] Compiling bio_mem.cc
[849/1456] Compiling connect.cc
[850/1456] Compiling bio.cc
[851/1456] Compiling base64.cc
[852/1456] Compiling tasn_fre.cc
[853/1456] Compiling tasn_typ.cc
[854/1456] Compiling tasn_utl.cc
[855/1456] Compiling tasn_enc.cc
[856/1456] Compiling posix_time.cc
[857/1456] Compiling tasn_new.cc
[858/1456] Compiling f_string.cc
[859/1456] Compiling tasn_dec.cc
[860/1456] Compiling f_int.cc
[861/1456] Compiling asn_pack.cc
[862/1456] Compiling asn1_par.cc
[863/1456] Compiling a_utctm.cc
[864/1456] Compiling asn1_lib.cc
[865/1456] Compiling a_type.cc
[866/1456] Compiling a_time.cc
[867/1456] Compiling a_octet.cc
[868/1456] Compiling a_strnid.cc
[869/1456] Compiling a_strex.cc
[870/1456] Compiling a_object.cc
[871/1456] Compiling a_i2d_fp.cc
[872/1456] Compiling a_dup.cc
[873/1456] Compiling a_d2i_fp.cc
[874/1456] Compiling a_mbstr.cc
[875/1456] Compiling CGoogleGaxCRC32C CGoogleGaxCRC32C.c
[876/1456] Compiling a_int.cc
[877/1456] Compiling a_gentm.cc
[877/1456] Compiling fiat_p256_adx_sqr.S
[879/1456] Compiling fiat_p256_adx_mul.S
[880/1456] Compiling fiat_curve25519_adx_mul.S
[881/1456] Compiling fiat_curve25519_adx_square.S
[882/1456] Compiling md5-x86_64-linux.S
[883/1456] Compiling md5-586-linux.S
[884/1456] Compiling md5-x86_64-apple.S
[885/1456] Compiling md5-586-apple.S
[886/1456] Compiling chacha20_poly1305_x86_64-linux.S
[887/1456] Compiling a_bitstr.cc
[888/1456] Compiling chacha20_poly1305_x86_64-apple.S
[889/1456] Compiling chacha20_poly1305_armv8-win.S
[890/1456] Compiling chacha20_poly1305_armv8-apple.S
[891/1456] Compiling chacha-x86_64-linux.S
[891/1456] Compiling chacha20_poly1305_armv8-linux.S
[893/1456] Compiling CCryptoBoringSSLShims shims.c
[894/1456] Compiling chacha-x86_64-apple.S
[895/1456] Compiling a_bool.cc
[896/1456] Compiling chacha-x86-linux.S
[896/1456] Compiling chacha-x86-apple.S
[898/1456] Compiling chacha-armv8-win.S
[899/1456] Compiling chacha-armv8-apple.S
[900/1456] Compiling x86_64-mont5-apple.S
[900/1456] Compiling x86_64-mont5-linux.S
[902/1456] Compiling chacha-armv8-linux.S
[903/1456] Compiling x86_64-mont-linux.S
[904/1456] Compiling x86_64-mont-apple.S
[905/1456] Compiling x86-mont-linux.S
[906/1456] Compiling vpaes-x86_64-linux.S
[907/1456] Compiling x86-mont-apple.S
[908/1456] Compiling vpaes-x86_64-apple.S
[909/1456] Compiling vpaes-x86-linux.S
[910/1456] Compiling vpaes-armv8-win.S
[911/1456] Compiling vpaes-x86-apple.S
[912/1456] Compiling vpaes-armv8-linux.S
[913/1456] Compiling vpaes-armv7-linux.S
[914/1456] Compiling vpaes-armv8-apple.S
[915/1456] Compiling sha512-x86_64-linux.S
[916/1456] Compiling sha512-x86_64-apple.S
[917/1456] Compiling sha512-armv8-win.S
[918/1456] Compiling sha512-armv8-apple.S
[919/1456] Compiling sha512-586-linux.S
[919/1456] Compiling sha512-armv4-linux.S
[921/1456] Compiling sha512-armv8-linux.S
[921/1456] Compiling sha512-586-apple.S
[923/1456] Compiling sha256-armv8-win.S
[924/1456] Compiling sha256-armv8-apple.S
[925/1456] Compiling sha256-armv4-linux.S
[925/1456] Compiling sha256-586-linux.S
[927/1456] Compiling sha256-armv8-linux.S
[928/1456] Compiling sha256-586-apple.S
[929/1456] Compiling sha1-x86_64-linux.S
[930/1456] Compiling sha1-x86_64-apple.S
[931/1456] Compiling sha1-armv8-win.S
[932/1456] Compiling sha1-armv8-linux.S
[933/1456] Compiling sha1-armv8-apple.S
[934/1456] Compiling sha1-armv4-large-linux.S
[934/1456] Compiling sha1-586-linux.S
[936/1456] Compiling err_data.cc
[937/1456] Compiling sha1-586-apple.S
[938/1456] Compiling rsaz-avx2-apple.S
[939/1456] Compiling rdrand-x86_64-apple.S
[940/1456] Compiling rdrand-x86_64-linux.S
[941/1456] Compiling rsaz-avx2-linux.S
[942/1456] Compiling p256_beeu-x86_64-asm-apple.S
[943/1456] Compiling p256_beeu-x86_64-asm-linux.S
[944/1456] Compiling p256_beeu-armv8-asm-win.S
[945/1456] Compiling p256_beeu-armv8-asm-linux.S
[946/1456] Compiling p256_beeu-armv8-asm-apple.S
[946/1456] Compiling p256-x86_64-asm-apple.S
[948/1456] Compiling p256-x86_64-asm-linux.S
[949/1456] Compiling p256-armv8-asm-win.S
[950/1456] Compiling p256-armv8-asm-apple.S
[951/1456] Compiling ghashv8-armv8-win.S
[952/1456] Compiling p256-armv8-asm-linux.S
[953/1456] Compiling ghashv8-armv8-linux.S
[954/1456] Compiling ghashv8-armv8-apple.S
[955/1456] Compiling ghashv8-armv7-linux.S
[956/1456] Compiling ghash-x86_64-linux.S
[957/1456] Compiling ghash-x86_64-apple.S
[958/1456] Compiling ghash-x86-linux.S
[959/1456] Compiling ghash-x86-apple.S
[960/1456] Compiling ghash-ssse3-x86_64-linux.S
[961/1456] Compiling ghash-ssse3-x86_64-apple.S
[962/1456] Compiling ghash-ssse3-x86-linux.S
[963/1456] Compiling ghash-ssse3-x86-apple.S
[964/1456] Compiling ghash-neon-armv8-win.S
[965/1456] Compiling ghash-neon-armv8-apple.S
[966/1456] Compiling ghash-neon-armv8-linux.S
[967/1456] Compiling ghash-armv4-linux.S
[968/1456] Compiling co-586-apple.S
[969/1456] Compiling bsaes-armv7-linux.S
[970/1456] Compiling co-586-linux.S
[971/1456] Compiling bn-armv8-linux.S
[972/1456] Compiling bn-armv8-win.S
[973/1456] Compiling bn-armv8-apple.S
[974/1456] Compiling bn-586-linux.S
[975/1456] Compiling bn-586-apple.S
[976/1456] Compiling armv8-mont-win.S
[977/1456] Compiling armv8-mont-apple.S
[978/1456] Compiling armv4-mont-linux.S
[979/1456] Compiling armv8-mont-linux.S
[979/1456] Compiling aesv8-gcm-armv8-win.S
[981/1456] Compiling aesv8-armv8-win.S
[982/1456] Compiling aesv8-gcm-armv8-apple.S
[983/1456] Compiling aesv8-gcm-armv8-linux.S
[984/1456] Compiling aesv8-armv8-apple.S
[985/1456] Compiling aesv8-armv7-linux.S
[986/1456] Compiling aesni-x86_64-linux.S
[987/1456] Compiling aesv8-armv8-linux.S
[988/1456] Compiling aesni-x86-linux.S
[989/1456] Compiling aesni-x86_64-apple.S
[990/1456] Compiling aesni-x86-apple.S
[991/1456] Compiling aes-gcm-avx512-x86_64-linux.S
[991/1456] Compiling aesni-gcm-x86_64-apple.S
[993/1456] Compiling aesni-gcm-x86_64-linux.S
[994/1456] Compiling aes-gcm-avx512-x86_64-apple.S
[995/1456] Compiling aes-gcm-avx2-x86_64-linux.S
[996/1456] Compiling aes-gcm-avx2-x86_64-apple.S
[997/1456] Compiling xwing.cc
[998/1456] Compiling x_sig.cc
[999/1456] Compiling x_x509a.cc
[1000/1456] Compiling x_req.cc
[1001/1456] Compiling x_spki.cc
[1002/1456] Compiling x_x509.cc
[1003/1456] Compiling c-nioatomics.c
[1004/1456] Compiling x_pubkey.cc
[1005/1456] Compiling x_exten.cc
[1006/1456] Compiling x_crl.cc
[1007/1456] Compiling x_name.cc
[1008/1456] Compiling x_attrib.cc
[1009/1456] Compiling c-atomics.c
[1010/1456] Compiling x_all.cc
[1012/1463] Compiling NIOConcurrencyHelpers NIOLockedValueBox.swift
[1012/1463] Compiling x_algor.cc
[1014/1463] Emitting module NIOConcurrencyHelpers
[1015/1463] Compiling NIOConcurrencyHelpers NIOLock.swift
[1015/1463] Compiling x509spki.cc
[1016/1463] Compiling x509rset.cc
[1018/1463] Compiling NIOConcurrencyHelpers NIOAtomic.swift
[1019/1463] Compiling NIOConcurrencyHelpers lock.swift
[1019/1463] Compiling x509cset.cc
[1021/1463] Compiling NIOConcurrencyHelpers NIOThreadPoolWorkAvailable.swift
[1022/1463] Compiling NIOConcurrencyHelpers atomics.swift
[1022/1463] Compiling x509_vfy.cc
[1024/1464] Compiling x509name.cc
[1025/1464] Wrapping AST for NIOConcurrencyHelpers for debugging
[1026/1464] Compiling x509_vpm.cc
[1027/1464] Compiling x509_v3.cc
[1028/1464] Compiling x509_txt.cc
[1029/1464] Compiling x509_trs.cc
[1030/1464] Compiling x509_set.cc
[1031/1464] Compiling x509_req.cc
[1032/1464] Compiling x509_obj.cc
[1033/1464] Compiling x509_lu.cc
[1034/1464] Compiling x509_ext.cc
[1035/1464] Compiling x509_def.cc
[1036/1464] Compiling x509_d2.cc
[1037/1464] Compiling x509_cmp.cc
[1038/1464] Compiling x509.cc
[1039/1464] Compiling x509_att.cc
[1040/1464] Compiling v3_skey.cc
[1041/1464] Compiling v3_utl.cc
[1042/1464] Compiling v3_purp.cc
[1043/1464] Compiling v3_prn.cc
[1044/1464] Compiling v3_pmaps.cc
[1045/1464] Compiling v3_pcons.cc
[1046/1464] Compiling v3_ocsp.cc
[1047/1464] Compiling v3_ncons.cc
[1048/1464] Compiling v3_int.cc
[1049/1464] Compiling v3_lib.cc
[1050/1464] Compiling v3_info.cc
[1051/1464] Compiling v3_ia5.cc
[1052/1464] Compiling v3_genn.cc
[1053/1464] Compiling v3_extku.cc
[1054/1464] Compiling v3_enum.cc
[1055/1464] Compiling v3_crld.cc
[1056/1464] Compiling v3_cpols.cc
[1057/1464] Compiling v3_conf.cc
[1058/1464] Compiling v3_bitst.cc
[1059/1464] Compiling v3_bcons.cc
[1060/1464] Compiling v3_alt.cc
[1061/1464] Compiling v3_akeya.cc
[1062/1464] Compiling v3_akey.cc
[1063/1464] Compiling t_x509a.cc
[1064/1464] Compiling t_x509.cc
[1065/1464] Compiling t_req.cc
[1066/1464] Compiling t_crl.cc
[1067/1464] Compiling i2d_pr.cc
[1068/1464] Compiling rsa_pss.cc
[1069/1464] Compiling policy.cc
[1070/1464] Compiling name_print.cc
[1071/1464] Compiling by_file.cc
[1072/1464] Compiling by_dir.cc
[1073/1464] Compiling asn1_gen.cc
[1074/1464] Compiling algorithm.cc
[1075/1464] Compiling a_verify.cc
[1076/1464] Compiling a_sign.cc
[1077/1464] Compiling a_digest.cc
[1078/1464] Compiling voprf.cc
[1079/1464] Compiling thread_win.cc
[1080/1464] Compiling thread_pthread.cc
[1081/1464] Compiling trust_token.cc
[1082/1464] Compiling thread_none.cc
[1083/1464] Compiling thread.cc
[1084/1464] Compiling pmbtoken.cc
[1085/1464] Compiling stack.cc
[1086/1464] Compiling siphash.cc
[1087/1464] Compiling sha512.cc
[1088/1464] Compiling sha256.cc
[1089/1464] Compiling slhdsa.cc
[1090/1464] Compiling sha1.cc
[1091/1464] Compiling spake2plus.cc
[1092/1464] Compiling rsa_print.cc
[1093/1464] Compiling rsa_extra.cc
[1094/1464] Compiling rsa_crypt.cc
[1095/1464] Compiling rc4.cc
[1096/1464] Compiling refcount.cc
[1097/1464] Compiling windows.cc
[1098/1464] Compiling trusty.cc
[1099/1464] Compiling urandom.cc
[1100/1464] Compiling rand.cc
[1101/1464] Compiling rsa_asn1.cc
[1102/1464] Compiling passive.cc
[1103/1464] Compiling ios.cc
[1104/1464] Compiling getentropy.cc
[1105/1464] Compiling poly1305_arm_asm.S
[1106/1464] Compiling forkunsafe.cc
[1107/1464] Compiling fork_detect.cc
[1108/1464] Compiling deterministic.cc
[1109/1464] Compiling poly1305_vec.cc
[1110/1464] Compiling poly1305_arm.cc
[1111/1464] Compiling poly1305.cc
[1112/1464] Compiling pool.cc
[1113/1464] Compiling pkcs8.cc
[1114/1464] Compiling pkcs8_x509.cc
[1115/1464] Compiling p5_pbev2.cc
[1116/1464] Compiling pkcs7.cc
[1117/1464] Compiling pkcs7_x509.cc
[1118/1464] Compiling pem_xaux.cc
[1119/1464] Compiling pem_x509.cc
[1120/1464] Compiling pem_pkey.cc
[1121/1464] Compiling mlkem.cc
[1122/1464] Compiling pem_pk8.cc
[1123/1464] Compiling pem_oth.cc
[1124/1464] Compiling pem_lib.cc
[1125/1464] Compiling pem_info.cc
[1126/1464] Compiling pem_all.cc
[1127/1464] Compiling obj_xref.cc
[1128/1464] Compiling obj.cc
[1129/1464] Compiling poly_rq_mul.S
[1130/1464] Compiling mldsa.cc
[1131/1464] Compiling mem.cc
[1132/1464] Compiling fips_shared_support.cc
[1133/1464] Compiling lhash.cc
[1134/1464] Compiling md5.cc
[1135/1464] Compiling md4.cc
[1136/1464] Compiling kyber.cc
[1137/1464] Compiling fuzzer_mode.cc
[1138/1464] Compiling hrss.cc
[1139/1464] Compiling ex_data.cc
[1140/1464] Compiling hpke.cc
[1141/1464] Compiling scrypt.cc
[1142/1464] Compiling pbkdf.cc
[1143/1464] Compiling print.cc
[1144/1464] Compiling sign.cc
[1145/1464] Compiling p_x25519_asn1.cc
[1146/1464] Compiling p_x25519.cc
[1147/1464] Compiling p_rsa_asn1.cc
[1148/1464] Compiling p_rsa.cc
[1149/1464] Compiling p_hkdf.cc
[1150/1464] Compiling p_ed25519.cc
[1151/1464] Compiling p_ed25519_asn1.cc
[1152/1464] Compiling p_ec.cc
[1153/1464] Compiling p_ec_asn1.cc
[1154/1464] Compiling p_dsa_asn1.cc
[1155/1464] Compiling p_dh_asn1.cc
[1156/1464] Compiling p_dh.cc
[1157/1464] Compiling evp_ctx.cc
[1158/1464] Compiling err.cc
[1159/1464] Compiling ecdsa_p1363.cc
[1160/1464] Compiling evp_asn1.cc
[1161/1464] Compiling engine.cc
[1162/1464] Compiling evp.cc
[1163/1464] Compiling ecdh.cc
[1164/1464] Compiling ec_derive.cc
[1165/1464] Compiling ecdsa_asn1.cc
[1166/1464] Compiling hash_to_curve.cc
[1167/1464] Compiling dsa.cc
[1168/1464] Compiling dsa_asn1.cc
[1169/1464] Compiling ec_asn1.cc
[1170/1464] Compiling params.cc
[1171/1464] Compiling x25519-asm-arm.S
[1172/1464] Compiling digest_extra.cc
[1173/1464] Compiling des.cc
[1174/1464] Compiling curve25519_64_adx.cc
[1175/1464] Compiling dh_asn1.cc
[1176/1464] Compiling spake25519.cc
[1177/1464] Compiling crypto.cc
[1178/1464] Compiling curve25519.cc
[1179/1464] Compiling cpu_intel.cc
[1180/1464] Compiling cpu_arm_linux.cc
[1181/1464] Compiling cpu_arm_freebsd.cc
[1182/1464] Compiling cpu_aarch64_win.cc
[1183/1464] Compiling cpu_aarch64_openbsd.cc
[1184/1464] Compiling cpu_aarch64_sysreg.cc
[1185/1464] Compiling cpu_aarch64_linux.cc
[1186/1464] Compiling cpu_aarch64_fuchsia.cc
[1187/1464] Compiling cpu_aarch64_apple.cc
[1188/1464] Compiling conf.cc
[1189/1464] Compiling tls_cbc.cc
[1190/1464] Compiling get_cipher.cc
[1191/1464] Compiling e_rc4.cc
[1192/1464] Compiling e_tls.cc
[1193/1464] Compiling cms.cc
[1194/1464] Compiling e_rc2.cc
[1195/1464] Compiling e_des.cc
[1196/1464] Compiling e_null.cc
[1197/1464] Compiling e_chacha20poly1305.cc
[1198/1464] Compiling e_aesgcmsiv.cc
[1199/1464] Compiling e_aeseax.cc
[1200/1464] Compiling chacha.cc
[1201/1464] Compiling derive_key.cc
[1202/1464] Compiling e_aesctrhmac.cc
[1203/1464] Compiling unicode.cc
[1204/1464] Compiling sqrt.cc
[1204/1464] Compiling buf.cc
[1206/1464] Compiling cbs.cc
[1207/1464] Compiling asn1_compat.cc
[1208/1464] Compiling cbb.cc
[1209/1464] Compiling ber.cc
[1210/1464] Compiling exponentiation.cc
[1211/1464] Compiling div.cc
[1212/1464] Compiling blake2.cc
[1213/1464] Compiling printf.cc
[1214/1464] Compiling pair.cc
[1215/1464] Compiling bn_asn1.cc
[1216/1464] Compiling convert.cc
[1217/1464] Compiling hexdump.cc
[1218/1464] Compiling file.cc
[1219/1464] Compiling fd.cc
[1220/1464] Compiling errno.cc
[1221/1464] Compiling bio_mem.cc
[1222/1464] Compiling bio.cc
[1223/1464] Compiling base64.cc
[1224/1464] Compiling tasn_typ.cc
[1225/1464] Compiling tasn_utl.cc
[1226/1464] Compiling tasn_fre.cc
[1227/1464] Compiling tasn_enc.cc
[1228/1464] Compiling posix_time.cc
[1229/1464] Compiling tasn_new.cc
[1230/1464] Compiling tasn_dec.cc
[1231/1464] Compiling f_int.cc
[1231/1464] Compiling f_string.cc
[1233/1464] Compiling asn_pack.cc
[1234/1464] Compiling asn1_par.cc
[1235/1464] Compiling a_utctm.cc
[1236/1464] Compiling asn1_lib.cc
[1237/1464] Compiling bcm.cc
[1238/1464] Compiling a_octet.cc
[1239/1464] Compiling a_type.cc
[1240/1464] Compiling a_time.cc
[1241/1464] Compiling a_strnid.cc
[1242/1464] Compiling a_strex.cc
[1243/1464] Compiling a_i2d_fp.cc
[1244/1464] Compiling a_object.cc
[1245/1464] Compiling CAsyncHTTPClient CAsyncHTTPClient.c
[1246/1464] Write sources
[1257/1464] Compiling a_dup.cc
[1258/1464] Write sources
[1260/1464] Compiling a_int.cc
[1261/1464] Compiling a_d2i_fp.cc
[1262/1507] Compiling a_gentm.cc
[1263/1507] Compiling a_bool.cc
[1265/1507] Compiling Algorithms MinMax.swift
[1266/1507] Compiling Algorithms Compacted.swift
[1267/1509] Compiling Algorithms Split.swift
[1268/1509] Compiling Algorithms Stride.swift
[1269/1509] Compiling Algorithms Chunked.swift
[1270/1509] Compiling Algorithms Combinations.swift
[1270/1509] Compiling a_bitstr.cc
[1271/1509] Compiling aes.cc
[1273/1509] Compiling Algorithms AdjacentPairs.swift
[1274/1509] Compiling Algorithms Chain.swift
[1275/1517] Compiling Atomics IntegerOperations.swift
[1276/1517] Compiling Atomics Unmanaged extensions.swift
[1278/1517] Compiling Algorithms Reductions.swift
[1279/1517] Compiling Algorithms Rotate.swift
[1283/1520] Compiling Algorithms FlattenCollection.swift
[1284/1520] Compiling Algorithms Grouped.swift
[1285/1520] Compiling Algorithms Indexed.swift
[1286/1520] Compiling Algorithms Cycle.swift
[1287/1520] Compiling Algorithms EitherSequence.swift
[1288/1520] Compiling Algorithms FirstNonNil.swift
[1289/1520] Compiling Algorithms Joined.swift
[1290/1520] Compiling Algorithms Keyed.swift
[1292/1520] Compiling CryptoBoringWrapper RandomBytes.swift
[1300/1520] Compiling Algorithms Intersperse.swift
[1301/1520] Compiling Algorithms Trim.swift
[1302/1520] Compiling Algorithms Unique.swift
[1303/1520] Compiling Algorithms Windows.swift
[1304/1520] Emitting module CryptoBoringWrapper
[1305/1520] Compiling CryptoBoringWrapper BoringSSLAEAD.swift
[1306/1520] Compiling CryptoBoringWrapper CryptoKitErrors_boring.swift
[1307/1520] Compiling CryptoBoringWrapper EllipticCurve.swift
[1308/1520] Compiling Algorithms Partition.swift
[1309/1520] Compiling Algorithms Permutations.swift
[1310/1520] Compiling Algorithms Product.swift
[1311/1520] Compiling CryptoBoringWrapper FiniteFieldArithmeticContext.swift
[1312/1520] Compiling CryptoBoringWrapper ArbitraryPrecisionInteger.swift
[1313/1520] Compiling CryptoBoringWrapper EllipticCurvePoint.swift
[1318/1521] Wrapping AST for CryptoBoringWrapper for debugging
[1320/1521] Emitting module Atomics
[1321/1605] Compiling Crypto ArraySliceBigint.swift
[1322/1605] Compiling Crypto GeneralizedTime.swift
[1323/1605] Compiling Crypto ObjectIdentifier.swift
[1324/1606] Wrapping AST for Atomics for debugging
[1326/1670] Emitting module Algorithms
[1327/1671] Wrapping AST for Algorithms for debugging
[1329/1671] Emitting module Crypto
[1330/1682] Compiling NIOCore EventLoopFuture+Deprecated.swift
[1331/1682] Compiling NIOCore EventLoopFuture+WithEventLoop.swift
[1332/1682] Compiling NIOCore EventLoopFuture.swift
[1333/1682] Compiling NIOCore FileDescriptor.swift
[1334/1682] Compiling NIOCore FileHandle.swift
[1335/1682] Compiling NIOCore FileRegion.swift
[1336/1682] Compiling NIOCore GlobalSingletons.swift
[1337/1682] Compiling NIOCore IO.swift
[1338/1682] Compiling NIOCore IOData.swift
[1339/1682] Compiling NIOCore IPProtocol.swift
[1340/1682] Compiling NIOCore IntegerBitPacking.swift
[1341/1682] Compiling NIOCore IntegerTypes.swift
[1342/1682] Compiling NIOCore NIOSplitLinesMessageDecoder.swift
[1343/1682] Compiling NIOCore NIOTransportAccessibleChannelCore.swift
[1344/1682] Compiling NIOCore RecvByteBufferAllocator.swift
[1345/1682] Compiling Crypto HPKE-KEM-Curve25519.swift
[1346/1682] Compiling Crypto HPKE-NIST-EC-KEMs.swift
[1347/1682] Compiling Crypto HPKE-KEM.swift
[1348/1682] Compiling Crypto HPKE-Errors.swift
[1349/1682] Compiling Crypto HPKE.swift
[1350/1682] Compiling Crypto HPKE-Context.swift
[1351/1682] Compiling Crypto HPKE-KeySchedule.swift
[1352/1682] Compiling Crypto HPKE-Modes.swift
[1353/1682] Compiling Crypto Insecure.swift
[1354/1682] Compiling NIOCore Channel.swift
[1355/1682] Compiling NIOCore ChannelHandler.swift
[1356/1682] Compiling NIOCore ChannelHandlers.swift
[1357/1682] Compiling NIOCore ChannelInvoker.swift
[1358/1682] Compiling NIOCore ChannelOption.swift
[1359/1682] Compiling NIOCore ChannelPipeline.swift
[1360/1682] Compiling NIOCore NIOThrowingAsyncSequenceProducer.swift
[1361/1682] Compiling NIOCore BSDSocketAPI.swift
[1362/1682] Compiling NIOCore ByteBuffer-aux.swift
[1363/1682] Compiling NIOCore ByteBuffer-binaryEncodedLengthPrefix.swift
[1364/1682] Compiling NIOCore ByteBuffer-conversions.swift
[1365/1682] Compiling NIOCore ByteBuffer-core.swift
[1366/1682] Compiling NIOCore NIOCoreSendableMetatype.swift
[1367/1682] Compiling NIOCore NIODecodedAsyncSequence.swift
[1368/1682] Compiling NIOCore NIOLoopBound.swift
[1369/1682] Compiling NIOCore NIOPooledRecvBufferAllocator.swift
[1370/1682] Compiling NIOCore NIOScheduledCallback.swift
[1371/1682] Compiling NIOCore NIOSendable.swift
[1375/1690] Compiling Crypto MACFunctions.swift
[1376/1690] Compiling Crypto MessageAuthenticationCode.swift
[1377/1690] Compiling Crypto AES.swift
[1378/1690] Compiling Crypto ECDSASignature_boring.swift
[1379/1690] Compiling Crypto ECDSA_boring.swift
[1380/1690] Compiling Crypto EdDSA_boring.swift
[1381/1690] Compiling Crypto MLDSA_boring.swift
[1382/1690] Compiling Crypto MLDSA_wrapper.swift
[1383/1690] Compiling Crypto ECDSA.swift
[1384/1690] Compiling Crypto Ed25519.swift
[1385/1690] Compiling Crypto MLDSA.swift
[1386/1690] Compiling Crypto Signature.swift
[1387/1690] Compiling Crypto CryptoKitErrors_boring.swift
[1388/1690] Compiling Crypto Optional+withUnsafeBytes_boring.swift
[1389/1690] Compiling Crypto RNG_boring.swift
[1390/1690] Compiling Crypto SafeCompare_boring.swift
[1391/1690] Compiling Crypto Zeroization_boring.swift
[1392/1690] Compiling Crypto _CryptoModuleAnchor.swift
[1393/1690] Compiling Crypto PrettyBytes.swift
[1394/1690] Compiling Crypto SafeCompare.swift
[1395/1690] Compiling Crypto SecureBytes.swift
[1396/1690] Compiling Crypto Zeroization.swift
[1400/1690] Compiling NIOCore Interfaces.swift
[1401/1690] Compiling NIOCore Linux.swift
[1402/1690] Compiling NIOCore MarkedCircularBuffer.swift
[1403/1690] Compiling NIOCore MulticastChannel.swift
[1404/1690] Compiling NIOCore NIOAny.swift
[1405/1690] Compiling NIOCore NIOCloseOnErrorHandler.swift
[1415/1690] Compiling NIOCore ByteBuffer-hex.swift
[1416/1690] Compiling NIOCore ByteBuffer-int.swift
[1417/1690] Compiling NIOCore ByteBuffer-lengthPrefix.swift
[1418/1690] Compiling NIOCore CircularBuffer.swift
[1419/1690] Compiling NIOCore Codec.swift
[1420/1690] Compiling NIOCore ConvenienceOptionSupport.swift
[1421/1690] Compiling NIOCore DeadChannel.swift
[1422/1690] Compiling NIOCore DispatchQueue+WithFuture.swift
[1423/1690] Compiling NIOCore EventLoop+Deprecated.swift
[1424/1690] Compiling NIOCore EventLoop+SerialExecutor.swift
[1425/1690] Compiling NIOCore EventLoop.swift
[1426/1690] Compiling NIOCore EventLoopFuture+AssumeIsolated.swift
[1427/1690] Compiling NIOCore AddressedEnvelope.swift
[1428/1690] Compiling NIOCore AsyncAwaitSupport.swift
[1429/1690] Compiling NIOCore AsyncChannel.swift
[1430/1690] Compiling NIOCore AsyncChannelHandler.swift
[1431/1690] Compiling NIOCore AsyncChannelInboundStream.swift
[1432/1690] Compiling NIOCore AsyncChannelOutboundWriter.swift
[1433/1690] Compiling NIOCore NIOAsyncSequenceProducer.swift
[1434/1690] Compiling NIOCore NIOAsyncSequenceProducerStrategies.swift
[1435/1690] Compiling NIOCore NIOAsyncWriter.swift
[1436/1690] Compiling NIOCore ByteBuffer-multi-int.swift
[1437/1690] Compiling NIOCore ByteBuffer-quicBinaryEncodingStrategy.swift
[1438/1690] Compiling NIOCore ByteBuffer-views.swift
[1451/1691] Wrapping AST for Crypto for debugging
[1453/1753] Compiling CryptoExtras AES_CBC.swift
[1454/1753] Compiling CryptoExtras AES_CFB.swift
[1455/1753] Compiling CryptoExtras AES_CTR.swift
[1456/1753] Compiling CryptoExtras AES_GCM_SIV.swift
[1457/1753] Compiling CryptoExtras Block Function.swift
[1458/1753] Compiling CryptoExtras AES_CBC_boring.swift
[1459/1753] Compiling CryptoExtras AES_CFB_boring.swift
[1460/1753] Compiling CryptoExtras AES_CTR_boring.swift
[1461/1753] Compiling CryptoExtras AES_GCM_SIV_boring.swift
[1462/1753] Compiling CryptoExtras PBKDF2.swift
[1463/1753] Compiling CryptoExtras Scrypt_boring.swift
[1464/1753] Compiling CryptoExtras Scrypt.swift
[1465/1753] Compiling CryptoExtras OPRF.swift
[1466/1753] Compiling CryptoExtras OPRFClient.swift
[1467/1753] Compiling CryptoExtras OPRFServer.swift
[1468/1753] Compiling CryptoExtras VOPRF+API.swift
[1469/1753] Compiling CryptoExtras VOPRFClient.swift
[1470/1753] Compiling CryptoExtras VOPRFServer.swift
[1471/1753] Compiling NIOCore SingleStepByteToMessageDecoder.swift
[1472/1753] Compiling NIOCore SocketAddresses.swift
[1473/1753] Compiling NIOCore SocketOptionProvider.swift
[1474/1753] Compiling NIOCore SystemCallHelpers.swift
[1475/1753] Compiling NIOCore TimeAmount+Duration.swift
[1476/1753] Compiling NIOCore TypeAssistedChannelHandler.swift
[1477/1753] Compiling NIOCore UniversalBootstrapSupport.swift
[1478/1753] Compiling NIOCore Utilities.swift
[1479/1753] Compiling CryptoExtras Data+Extensions.swift
[1480/1753] Compiling CryptoExtras DigestType.swift
[1481/1753] Compiling CryptoExtras Error.swift
[1482/1753] Compiling CryptoExtras I2OSP.swift
[1483/1753] Compiling CryptoExtras IntegerEncoding.swift
[1484/1753] Compiling CryptoExtras PEMDocument.swift
[1485/1753] Compiling CryptoExtras PrettyBytes.swift
[1486/1753] Compiling CryptoExtras SubjectPublicKeyInfo.swift
[1487/1761] Emitting module CryptoExtras
[1488/1761] Compiling CryptoExtras ARCServer.swift
[1489/1761] Compiling CryptoExtras ChaCha20CTR_boring.swift
[1490/1761] Compiling CryptoExtras ChaCha20CTR.swift
[1491/1761] Compiling CryptoExtras BoringSSLSHA512256Context.swift
[1492/1761] Compiling CryptoExtras BoringSSLSHA512256HashFunction.swift
[1493/1761] Compiling CryptoExtras SHA512256.swift
[1494/1761] Compiling CryptoExtras SHA512256Digest.swift
[1495/1761] Compiling CryptoExtras Curve25519+PEM.swift
[1496/1761] Compiling CryptoExtras ObjectIdentifier.swift
[1506/1761] Compiling CryptoExtras ThreadOps.swift
[1507/1761] Compiling CryptoExtras ThreadPosix.swift
[1508/1761] Compiling CryptoExtras ThreadSpecific.swift
[1509/1761] Compiling CryptoExtras ThreadWindows.swift
[1510/1761] Compiling CryptoExtras DLEQ.swift
[1511/1761] Compiling CryptoExtras Prover.swift
[1512/1761] Compiling CryptoExtras Verifier.swift
[1513/1761] Compiling CryptoExtras ZKPToolbox.swift
[1514/1761] Compiling CryptoExtras CMAC.swift
[1515/1761] Compiling CryptoExtras ARC+API.swift
[1516/1761] Compiling CryptoExtras ARC.swift
[1517/1761] Compiling CryptoExtras ARCCredential.swift
[1518/1761] Compiling CryptoExtras ARCEncoding.swift
[1519/1761] Compiling CryptoExtras ARCPrecredential.swift
[1520/1761] Compiling CryptoExtras ARCPresentation.swift
[1521/1761] Compiling CryptoExtras ARCRequest.swift
[1522/1761] Compiling CryptoExtras ARCResponse.swift
[1532/1761] Compiling CryptoExtras BoringSSLPassphraseCallbackManager.swift
[1533/1761] Compiling CryptoExtras RSA+BlindSigning.swift
[1534/1761] Compiling CryptoExtras RSA.swift
[1535/1761] Compiling CryptoExtras RSA_boring.swift
[1536/1761] Compiling CryptoExtras Reexport.swift
[1537/1761] Compiling CryptoExtras Zeroization_boring.swift
[1538/1761] Compiling CryptoExtras BoringSSLHelpers.swift
[1539/1761] Compiling CryptoExtras CryptoKitErrors_boring.swift
[1540/1761] Compiling CryptoExtras PKCS8DERRepresentation.swift
[1541/1761] Compiling CryptoExtras PKCS8PrivateKey.swift
[1542/1761] Compiling CryptoExtras RFC8410AlgorithmIdentifier.swift
[1543/1761] Compiling CryptoExtras ECToolbox_boring.swift
[1544/1761] Compiling CryptoExtras ECToolbox.swift
[1545/1761] Compiling CryptoExtras HashToField.swift
[1546/1761] Compiling CryptoExtras KDF.swift
[1547/1761] Compiling CryptoExtras PBKDF2_boring.swift
[1548/1761] Compiling CryptoExtras PBKDF2_commoncrypto.swift
[1549/1762] Wrapping AST for CryptoExtras for debugging
[1551/1764] Emitting module _CryptoExtras
[1552/1764] Compiling _CryptoExtras Exports.swift
[1553/1765] Wrapping AST for _CryptoExtras for debugging
[1555/1860] Compiling X509 CertificationRequestInfo.swift
[1556/1860] Compiling X509 ExtensionRequest.swift
[1557/1860] Compiling X509 Certificate.swift
[1558/1860] Compiling X509 CertificatePrivateKey.swift
[1559/1860] Compiling X509 CertificatePublicKey.swift
[1560/1860] Compiling X509 CertificateSerialNumber.swift
[1561/1860] Compiling X509 CertificateVersion.swift
[1562/1860] Compiling X509 CMSAttribute.swift
[1563/1860] Compiling X509 CMSContentInfo.swift
[1564/1860] Compiling X509 AuthorityKeyIdentifier.swift
[1565/1860] Compiling X509 BasicConstraints.swift
[1566/1860] Compiling X509 ExtendedKeyUsage.swift
[1567/1860] Compiling X509 ExtensionIdentifiers.swift
[1568/1860] Compiling X509 KeyUsage.swift
[1569/1860] Compiling X509 CSRAttribute.swift
[1570/1860] Compiling X509 CSRAttributes.swift
[1571/1860] Compiling X509 CSRVersion.swift
[1572/1860] Compiling X509 CertificateSigningRequest.swift
[1573/1860] Emitting module NIOCore
[1574/1865] Wrapping AST for NIOCore for debugging
[1576/1868] Compiling X509 DomainComponent.swift
[1577/1868] Compiling X509 EmailAddress.swift
[1578/1868] Compiling X509 LocalityName.swift
[1579/1868] Compiling X509 OrganizationName.swift
[1580/1868] Compiling X509 OrganizationalUnitName.swift
[1581/1868] Compiling X509 StateOrProvinceName.swift
[1582/1868] Compiling X509 StreetAddress.swift
[1583/1868] Compiling X509 Error.swift
[1584/1868] Compiling X509 AuthorityInformationAccess.swift
[1590/1931] Compiling NIOFoundationEssentialsCompat Codable+ByteBuffer.swift
[1591/1931] Compiling NIOPosix BSDSocketAPICommon.swift
[1592/1931] Compiling NIOPosix BSDSocketAPIPosix.swift
[1593/1931] Compiling NIOPosix BSDSocketAPIWindows.swift
[1594/1931] Compiling NIOPosix BaseSocket.swift
[1595/1931] Compiling NIOPosix BaseSocketChannel+AccessibleTransport.swift
[1596/1931] Compiling NIOPosix BaseSocketChannel+SocketOptionProvider.swift
[1597/1931] Compiling NIOPosix BaseSocketChannel.swift
[1598/1931] Compiling NIOPosix MultiThreadedEventLoopGroup.swift
[1599/1931] Compiling NIOPosix NIOPosixSendableMetatype.swift
[1600/1931] Compiling NIOPosix NIORandomizedDNSResolver.swift
[1601/1931] Compiling NIOPosix NIOThreadPool.swift
[1602/1931] Compiling NIOPosix NonBlockingFileIO.swift
[1603/1931] Compiling NIOPosix PendingDatagramWritesManager.swift
[1604/1931] Compiling NIOPosix PendingWritesManager.swift
[1605/1931] Emitting module NIOFoundationEssentialsCompat
[1606/1931] Compiling NIOFoundationEssentialsCompat ByteBuffer-foundation.swift
[1608/1932] Emitting module NIOEmbedded
[1609/1932] Compiling NIOEmbedded AsyncTestingEventLoop.swift
[1610/1932] Compiling NIOEmbedded AsyncTestingChannel.swift
[1610/1932] Wrapping AST for NIOFoundationEssentialsCompat for debugging
[1612/1932] Compiling X509 OCSPExtensionID.swift
[1613/1932] Compiling X509 OCSPNonce.swift
[1614/1932] Compiling X509 OCSPPolicy.swift
[1615/1932] Compiling X509 OCSPRequest.swift
[1616/1932] Compiling X509 OCSPResponse.swift
[1617/1932] Compiling X509 OCSPResponseBytes.swift
[1618/1932] Compiling X509 OCSPResponseData.swift
[1619/1932] Compiling X509 OCSPResponseStatus.swift
[1620/1932] Compiling X509 OCSPSignature.swift
[1621/1932] Compiling X509 OCSPSingleRequest.swift
[1622/1932] Compiling X509 OCSPSingleResponse.swift
[1623/1932] Compiling X509 OCSPTBSRequest.swift
[1624/1932] Compiling X509 OCSPVersion.swift
[1625/1932] Compiling X509 PKCS8PrivateKey.swift
[1626/1932] Compiling X509 PromiseAndFuture.swift
[1627/1932] Compiling X509 RDNAttribute.swift
[1628/1932] Compiling X509 RandomNumberGenerator+bytes.swift
[1629/1932] Compiling X509 RelativeDistinguishedName.swift
[1630/1932] Compiling X509 SEC1PrivateKey.swift
[1631/1932] Compiling X509 SecKeyWrapper.swift
[1632/1932] Compiling X509 Signature.swift
[1633/1932] Compiling X509 SignatureAlgorithm.swift
[1634/1932] Compiling X509 AllOfPolicies.swift
[1635/1932] Compiling X509 AnyPolicy.swift
[1636/1932] Compiling X509 CertificateStore.swift
[1637/1932] Compiling X509 CustomCertificateStore.swift
[1638/1932] Compiling NIOPosix PipeChannel.swift
[1639/1932] Compiling NIOPosix PipePair.swift
[1640/1932] Compiling NIOPosix Pool.swift
[1641/1932] Compiling NIOPosix PosixSingletons+ConcurrencyTakeOver.swift
[1642/1932] Compiling NIOPosix PosixSingletons.swift
[1643/1932] Compiling NIOPosix RawSocketBootstrap.swift
[1644/1932] Compiling NIOPosix Resolver.swift
[1645/1932] Compiling NIOPosix SelectorWSAPoll.swift
[1646/1932] Compiling NIOPosix ServerSocket.swift
[1647/1932] Compiling NIOPosix Socket.swift
[1648/1932] Compiling NIOPosix SocketChannel.swift
[1649/1932] Compiling NIOPosix SocketProtocols.swift
[1650/1932] Compiling NIOPosix StructuredConcurrencyHelpers.swift
[1651/1932] Compiling X509 CMSIssuerAndSerialNumber.swift
[1652/1932] Compiling X509 CMSOperations.swift
[1653/1932] Compiling X509 CMSSignature.swift
[1654/1932] Compiling X509 CMSSignedData.swift
[1655/1932] Compiling X509 CMSSignerIdentifier.swift
[1656/1932] Compiling X509 CMSSignerInfo.swift
[1657/1932] Compiling X509 CMSVersion.swift
[1658/1932] Compiling X509 Curve25519+DER.swift
[1659/1932] Compiling X509 CustomPrivateKey.swift
[1660/1932] Compiling X509 Digests.swift
[1661/1932] Compiling X509 DistinguishedName.swift
[1662/1932] Compiling X509 CommonName.swift
[1663/1932] Compiling X509 CountryName.swift
[1664/1932] Compiling X509 DNBuilder.swift
[1665/1932] Compiling NIOPosix System.swift
[1666/1932] Compiling NIOPosix Selectable.swift
[1667/1932] Compiling NIOPosix SelectableChannel.swift
[1668/1932] Compiling NIOPosix SelectableEventLoop.swift
[1669/1932] Compiling NIOPosix SelectorEpoll.swift
[1670/1932] Compiling NIOPosix SelectorGeneric.swift
[1671/1932] Compiling NIOPosix SelectorKqueue.swift
[1672/1932] Compiling NIOPosix SelectorUring.swift
[1673/1932] Compiling X509 LockedValueBox.swift
[1674/1932] Compiling X509 BasicOCSPResponse.swift
[1675/1932] Compiling X509 DirectoryString.swift
[1676/1932] Compiling X509 OCSPCertID.swift
[1677/1932] Compiling X509 OCSPCertStatus.swift
[1678/1932] Compiling NIOEmbedded Embedded.swift
[1679/1933] Wrapping AST for NIOEmbedded for debugging
[1681/1933] Emitting module X509
[1703/1940] Emitting module NIOPosix
[1704/1940] Compiling X509 ValidatedCertificateChain.swift
[1705/1940] Compiling X509 VerificationDiagnostic.swift
[1706/1940] Compiling X509 Verifier.swift
[1707/1940] Compiling X509 VerifierPolicy.swift
[1708/1940] Compiling X509 AlgorithmIdentifier.swift
[1709/1940] Compiling X509 ECDSASignature.swift
[1710/1940] Compiling X509 RSAPKCS1PublicKey.swift
[1711/1940] Compiling X509 SubjectPublicKeyInfo.swift
[1712/1940] Compiling X509 TBSCertificate.swift
[1713/1940] Compiling X509 Time.swift
[1714/1940] Compiling X509 TimeCalculations.swift
[1715/1940] Compiling X509 Validity.swift
[1716/1940] Compiling X509 X509SendableMetatype.swift
[1717/1941] Wrapping AST for X509 for debugging
[1719/2008] Compiling JWTKit ECDSA.swift
[1720/2008] Compiling JWTKit ECDSACurve.swift
[1721/2008] Compiling JWTKit ECDSACurveType.swift
[1722/2008] Compiling JWTKit ECDSAError.swift
[1723/2008] Compiling JWTKit ECDSAKeyTypes.swift
[1724/2008] Compiling JWTKit ECDSASigner.swift
[1725/2008] Compiling JWTKit JWTAlgorithm.swift
[1726/2008] Compiling JWTKit JWTClaim.swift
[1727/2008] Compiling JWTKit JWTMultiValueClaim.swift
[1728/2008] Compiling JWTKit JWTUnixEpochClaim.swift
[1729/2008] Compiling JWTKit LocaleClaim.swift
[1730/2008] Compiling JWTKit NotBeforeClaim.swift
[1731/2008] Compiling JWTKit SubjectClaim.swift
[1732/2008] Compiling JWTKit TenantIDClaim.swift
[1733/2008] Compiling JWTKit JWTError.swift
[1734/2008] Compiling JWTKit JWTHeader+CommonFields.swift
[1735/2008] Compiling JWTKit JWTHeader.swift
[1736/2008] Compiling JWTKit JWTHeaderField.swift
[1737/2008] Compiling JWTKit JWTKeyCollection.swift
[1738/2008] Compiling JWTKit JWTParser+MandatoryVerificationFields.swift
[1739/2008] Compiling JWTKit JWTParser.swift
[1740/2008] Compiling JWTKit AudienceClaim.swift
[1741/2008] Compiling JWTKit BoolClaim.swift
[1742/2008] Compiling JWTKit ExpirationClaim.swift
[1743/2008] Compiling JWTKit GoogleHostedDomainClaim.swift
[1744/2008] Compiling JWTKit IDClaim.swift
[1745/2008] Compiling JWTKit IssuedAtClaim.swift
[1746/2008] Compiling JWTKit IssuerClaim.swift
[1747/2008] Compiling JWTKit P256+CurveType.swift
[1748/2008] Compiling JWTKit P384+CurveType.swift
[1749/2008] Compiling JWTKit P521+CurveType.swift
[1750/2008] Compiling JWTKit EdDSA.swift
[1751/2008] Compiling JWTKit EdDSACurve.swift
[1752/2008] Compiling JWTKit EdDSAError.swift
[1753/2008] Compiling JWTKit EdDSASigner.swift
[1754/2011] Wrapping AST for NIOPosix for debugging
[1756/2011] Compiling NIO Exports.swift
[1757/2011] Emitting module NIO
[1759/2012] Compiling JWTKit JWTSerializer.swift
[1760/2012] Compiling JWTKit JWTSigner.swift
[1761/2012] Compiling JWTKit JWTKeyCollection+MLDSA.swift
[1762/2012] Compiling JWTKit MLDSA.swift
[1763/2012] Compiling JWTKit MLDSA65+MLDSAKey.swift
[1764/2012] Compiling JWTKit MLDSA87+MLDSAKey.swift
[1765/2012] Compiling JWTKit MLDSAError.swift
[1766/2012] Compiling JWTKit MLDSAKey.swift
[1767/2012] Compiling JWTKit MLDSASigner.swift
[1767/2021] Wrapping AST for NIO for debugging
[1769/2060] Compiling NIOFoundationCompat JSONSerialization+ByteBuffer.swift
[1770/2060] Compiling NIOFoundationCompat Exports.swift
[1771/2060] Compiling JWTKit HMAC.swift
[1772/2060] Compiling JWTKit HMACError.swift
[1773/2060] Compiling JWTKit HMACSigner.swift
[1774/2060] Compiling JWTKit JWTKeyCollection+HMAC.swift
[1775/2060] Compiling JWTKit Insecure.swift
[1776/2060] Compiling JWTKit JWK.swift
[1777/2060] Compiling JWTKit JWKIdentifier.swift
[1778/2060] Compiling JWTKit JWKS.swift
[1779/2060] Compiling JWTKit JWKSigner.swift
[1780/2060] Compiling NIOTLS TLSEvents.swift
[1781/2060] Compiling NIOHTTP1 ByteCollectionUtils.swift
[1782/2060] Compiling NIOHTTP1 HTTPDecoder.swift
[1783/2060] Compiling NIOHTTP1 HTTPEncoder.swift
[1784/2060] Compiling NIOHTTP1 HTTPHeaderValidator.swift
[1785/2060] Compiling NIOHTTP1 HTTPHeaders+Validation.swift
[1786/2060] Compiling NIOHTTP1 HTTPPipelineSetup.swift
[1787/2060] Compiling NIOHTTP1 HTTPServerPipelineHandler.swift
[1788/2060] Compiling NIOHTTP1 HTTPServerProtocolErrorHandler.swift
[1789/2060] Compiling NIOHTTP1 HTTPTypedPipelineSetup.swift
[1790/2060] Compiling NIOHTTP1 HTTPTypes.swift
[1791/2060] Compiling NIOHTTP1 HTTPServerRequestMethodQueue.swift
[1792/2060] Compiling NIOHTTP1 HTTPServerUpgradeHandler.swift
[1793/2060] Compiling NIOHTTP1 NIOHTTPClientUpgradeHandler.swift
[1794/2060] Compiling NIOHTTP1 NIOHTTPObjectAggregator.swift
[1795/2060] Compiling NIOHTTP1 NIOTypedHTTPClientUpgradeHandler.swift
[1796/2060] Compiling NIOHTTP1 NIOTypedHTTPClientUpgraderStateMachine.swift
[1801/2060] Emitting module NIOFoundationCompat
[1802/2060] Emitting module NIOSOCKS
[1803/2061] Compiling NIOSOCKS SOCKSResponse.swift
[1804/2061] Compiling NIOFoundationCompat WaitSpinningRunLoop.swift
[1805/2061] Emitting module NIOTLS
[1806/2062] Compiling NIOTLS ApplicationProtocolNegotiationHandler.swift
[1809/2062] Compiling NIOSOCKS SelectedAuthenticationMethod.swift
[1810/2062] Compiling NIOSOCKS ClientStateMachine.swift
[1814/2062] Compiling NIOTLS NIOTypedApplicationProtocolNegotiationHandler.swift
[1818/2062] Wrapping AST for NIOFoundationCompat for debugging
[1820/2062] Compiling NIOSOCKS ServerStateMachine.swift
[1830/2063] Compiling JWTKit JWTPayload.swift
[1831/2063] Compiling JWTKit MLDSAType.swift
[1832/2063] Compiling JWTKit JWTKeyCollection+UnsecuredNone.swift
[1833/2063] Compiling JWTKit UnsecuredNoneSigner.swift
[1834/2063] Compiling JWTKit JWTKeyCollection+RSA.swift
[1835/2063] Compiling JWTKit RSA.swift
[1836/2063] Compiling JWTKit RSAError.swift
[1837/2063] Compiling JWTKit RSASigner.swift
[1838/2063] Compiling JWTKit Base64URL.swift
[1839/2063] Compiling JWTKit CryptoSigner.swift
[1840/2063] Compiling JWTKit ECDSASigningAlgorithm.swift
[1841/2063] Compiling JWTKit JWTKeyCollection+ECDSA.swift
[1849/2063] Compiling JWTKit JWTKeyCollection+EdDSA.swift
[1850/2063] Emitting module JWTKit
[1851/2063] Compiling NIOTLS SNIHandler.swift
[1852/2063] Compiling NIOTLS ProtocolNegotiationHandlerStateMachine.swift
[1855/2064] Wrapping AST for NIOSOCKS for debugging
[1859/2066] Wrapping AST for NIOTLS for debugging
[1861/2096] Compiling NIOSSL SSLCertificate.swift
[1862/2096] Compiling NIOSSL SSLCertificateExtensions.swift
[1863/2096] Compiling JWTKit CustomizedJSONCoders.swift
[1864/2096] Compiling JWTKit Utilities.swift
[1865/2096] Compiling JWTKit AppleIdentityToken.swift
[1866/2096] Compiling JWTKit FirebaseAuthIdentityToken.swift
[1867/2096] Compiling JWTKit GoogleIdentityToken.swift
[1868/2096] Compiling JWTKit MicrosoftIdentityToken.swift
[1869/2096] Compiling JWTKit EmptyPolicy.swift
[1870/2096] Compiling JWTKit ValidationTimePayload.swift
[1871/2096] Compiling JWTKit X5CVerifier.swift
[1873/2097] Compiling NIOSSL AndroidCABundle.swift
[1874/2097] Compiling NIOSSL ByteBufferBIO.swift
[1874/2097] Wrapping AST for JWTKit for debugging
[1876/2097] Compiling NIOSSL SSLPrivateKey.swift
[1877/2097] Compiling NIOSSL SSLPublicKey.swift
[1878/2097] Compiling NIOSSL SecurityFrameworkCertificateVerification.swift
[1879/2097] Compiling NIOSSL String+unsafeUninitializedCapacity.swift
[1880/2097] Compiling NIOSSL SSLInit.swift
[1881/2097] Compiling NIOSSL SSLPKCS12Bundle.swift
[1882/2097] Compiling NIOSSL LinuxCABundle.swift
[1883/2097] Compiling NIOSSL NIOSSLClientHandler.swift
[1884/2097] Compiling NIOSSL NIOSSLHandler+Configuration.swift
[1885/2097] Emitting module NIOHTTP1
[1886/2098] Wrapping AST for NIOHTTP1 for debugging
[1888/2115] Compiling NIOHTTPCompression HTTPDecompressor.swift
[1889/2115] Compiling NIOHTTPCompression HTTPDecompression.swift
[1890/2115] Compiling NIOHPACK IndexedHeaderTable.swift
[1891/2115] Compiling NIOHPACK IntegerCoding.swift
[1892/2116] Compiling NIOHPACK DynamicHeaderTable.swift
[1893/2116] Compiling NIOHPACK HPACKDecoder.swift
[1894/2116] Compiling NIOHPACK HuffmanCoding.swift
[1895/2116] Compiling NIOHPACK HuffmanTables.swift
[1896/2116] Emitting module NIOHTTPCompression
[1897/2116] Compiling NIOHTTPCompression HTTPCompression.swift
[1902/2120] Compiling NIOHTTPCompression HTTPRequestCompressor.swift
[1903/2120] Compiling NIOHTTPCompression HTTPResponseCompressor.swift
[1906/2121] Compiling NIOHPACK HPACKEncoder.swift
[1907/2121] Compiling NIOHPACK HPACKErrors.swift
[1908/2121] Compiling NIOHPACK StaticHeaderTable.swift
[1909/2121] Wrapping AST for NIOHTTPCompression for debugging
[1911/2121] Emitting module NIOSSL
[1914/2121] Emitting module NIOHPACK
[1915/2121] Compiling NIOHPACK HPACKHeader.swift
[1916/2121] Compiling NIOHPACK HeaderTables.swift
[1917/2122] Wrapping AST for NIOHPACK for debugging
[1919/2142] Compiling NIOSSL SubjectAlternativeName.swift
[1920/2142] Compiling NIOSSL NIOSSLSecureBytes.swift
[1921/2142] Compiling NIOSSL RNG.swift
[1922/2143] Compiling NIOSSL SafeCompare.swift
[1923/2185] Compiling NIOHTTP2 HTTP2Settings.swift
[1924/2185] Compiling NIOHTTP2 HTTP2Stream.swift
[1925/2185] Compiling NIOHTTP2 HTTP2StreamChannel+OutboundStreamMultiplexer.swift
[1926/2185] Compiling NIOHTTP2 HTTP2StreamChannel.swift
[1927/2185] Compiling NIOHTTP2 HTTP2StreamDelegate.swift
[1928/2185] Compiling NIOHTTP2 HTTP2StreamID.swift
[1929/2185] Compiling NIOHTTP2 HTTP2ChannelHandler+InlineStreamMultiplexer.swift
[1930/2185] Compiling NIOHTTP2 HTTP2ChannelHandler.swift
[1931/2185] Compiling NIOHTTP2 HTTP2CommonInboundStreamMultiplexer.swift
[1932/2185] Compiling NIOHTTP2 OutboundFlowControlBuffer.swift
[1933/2185] Compiling NIOHTTP2 OutboundFrameBuffer.swift
[1934/2185] Compiling NIOHTTP2 GlitchesMonitor.swift
[1935/2185] Compiling NIOHTTP2 HPACKHeaders+Validation.swift
[1936/2185] Compiling NIOHTTP2 HTTP2ConnectionStateChange.swift
[1937/2185] Compiling NIOHTTP2 HTTP2Error.swift
[1938/2185] Compiling NIOHTTP2 HTTP2ErrorCode.swift
[1939/2185] Compiling NIOHTTP2 HTTP2FlowControlWindow.swift
[1940/2185] Compiling NIOHTTP2 MaySendFrames.swift
[1941/2185] Compiling NIOHTTP2 SendingDataState.swift
[1942/2185] Compiling NIOHTTP2 SendingGoawayState.swift
[1943/2185] Compiling NIOHTTP2 SendingHeadersState.swift
[1944/2185] Compiling NIOHTTP2 SendingPushPromiseState.swift
[1945/2185] Compiling NIOHTTP2 SendingRstStreamState.swift
[1946/2185] Compiling NIOHTTP2 SendingWindowUpdateState.swift
[1947/2185] Compiling NIOHTTP2 HTTP2SettingsState.swift
[1948/2185] Compiling NIOHTTP2 HasExtendedConnectSettings.swift
[1949/2185] Compiling NIOHTTP2 HasFlowControlWindows.swift
[1950/2185] Compiling NIOHTTP2 HasLocalSettings.swift
[1951/2185] Compiling NIOHTTP2 HasRemoteSettings.swift
[1952/2185] Compiling NIOHTTP2 LocallyQuiescingState.swift
[1953/2185] Compiling NIOHTTP2 QuiescingState.swift
[1954/2185] Compiling NIOHTTP2 RemotelyQuiescingState.swift
[1955/2185] Compiling NIOHTTP2 SendAndReceiveGoawayState.swift
[1956/2185] Compiling NIOHTTP2 StateMachineResult.swift
[1957/2185] Compiling NIOHTTP2 ContentLengthVerifier.swift
[1958/2193] Compiling NIOHTTP2 HTTP2UserEvents.swift
[1959/2193] Compiling NIOHTTP2 InboundEventBuffer.swift
[1960/2193] Compiling NIOHTTP2 InboundWindowManager.swift
[1961/2193] Compiling NIOHTTP2 MultiplexerAbstractChannel.swift
[1962/2194] Wrapping AST for NIOSSL for debugging
[1964/2194] Emitting module NIOHTTP2
[1965/2194] Compiling NIOHTTP2 ConnectionStateMachine.swift
[1966/2194] Compiling NIOHTTP2 ConnectionStreamsState.swift
[1967/2194] Compiling NIOHTTP2 MayReceiveFrames.swift
[1968/2194] Compiling NIOHTTP2 ReceivingDataState.swift
[1969/2194] Compiling NIOHTTP2 ReceivingGoAwayState.swift
[1970/2194] Compiling NIOHTTP2 ReceivingHeadersState.swift
[1971/2194] Compiling NIOHTTP2 ReceivingPushPromiseState.swift
[1972/2194] Compiling NIOHTTP2 ReceivingRstStreamState.swift
[1973/2194] Compiling NIOHTTP2 ReceivingWindowUpdateState.swift
[1974/2194] Compiling NIOHTTP2 HTTP2StreamMultiplexer.swift
[1975/2194] Compiling NIOHTTP2 HTTP2ToHTTP1Codec.swift
[1980/2194] Compiling NIOHTTP2 NIOHTTP2FrameDelegate.swift
[1981/2194] Compiling NIOHTTP2 NIOHTTP2ServerConnectionManagementHandler+StateMachine.swift
[1982/2194] Compiling NIOHTTP2 NIOHTTP2ServerConnectionManagementHandler.swift
[1983/2194] Compiling NIOHTTP2 StreamChannelFlowController.swift
[1984/2194] Compiling NIOHTTP2 StreamChannelList.swift
[1985/2194] Compiling NIOHTTP2 StreamMap.swift
[1986/2194] Compiling NIOHTTP2 StreamStateMachine.swift
[1987/2194] Compiling NIOHTTP2 Timer.swift
[1988/2194] Compiling NIOHTTP2 UnsafeTransfer.swift
[1989/2194] Compiling NIOHTTP2 WatermarkedFlowController.swift
[1990/2194] Compiling NIOHTTP2 HTTP2FrameParser.swift
[1991/2194] Compiling NIOHTTP2 HTTP2PingData.swift
[1992/2194] Compiling NIOHTTP2 HTTP2PipelineHelpers.swift
[2006/2194] Compiling NIOHTTP2 HTTP2Frame.swift
[2007/2194] Compiling NIOHTTP2 HTTP2FrameEncoder.swift
[2008/2194] Compiling NIOHTTP2 DOSHeuristics.swift
[2009/2194] Compiling NIOHTTP2 Error+Any.swift
[2010/2194] Compiling NIOHTTP2 ConcurrentStreamBuffer.swift
[2011/2194] Compiling NIOHTTP2 ControlFrameBuffer.swift
[2016/2194] Compiling NIOHTTP2 HTTP2ChannelHandler+InboundStreamMultiplexer.swift
[2017/2195] Wrapping AST for NIOHTTP2 for debugging
[2019/2259] Emitting module AsyncHTTPClient
[2020/2267] Compiling AsyncHTTPClient AnyAsyncSequence.swift
[2021/2267] Compiling AsyncHTTPClient AnyAsyncSequenceProucerDelete.swift
[2022/2267] Compiling AsyncHTTPClient AsyncLazySequence.swift
[2023/2267] Compiling AsyncHTTPClient HTTPClient+execute.swift
[2024/2267] Compiling AsyncHTTPClient HTTPClient+shutdown.swift
[2025/2267] Compiling AsyncHTTPClient HTTPClient+tracing.swift
[2026/2267] Compiling AsyncHTTPClient HTTPClientRequest+Prepared.swift
[2027/2267] Compiling AsyncHTTPClient HTTPClientRequest+auth.swift
[2028/2267] Compiling AsyncHTTPClient HTTPClientRequest.swift
[2029/2267] Compiling AsyncHTTPClient HTTPClientResponse.swift
[2030/2267] Compiling AsyncHTTPClient SingleIteratorPrecondition.swift
[2031/2267] Compiling AsyncHTTPClient Transaction+StateMachine.swift
[2032/2267] Compiling AsyncHTTPClient Transaction.swift
[2033/2267] Compiling AsyncHTTPClient Base64.swift
[2034/2267] Compiling AsyncHTTPClient BasicAuth.swift
[2035/2267] Compiling AsyncHTTPClient BestEffortHashableTLSConfiguration.swift
[2036/2267] Compiling AsyncHTTPClient Configuration+BrowserLike.swift
[2037/2267] Compiling AsyncHTTPClient ConnectionPool.swift
[2038/2267] Compiling AsyncHTTPClient RequestValidation.swift
[2039/2267] Compiling AsyncHTTPClient SSLContextCache.swift
[2040/2267] Compiling AsyncHTTPClient Scheme.swift
[2041/2267] Compiling AsyncHTTPClient Singleton.swift
[2042/2267] Compiling AsyncHTTPClient StringConvertibleInstances.swift
[2043/2267] Compiling AsyncHTTPClient StructuredConcurrencyHelpers.swift
[2044/2267] Compiling AsyncHTTPClient TracingSupport.swift
[2045/2267] Compiling AsyncHTTPClient Utils.swift
[2046/2267] Compiling AsyncHTTPClient LRUCache.swift
[2047/2267] Compiling AsyncHTTPClient NIOLoopBound+Execute.swift
[2048/2267] Compiling AsyncHTTPClient NWErrorHandler.swift
[2049/2267] Compiling AsyncHTTPClient NWWaitingHandler.swift
[2050/2267] Compiling AsyncHTTPClient TLSConfiguration.swift
[2051/2267] Compiling AsyncHTTPClient RedirectState.swift
[2052/2267] Compiling AsyncHTTPClient RequestBag+StateMachine.swift
[2053/2267] Compiling AsyncHTTPClient RequestBag+Tracing.swift
[2054/2267] Compiling AsyncHTTPClient RequestBag.swift
[2055/2267] Compiling AsyncHTTPClient HTTP1ProxyConnectHandler.swift
[2056/2267] Compiling AsyncHTTPClient SOCKSEventsHandler.swift
[2057/2267] Compiling AsyncHTTPClient TLSEventsHandler.swift
[2058/2267] Compiling AsyncHTTPClient HTTP1ClientChannelHandler.swift
[2059/2267] Compiling AsyncHTTPClient HTTP1Connection.swift
[2060/2267] Compiling AsyncHTTPClient HTTP1ConnectionStateMachine.swift
[2061/2267] Compiling AsyncHTTPClient HTTP2ClientRequestHandler.swift
[2062/2267] Compiling AsyncHTTPClient HTTP2Connection.swift
[2063/2267] Compiling AsyncHTTPClient HTTP2IdleHandler.swift
[2064/2267] Compiling AsyncHTTPClient HTTPConnectionEvent.swift
[2065/2267] Compiling AsyncHTTPClient HTTPConnectionPool+Factory.swift
[2066/2267] Compiling AsyncHTTPClient HTTPConnectionPool+Manager.swift
[2067/2267] Compiling AsyncHTTPClient HTTPConnectionPool.swift
[2068/2267] Compiling AsyncHTTPClient HTTPExecutableRequest.swift
[2069/2267] Compiling AsyncHTTPClient HTTPRequestStateMachine+Demand.swift
[2070/2267] Compiling AsyncHTTPClient HTTPRequestStateMachine.swift
[2071/2267] Compiling AsyncHTTPClient RequestBodyLength.swift
[2072/2267] Compiling AsyncHTTPClient RequestFramingMetadata.swift
[2073/2267] Compiling AsyncHTTPClient RequestOptions.swift
[2074/2267] Compiling AsyncHTTPClient HTTPConnectionPool+Backoff.swift
[2075/2267] Compiling AsyncHTTPClient HTTPConnectionPool+HTTP1Connections.swift
[2076/2267] Compiling AsyncHTTPClient HTTPConnectionPool+HTTP1StateMachine.swift
[2077/2267] Compiling AsyncHTTPClient HTTPConnectionPool+HTTP2Connections.swift
[2078/2267] Compiling AsyncHTTPClient HTTPConnectionPool+HTTP2StateMachine.swift
[2079/2267] Compiling AsyncHTTPClient HTTPConnectionPool+RequestQueue.swift
[2080/2267] Compiling AsyncHTTPClient HTTPConnectionPool+StateMachine.swift
[2081/2267] Compiling AsyncHTTPClient ConnectionTarget.swift
[2082/2267] Compiling AsyncHTTPClient DeconstructedURL.swift
[2083/2267] Compiling AsyncHTTPClient FileDownloadDelegate.swift
[2084/2267] Compiling AsyncHTTPClient FoundationExtensions.swift
[2085/2267] Compiling AsyncHTTPClient HTTPClient+HTTPCookie.swift
[2086/2267] Compiling AsyncHTTPClient HTTPClient+Proxy.swift
[2087/2267] Compiling AsyncHTTPClient HTTPClient+StructuredConcurrency.swift
[2088/2267] Compiling AsyncHTTPClient HTTPClient.swift
[2089/2267] Compiling AsyncHTTPClient HTTPClientConfiguration+SwiftConfiguration.swift
[2090/2267] Compiling AsyncHTTPClient HTTPHandler.swift
[2091/2268] Wrapping AST for AsyncHTTPClient for debugging
[2093/2291] Emitting module GoogleAuth
[2094/2294] Compiling GoogleAuth ADC.swift
[2095/2294] Compiling GoogleAuth ADCPath.swift
[2096/2294] Compiling GoogleAuth ADCResolver.swift
[2097/2294] Compiling GoogleAuth AuthHeaders.swift
[2098/2294] Compiling GoogleAuth CredentialParserRegistry.swift
[2099/2294] Compiling GoogleAuth Credentials.swift
[2100/2294] Compiling GoogleAuth CredentialsError.swift
[2101/2294] Compiling GoogleAuth ServiceAccountCredentials.swift
[2102/2294] Compiling GoogleAuth ServiceAccountData.swift
[2103/2294] Compiling GoogleAuth ServiceAccountTokenProvider.swift
[2104/2294] Compiling GoogleAuth AuthHTTPClient.swift
[2105/2294] Compiling GoogleAuth AuthHTTPError.swift
[2106/2294] Compiling GoogleAuth RetryEngine.swift
[2107/2294] Compiling GoogleAuth SubjectTokenProvider.swift
[2108/2294] Compiling GoogleAuth MDSAccessTokenProvider.swift
[2109/2294] Compiling GoogleAuth MDSCredentials.swift
[2110/2294] Compiling GoogleAuth AnonymousCredentials.swift
[2111/2294] Compiling GoogleAuth ApiKeyCredentials.swift
[2112/2294] Compiling GoogleAuth ExternalAccountCredentials.swift
[2113/2294] Compiling GoogleAuth UserAccountData.swift
[2114/2294] Compiling GoogleAuth UserAccountTokenProvider.swift
[2115/2294] Compiling GoogleAuth UserCredentials.swift
[2116/2294] Compiling GoogleAuth STSHandler.swift
[2117/2294] Compiling GoogleAuth TokenCache.swift
[2118/2294] Compiling GoogleAuth PackageVersion.swift
[2119/2295] Wrapping AST for GoogleAuth for debugging
[2121/2353] Compiling GoogleGax AIP194+PollingErrorPolicy.swift
[2122/2353] Compiling GoogleGax AIP194+RetryPolicy.swift
[2123/2353] Compiling GoogleGax AIP194.swift
[2124/2353] Compiling GoogleGax AdaptiveThrottler.swift
[2125/2353] Compiling GoogleGax AlwaysPoll.swift
[2126/2353] Compiling GoogleGax AlwaysRetry.swift
[2127/2353] Compiling GoogleGax ApiClientHeader.swift
[2128/2353] Compiling GoogleGax BackoffPolicy.swift
[2129/2353] Compiling GoogleGax BasePollingErrorPolicy.swift
[2130/2361] Emitting module GoogleGax
[2131/2361] Compiling GoogleGax RequestOptions.swift
[2132/2361] Compiling GoogleGax RetryLoop.swift
[2133/2361] Compiling GoogleGax RetryPolicy.swift
[2134/2361] Compiling GoogleGax RetryResult.swift
[2135/2361] Compiling GoogleGax RetryState.swift
[2136/2361] Compiling GoogleGax RetryThrottler.swift
[2137/2361] Compiling GoogleGax RetryThrottlerError.swift
[2138/2361] Compiling GoogleGax RoutingMatcher.swift
[2139/2361] Compiling GoogleGax LimitedAttemptCount+PollingErrorPolicy.swift
[2140/2361] Compiling GoogleGax LimitedAttemptCount+RetryPolicy.swift
[2141/2361] Compiling GoogleGax LimitedAttemptCount.swift
[2142/2361] Compiling GoogleGax LimitedElapsedTime+PollingErrorPolicy.swift
[2143/2361] Compiling GoogleGax LimitedElapsedTime+RetryPolicy.swift
[2144/2361] Compiling GoogleGax LimitedElapsedTime.swift
[2145/2361] Compiling GoogleGax LongRunningOperations.swift
[2146/2361] Compiling GoogleGax NeverRetry.swift
[2147/2361] Compiling GoogleGax BaseRetryPolicy.swift
[2148/2361] Compiling GoogleGax BindingError.swift
[2149/2361] Compiling GoogleGax CRC32C.swift
[2150/2361] Compiling GoogleGax CircuitBreaker.swift
[2151/2361] Compiling GoogleGax ClientError.swift
[2152/2361] Compiling GoogleGax ClientOptions.swift
[2153/2361] Compiling GoogleGax ContinueOnIO+PollingErrorPolicy.swift
[2154/2361] Compiling GoogleGax ContinueOnIO+RetryPolicy.swift
[2155/2361] Compiling GoogleGax HTTPClientProtocol.swift
[2156/2361] Compiling GoogleGax HTTPClientRequest.swift
[2157/2361] Compiling GoogleGax HTTPClientResponse.swift
[2158/2361] Compiling GoogleGax HTTPHeaders.swift
[2159/2361] Compiling GoogleGax HTTPResponseBody.swift
[2160/2361] Compiling GoogleGax HeaderNames.swift
[2161/2361] Compiling GoogleGax Host.swift
[2162/2361] Compiling GoogleGax InProgressResult.swift
[2163/2361] Compiling GoogleGax ContinueOnIO.swift
[2164/2361] Compiling GoogleGax CredentialsProtocol.swift
[2165/2361] Compiling GoogleGax ErrorWrapper.swift
[2166/2361] Compiling GoogleGax ExponentialBackoff+BackoffPolicy.swift
[2167/2361] Compiling GoogleGax ExponentialBackoff+PollingBackoffPolicy.swift
[2168/2361] Compiling GoogleGax ExponentialBackoff.swift
[2169/2361] Compiling GoogleGax HTTPClient.swift
[2170/2361] Compiling GoogleGax HTTPClientHolder.swift
[2171/2361] Compiling GoogleGax Pagination.swift
/host/spi-builder-workspace/.build/checkouts/swift-google-gax/Sources/GoogleGax/Pagination.swift:44:22: error: cannot convert '@Sendable (String) async throws -> (response: ResponseType, items: [Item], nextToken: String)' to 'nonisolated(nonsending) @Sendable (String) async throws -> (response: ResponseType, items: [Item], nextToken: String)' because crossing of an isolation boundary requires parameter and result types to conform to 'Sendable' protocol
42 | ) where ResponseType: _PaginatedResponse<Item> {
43 | self.initialPageToken = initialPageToken ?? ""
44 | self.fetchPage = { token in
| |- error: cannot convert '@Sendable (String) async throws -> (response: ResponseType, items: [Item], nextToken: String)' to 'nonisolated(nonsending) @Sendable (String) async throws -> (response: ResponseType, items: [Item], nextToken: String)' because crossing of an isolation boundary requires parameter and result types to conform to 'Sendable' protocol
| `- note: type 'Item' does not conform to 'Sendable' protocol
45 | let response = try await listRpc(token)
46 | return (response, response._getPaginatedItems(), response._nextPageToken())
[2172/2361] Compiling GoogleGax PollingBackoffPolicy.swift
/host/spi-builder-workspace/.build/checkouts/swift-google-gax/Sources/GoogleGax/Pagination.swift:44:22: error: cannot convert '@Sendable (String) async throws -> (response: ResponseType, items: [Item], nextToken: String)' to 'nonisolated(nonsending) @Sendable (String) async throws -> (response: ResponseType, items: [Item], nextToken: String)' because crossing of an isolation boundary requires parameter and result types to conform to 'Sendable' protocol
42 | ) where ResponseType: _PaginatedResponse<Item> {
43 | self.initialPageToken = initialPageToken ?? ""
44 | self.fetchPage = { token in
| |- error: cannot convert '@Sendable (String) async throws -> (response: ResponseType, items: [Item], nextToken: String)' to 'nonisolated(nonsending) @Sendable (String) async throws -> (response: ResponseType, items: [Item], nextToken: String)' because crossing of an isolation boundary requires parameter and result types to conform to 'Sendable' protocol
| `- note: type 'Item' does not conform to 'Sendable' protocol
45 | let response = try await listRpc(token)
46 | return (response, response._getPaginatedItems(), response._nextPageToken())
[2173/2361] Compiling GoogleGax PollingErrorPolicy.swift
/host/spi-builder-workspace/.build/checkouts/swift-google-gax/Sources/GoogleGax/Pagination.swift:44:22: error: cannot convert '@Sendable (String) async throws -> (response: ResponseType, items: [Item], nextToken: String)' to 'nonisolated(nonsending) @Sendable (String) async throws -> (response: ResponseType, items: [Item], nextToken: String)' because crossing of an isolation boundary requires parameter and result types to conform to 'Sendable' protocol
42 | ) where ResponseType: _PaginatedResponse<Item> {
43 | self.initialPageToken = initialPageToken ?? ""
44 | self.fetchPage = { token in
| |- error: cannot convert '@Sendable (String) async throws -> (response: ResponseType, items: [Item], nextToken: String)' to 'nonisolated(nonsending) @Sendable (String) async throws -> (response: ResponseType, items: [Item], nextToken: String)' because crossing of an isolation boundary requires parameter and result types to conform to 'Sendable' protocol
| `- note: type 'Item' does not conform to 'Sendable' protocol
45 | let response = try await listRpc(token)
46 | return (response, response._getPaginatedItems(), response._nextPageToken())
[2174/2361] Compiling GoogleGax PollingResult.swift
/host/spi-builder-workspace/.build/checkouts/swift-google-gax/Sources/GoogleGax/Pagination.swift:44:22: error: cannot convert '@Sendable (String) async throws -> (response: ResponseType, items: [Item], nextToken: String)' to 'nonisolated(nonsending) @Sendable (String) async throws -> (response: ResponseType, items: [Item], nextToken: String)' because crossing of an isolation boundary requires parameter and result types to conform to 'Sendable' protocol
42 | ) where ResponseType: _PaginatedResponse<Item> {
43 | self.initialPageToken = initialPageToken ?? ""
44 | self.fetchPage = { token in
| |- error: cannot convert '@Sendable (String) async throws -> (response: ResponseType, items: [Item], nextToken: String)' to 'nonisolated(nonsending) @Sendable (String) async throws -> (response: ResponseType, items: [Item], nextToken: String)' because crossing of an isolation boundary requires parameter and result types to conform to 'Sendable' protocol
| `- note: type 'Item' does not conform to 'Sendable' protocol
45 | let response = try await listRpc(token)
46 | return (response, response._getPaginatedItems(), response._nextPageToken())
[2175/2361] Compiling GoogleGax PollingState.swift
/host/spi-builder-workspace/.build/checkouts/swift-google-gax/Sources/GoogleGax/Pagination.swift:44:22: error: cannot convert '@Sendable (String) async throws -> (response: ResponseType, items: [Item], nextToken: String)' to 'nonisolated(nonsending) @Sendable (String) async throws -> (response: ResponseType, items: [Item], nextToken: String)' because crossing of an isolation boundary requires parameter and result types to conform to 'Sendable' protocol
42 | ) where ResponseType: _PaginatedResponse<Item> {
43 | self.initialPageToken = initialPageToken ?? ""
44 | self.fetchPage = { token in
| |- error: cannot convert '@Sendable (String) async throws -> (response: ResponseType, items: [Item], nextToken: String)' to 'nonisolated(nonsending) @Sendable (String) async throws -> (response: ResponseType, items: [Item], nextToken: String)' because crossing of an isolation boundary requires parameter and result types to conform to 'Sendable' protocol
| `- note: type 'Item' does not conform to 'Sendable' protocol
45 | let response = try await listRpc(token)
46 | return (response, response._getPaginatedItems(), response._nextPageToken())
[2176/2361] Compiling GoogleGax ProtobufConversionError.swift
/host/spi-builder-workspace/.build/checkouts/swift-google-gax/Sources/GoogleGax/Pagination.swift:44:22: error: cannot convert '@Sendable (String) async throws -> (response: ResponseType, items: [Item], nextToken: String)' to 'nonisolated(nonsending) @Sendable (String) async throws -> (response: ResponseType, items: [Item], nextToken: String)' because crossing of an isolation boundary requires parameter and result types to conform to 'Sendable' protocol
42 | ) where ResponseType: _PaginatedResponse<Item> {
43 | self.initialPageToken = initialPageToken ?? ""
44 | self.fetchPage = { token in
| |- error: cannot convert '@Sendable (String) async throws -> (response: ResponseType, items: [Item], nextToken: String)' to 'nonisolated(nonsending) @Sendable (String) async throws -> (response: ResponseType, items: [Item], nextToken: String)' because crossing of an isolation boundary requires parameter and result types to conform to 'Sendable' protocol
| `- note: type 'Item' does not conform to 'Sendable' protocol
45 | let response = try await listRpc(token)
46 | return (response, response._getPaginatedItems(), response._nextPageToken())
[2177/2361] Compiling GoogleGax QueryParameter.swift
/host/spi-builder-workspace/.build/checkouts/swift-google-gax/Sources/GoogleGax/Pagination.swift:44:22: error: cannot convert '@Sendable (String) async throws -> (response: ResponseType, items: [Item], nextToken: String)' to 'nonisolated(nonsending) @Sendable (String) async throws -> (response: ResponseType, items: [Item], nextToken: String)' because crossing of an isolation boundary requires parameter and result types to conform to 'Sendable' protocol
42 | ) where ResponseType: _PaginatedResponse<Item> {
43 | self.initialPageToken = initialPageToken ?? ""
44 | self.fetchPage = { token in
| |- error: cannot convert '@Sendable (String) async throws -> (response: ResponseType, items: [Item], nextToken: String)' to 'nonisolated(nonsending) @Sendable (String) async throws -> (response: ResponseType, items: [Item], nextToken: String)' because crossing of an isolation boundary requires parameter and result types to conform to 'Sendable' protocol
| `- note: type 'Item' does not conform to 'Sendable' protocol
45 | let response = try await listRpc(token)
46 | return (response, response._getPaginatedItems(), response._nextPageToken())
[2178/2361] Compiling GoogleGax RequestError.swift
/host/spi-builder-workspace/.build/checkouts/swift-google-gax/Sources/GoogleGax/Pagination.swift:44:22: error: cannot convert '@Sendable (String) async throws -> (response: ResponseType, items: [Item], nextToken: String)' to 'nonisolated(nonsending) @Sendable (String) async throws -> (response: ResponseType, items: [Item], nextToken: String)' because crossing of an isolation boundary requires parameter and result types to conform to 'Sendable' protocol
42 | ) where ResponseType: _PaginatedResponse<Item> {
43 | self.initialPageToken = initialPageToken ?? ""
44 | self.fetchPage = { token in
| |- error: cannot convert '@Sendable (String) async throws -> (response: ResponseType, items: [Item], nextToken: String)' to 'nonisolated(nonsending) @Sendable (String) async throws -> (response: ResponseType, items: [Item], nextToken: String)' because crossing of an isolation boundary requires parameter and result types to conform to 'Sendable' protocol
| `- note: type 'Item' does not conform to 'Sendable' protocol
45 | let response = try await listRpc(token)
46 | return (response, response._getPaginatedItems(), response._nextPageToken())
[2179/2361] Compiling GoogleGax ServiceError.swift
[2180/2361] Compiling GoogleGax StatusDetail.swift
[2181/2361] Compiling GoogleGax StrictIdempotency.swift
[2182/2361] Compiling GoogleGax ThrottleResult.swift
[2183/2361] Compiling GoogleGax TooManyRequests+PollingErrorPolicy.swift
[2184/2361] Compiling GoogleGax TooManyRequests+RetryPolicy.swift
[2185/2361] Compiling GoogleGax TooManyRequests.swift
[2186/2361] Compiling GoogleGax PackageVersion.swift
BUILD FAILURE 6.2 android