The Swift Package Index logo.Swift Package Index

Build Information

Failed to build Utiq, reference v2.0.0 (9ebf33), with Swift 6.4 for tvOS using Xcode 27.0 on 27 Sep 2026 04:32:05 UTC.

Build Command

env DEVELOPER_DIR=/Applications/Xcode-27.0.0-Release.Candidate.app xcrun xcodebuild -IDEClonedSourcePackagesDirPathOverride=$PWD/.dependencies -skipMacroValidation -skipPackagePluginValidation -derivedDataPath $PWD/.derivedData build -scheme Utiq -destination generic/platform=tvOS

Build Log

========================================
RunAll
========================================
Builder version: 5.1.0
Interrupt handler set up.
========================================
Checkout
========================================
Clone URL: https://github.com/UtiqTech/ios-sdk.git
Reference: v2.0.0
Initialized empty Git repository in /Users/admin/builder/spi-builder-workspace/.git/
From https://github.com/UtiqTech/ios-sdk
 * tag               v2.0.0     -> FETCH_HEAD
HEAD is now at 9ebf335 Bump iOS SDK to version 2.0.0
Cloned https://github.com/UtiqTech/ios-sdk.git
Revision (git rev-parse @):
9ebf33512fb1ed1962e0234908cba3a9671fdf59
SUCCESS checkout https://github.com/UtiqTech/ios-sdk.git at v2.0.0
========================================
Build
========================================
Selected platform:         tvOS
Swift version:             6.4
Building package at path:  $PWD
https://github.com/UtiqTech/ios-sdk.git
Command line invocation:
    /Applications/Xcode-27.0.0-Release.Candidate.app/Contents/Developer/usr/bin/xcodebuild -IDEClonedSourcePackagesDirPathOverride=/Users/admin/builder/spi-builder-workspace/.dependencies -resolvePackageDependencies
Resolve Package Graph
Resolve Package Graph
Resolved source packages:
  Utiq: /Users/admin/builder/spi-builder-workspace
resolved source packages: Utiq
2026-09-27 00:31:27.359 xcodebuild[529:3030] [MT] IDERunDestination: Supported platforms for the buildables in the current scheme is empty.
{
  "dependencies" : [
  ],
  "manifest_display_name" : "Utiq",
  "name" : "Utiq",
  "path" : "/Users/admin/builder/spi-builder-workspace",
  "platforms" : [
    {
      "name" : "ios",
      "version" : "12.0"
    }
  ],
  "products" : [
    {
      "name" : "Utiq",
      "targets" : [
        "Utiq"
      ],
      "type" : {
        "library" : [
          "automatic"
        ]
      }
    }
  ],
  "targets" : [
    {
      "c99name" : "Utiq",
      "module_type" : "BinaryTarget",
      "name" : "Utiq",
      "path" : "remote/archive/Utiq-2.0.0.zip",
      "product_memberships" : [
        "Utiq"
      ],
      "sources" : [
      ],
      "type" : "binary"
    }
  ],
  "tools_version" : "6.2"
}
{
  "workspace" : {
    "name" : "Utiq",
    "schemes" : [
      "Utiq"
    ]
  }
}
2026-09-27 00:31:59.921 xcodebuild[638:3858] [MT] IDERunDestination: Supported platforms for the buildables in the current scheme is empty.
Running build ...
env DEVELOPER_DIR=/Applications/Xcode-27.0.0-Release.Candidate.app xcrun xcodebuild -IDEClonedSourcePackagesDirPathOverride=$PWD/.dependencies -skipMacroValidation -skipPackagePluginValidation -derivedDataPath $PWD/.derivedData build -scheme Utiq -destination generic/platform=tvOS
Command line invocation:
    /Applications/Xcode-27.0.0-Release.Candidate.app/Contents/Developer/usr/bin/xcodebuild -IDEClonedSourcePackagesDirPathOverride=/Users/admin/builder/spi-builder-workspace/.dependencies -skipMacroValidation -skipPackagePluginValidation -derivedDataPath /Users/admin/builder/spi-builder-workspace/.derivedData build -scheme Utiq -destination generic/platform=tvOS
Resolve Package Graph
Resolved source packages:
  Utiq: /Users/admin/builder/spi-builder-workspace
ComputePackagePrebuildTargetDependencyGraph
Prepare packages
CreateBuildRequest
SendProjectDescription
CreateBuildOperation
ComputeTargetDependencyGraph
note: Building targets in dependency order
note: Target dependency graph (1 target)
    Target 'Utiq-product' in project 'Utiq' (no dependencies)
GatherProvisioningInputs
CreateBuildDescription
ExecuteExternalTool /Applications/Xcode-27.0.0-Release.Candidate.app/Contents/Developer/Toolchains/XcodeDefault.xctoolchain/usr/bin/clang -v -E -dM -isysroot /Applications/Xcode-27.0.0-Release.Candidate.app/Contents/Developer/Platforms/AppleTVOS.platform/Developer/SDKs/AppleTVOS27.0.sdk -x c -c /dev/null
Build description signature: 4e1b42bf5991e74d0b38e0adc2d5066e
Build description path: /Users/admin/builder/spi-builder-workspace/.derivedData/Build/Intermediates.noindex/XCBuildData/4e1b42bf5991e74d0b38e0adc2d5066e.xcbuilddata
/Users/admin/builder/spi-builder-workspace/.dependencies/artifacts/spi-builder-workspace/Utiq/Utiq.xcframework:1:1: error: While building for tvOS, no library for this platform was found in '/Users/admin/builder/spi-builder-workspace/.dependencies/artifacts/spi-builder-workspace/Utiq/Utiq.xcframework'. (in target 'Utiq-product' from project 'Utiq')
2026-09-27 00:32:01.541 xcodebuild[639:3902] [MT] IDERunDestination: Supported platforms for the buildables in the current scheme is empty.
** BUILD FAILED **
The following build commands failed:
	Building workspace Utiq with scheme Utiq
(1 failure)
Command line invocation:
    /Applications/Xcode-27.0.0-Release.Candidate.app/Contents/Developer/usr/bin/xcodebuild -IDEClonedSourcePackagesDirPathOverride=/Users/admin/builder/spi-builder-workspace/.dependencies -resolvePackageDependencies
Resolve Package Graph
Resolved source packages:
  Utiq: /Users/admin/builder/spi-builder-workspace
resolved source packages: Utiq
2026-09-27 00:32:03.241 xcodebuild[672:4189] [MT] IDERunDestination: Supported platforms for the buildables in the current scheme is empty.
{
  "dependencies" : [
  ],
  "manifest_display_name" : "Utiq",
  "name" : "Utiq",
  "path" : "/Users/admin/builder/spi-builder-workspace",
  "platforms" : [
    {
      "name" : "ios",
      "version" : "12.0"
    }
  ],
  "products" : [
    {
      "name" : "Utiq",
      "targets" : [
        "Utiq"
      ],
      "type" : {
        "library" : [
          "automatic"
        ]
      }
    }
  ],
  "targets" : [
    {
      "c99name" : "Utiq",
      "module_type" : "BinaryTarget",
      "name" : "Utiq",
      "path" : "remote/archive/Utiq-2.0.0.zip",
      "product_memberships" : [
        "Utiq"
      ],
      "sources" : [
      ],
      "type" : "binary"
    }
  ],
  "tools_version" : "6.2"
}
{
  "workspace" : {
    "name" : "Utiq",
    "schemes" : [
      "Utiq"
    ]
  }
}
2026-09-27 00:32:04.498 xcodebuild[683:4272] [MT] IDERunDestination: Supported platforms for the buildables in the current scheme is empty.
Running build ...
env DEVELOPER_DIR=/Applications/Xcode-27.0.0-Release.Candidate.app xcrun xcodebuild -IDEClonedSourcePackagesDirPathOverride=$PWD/.dependencies -skipMacroValidation -skipPackagePluginValidation -derivedDataPath $PWD/.derivedData build -scheme Utiq -destination generic/platform=tvOS
Command line invocation:
    /Applications/Xcode-27.0.0-Release.Candidate.app/Contents/Developer/usr/bin/xcodebuild -IDEClonedSourcePackagesDirPathOverride=/Users/admin/builder/spi-builder-workspace/.dependencies -skipMacroValidation -skipPackagePluginValidation -derivedDataPath /Users/admin/builder/spi-builder-workspace/.derivedData build -scheme Utiq -destination generic/platform=tvOS
Resolve Package Graph
Resolved source packages:
  Utiq: /Users/admin/builder/spi-builder-workspace
ComputePackagePrebuildTargetDependencyGraph
Prepare packages
CreateBuildRequest
SendProjectDescription
CreateBuildOperation
ComputeTargetDependencyGraph
note: Building targets in dependency order
note: Target dependency graph (1 target)
    Target 'Utiq-product' in project 'Utiq' (no dependencies)
GatherProvisioningInputs
CreateBuildDescription
/Users/admin/builder/spi-builder-workspace/.dependencies/artifacts/spi-builder-workspace/Utiq/Utiq.xcframework:1:1: error: While building for tvOS, no library for this platform was found in '/Users/admin/builder/spi-builder-workspace/.dependencies/artifacts/spi-builder-workspace/Utiq/Utiq.xcframework'. (in target 'Utiq-product' from project 'Utiq')
2026-09-27 00:32:05.515 xcodebuild[684:4297] [MT] IDERunDestination: Supported platforms for the buildables in the current scheme is empty.
** BUILD FAILED **
The following build commands failed:
	Building workspace Utiq with scheme Utiq
(1 failure)
BUILD FAILURE 6.4 tvOS