Build Information
Failed to build ctxmv, reference main (448544), with Swift 6.3 for Wasm on 30 Sep 2026 08:41:30 UTC.
Build Command
bash -c docker run --pull=always --rm -v "checkouts-54344844-2":/host -w "$PWD" -e JAVA_HOME="/root/.sdkman/candidates/java/current" -e SPI_BUILD="1" -e SPI_PROCESSING="1" registry.gitlab.com/saguaro1/spi-images:wasm-6.3-latest swift build --swift-sdk swift-6.3.2-RELEASE_wasm 2>&1Build Log
========================================
RunAll
========================================
Builder version: 5.1.1
Interrupt handler set up.
========================================
Checkout
========================================
Clone URL: https://github.com/Ryu0118/ctxmv.git
Reference: main
Initialized empty Git repository in /host/spi-builder-workspace/.git/
hint: Using 'master' as the name for the initial branch. This default branch name
hint: is subject to change. To configure the initial branch name to use in all
hint: of your new repositories, which will suppress this warning, call:
hint:
hint: git config --global init.defaultBranch <name>
hint:
hint: Names commonly chosen instead of 'master' are 'main', 'trunk' and
hint: 'development'. The just-created branch can be renamed via this command:
hint:
hint: git branch -m <name>
From https://github.com/Ryu0118/ctxmv
* branch main -> FETCH_HEAD
* [new branch] main -> origin/main
HEAD is now at 4485447 chore: bump version to 0.7.0
Cloned https://github.com/Ryu0118/ctxmv.git
Revision (git rev-parse @):
44854474ac26d2152299d08b6a9c376b5681a067
SUCCESS checkout https://github.com/Ryu0118/ctxmv.git at main
========================================
Build
========================================
Selected platform: wasm
Swift version: 6.3
Building package at path: $PWD
https://github.com/Ryu0118/ctxmv.git
Running build ...
bash -c docker run --pull=always --rm -v "checkouts-54344844-2":/host -w "$PWD" -e JAVA_HOME="/root/.sdkman/candidates/java/current" -e SPI_BUILD="1" -e SPI_PROCESSING="1" registry.gitlab.com/saguaro1/spi-images:wasm-6.3-latest swift build --swift-sdk swift-6.3.2-RELEASE_wasm 2>&1
wasm-6.3-latest: Pulling from saguaro1/spi-images
Digest: sha256:253aad7f5b11d25cf9eaef34120b94cd8a325782929c57fb304a7711494a3f9a
Status: Image is up to date for registry.gitlab.com/saguaro1/spi-images:wasm-6.3-latest
Fetching https://github.com/apple/swift-log.git
Fetching https://github.com/apple/swift-crypto.git
Fetching https://github.com/apple/swift-argument-parser.git
Fetching https://github.com/onevcat/Rainbow.git
Fetching https://github.com/Ryu0118/AgentSessions.git
Fetching https://github.com/apple/swift-async-algorithms.git
[3/268] Fetching agentsessions
[269/1782] Fetching agentsessions, rainbow
[270/20354] Fetching agentsessions, rainbow, swift-crypto
[331/28519] Fetching agentsessions, rainbow, swift-crypto, swift-log
[1007/35311] Fetching agentsessions, rainbow, swift-crypto, swift-log, swift-async-algorithms
[12757/54259] Fetching agentsessions, rainbow, swift-crypto, swift-log, swift-async-algorithms, swift-argument-parser
Fetched https://github.com/onevcat/Rainbow.git from cache (0.95s)
Fetched https://github.com/apple/swift-async-algorithms.git from cache (0.95s)
[34439/45953] Fetching agentsessions, swift-crypto, swift-log, swift-argument-parser
Fetched https://github.com/Ryu0118/AgentSessions.git from cache (1.26s)
Fetched https://github.com/apple/swift-log.git from cache (1.26s)
Fetched https://github.com/apple/swift-argument-parser.git from cache (1.26s)
Fetched https://github.com/apple/swift-crypto.git from cache (1.27s)
Computing version for https://github.com/Ryu0118/AgentSessions.git
Computed https://github.com/Ryu0118/AgentSessions.git at 0.7.0 (1.43s)
Fetching https://github.com/mtj0928/swift-async-operations.git
[1/1030] Fetching swift-async-operations
Fetched https://github.com/mtj0928/swift-async-operations.git from cache (1.47s)
Computing version for https://github.com/mtj0928/swift-async-operations.git
Computed https://github.com/mtj0928/swift-async-operations.git at 0.5.0 (2.37s)
Computing version for https://github.com/apple/swift-async-algorithms.git
Computed https://github.com/apple/swift-async-algorithms.git at 1.1.6 (0.18s)
Fetching https://github.com/apple/swift-collections.git
[1/28058] Fetching swift-collections
Fetched https://github.com/apple/swift-collections.git from cache (1.46s)
Computing version for https://github.com/apple/swift-collections.git
Computed https://github.com/apple/swift-collections.git at 1.7.1 (1.70s)
Computing version for https://github.com/onevcat/Rainbow.git
Computed https://github.com/onevcat/Rainbow.git at 4.2.2 (0.87s)
Computing version for https://github.com/apple/swift-argument-parser.git
Computed https://github.com/apple/swift-argument-parser.git at 1.8.2 (0.15s)
Computing version for https://github.com/apple/swift-log.git
Computed https://github.com/apple/swift-log.git at 1.15.1 (0.15s)
Computing version for https://github.com/apple/swift-crypto.git
Computed https://github.com/apple/swift-crypto.git at 3.15.1 (0.92s)
Fetching https://github.com/apple/swift-asn1.git
[1/1986] Fetching swift-asn1
Fetched https://github.com/apple/swift-asn1.git from cache (0.66s)
Computing version for https://github.com/apple/swift-asn1.git
Computed https://github.com/apple/swift-asn1.git at 1.7.3 (0.86s)
Creating working copy for https://github.com/apple/swift-async-algorithms.git
Working copy of https://github.com/apple/swift-async-algorithms.git resolved at 1.1.6
Creating working copy for https://github.com/onevcat/Rainbow.git
Working copy of https://github.com/onevcat/Rainbow.git resolved at 4.2.2
Creating working copy for https://github.com/Ryu0118/AgentSessions.git
Working copy of https://github.com/Ryu0118/AgentSessions.git resolved at 0.7.0
Creating working copy for https://github.com/apple/swift-asn1.git
Working copy of https://github.com/apple/swift-asn1.git resolved at 1.7.3
Creating working copy for https://github.com/apple/swift-crypto.git
Working copy of https://github.com/apple/swift-crypto.git resolved at 3.15.1
Creating working copy for https://github.com/mtj0928/swift-async-operations.git
Working copy of https://github.com/mtj0928/swift-async-operations.git resolved at 0.5.0
Creating working copy for https://github.com/apple/swift-log.git
Working copy of https://github.com/apple/swift-log.git resolved at 1.15.1
Creating working copy for https://github.com/apple/swift-collections.git
Working copy of https://github.com/apple/swift-collections.git resolved at 1.7.1
Creating working copy for https://github.com/apple/swift-argument-parser.git
Working copy of https://github.com/apple/swift-argument-parser.git resolved at 1.8.2
[1/1] Compiling plugin GenerateManual
[2/2] Compiling plugin GenerateDoccReference
Building for debugging...
[2/404] Write sources
[15/404] Compiling fiat_p256_adx_mul.S
[16/404] Compiling fiat_curve25519_adx_square.S
[17/404] Compiling fiat_curve25519_adx_mul.S
[18/404] Compiling fiat_p256_adx_sqr.S
[18/404] Compiling md5-x86_64-linux.S
[20/404] Compiling md5-x86_64-apple.S
[21/404] Compiling md5-586-apple.S
[22/404] Write swift-version-24593BA9C3E375BF.txt
[23/404] Compiling md5-586-linux.S
[24/404] Compiling chacha20_poly1305_x86_64-linux.S
[25/404] Compiling chacha20_poly1305_armv8-win.S
[26/404] Compiling chacha20_poly1305_x86_64-apple.S
[27/404] Compiling chacha20_poly1305_armv8-linux.S
[28/404] Compiling chacha-x86_64-apple.S
[29/412] Compiling chacha-x86_64-linux.S
[30/421] Compiling chacha20_poly1305_armv8-apple.S
[31/451] Compiling chacha-x86-apple.S
[32/458] Compiling chacha-x86-linux.S
[33/458] Compiling chacha-armv8-win.S
[34/458] Compiling chacha-armv4-linux.S
[35/458] Compiling chacha-armv8-apple.S
[36/458] Compiling chacha-armv8-linux.S
[37/458] Compiling aes128gcmsiv-x86_64-linux.S
[38/458] Compiling aes128gcmsiv-x86_64-apple.S
[39/458] Compiling CCryptoBoringSSLShims shims.c
[40/458] Compiling x86_64-mont5-apple.S
[41/458] Compiling x86_64-mont5-linux.S
[42/458] Compiling x86_64-mont-linux.S
[43/458] Compiling x86_64-mont-apple.S
[44/458] Compiling x86-mont-linux.S
[45/458] Compiling vpaes-x86_64-apple.S
[46/458] Compiling x86-mont-apple.S
[47/458] Compiling vpaes-x86_64-linux.S
[48/458] Compiling vpaes-x86-linux.S
[49/458] Compiling vpaes-x86-apple.S
[50/458] Compiling vpaes-armv8-win.S
[51/458] Compiling vpaes-armv8-apple.S
[52/458] Compiling vpaes-armv8-linux.S
[53/458] Compiling vpaes-armv7-linux.S
[54/458] Compiling sha512-x86_64-linux.S
[55/458] Compiling sha512-armv8-win.S
[56/458] Compiling sha512-x86_64-apple.S
[57/458] Compiling sha512-armv8-linux.S
[58/458] Compiling sha512-armv8-apple.S
[59/458] Compiling sha512-armv4-linux.S
[60/458] Compiling sha512-586-linux.S
[61/458] Compiling sha512-586-apple.S
[62/458] Compiling sha256-x86_64-linux.S
[63/458] Compiling sha256-x86_64-apple.S
[64/458] Compiling sha256-armv8-apple.S
[65/458] Compiling err_data.cc
[66/458] Compiling sha256-armv4-linux.S
[67/458] Compiling sha256-armv8-win.S
[68/458] Compiling sha256-armv8-linux.S
[69/458] Compiling sha256-586-apple.S
[70/458] Compiling sha1-x86_64-apple.S
[71/458] Compiling sha256-586-linux.S
[72/458] Compiling sha1-x86_64-linux.S
[73/458] Compiling sha1-armv8-apple.S
[74/458] Compiling sha1-armv8-win.S
[75/458] Compiling sha1-armv8-linux.S
[76/458] Compiling sha1-586-linux.S
[77/458] Compiling rsaz-avx2-linux.S
[78/458] Compiling sha1-armv4-large-linux.S
[79/458] Compiling sha1-586-apple.S
[80/458] Compiling rsaz-avx2-apple.S
[81/458] Compiling rdrand-x86_64-linux.S
[82/458] Compiling rdrand-x86_64-apple.S
[83/458] Compiling p256_beeu-x86_64-asm-linux.S
[84/458] Compiling p256_beeu-x86_64-asm-apple.S
[85/458] Compiling p256_beeu-armv8-asm-win.S
[86/458] Compiling p256_beeu-armv8-asm-linux.S
[87/458] Compiling p256_beeu-armv8-asm-apple.S
[88/458] Compiling p256-x86_64-asm-linux.S
[89/458] Compiling p256-x86_64-asm-apple.S
[90/458] Compiling p256-armv8-asm-linux.S
[91/458] Compiling p256-armv8-asm-apple.S
[92/458] Compiling ghashv8-armv8-win.S
[93/458] Compiling p256-armv8-asm-win.S
[94/458] Compiling ghashv8-armv8-linux.S
[95/458] Compiling ghashv8-armv8-apple.S
[96/458] Compiling ghashv8-armv7-linux.S
[97/458] Compiling ghash-x86_64-apple.S
[98/458] Compiling ghash-x86_64-linux.S
[99/458] Compiling ghash-x86-apple.S
[100/458] Compiling ghash-ssse3-x86_64-linux.S
[101/458] Compiling ghash-x86-linux.S
[102/458] Compiling ghash-ssse3-x86-apple.S
[102/458] Compiling ghash-ssse3-x86_64-apple.S
[104/458] Compiling ghash-ssse3-x86-linux.S
[105/458] Compiling ghash-neon-armv8-apple.S
[106/458] Compiling ghash-neon-armv8-win.S
[107/458] Compiling ghash-neon-armv8-linux.S
[108/458] Compiling ghash-armv4-linux.S
[109/458] Compiling co-586-linux.S
[110/458] Compiling bn-armv8-win.S
[111/458] Compiling bsaes-armv7-linux.S
[112/458] Compiling co-586-apple.S
[113/458] Compiling bn-armv8-linux.S
[114/458] Compiling armv8-mont-win.S
[115/458] Compiling armv8-mont-linux.S
[116/458] Compiling bn-armv8-apple.S
[117/458] Compiling bn-586-linux.S
[118/458] Compiling armv4-mont-linux.S
[119/458] Compiling bn-586-apple.S
[120/458] Compiling armv8-mont-apple.S
[121/458] Compiling aesv8-gcm-armv8-win.S
[122/458] Compiling aesv8-gcm-armv8-linux.S
[123/458] Compiling aesv8-gcm-armv8-apple.S
[124/458] Compiling aesv8-armv8-linux.S
[125/458] Compiling aesv8-armv8-win.S
[126/458] Compiling aesv8-armv8-apple.S
[127/458] Compiling aesv8-armv7-linux.S
[128/458] Compiling aesni-x86_64-linux.S
[129/458] Compiling aesni-x86_64-apple.S
[130/458] Compiling aesni-x86-apple.S
[131/458] Compiling aesni-x86-linux.S
[132/458] Compiling aesni-gcm-x86_64-linux.S
[133/458] Compiling aesni-gcm-x86_64-apple.S
[134/458] Compiling aes-gcm-avx512-x86_64-apple.S
[135/458] Compiling aes-gcm-avx2-x86_64-apple.S
[136/458] Compiling aes-gcm-avx512-x86_64-linux.S
[137/458] Compiling aes-gcm-avx2-x86_64-linux.S
[139/458] Emitting module InternalCollectionsUtilities
[139/461] Compiling xwing.cc
[140/461] Compiling x_x509a.cc
[141/461] Compiling x_sig.cc
[142/461] Compiling x_spki.cc
[143/461] Compiling x_x509.cc
[144/461] Compiling x_req.cc
[145/461] Compiling x_pubkey.cc
[146/461] Compiling x_name.cc
[147/461] Compiling x_exten.cc
[148/461] Compiling x_crl.cc
[149/461] Compiling x_attrib.cc
[150/461] Compiling x509rset.cc
[152/461] Compiling InternalCollectionsUtilities UnsafeRawBufferPointer+Extras.swift
[153/461] Compiling InternalCollectionsUtilities _SortedCollection.swift
[154/461] Compiling InternalCollectionsUtilities _UniqueCollection.swift
[155/461] Compiling InternalCollectionsUtilities Strideable+LimitHelpers.swift
[156/461] Compiling InternalCollectionsUtilities String+Padding.swift
[157/461] Compiling InternalCollectionsUtilities TemporaryAllocation.swift
[158/461] Compiling InternalCollectionsUtilities _UnsafeBitSet+Index.swift
[159/461] Compiling InternalCollectionsUtilities _UnsafeBitSet+_Word.swift
[160/461] Compiling InternalCollectionsUtilities _UnsafeBitSet.swift
[161/461] Compiling InternalCollectionsUtilities UnsafeBufferPointer+Extras.swift
[162/461] Compiling InternalCollectionsUtilities UnsafeMutableBufferPointer+Extras.swift
[163/461] Compiling InternalCollectionsUtilities MutableSpan+Extras.swift
[164/461] Compiling InternalCollectionsUtilities OutputSpan+Extras.swift
[165/461] Compiling InternalCollectionsUtilities LifetimeOverride.swift
[166/461] Compiling InternalCollectionsUtilities MutableRef.swift
[167/462] Compiling InternalCollectionsUtilities Iterable+CopyContents.swift
[168/462] Compiling InternalCollectionsUtilities Iterable+Equality.swift
[170/462] Compiling x509spki.cc
[174/462] Compiling InternalCollectionsUtilities RandomAccessCollection+Offsets.swift
[175/462] Compiling InternalCollectionsUtilities Span+Extras.swift
[176/462] Compiling InternalCollectionsUtilities UnsafeMutablePointer+Extras.swift
[177/462] Compiling InternalCollectionsUtilities UnsafeMutableRawBufferPointer+Extras.swift
[178/462] Compiling InternalCollectionsUtilities UnsafePointer+Extras.swift
[179/462] Compiling InternalCollectionsUtilities FixedWidthInteger+roundUpToPowerOfTwo.swift
[180/462] Compiling InternalCollectionsUtilities Integer rank.swift
[181/462] Compiling InternalCollectionsUtilities UInt+first and last set bit.swift
[182/462] Compiling InternalCollectionsUtilities UInt+reversed.swift
[183/462] Compiling InternalCollectionsUtilities BorrowingIteratorProtocol+Equality.swift
[184/462] Compiling InternalCollectionsUtilities BorrowingIteratorProtocol+Extras.swift
[185/462] Compiling InternalCollectionsUtilities Debugging.swift
[186/462] Compiling InternalCollectionsUtilities Descriptions.swift
[186/463] Compiling x_algor.cc
[188/463] Compiling Logging Logger+Attributes.swift
[191/464] Compiling Logging LoggingSystem.swift
[191/464] Compiling x_all.cc
[194/464] Compiling Logging Logger.swift
[195/464] Compiling Logging Logger+With.swift
[195/464] Compiling x509name.cc
[197/468] Emitting module SpanPreview
[198/468] Compiling SpanPreview MutableSpan+InputSpanHelpers.swift
[199/468] Compiling SpanPreview OutputSpan+InputSpanHelpers.swift
[200/468] Compiling SpanPreview InputSpan.swift
[204/469] Emitting module Logging
[207/469] Compiling Logging MetadataProvider.swift
[208/520] Compiling x509cset.cc
[210/528] Compiling OrderedCollections _HashTable.swift
[211/528] Compiling OrderedCollections _Hashtable+Header.swift
[211/548] Wrapping AST for SpanPreview for debugging
[213/560] Compiling DequeModule Deque+Codable.swift
[214/560] Compiling DequeModule Deque+Collection.swift
[215/560] Emitting module Rainbow
[216/569] Compiling DequeModule RigidDeque+Append.swift
[217/569] Compiling DequeModule RigidDeque+Consumption.swift
[218/569] Compiling DequeModule Deque+Equatable.swift
[219/569] Compiling DequeModule Deque+ExpressibleByArrayLiteral.swift
[220/569] Compiling DequeModule Deque+CustomReflectable.swift
[221/569] Compiling DequeModule Deque+Descriptions.swift
[221/569] Wrapping AST for Logging for debugging
[222/569] Compiling x509_vpm.cc
[223/569] Wrapping AST for InternalCollectionsUtilities for debugging
[225/569] Compiling Rainbow StyledStringBuilder.swift
[226/570] Compiling x509_vfy.cc
[227/570] Compiling x509_txt.cc
[228/570] Wrapping AST for Rainbow for debugging
[229/570] Compiling x509_v3.cc
[231/570] Compiling DequeModule UniqueDeque+Consumption.swift
[232/570] Compiling DequeModule UniqueDeque+ContainerOperations.swift
[233/570] Compiling DequeModule UniqueDeque+Deprecations.swift
[234/570] Compiling DequeModule UniqueDeque+Descriptions.swift
[235/570] Compiling DequeModule UniqueDeque+Equatable.swift
[236/570] Compiling DequeModule UniqueDeque+Hashable.swift
[237/575] Compiling DequeModule RigidDeque+Descriptions.swift
[238/575] Compiling DequeModule RigidDeque+Equatable.swift
[239/575] Compiling DequeModule RigidDeque+Hashable.swift
[240/575] Compiling DequeModule RigidDeque+Initializers.swift
[241/575] Compiling DequeModule RigidDeque+Insertions.swift
[242/575] Compiling DequeModule RigidDeque+Iterable.swift
[243/575] Compiling DequeModule UniqueDeque+Initializers.swift
[244/575] Compiling DequeModule UniqueDeque+Insertions.swift
[245/575] Compiling DequeModule UniqueDeque+Iterable.swift
[246/575] Compiling DequeModule UniqueDeque+Prepend.swift
[247/575] Compiling DequeModule UniqueDeque+Removals.swift
[257/582] Compiling DequeModule UniqueDeque+Replacements.swift
[258/582] Compiling DequeModule UniqueDeque.swift
[259/582] Compiling DequeModule _DequeSlot.swift
[260/582] Compiling DequeModule _UnsafeDequeHandle.swift
[261/582] Compiling DequeModule _UnsafeDequeSegments.swift
[262/582] Compiling OrderedCollections OrderedSet+Partial SetAlgebra isStrictSuperset.swift
[263/582] Compiling OrderedCollections OrderedSet+Partial SetAlgebra isSubset.swift
[264/582] Compiling DequeModule RigidDeque.swift
[265/582] Compiling DequeModule UniqueDeque+Append.swift
[266/582] Compiling DequeModule Deque+Extras.swift
[267/582] Compiling DequeModule Deque+Hashable.swift
[268/582] Compiling DequeModule Deque+Testing.swift
[269/582] Compiling DequeModule Deque._Storage.swift
[270/582] Compiling DequeModule Deque._UnsafeHandle.swift
[271/582] Compiling DequeModule Deque.swift
[272/582] Compiling DequeModule RigidDeque+Prepend.swift
[273/582] Compiling DequeModule RigidDeque+Removals.swift
[274/582] Compiling DequeModule RigidDeque+Replacements.swift
[275/582] Compiling DequeModule RigidDeque+Testing.swift
[280/582] Compiling DequeModule RigidDeque+ContainerOperations.swift
[281/582] Compiling DequeModule RigidDeque+Deprecations.swift
[286/582] Compiling DequeModule _DequeBuffer.swift
[287/582] Compiling DequeModule _DequeBufferHeader.swift
[292/582] Compiling OrderedCollections OrderedDictionary+Values.swift
[293/582] Compiling OrderedCollections OrderedDictionary.swift
[294/582] Compiling OrderedCollections OrderedSet+Codable.swift
[295/582] Compiling OrderedCollections OrderedSet+CustomReflectable.swift
[296/582] Compiling OrderedCollections OrderedSet+Descriptions.swift
[297/582] Compiling OrderedCollections OrderedSet+Diffing.swift
[298/582] Compiling OrderedCollections OrderedSet+Equatable.swift
[299/582] Compiling OrderedCollections OrderedSet+ExpressibleByArrayLiteral.swift
[299/582] Compiling x509_trs.cc
[300/582] Compiling x509_set.cc
[313/582] Compiling x509_obj.cc
[314/582] Compiling x509_ext.cc
[315/582] Compiling x509_req.cc
[324/582] Compiling x509_lu.cc
[334/582] Compiling OrderedCollections OrderedSet+Sendable.swift
[335/582] Compiling OrderedCollections OrderedSet+SubSequence.swift
[336/582] Compiling OrderedCollections OrderedSet+Testing.swift
[337/582] Compiling OrderedCollections OrderedSet+UnorderedView.swift
[338/582] Compiling OrderedCollections OrderedSet+UnstableInternals.swift
[339/582] Compiling OrderedCollections OrderedSet.swift
[340/582] Compiling OrderedCollections _UnsafeBitset.swift
[340/582] Compiling x509_def.cc
[341/582] Compiling x509.cc
[342/582] Compiling x509_d2.cc
[344/582] Emitting module OrderedCollections
[344/583] Compiling x509_cmp.cc
[345/583] Compiling x509_att.cc
[347/583] Compiling v3_utl.cc
[348/583] Wrapping AST for OrderedCollections for debugging
[349/583] Compiling v3_skey.cc
[350/583] Compiling v3_prn.cc
[351/583] Compiling v3_purp.cc
[352/583] Compiling v3_pcons.cc
[353/583] Compiling v3_pmaps.cc
[354/583] Compiling v3_ocsp.cc
[356/583] Emitting module DequeModule
[356/583] Compiling v3_ncons.cc
[363/584] Compiling v3_lib.cc
[364/584] Wrapping AST for DequeModule for debugging
[365/584] Compiling v3_ia5.cc
[366/584] Compiling v3_info.cc
[367/584] Compiling v3_genn.cc
[368/584] Compiling v3_int.cc
[369/584] Compiling v3_extku.cc
[370/584] Compiling v3_enum.cc
[371/584] Compiling v3_bitst.cc
[372/584] Compiling v3_crld.cc
[373/584] Compiling v3_cpols.cc
[374/584] Compiling v3_conf.cc
[375/584] Compiling v3_alt.cc
[376/584] Compiling v3_bcons.cc
[377/584] Compiling v3_akeya.cc
[378/584] Compiling v3_akey.cc
[379/584] Compiling t_req.cc
[380/584] Compiling t_x509a.cc
[381/584] Compiling t_x509.cc
[382/584] Compiling t_crl.cc
[383/584] Compiling rsa_pss.cc
[384/584] Compiling policy.cc
[385/584] Compiling i2d_pr.cc
[386/584] Compiling name_print.cc
[387/584] Compiling algorithm.cc
[387/584] Compiling asn1_gen.cc
[389/584] Compiling by_file.cc
[390/584] Compiling by_dir.cc
[391/584] Compiling a_sign.cc
[392/584] Compiling a_verify.cc
[393/584] Compiling voprf.cc
[394/584] Compiling a_digest.cc
[395/584] Compiling thread_pthread.cc
[396/584] Compiling thread_win.cc
[397/584] Compiling thread_none.cc
[398/584] Compiling thread.cc
[399/584] Compiling trust_token.cc
[400/584] Compiling pmbtoken.cc
[401/584] Compiling stack.cc
[402/584] Compiling siphash.cc
[403/584] Compiling slhdsa.cc
[404/584] Compiling sha1.cc
[405/584] Compiling spake2plus.cc
[406/584] Compiling sha512.cc
[407/584] Compiling sha256.cc
[408/584] Compiling rsa_print.cc
[409/584] Compiling rsa_extra.cc
[410/584] Compiling rsa_crypt.cc
[411/584] Compiling refcount.cc
[412/584] Compiling rc4.cc
[413/584] Compiling windows.cc
[414/584] Compiling urandom.cc
[415/584] Compiling trusty.cc
[416/584] Compiling rand.cc
[417/584] Compiling rsa_asn1.cc
[418/584] Compiling passive.cc
[419/584] Compiling ios.cc
[420/584] Compiling poly1305_arm_asm.S
[421/584] Compiling getentropy.cc
[422/584] Compiling fork_detect.cc
[423/584] Compiling forkunsafe.cc
[424/584] Compiling deterministic.cc
[425/584] Compiling poly1305_vec.cc
[426/584] Compiling pool.cc
[427/584] Compiling poly1305_arm.cc
[428/584] Compiling poly1305.cc
[429/584] Compiling pkcs8_x509.cc
[430/584] Compiling pkcs8.cc
[431/584] Compiling p5_pbev2.cc
[432/584] Compiling pkcs7.cc
[433/584] Compiling pem_pkey.cc
[434/584] Compiling pem_x509.cc
[435/584] Compiling pkcs7_x509.cc
[436/584] Compiling pem_xaux.cc
[437/584] Compiling pem_pk8.cc
[438/584] Compiling mldsa.cc
[439/584] Compiling pem_all.cc
[440/584] Compiling obj_xref.cc
[441/584] Compiling pem_oth.cc
[442/584] Compiling mlkem.cc
[443/584] Compiling pem_lib.cc
[444/584] Compiling pem_info.cc
[445/584] Compiling poly_rq_mul.S
[446/584] Compiling obj.cc
[447/584] Compiling mem.cc
[448/584] Compiling fips_shared_support.cc
[449/584] Compiling lhash.cc
[450/584] Compiling hrss.cc
[451/584] Compiling md5.cc
[452/584] Compiling md4.cc
[453/584] Compiling kyber.cc
[454/584] Compiling fuzzer_mode.cc
[455/584] Compiling hpke.cc
[456/584] Compiling ex_data.cc
[457/584] Compiling pbkdf.cc
[458/584] Compiling scrypt.cc
[459/584] Compiling print.cc
[460/584] Compiling sign.cc
[461/584] Compiling p_x25519_asn1.cc
[462/584] Compiling p_x25519.cc
[463/584] Compiling p_rsa_asn1.cc
[464/584] Compiling p_hkdf.cc
[465/584] Compiling p_ed25519.cc
[466/584] Compiling p_rsa.cc
[467/584] Compiling p_ed25519_asn1.cc
[468/584] Compiling p_ec_asn1.cc
[469/584] Compiling p_ec.cc
[470/584] Compiling p_dsa_asn1.cc
[471/584] Compiling p_dh_asn1.cc
[472/584] Compiling p_dh.cc
[473/584] Compiling evp_ctx.cc
[474/584] Compiling evp_asn1.cc
[475/584] Compiling err.cc
[476/584] Compiling evp.cc
[477/584] Compiling engine.cc
[478/584] Compiling ecdsa_p1363.cc
[479/584] Compiling ecdh.cc
[480/584] Compiling hash_to_curve.cc
[481/584] Compiling ec_derive.cc
[482/584] Compiling ecdsa_asn1.cc
[483/584] Compiling bcm.cc
[484/584] Compiling dsa.cc
[485/584] Compiling dsa_asn1.cc
[486/584] Compiling ec_asn1.cc
[487/584] Compiling x25519-asm-arm.S
[488/584] Compiling params.cc
[489/584] Compiling des.cc
[490/584] Compiling digest_extra.cc
[491/584] Compiling dh_asn1.cc
[492/584] Compiling curve25519_64_adx.cc
[493/584] Compiling spake25519.cc
[494/584] Compiling cpu_intel.cc
[495/584] Compiling crypto.cc
[496/584] Compiling curve25519.cc
[497/584] Compiling cpu_arm_linux.cc
[498/584] Compiling cpu_arm_freebsd.cc
[499/584] Compiling cpu_aarch64_win.cc
[500/584] Compiling cpu_aarch64_sysreg.cc
[501/584] Compiling cpu_aarch64_openbsd.cc
[502/584] Compiling cpu_aarch64_linux.cc
[503/584] Compiling cpu_aarch64_fuchsia.cc
[504/584] Compiling cpu_aarch64_apple.cc
[505/584] Compiling conf.cc
[506/584] Compiling tls_cbc.cc
[507/584] Compiling get_cipher.cc
[508/584] Compiling e_tls.cc
[509/584] Compiling e_rc4.cc
[510/584] Compiling cms.cc
[511/584] Compiling e_rc2.cc
[512/584] Compiling e_null.cc
[513/584] Compiling e_des.cc
[514/584] Compiling e_chacha20poly1305.cc
[515/584] Compiling e_aesgcmsiv.cc
[516/584] Compiling e_aesctrhmac.cc
[517/584] Compiling e_aeseax.cc
[518/584] Compiling chacha.cc
[519/584] Compiling derive_key.cc
[520/584] Compiling unicode.cc
[521/584] Compiling ber.cc
[522/584] Compiling buf.cc
[523/584] Compiling cbb.cc
[524/584] Compiling sqrt.cc
[525/584] Compiling asn1_compat.cc
[526/584] Compiling cbs.cc
[527/584] Compiling exponentiation.cc
[528/584] Compiling div.cc
[529/584] Compiling blake2.cc
[530/584] Compiling printf.cc
[531/584] Compiling hexdump.cc
[532/584] Compiling pair.cc
[533/584] Compiling file.cc
[534/584] Compiling bn_asn1.cc
[535/584] Compiling convert.cc
[536/584] Compiling fd.cc
[537/584] Compiling errno.cc
[538/584] Compiling bio_mem.cc
[539/584] Compiling base64.cc
[540/584] Compiling bio.cc
[541/584] Compiling tasn_fre.cc
[542/584] Compiling tasn_typ.cc
[543/584] Compiling tasn_utl.cc
[544/584] Compiling tasn_new.cc
[545/584] Compiling posix_time.cc
[546/584] Compiling tasn_enc.cc
[547/584] Compiling f_string.cc
[548/584] Compiling f_int.cc
[549/584] Compiling asn_pack.cc
[550/584] Compiling asn1_par.cc
[551/584] Compiling tasn_dec.cc
[552/584] Compiling asn1_lib.cc
[553/584] Compiling a_utctm.cc
[554/584] Compiling a_octet.cc
[555/584] Compiling a_type.cc
[556/584] Compiling a_time.cc
[557/584] Compiling a_strnid.cc
[558/584] Compiling a_object.cc
[559/584] Compiling a_strex.cc
[560/584] Compiling a_mbstr.cc
[561/584] Compiling a_i2d_fp.cc
[562/584] Write sources
[564/599] Compiling a_dup.cc
[565/599] Compiling a_bool.cc
[566/599] Write sources
[567/599] Compiling a_gentm.cc
[569/601] Compiling AsyncOperations Sequence+AsyncReduce.swift
[570/601] Compiling AsyncOperations numberOfConcurrentTasks.swift
[571/640] Compiling AsyncAlgorithms AsyncJoinedSequence.swift
[572/640] Compiling AsyncAlgorithms AsyncMapErrorSequence.swift
[572/652] Compiling a_d2i_fp.cc
[573/656] Compiling a_int.cc
[575/656] Compiling AsyncAlgorithms AsyncChunksOfCountOrSignalSequence.swift
[576/656] Compiling AsyncAlgorithms AsyncChunksOfCountSequence.swift
[577/656] Compiling AsyncAlgorithms AsyncInclusiveReductionsSequence.swift
[578/656] Compiling AsyncAlgorithms AsyncJoinedBySeparatorSequence.swift
[579/656] Emitting module AsyncOperations
[580/656] Compiling AsyncAlgorithms AsyncChunkedByGroupSequence.swift
[581/656] Compiling AsyncAlgorithms AsyncChunkedOnProjectionSequence.swift
[582/656] Compiling AsyncAlgorithms AsyncChain2Sequence.swift
[583/656] Compiling AsyncAlgorithms AsyncChain3Sequence.swift
[584/656] Compiling AsyncAlgorithms AsyncAdjacentPairsSequence.swift
[585/656] Compiling AsyncAlgorithms AsyncBufferedByteIterator.swift
[585/656] Compiling aes.cc
[586/656] Compiling a_bitstr.cc
[588/656] Compiling AsyncAlgorithms AsyncRemoveDuplicatesSequence.swift
[589/656] Compiling AsyncAlgorithms AsyncShareSequence.swift
[590/665] Wrapping AST for AsyncOperations for debugging
[592/691] Compiling AgentSessions AgentSource.swift
[593/691] Compiling AgentSessions DateUtils.swift
[594/691] Compiling AgentSessions ClaudeCodeContentDecoder.swift
[595/691] Compiling AgentSessions CursorAgentContentDecoder.swift
[596/691] Compiling AgentSessions CopilotCLISessionReader.swift
[597/691] Compiling AgentSessions CursorBlobParser.swift
[598/691] Compiling AgentSessions CursorSessionReader.swift
[599/691] Compiling AgentSessions CursorTranscriptProjectPathResolver.swift
[600/698] Emitting module ArgumentParserToolInfo
[601/698] Compiling ArgumentParserToolInfo ToolInfo.swift
[602/699] Wrapping AST for ArgumentParserToolInfo for debugging
[604/742] Compiling ArgumentParser Errors.swift
[605/746] Compiling ArgumentParser Flag.swift
[606/746] Compiling ArgumentParser NameSpecification.swift
[607/746] Compiling ArgumentParser Option.swift
[608/746] Compiling ArgumentParser OptionGroup.swift
[609/746] Compiling ArgumentParser HelpCommand.swift
[610/746] Compiling ArgumentParser HelpGenerator.swift
[611/746] Compiling ArgumentParser ParserError.swift
[612/746] Compiling ArgumentParser SplitArguments.swift
[613/746] Compiling ArgumentParser DumpHelpGenerator.swift
[614/746] Compiling ArgumentParser Mutex.swift
[615/746] Compiling ArgumentParser Platform.swift
[616/746] Compiling ArgumentParser SequenceExtensions.swift
[617/746] Compiling ArgumentParser StringExtensions.swift
[618/746] Compiling ArgumentParser SwiftExtensions.swift
[619/746] Emitting module AsyncAlgorithms
[620/746] Compiling ArgumentParser BashCompletionsGenerator.swift
<module-includes>:1:10: note: in file included from <module-includes>:1:
1 | #include "include/sqlite3_umbrella.h"
| `- note: in file included from <module-includes>:1:
2 |
/host/spi-builder-workspace/.build/checkouts/AgentSessions/Sources/CSQLite/include/sqlite3_umbrella.h:1:10: error: 'sqlite3.h' file not found
1 | #include <sqlite3.h>
| `- error: 'sqlite3.h' file not found
2 |
/host/spi-builder-workspace/.build/checkouts/AgentSessions/Sources/AgentSessions/Internal/SQLiteReader.swift:1:8: error: could not build C module 'CSQLite'
1 | import CSQLite
| `- error: could not build C module 'CSQLite'
2 | import Foundation
3 |
[621/746] Compiling ArgumentParser CompletionsGenerator.swift
<module-includes>:1:10: note: in file included from <module-includes>:1:
1 | #include "include/sqlite3_umbrella.h"
| `- note: in file included from <module-includes>:1:
2 |
/host/spi-builder-workspace/.build/checkouts/AgentSessions/Sources/CSQLite/include/sqlite3_umbrella.h:1:10: error: 'sqlite3.h' file not found
1 | #include <sqlite3.h>
| `- error: 'sqlite3.h' file not found
2 |
/host/spi-builder-workspace/.build/checkouts/AgentSessions/Sources/AgentSessions/Internal/SQLiteReader.swift:1:8: error: could not build C module 'CSQLite'
1 | import CSQLite
| `- error: could not build C module 'CSQLite'
2 | import Foundation
3 |
[622/746] Compiling ArgumentParser FishCompletionsGenerator.swift
<module-includes>:1:10: note: in file included from <module-includes>:1:
1 | #include "include/sqlite3_umbrella.h"
| `- note: in file included from <module-includes>:1:
2 |
/host/spi-builder-workspace/.build/checkouts/AgentSessions/Sources/CSQLite/include/sqlite3_umbrella.h:1:10: error: 'sqlite3.h' file not found
1 | #include <sqlite3.h>
| `- error: 'sqlite3.h' file not found
2 |
/host/spi-builder-workspace/.build/checkouts/AgentSessions/Sources/AgentSessions/Internal/SQLiteReader.swift:1:8: error: could not build C module 'CSQLite'
1 | import CSQLite
| `- error: could not build C module 'CSQLite'
2 | import Foundation
3 |
[623/746] Compiling ArgumentParser ZshCompletionsGenerator.swift
<module-includes>:1:10: note: in file included from <module-includes>:1:
1 | #include "include/sqlite3_umbrella.h"
| `- note: in file included from <module-includes>:1:
2 |
/host/spi-builder-workspace/.build/checkouts/AgentSessions/Sources/CSQLite/include/sqlite3_umbrella.h:1:10: error: 'sqlite3.h' file not found
1 | #include <sqlite3.h>
| `- error: 'sqlite3.h' file not found
2 |
/host/spi-builder-workspace/.build/checkouts/AgentSessions/Sources/AgentSessions/Internal/SQLiteReader.swift:1:8: error: could not build C module 'CSQLite'
1 | import CSQLite
| `- error: could not build C module 'CSQLite'
2 | import Foundation
3 |
[624/749] Compiling ArgumentParser CommandParser.swift
<module-includes>:1:10: note: in file included from <module-includes>:1:
1 | #include "include/sqlite3_umbrella.h"
| `- note: in file included from <module-includes>:1:
2 |
/host/spi-builder-workspace/.build/checkouts/AgentSessions/Sources/CSQLite/include/sqlite3_umbrella.h:1:10: error: 'sqlite3.h' file not found
1 | #include <sqlite3.h>
| `- error: 'sqlite3.h' file not found
2 |
/host/spi-builder-workspace/.build/checkouts/AgentSessions/Sources/AgentSessions/Internal/SQLiteReader.swift:1:8: error: could not build C module 'CSQLite'
1 | import CSQLite
| `- error: could not build C module 'CSQLite'
2 | import Foundation
3 |
[625/749] Compiling ArgumentParser InputKey.swift
<module-includes>:1:10: note: in file included from <module-includes>:1:
1 | #include "include/sqlite3_umbrella.h"
| `- note: in file included from <module-includes>:1:
2 |
/host/spi-builder-workspace/.build/checkouts/AgentSessions/Sources/CSQLite/include/sqlite3_umbrella.h:1:10: error: 'sqlite3.h' file not found
1 | #include <sqlite3.h>
| `- error: 'sqlite3.h' file not found
2 |
/host/spi-builder-workspace/.build/checkouts/AgentSessions/Sources/AgentSessions/Internal/SQLiteReader.swift:1:8: error: could not build C module 'CSQLite'
1 | import CSQLite
| `- error: could not build C module 'CSQLite'
2 | import Foundation
3 |
[626/749] Compiling ArgumentParser InputOrigin.swift
<module-includes>:1:10: note: in file included from <module-includes>:1:
1 | #include "include/sqlite3_umbrella.h"
| `- note: in file included from <module-includes>:1:
2 |
/host/spi-builder-workspace/.build/checkouts/AgentSessions/Sources/CSQLite/include/sqlite3_umbrella.h:1:10: error: 'sqlite3.h' file not found
1 | #include <sqlite3.h>
| `- error: 'sqlite3.h' file not found
2 |
/host/spi-builder-workspace/.build/checkouts/AgentSessions/Sources/AgentSessions/Internal/SQLiteReader.swift:1:8: error: could not build C module 'CSQLite'
1 | import CSQLite
| `- error: could not build C module 'CSQLite'
2 | import Foundation
3 |
[627/749] Compiling ArgumentParser ArgumentDecoder.swift
<module-includes>:1:10: note: in file included from <module-includes>:1:
1 | #include "include/sqlite3_umbrella.h"
| `- note: in file included from <module-includes>:1:
2 |
/host/spi-builder-workspace/.build/checkouts/AgentSessions/Sources/CSQLite/include/sqlite3_umbrella.h:1:10: error: 'sqlite3.h' file not found
1 | #include <sqlite3.h>
| `- error: 'sqlite3.h' file not found
2 |
/host/spi-builder-workspace/.build/checkouts/AgentSessions/Sources/AgentSessions/Internal/SQLiteReader.swift:1:8: error: could not build C module 'CSQLite'
1 | import CSQLite
| `- error: could not build C module 'CSQLite'
2 | import Foundation
3 |
[628/749] Compiling ArgumentParser ArgumentDefinition.swift
<module-includes>:1:10: note: in file included from <module-includes>:1:
1 | #include "include/sqlite3_umbrella.h"
| `- note: in file included from <module-includes>:1:
2 |
/host/spi-builder-workspace/.build/checkouts/AgentSessions/Sources/CSQLite/include/sqlite3_umbrella.h:1:10: error: 'sqlite3.h' file not found
1 | #include <sqlite3.h>
| `- error: 'sqlite3.h' file not found
2 |
/host/spi-builder-workspace/.build/checkouts/AgentSessions/Sources/AgentSessions/Internal/SQLiteReader.swift:1:8: error: could not build C module 'CSQLite'
1 | import CSQLite
| `- error: could not build C module 'CSQLite'
2 | import Foundation
3 |
[629/749] Compiling ArgumentParser ArgumentSet.swift
<module-includes>:1:10: note: in file included from <module-includes>:1:
1 | #include "include/sqlite3_umbrella.h"
| `- note: in file included from <module-includes>:1:
2 |
/host/spi-builder-workspace/.build/checkouts/AgentSessions/Sources/CSQLite/include/sqlite3_umbrella.h:1:10: error: 'sqlite3.h' file not found
1 | #include <sqlite3.h>
| `- error: 'sqlite3.h' file not found
2 |
/host/spi-builder-workspace/.build/checkouts/AgentSessions/Sources/AgentSessions/Internal/SQLiteReader.swift:1:8: error: could not build C module 'CSQLite'
1 | import CSQLite
| `- error: could not build C module 'CSQLite'
2 | import Foundation
3 |
[630/749] Compiling ArgumentParser Argument.swift
<module-includes>:1:10: note: in file included from <module-includes>:1:
1 | #include "include/sqlite3_umbrella.h"
| `- note: in file included from <module-includes>:1:
2 |
/host/spi-builder-workspace/.build/checkouts/AgentSessions/Sources/CSQLite/include/sqlite3_umbrella.h:1:10: error: 'sqlite3.h' file not found
1 | #include <sqlite3.h>
| `- error: 'sqlite3.h' file not found
2 |
/host/spi-builder-workspace/.build/checkouts/AgentSessions/Sources/AgentSessions/Internal/SQLiteReader.swift:1:8: error: could not build C module 'CSQLite'
1 | import CSQLite
| `- error: could not build C module 'CSQLite'
2 | import Foundation
3 |
[631/749] Compiling ArgumentParser ArgumentDiscussion.swift
<module-includes>:1:10: note: in file included from <module-includes>:1:
1 | #include "include/sqlite3_umbrella.h"
| `- note: in file included from <module-includes>:1:
2 |
/host/spi-builder-workspace/.build/checkouts/AgentSessions/Sources/CSQLite/include/sqlite3_umbrella.h:1:10: error: 'sqlite3.h' file not found
1 | #include <sqlite3.h>
| `- error: 'sqlite3.h' file not found
2 |
/host/spi-builder-workspace/.build/checkouts/AgentSessions/Sources/AgentSessions/Internal/SQLiteReader.swift:1:8: error: could not build C module 'CSQLite'
1 | import CSQLite
| `- error: could not build C module 'CSQLite'
2 | import Foundation
3 |
[632/749] Compiling ArgumentParser ArgumentHelp.swift
<module-includes>:1:10: note: in file included from <module-includes>:1:
1 | #include "include/sqlite3_umbrella.h"
| `- note: in file included from <module-includes>:1:
2 |
/host/spi-builder-workspace/.build/checkouts/AgentSessions/Sources/CSQLite/include/sqlite3_umbrella.h:1:10: error: 'sqlite3.h' file not found
1 | #include <sqlite3.h>
| `- error: 'sqlite3.h' file not found
2 |
/host/spi-builder-workspace/.build/checkouts/AgentSessions/Sources/AgentSessions/Internal/SQLiteReader.swift:1:8: error: could not build C module 'CSQLite'
1 | import CSQLite
| `- error: could not build C module 'CSQLite'
2 | import Foundation
3 |
[633/749] Compiling AgentSessions SessionReaderFactory.swift
<module-includes>:1:10: note: in file included from <module-includes>:1:
1 | #include "include/sqlite3_umbrella.h"
| `- note: in file included from <module-includes>:1:
2 |
/host/spi-builder-workspace/.build/checkouts/AgentSessions/Sources/CSQLite/include/sqlite3_umbrella.h:1:10: error: 'sqlite3.h' file not found
1 | #include <sqlite3.h>
| `- error: 'sqlite3.h' file not found
2 |
/host/spi-builder-workspace/.build/checkouts/AgentSessions/Sources/AgentSessions/Internal/SQLiteReader.swift:1:8: error: could not build C module 'CSQLite'
1 | import CSQLite
| `- error: could not build C module 'CSQLite'
2 | import Foundation
3 |
[634/749] Compiling AgentSessions SessionSummary.swift
<module-includes>:1:10: note: in file included from <module-includes>:1:
1 | #include "include/sqlite3_umbrella.h"
| `- note: in file included from <module-includes>:1:
2 |
/host/spi-builder-workspace/.build/checkouts/AgentSessions/Sources/CSQLite/include/sqlite3_umbrella.h:1:10: error: 'sqlite3.h' file not found
1 | #include <sqlite3.h>
| `- error: 'sqlite3.h' file not found
2 |
/host/spi-builder-workspace/.build/checkouts/AgentSessions/Sources/AgentSessions/Internal/SQLiteReader.swift:1:8: error: could not build C module 'CSQLite'
1 | import CSQLite
| `- error: could not build C module 'CSQLite'
2 | import Foundation
3 |
[635/749] Compiling AgentSessions UnifiedConversation.swift
<module-includes>:1:10: note: in file included from <module-includes>:1:
1 | #include "include/sqlite3_umbrella.h"
| `- note: in file included from <module-includes>:1:
2 |
/host/spi-builder-workspace/.build/checkouts/AgentSessions/Sources/CSQLite/include/sqlite3_umbrella.h:1:10: error: 'sqlite3.h' file not found
1 | #include <sqlite3.h>
| `- error: 'sqlite3.h' file not found
2 |
/host/spi-builder-workspace/.build/checkouts/AgentSessions/Sources/AgentSessions/Internal/SQLiteReader.swift:1:8: error: could not build C module 'CSQLite'
1 | import CSQLite
| `- error: could not build C module 'CSQLite'
2 | import Foundation
3 |
[636/749] Compiling ArgumentParser ArgumentVisibility.swift
<module-includes>:1:10: note: in file included from <module-includes>:1:
1 | #include "include/sqlite3_umbrella.h"
| `- note: in file included from <module-includes>:1:
2 |
/host/spi-builder-workspace/.build/checkouts/AgentSessions/Sources/CSQLite/include/sqlite3_umbrella.h:1:10: error: 'sqlite3.h' file not found
1 | #include <sqlite3.h>
| `- error: 'sqlite3.h' file not found
2 |
/host/spi-builder-workspace/.build/checkouts/AgentSessions/Sources/AgentSessions/Internal/SQLiteReader.swift:1:8: error: could not build C module 'CSQLite'
1 | import CSQLite
| `- error: could not build C module 'CSQLite'
2 | import Foundation
3 |
[637/749] Compiling ArgumentParser CompletionKind.swift
<module-includes>:1:10: note: in file included from <module-includes>:1:
1 | #include "include/sqlite3_umbrella.h"
| `- note: in file included from <module-includes>:1:
2 |
/host/spi-builder-workspace/.build/checkouts/AgentSessions/Sources/CSQLite/include/sqlite3_umbrella.h:1:10: error: 'sqlite3.h' file not found
1 | #include <sqlite3.h>
| `- error: 'sqlite3.h' file not found
2 |
/host/spi-builder-workspace/.build/checkouts/AgentSessions/Sources/AgentSessions/Internal/SQLiteReader.swift:1:8: error: could not build C module 'CSQLite'
1 | import CSQLite
| `- error: could not build C module 'CSQLite'
2 | import Foundation
3 |
<module-includes>:1:10: note: in file included from <module-includes>:1:
1 | #include "include/sqlite3_umbrella.h"
| `- note: in file included from <module-includes>:1:
2 |
/host/spi-builder-workspace/.build/checkouts/AgentSessions/Sources/CSQLite/include/sqlite3_umbrella.h:1:10: error: 'sqlite3.h' file not found
1 | #include <sqlite3.h>
| `- error: 'sqlite3.h' file not found
2 |
/host/spi-builder-workspace/.build/checkouts/AgentSessions/Sources/AgentSessions/Internal/SQLiteReader.swift:1:8: error: could not build C module 'CSQLite'
1 | import CSQLite
| `- error: could not build C module 'CSQLite'
2 | import Foundation
3 |
<module-includes>:1:10: note: in file included from <module-includes>:1:
1 | #include "include/sqlite3_umbrella.h"
| `- note: in file included from <module-includes>:1:
2 |
/host/spi-builder-workspace/.build/checkouts/AgentSessions/Sources/CSQLite/include/sqlite3_umbrella.h:1:10: error: 'sqlite3.h' file not found
1 | #include <sqlite3.h>
| `- error: 'sqlite3.h' file not found
2 |
/host/spi-builder-workspace/.build/checkouts/AgentSessions/Sources/AgentSessions/Internal/SQLiteReader.swift:1:8: error: could not build C module 'CSQLite'
1 | import CSQLite
| `- error: could not build C module 'CSQLite'
2 | import Foundation
3 |
[640/749] Emitting module ArgumentParser
[641/755] Compiling ArgumentParser ParentCommand.swift
[642/755] Compiling ArgumentParser AsyncParsableCommand.swift
[643/755] Compiling ArgumentParser CommandConfiguration.swift
[644/755] Compiling ArgumentParser CommandGroup.swift
[645/755] Compiling ArgumentParser EnumerableFlag.swift
[646/755] Compiling ArgumentParser ExpressibleByArgument.swift
[647/755] Compiling ArgumentParser ParsableArguments.swift
<module-includes>:1:10: note: in file included from <module-includes>:1:
1 | #include "include/sqlite3_umbrella.h"
| `- note: in file included from <module-includes>:1:
2 |
/host/spi-builder-workspace/.build/checkouts/AgentSessions/Sources/CSQLite/include/sqlite3_umbrella.h:1:10: error: 'sqlite3.h' file not found
1 | #include <sqlite3.h>
| `- error: 'sqlite3.h' file not found
2 |
/host/spi-builder-workspace/.build/checkouts/AgentSessions/Sources/AgentSessions/Internal/SQLiteReader.swift:1:8: error: could not build C module 'CSQLite'
1 | import CSQLite
| `- error: could not build C module 'CSQLite'
2 | import Foundation
3 |
<module-includes>:1:10: note: in file included from <module-includes>:1:
1 | #include "include/sqlite3_umbrella.h"
| `- note: in file included from <module-includes>:1:
2 |
/host/spi-builder-workspace/.build/checkouts/AgentSessions/Sources/CSQLite/include/sqlite3_umbrella.h:1:10: error: 'sqlite3.h' file not found
1 | #include <sqlite3.h>
| `- error: 'sqlite3.h' file not found
2 |
/host/spi-builder-workspace/.build/checkouts/AgentSessions/Sources/AgentSessions/Internal/SQLiteReader.swift:1:8: error: could not build C module 'CSQLite'
1 | import CSQLite
| `- error: could not build C module 'CSQLite'
2 | import Foundation
3 |
<module-includes>:1:10: note: in file included from <module-includes>:1:
1 | #include "include/sqlite3_umbrella.h"
| `- note: in file included from <module-includes>:1:
2 |
/host/spi-builder-workspace/.build/checkouts/AgentSessions/Sources/CSQLite/include/sqlite3_umbrella.h:1:10: error: 'sqlite3.h' file not found
1 | #include <sqlite3.h>
| `- error: 'sqlite3.h' file not found
2 |
/host/spi-builder-workspace/.build/checkouts/AgentSessions/Sources/AgentSessions/Internal/SQLiteReader.swift:1:8: error: could not build C module 'CSQLite'
1 | import CSQLite
| `- error: could not build C module 'CSQLite'
2 | import Foundation
3 |
[651/755] Compiling ArgumentParser ParsableCommand.swift
<module-includes>:1:10: note: in file included from <module-includes>:1:
1 | #include "include/sqlite3_umbrella.h"
| `- note: in file included from <module-includes>:1:
2 |
/host/spi-builder-workspace/.build/checkouts/AgentSessions/Sources/CSQLite/include/sqlite3_umbrella.h:1:10: error: 'sqlite3.h' file not found
1 | #include <sqlite3.h>
| `- error: 'sqlite3.h' file not found
2 |
/host/spi-builder-workspace/.build/checkouts/AgentSessions/Sources/AgentSessions/Internal/SQLiteReader.swift:1:8: error: could not build C module 'CSQLite'
1 | import CSQLite
| `- error: could not build C module 'CSQLite'
2 | import Foundation
3 |
[652/755] Compiling ArgumentParser Tree.swift
[653/755] Compiling ArgumentParser AsyncCompletionsValidator.swift
[654/755] Compiling ArgumentParser CodingKeyValidator.swift
[655/755] Compiling ArgumentParser NonsenseFlagsValidator.swift
[656/755] Compiling ArgumentParser ParsableArgumentsValidation.swift
[657/755] Compiling ArgumentParser PositionalArgumentsValidator.swift
[658/755] Compiling ArgumentParser UniqueNamesValidator.swift
[659/755] Compiling AsyncAlgorithms Rethrow.swift
[660/755] Compiling AsyncAlgorithms SetAlgebra.swift
[661/755] Compiling AsyncAlgorithms UnsafeTransfer.swift
[662/755] Compiling AsyncAlgorithms AsyncZip2Sequence.swift
[663/755] Compiling AsyncAlgorithms AsyncZip3Sequence.swift
[664/755] Compiling AsyncAlgorithms ZipStateMachine.swift
[665/755] Compiling AsyncAlgorithms ZipStorage.swift
[672/755] Compiling CryptoBoringWrapper RandomBytes.swift
[673/755] Emitting module CryptoBoringWrapper
[674/755] Compiling CryptoBoringWrapper BoringSSLAEAD.swift
[675/755] Compiling CryptoBoringWrapper FiniteFieldArithmeticContext.swift
[676/755] Compiling CryptoBoringWrapper EllipticCurve.swift
[677/755] Compiling ArgumentParser Name.swift
[678/755] Compiling ArgumentParser Parsed.swift
[679/755] Compiling ArgumentParser ParsedValues.swift
[683/755] Compiling CryptoBoringWrapper CryptoKitErrors_boring.swift
[684/755] Compiling CryptoBoringWrapper EllipticCurvePoint.swift
[685/755] Compiling CryptoBoringWrapper ArbitraryPrecisionInteger.swift
[693/756] Wrapping AST for CryptoBoringWrapper for debugging
error: emit-module command failed with exit code 1 (use -v to see invocation)
[695/756] Emitting module AgentSessions
<module-includes>:1:10: note: in file included from <module-includes>:1:
1 | #include "include/sqlite3_umbrella.h"
| `- note: in file included from <module-includes>:1:
2 |
/host/spi-builder-workspace/.build/checkouts/AgentSessions/Sources/CSQLite/include/sqlite3_umbrella.h:1:10: error: 'sqlite3.h' file not found
1 | #include <sqlite3.h>
| `- error: 'sqlite3.h' file not found
2 |
/host/spi-builder-workspace/.build/checkouts/AgentSessions/Sources/AgentSessions/Internal/SQLiteReader.swift:1:8: error: could not build C module 'CSQLite'
1 | import CSQLite
| `- error: could not build C module 'CSQLite'
2 | import Foundation
3 |
[696/827] Compiling Crypto X25519Keys_boring.swift
[697/827] Compiling Crypto Curve25519.swift
[698/827] Compiling Crypto Ed25519Keys.swift
[699/827] Compiling Crypto NISTCurvesKeys.swift
[700/827] Compiling Crypto HPKE-AEAD.swift
[701/827] Compiling Crypto HPKE-Ciphersuite.swift
[702/827] Compiling Crypto HashFunctions.swift
[703/827] Compiling Crypto HashFunctions_SHA2.swift
[704/827] Compiling Crypto X25519Keys.swift
[705/827] Compiling Crypto SymmetricKeys.swift
[706/827] Compiling Crypto HMAC.swift
[707/827] Compiling Crypto MACFunctions.swift
[708/827] Compiling Crypto ECDSASignature.swift
[709/827] Compiling Crypto PEMDocument.swift
[710/827] Compiling Crypto AES-GCM.swift
[711/827] Compiling Crypto AES-GCM_boring.swift
[712/827] Compiling Crypto ChaChaPoly_boring.swift
[713/827] Compiling Crypto ChaChaPoly.swift
[714/827] Compiling Crypto Cipher.swift
[715/827] Compiling Crypto Nonces.swift
[716/827] Compiling Crypto ASN1.swift
[717/827] Compiling Crypto ASN1Any.swift
[718/827] Compiling Crypto ASN1BitString.swift
[719/827] Compiling Crypto ASN1Boolean.swift
[720/827] Compiling Crypto PKCS8PrivateKey.swift
[721/827] Compiling Crypto SEC1PrivateKey.swift
[722/827] Compiling Crypto SubjectPublicKeyInfo.swift
[727/827] Compiling Crypto MessageAuthenticationCode.swift
[728/827] Compiling Crypto AES.swift
[729/827] Compiling Crypto ECDSASignature_boring.swift
[730/828] Wrapping AST for AsyncAlgorithms for debugging
[732/828] Compiling Crypto ObjectIdentifier.swift
[747/829] Compiling Crypto HPKE-Errors.swift
[748/829] Compiling Crypto HPKE.swift
[749/829] Compiling Crypto HPKE-Context.swift
[750/829] Compiling Crypto HPKE-KeySchedule.swift
[751/829] Compiling Crypto HPKE-Modes.swift
[752/829] Compiling Crypto Insecure.swift
[753/829] Compiling Crypto Insecure_HashFunctions.swift
[754/829] Compiling Crypto KEM.swift
[755/829] Compiling Crypto ECDH_boring.swift
[756/829] Compiling Crypto DH.swift
[759/829] Compiling Crypto HPKE-KDF.swift
[760/829] Compiling Crypto HPKE-KexKeyDerivation.swift
[761/829] Compiling Crypto HPKE-LabeledExtract.swift
[762/829] Compiling Crypto HPKE-Utils.swift
[763/829] Compiling Crypto DHKEM.swift
[764/829] Compiling Crypto HPKE-KEM-Curve25519.swift
[765/829] Compiling Crypto HPKE-NIST-EC-KEMs.swift
[766/829] Compiling Crypto HPKE-KEM.swift
[766/839] Wrapping AST for ArgumentParser for debugging
[768/839] Emitting module Crypto
[786/839] Compiling Crypto ECDSA_boring.swift
[787/839] Compiling Crypto EdDSA_boring.swift
[788/839] Compiling Crypto ECDSA.swift
[792/839] Compiling Crypto CryptoError_boring.swift
[793/839] Compiling Crypto CryptoKitErrors.swift
[794/839] Compiling Crypto Digest_boring.swift
[795/839] Compiling Crypto Digest.swift
[796/839] Compiling Crypto Digests.swift
[799/839] Compiling Crypto ASN1Identifier.swift
<module-includes>:1:10: note: in file included from <module-includes>:1:
1 | #include "include/sqlite3_umbrella.h"
| `- note: in file included from <module-includes>:1:
2 |
/host/spi-builder-workspace/.build/checkouts/AgentSessions/Sources/CSQLite/include/sqlite3_umbrella.h:1:10: error: 'sqlite3.h' file not found
1 | #include <sqlite3.h>
| `- error: 'sqlite3.h' file not found
2 |
/host/spi-builder-workspace/.build/checkouts/AgentSessions/Sources/AgentSessions/Internal/SQLiteReader.swift:1:8: error: could not build C module 'CSQLite'
1 | import CSQLite
| `- error: could not build C module 'CSQLite'
2 | import Foundation
3 |
[800/839] Compiling Crypto ASN1Integer.swift
<module-includes>:1:10: note: in file included from <module-includes>:1:
1 | #include "include/sqlite3_umbrella.h"
| `- note: in file included from <module-includes>:1:
2 |
/host/spi-builder-workspace/.build/checkouts/AgentSessions/Sources/CSQLite/include/sqlite3_umbrella.h:1:10: error: 'sqlite3.h' file not found
1 | #include <sqlite3.h>
| `- error: 'sqlite3.h' file not found
2 |
/host/spi-builder-workspace/.build/checkouts/AgentSessions/Sources/AgentSessions/Internal/SQLiteReader.swift:1:8: error: could not build C module 'CSQLite'
1 | import CSQLite
| `- error: could not build C module 'CSQLite'
2 | import Foundation
3 |
[801/839] Compiling Crypto ASN1Null.swift
<module-includes>:1:10: note: in file included from <module-includes>:1:
1 | #include "include/sqlite3_umbrella.h"
| `- note: in file included from <module-includes>:1:
2 |
/host/spi-builder-workspace/.build/checkouts/AgentSessions/Sources/CSQLite/include/sqlite3_umbrella.h:1:10: error: 'sqlite3.h' file not found
1 | #include <sqlite3.h>
| `- error: 'sqlite3.h' file not found
2 |
/host/spi-builder-workspace/.build/checkouts/AgentSessions/Sources/AgentSessions/Internal/SQLiteReader.swift:1:8: error: could not build C module 'CSQLite'
1 | import CSQLite
| `- error: could not build C module 'CSQLite'
2 | import Foundation
3 |
[802/839] Compiling Crypto ASN1OctetString.swift
<module-includes>:1:10: note: in file included from <module-includes>:1:
1 | #include "include/sqlite3_umbrella.h"
| `- note: in file included from <module-includes>:1:
2 |
/host/spi-builder-workspace/.build/checkouts/AgentSessions/Sources/CSQLite/include/sqlite3_umbrella.h:1:10: error: 'sqlite3.h' file not found
1 | #include <sqlite3.h>
| `- error: 'sqlite3.h' file not found
2 |
/host/spi-builder-workspace/.build/checkouts/AgentSessions/Sources/AgentSessions/Internal/SQLiteReader.swift:1:8: error: could not build C module 'CSQLite'
1 | import CSQLite
| `- error: could not build C module 'CSQLite'
2 | import Foundation
3 |
BUILD FAILURE 6.3 wasm