Build Information
Failed to build GoogleCloudRapidMigrationAssessmentV1, reference 0.5.0 (e7d39e), with Swift 6.2 for Android on 12 Oct 2026 02:04:22 UTC.
Build Command
bash -c docker run --pull=always --rm -v "checkouts-53886768-1":/host -w "$PWD" -e JAVA_HOME="/root/.sdkman/candidates/java/current" -e SPI_BUILD="1" -e SPI_PROCESSING="1" registry.gitlab.com/saguaro1/spi-images:android-6.2-latest swift build --swift-sdk aarch64-unknown-linux-android28 2>&1Build Log
========================================
RunAll
========================================
Builder version: 5.1.1
Interrupt handler set up.
========================================
Checkout
========================================
Clone URL: https://github.com/googleapis/swift-google-cloud-rapidmigrationassessment-v1.git
Reference: 0.5.0
Initialized empty Git repository in /host/spi-builder-workspace/.git/
hint: Using 'master' as the name for the initial branch. This default branch name
hint: is subject to change. To configure the initial branch name to use in all
hint: of your new repositories, which will suppress this warning, call:
hint:
hint: git config --global init.defaultBranch <name>
hint:
hint: Names commonly chosen instead of 'master' are 'main', 'trunk' and
hint: 'development'. The just-created branch can be renamed via this command:
hint:
hint: git branch -m <name>
From https://github.com/googleapis/swift-google-cloud-rapidmigrationassessment-v1
* tag 0.5.0 -> FETCH_HEAD
HEAD is now at e7d39e1 chore: release circa 2026-10-07 (#1382)
Cloned https://github.com/googleapis/swift-google-cloud-rapidmigrationassessment-v1.git
Revision (git rev-parse @):
e7d39e15c14abd815d4faa679660f7c9f47793eb
SPI manifest file found: $PWD/.spi.yml
SUCCESS checkout https://github.com/googleapis/swift-google-cloud-rapidmigrationassessment-v1.git at 0.5.0
========================================
Build
========================================
Selected platform: android
Swift version: 6.2
Building package at path: $PWD
https://github.com/googleapis/swift-google-cloud-rapidmigrationassessment-v1.git
Running build ...
bash -c docker run --pull=always --rm -v "checkouts-53886768-1":/host -w "$PWD" -e JAVA_HOME="/root/.sdkman/candidates/java/current" -e SPI_BUILD="1" -e SPI_PROCESSING="1" registry.gitlab.com/saguaro1/spi-images:android-6.2-latest swift build --swift-sdk aarch64-unknown-linux-android28 2>&1
android-6.2-latest: Pulling from saguaro1/spi-images
Digest: sha256:a839c9ce201f1dacc8eb056626ec7ab0a1c6d53d7b77c83feda395f4507c51be
Status: Image is up to date for registry.gitlab.com/saguaro1/spi-images:android-6.2-latest
Fetching https://github.com/googleapis/swift-google-longrunning
Fetching https://github.com/googleapis/swift-google-wkt
Fetching https://github.com/googleapis/swift-google-cloud-location
Fetching https://github.com/googleapis/swift-google-gax
Fetching https://github.com/apple/swift-log
Fetching https://github.com/googleapis/swift-google-rpc
[1/552] Fetching swift-google-cloud-location
[73/1575] Fetching swift-google-cloud-location, swift-google-wkt
[626/2194] Fetching swift-google-cloud-location, swift-google-wkt, swift-google-longrunning
[1052/3942] Fetching swift-google-cloud-location, swift-google-wkt, swift-google-longrunning, swift-google-gax
[3000/4364] Fetching swift-google-cloud-location, swift-google-wkt, swift-google-longrunning, swift-google-gax, swift-google-rpc
[4035/12621] Fetching swift-google-cloud-location, swift-google-wkt, swift-google-longrunning, swift-google-gax, swift-google-rpc, swift-log
Fetched https://github.com/googleapis/swift-google-wkt from cache (0.45s)
Fetched https://github.com/googleapis/swift-google-rpc from cache (0.45s)
Fetched https://github.com/googleapis/swift-google-gax from cache (0.45s)
Fetching https://github.com/googleapis/swift-google-auth
[1749/9428] Fetching swift-google-cloud-location, swift-google-longrunning, swift-log
Fetched https://github.com/googleapis/swift-google-cloud-location from cache (0.57s)
Fetched https://github.com/googleapis/swift-google-longrunning from cache (0.57s)
Fetched https://github.com/apple/swift-log from cache (0.57s)
[1/1023] Fetching swift-google-auth
Fetched https://github.com/googleapis/swift-google-auth from cache (0.45s)
Computing version for https://github.com/googleapis/swift-google-wkt
Computed https://github.com/googleapis/swift-google-wkt at 0.5.0 (1.06s)
Fetching https://github.com/swift-extras/swift-extras-base64
[1/954] Fetching swift-extras-base64
Fetched https://github.com/swift-extras/swift-extras-base64 from cache (0.44s)
Computing version for https://github.com/googleapis/swift-google-rpc
Computed https://github.com/googleapis/swift-google-rpc at 0.5.0 (0.61s)
Computing version for https://github.com/googleapis/swift-google-longrunning
Computed https://github.com/googleapis/swift-google-longrunning at 0.5.0 (0.17s)
Computing version for https://github.com/googleapis/swift-google-gax
Computed https://github.com/googleapis/swift-google-gax at 0.5.0 (0.17s)
Fetching https://github.com/apple/swift-nio
Fetching https://github.com/swift-server/async-http-client.git
[1/16464] Fetching async-http-client
[16465/102838] Fetching async-http-client, swift-nio
Fetched https://github.com/swift-server/async-http-client.git from cache (3.36s)
Fetched https://github.com/apple/swift-nio from cache (3.40s)
Computing version for https://github.com/googleapis/swift-google-cloud-location
Computed https://github.com/googleapis/swift-google-cloud-location at 0.5.0 (3.56s)
Computing version for https://github.com/googleapis/swift-google-auth
Computed https://github.com/googleapis/swift-google-auth at 0.5.0 (0.15s)
Fetching https://github.com/vapor/jwt-kit.git
Fetching https://github.com/apple/swift-system.git
[1/10254] Fetching jwt-kit
[617/17495] Fetching jwt-kit, swift-system
Fetched https://github.com/apple/swift-system.git from cache (0.89s)
Fetched https://github.com/vapor/jwt-kit.git from cache (0.90s)
Computing version for https://github.com/swift-extras/swift-extras-base64
Computed https://github.com/swift-extras/swift-extras-base64 at 1.2.0 (1.05s)
Computing version for https://github.com/swift-server/async-http-client.git
Computed https://github.com/swift-server/async-http-client.git at 1.36.2 (0.19s)
Fetching https://github.com/apple/swift-distributed-tracing.git
Fetching https://github.com/apple/swift-configuration.git
Fetching https://github.com/apple/swift-nio-extras.git
Fetching https://github.com/apple/swift-algorithms.git
Fetching https://github.com/apple/swift-nio-transport-services.git
Fetching https://github.com/apple/swift-service-context.git
[1/1501] Fetching swift-service-context
[152/4368] Fetching swift-service-context, swift-nio-transport-services
[1705/8296] Fetching swift-service-context, swift-nio-transport-services, swift-configuration
[1721/14847] Fetching swift-service-context, swift-nio-transport-services, swift-configuration, swift-distributed-tracing
[1751/21011] Fetching swift-service-context, swift-nio-transport-services, swift-configuration, swift-distributed-tracing, swift-algorithms
[2096/27714] Fetching swift-service-context, swift-nio-transport-services, swift-configuration, swift-distributed-tracing, swift-algorithms, swift-nio-extras
Fetched https://github.com/apple/swift-service-context.git from cache (0.44s)
[4570/26213] Fetching swift-nio-transport-services, swift-configuration, swift-distributed-tracing, swift-algorithms, swift-nio-extras
Fetching https://github.com/apple/swift-atomics.git
Fetched https://github.com/apple/swift-nio-transport-services.git from cache (0.49s)
[17786/23346] Fetching swift-configuration, swift-distributed-tracing, swift-algorithms, swift-nio-extras
Fetching https://github.com/apple/swift-nio-ssl.git
Fetched https://github.com/apple/swift-algorithms.git from cache (0.58s)
Fetching https://github.com/apple/swift-nio-http2.git
Fetched https://github.com/apple/swift-nio-extras.git from cache (0.60s)
Fetched https://github.com/apple/swift-configuration.git from cache (0.60s)
Fetched https://github.com/apple/swift-distributed-tracing.git from cache (0.60s)
[1/1889] Fetching swift-atomics
Fetched https://github.com/apple/swift-atomics.git from cache (0.52s)
[1/16880] Fetching swift-nio-ssl
[1183/29174] Fetching swift-nio-ssl, swift-nio-http2
Fetched https://github.com/apple/swift-nio-http2.git from cache (1.03s)
Fetched https://github.com/apple/swift-nio-ssl.git from cache (1.39s)
Computing version for https://github.com/apple/swift-service-context.git
Computed https://github.com/apple/swift-service-context.git at 1.3.0 (2.07s)
Computing version for https://github.com/apple/swift-algorithms.git
Computed https://github.com/apple/swift-algorithms.git at 1.2.1 (0.91s)
Fetching https://github.com/apple/swift-numerics.git
[1/6742] Fetching swift-numerics
Fetched https://github.com/apple/swift-numerics.git from cache (0.52s)
Computing version for https://github.com/apple/swift-log
Computed https://github.com/apple/swift-log at 1.16.1 (0.68s)
Computing version for https://github.com/apple/swift-distributed-tracing.git
Computed https://github.com/apple/swift-distributed-tracing.git at 1.5.0 (0.16s)
Computing version for https://github.com/apple/swift-atomics.git
Computed https://github.com/apple/swift-atomics.git at 1.3.1 (0.15s)
Computing version for https://github.com/apple/swift-numerics.git
Computed https://github.com/apple/swift-numerics.git at 1.1.1 (0.15s)
Computing version for https://github.com/apple/swift-nio
Computed https://github.com/apple/swift-nio at 2.104.0 (0.35s)
Fetching https://github.com/apple/swift-collections.git
[1/28703] Fetching swift-collections
Fetched https://github.com/apple/swift-collections.git from cache (1.50s)
Computing version for https://github.com/apple/swift-configuration.git
Computed https://github.com/apple/swift-configuration.git at 1.2.2 (2.31s)
Fetching https://github.com/swift-server/swift-service-lifecycle
[1/2867] Fetching swift-service-lifecycle
Fetched https://github.com/swift-server/swift-service-lifecycle from cache (0.46s)
Computing version for https://github.com/apple/swift-nio-transport-services.git
Computed https://github.com/apple/swift-nio-transport-services.git at 1.28.0 (0.62s)
Computing version for https://github.com/swift-server/swift-service-lifecycle
Computed https://github.com/swift-server/swift-service-lifecycle at 2.12.1 (0.15s)
Fetching https://github.com/apple/swift-async-algorithms.git
[1/6820] Fetching swift-async-algorithms
Fetched https://github.com/apple/swift-async-algorithms.git from cache (0.55s)
Computing version for https://github.com/apple/swift-async-algorithms.git
Computed https://github.com/apple/swift-async-algorithms.git at 1.1.7 (0.76s)
Computing version for https://github.com/apple/swift-collections.git
Computed https://github.com/apple/swift-collections.git at 1.7.2 (0.24s)
Computing version for https://github.com/apple/swift-nio-http2.git
Computed https://github.com/apple/swift-nio-http2.git at 1.46.0 (0.16s)
Computing version for https://github.com/vapor/jwt-kit.git
Computed https://github.com/vapor/jwt-kit.git at 5.7.1 (0.15s)
Fetching https://github.com/apple/swift-certificates.git
Fetching https://github.com/apple/swift-crypto.git
[1/18629] Fetching swift-crypto
[560/26242] Fetching swift-crypto, swift-certificates
Fetched https://github.com/apple/swift-certificates.git from cache (1.67s)
Fetched https://github.com/apple/swift-crypto.git from cache (1.68s)
Computing version for https://github.com/apple/swift-crypto.git
Computed https://github.com/apple/swift-crypto.git at 4.5.2 (2.30s)
Fetching https://github.com/apple/swift-asn1.git
[1/2009] Fetching swift-asn1
Fetched https://github.com/apple/swift-asn1.git from cache (0.42s)
Computing version for https://github.com/apple/swift-asn1.git
Computed https://github.com/apple/swift-asn1.git at 1.7.3 (0.61s)
Computing version for https://github.com/apple/swift-certificates.git
Computed https://github.com/apple/swift-certificates.git at 1.21.0 (0.21s)
Computing version for https://github.com/apple/swift-nio-ssl.git
Computed https://github.com/apple/swift-nio-ssl.git at 2.37.5 (0.19s)
Computing version for https://github.com/apple/swift-system.git
Computed https://github.com/apple/swift-system.git at 1.8.1 (0.18s)
Computing version for https://github.com/apple/swift-nio-extras.git
Computed https://github.com/apple/swift-nio-extras.git at 1.35.1 (0.27s)
Fetching https://github.com/apple/swift-http-types.git
Fetching https://github.com/apple/swift-http-structured-headers.git
[1/1939] Fetching swift-http-types
[1301/3192] Fetching swift-http-types, swift-http-structured-headers
Fetched https://github.com/apple/swift-http-structured-headers.git from cache (0.41s)
Fetched https://github.com/apple/swift-http-types.git from cache (0.41s)
Computing version for https://github.com/apple/swift-http-structured-headers.git
Computed https://github.com/apple/swift-http-structured-headers.git at 1.7.0 (0.58s)
Computing version for https://github.com/apple/swift-http-types.git
Computed https://github.com/apple/swift-http-types.git at 1.8.0 (0.19s)
Creating working copy for https://github.com/apple/swift-configuration.git
Working copy of https://github.com/apple/swift-configuration.git resolved at 1.2.2
Creating working copy for https://github.com/googleapis/swift-google-rpc
Working copy of https://github.com/googleapis/swift-google-rpc resolved at 0.5.0
Creating working copy for https://github.com/vapor/jwt-kit.git
Working copy of https://github.com/vapor/jwt-kit.git resolved at 5.7.1
Creating working copy for https://github.com/googleapis/swift-google-cloud-location
Working copy of https://github.com/googleapis/swift-google-cloud-location resolved at 0.5.0
Creating working copy for https://github.com/swift-extras/swift-extras-base64
Working copy of https://github.com/swift-extras/swift-extras-base64 resolved at 1.2.0
Creating working copy for https://github.com/apple/swift-async-algorithms.git
Working copy of https://github.com/apple/swift-async-algorithms.git resolved at 1.1.7
Creating working copy for https://github.com/apple/swift-nio-ssl.git
Working copy of https://github.com/apple/swift-nio-ssl.git resolved at 2.37.5
Creating working copy for https://github.com/googleapis/swift-google-wkt
Working copy of https://github.com/googleapis/swift-google-wkt resolved at 0.5.0
Creating working copy for https://github.com/apple/swift-numerics.git
Working copy of https://github.com/apple/swift-numerics.git resolved at 1.1.1
Creating working copy for https://github.com/googleapis/swift-google-auth
Working copy of https://github.com/googleapis/swift-google-auth resolved at 0.5.0
Creating working copy for https://github.com/apple/swift-algorithms.git
Working copy of https://github.com/apple/swift-algorithms.git resolved at 1.2.1
Creating working copy for https://github.com/apple/swift-nio
Working copy of https://github.com/apple/swift-nio resolved at 2.104.0
Creating working copy for https://github.com/apple/swift-nio-http2.git
Working copy of https://github.com/apple/swift-nio-http2.git resolved at 1.46.0
Creating working copy for https://github.com/googleapis/swift-google-gax
Working copy of https://github.com/googleapis/swift-google-gax resolved at 0.5.0
Creating working copy for https://github.com/apple/swift-system.git
Working copy of https://github.com/apple/swift-system.git resolved at 1.8.1
Creating working copy for https://github.com/apple/swift-nio-extras.git
Working copy of https://github.com/apple/swift-nio-extras.git resolved at 1.35.1
Creating working copy for https://github.com/apple/swift-asn1.git
Working copy of https://github.com/apple/swift-asn1.git resolved at 1.7.3
Creating working copy for https://github.com/apple/swift-certificates.git
Working copy of https://github.com/apple/swift-certificates.git resolved at 1.21.0
Creating working copy for https://github.com/apple/swift-service-context.git
Working copy of https://github.com/apple/swift-service-context.git resolved at 1.3.0
Creating working copy for https://github.com/googleapis/swift-google-longrunning
Working copy of https://github.com/googleapis/swift-google-longrunning resolved at 0.5.0
Creating working copy for https://github.com/swift-server/async-http-client.git
Working copy of https://github.com/swift-server/async-http-client.git resolved at 1.36.2
Creating working copy for https://github.com/apple/swift-http-types.git
Working copy of https://github.com/apple/swift-http-types.git resolved at 1.8.0
Creating working copy for https://github.com/apple/swift-crypto.git
Working copy of https://github.com/apple/swift-crypto.git resolved at 4.5.2
Creating working copy for https://github.com/apple/swift-http-structured-headers.git
Working copy of https://github.com/apple/swift-http-structured-headers.git resolved at 1.7.0
Creating working copy for https://github.com/apple/swift-nio-transport-services.git
Working copy of https://github.com/apple/swift-nio-transport-services.git resolved at 1.28.0
Creating working copy for https://github.com/apple/swift-atomics.git
Working copy of https://github.com/apple/swift-atomics.git resolved at 1.3.1
Creating working copy for https://github.com/apple/swift-log
Working copy of https://github.com/apple/swift-log resolved at 1.16.1
Creating working copy for https://github.com/apple/swift-collections.git
Working copy of https://github.com/apple/swift-collections.git resolved at 1.7.2
Creating working copy for https://github.com/swift-server/swift-service-lifecycle
Working copy of https://github.com/swift-server/swift-service-lifecycle resolved at 2.12.1
Creating working copy for https://github.com/apple/swift-distributed-tracing.git
Working copy of https://github.com/apple/swift-distributed-tracing.git resolved at 1.5.0
Building for debugging...
[0/954] Write sources
[24/954] Compiling thread_win.cc
[25/954] Compiling _NumericsShims _NumericsShims.c
[26/954] Write sources
[30/954] Compiling _AtomicsShims.c
[31/954] Write sources
[61/954] Compiling CXKCPShims shims.c
[62/954] Compiling SimpleFIPS202.c
[63/954] Compiling KeccakSponge.c
[64/954] Compiling pem_x509.cc
[65/954] Compiling pmbtoken.cc
[66/954] Compiling pem_oth.cc
[67/954] Compiling pem_pkey.cc
[67/954] Compiling pem_pk8.cc
[69/954] Compiling CNIOWindows shim.c
[70/954] Compiling CNIOWASI CNIOWASI.c
[70/954] Compiling CNIOWindows WSAStartup.c
[72/954] Compiling KeccakHash.c
[73/954] Write swift-version--11D90AFD9DD3AB2.txt
[74/954] Compiling pem_lib.cc
[75/954] Compiling CNIOPosix event_loop_id.c
[75/954] Compiling CNIOOpenBSD shim.c
[77/954] Compiling CNIOLinux liburing_shims.c
[78/954] Compiling CSystem shims.c
[79/954] Compiling CNIOLinux shim.c
[80/1019] Compiling CNIOLLHTTP c_nio_llhttp.c
[81/1019] Compiling KeccakP-1600-opt64.c
[83/1041] Emitting module SystemPackage
[84/1046] Compiling Logging SwiftLogNoOpLogHandler.swift
[85/1046] Compiling Logging Locks.swift
[86/1047] Compiling RealModule RealFunctions.swift
[87/1047] Emitting module RealModule
[88/1047] Compiling RealModule Float80+Real.swift
[89/1047] Compiling RealModule Float16+Real.swift
[90/1047] Compiling Logging LoggingSystem.swift
[91/1048] Compiling ServiceContextModule ServiceContextKey.swift
[92/1048] Compiling Logging Logger+With.swift
[94/1048] Compiling Logging LogEvent.swift
[95/1048] Compiling Logging LogHandler.swift
[96/1050] Compiling RealModule Real.swift
[97/1050] Compiling RealModule RelaxedArithmetic.swift
[98/1050] Compiling SystemPackage FilePathTempPosix.swift
[99/1050] Compiling SystemPackage FilePathTempWindows.swift
[100/1050] Compiling SystemPackage FilePathComponentView.swift
[101/1050] Compiling SystemPackage FilePathComponents.swift
[102/1050] Compiling SystemPackage FilePathParsing.swift
[103/1050] Compiling SystemPackage FilePathString.swift
[104/1050] Compiling SystemPackage FilePathSyntax.swift
[105/1050] Compiling Logging MultiplexLogHandler.swift
[106/1050] Compiling Logging StreamLogHandler.swift
[114/1050] Emitting module ServiceContextModule
[115/1050] Compiling ServiceContextModule ServiceContext.swift
[116/1051] Emitting module _NIOBase64
[117/1051] Compiling _NIODataStructures _TinyArray.swift
[118/1051] Compiling _NIOBase64 Base64.swift
[120/1052] Compiling SystemPackage SystemString.swift
[121/1052] Compiling SystemPackage Util+StringArray.swift
[122/1052] Compiling SystemPackage Util.swift
[123/1052] Compiling SystemPackage UtilConsumers.swift
[124/1052] Compiling SystemPackage WinSDK+Overlay.swift
[129/1052] Compiling Logging Logger+Attributes.swift
[133/1053] Emitting module _NIODataStructures
[134/1053] Compiling _NIODataStructures PriorityQueue.swift
[135/1053] Compiling _NIODataStructures Heap.swift
[136/1054] Emitting module _CertificateInternals
[137/1054] Compiling _CertificateInternals _TinyArray.swift
[140/1094] Wrapping AST for _NIOBase64 for debugging
[141/1094] Compiling Logging Logger.swift
[142/1094] Wrapping AST for _CertificateInternals for debugging
[143/1094] Wrapping AST for ServiceContextModule for debugging
[144/1094] Wrapping AST for RealModule for debugging
[145/1094] Wrapping AST for _NIODataStructures for debugging
[146/1094] Compiling CNIOLLHTTP c_nio_http.c
[147/1094] Compiling CNIOLLHTTP c_nio_api.c
[148/1094] Compiling CNIOFreeBSD shim.c
[150/1094] Emitting module SwiftASN1
[150/1094] Compiling CNIOExtrasZlib trees.c
[152/1094] Compiling Instrumentation MultiplexInstrument.swift
[152/1094] Compiling CNIOExtrasZlib zutil.c
[154/1094] Compiling Instrumentation NoOpInstrument.swift
[154/1094] Compiling CNIOExtrasZlib inftrees.c
[155/1094] Compiling CNIOExtrasZlib inffast.c
[157/1094] Compiling Instrumentation InstrumentationSystem.swift
[157/1094] Compiling CNIOExtrasZlib inflate.c
[159/1094] Compiling InternalCollectionsUtilities Integer rank.swift
[160/1094] Compiling InternalCollectionsUtilities UInt+first and last set bit.swift
[160/1094] Compiling CNIOExtrasZlib deflate.c
[161/1094] Compiling CNIOExtrasZlib adler32.c
[163/1094] Compiling InternalCollectionsUtilities Strideable+LimitHelpers.swift
[164/1094] Compiling InternalCollectionsUtilities String+Padding.swift
[165/1094] Compiling InternalCollectionsUtilities TemporaryAllocation.swift
[166/1094] Compiling InternalCollectionsUtilities _UnsafeBitSet+Index.swift
[167/1094] Compiling InternalCollectionsUtilities Iterable+CopyContents.swift
[168/1094] Compiling InternalCollectionsUtilities Iterable+Equality.swift
[169/1094] Compiling InternalCollectionsUtilities LifetimeOverride.swift
[170/1094] Compiling InternalCollectionsUtilities MutableRef.swift
[170/1097] Compiling CNIODarwin shim.c
[172/1097] Compiling InternalCollectionsUtilities UnsafeMutablePointer+Extras.swift
[173/1097] Compiling InternalCollectionsUtilities UnsafeMutableRawBufferPointer+Extras.swift
[174/1097] Compiling InternalCollectionsUtilities UnsafePointer+Extras.swift
[174/1097] Compiling CNIOExtrasZlib crc32.c
[175/1097] Compiling fiat_p256_adx_sqr.S
[177/1097] Compiling InternalCollectionsUtilities UnsafeRawBufferPointer+Extras.swift
[178/1097] Compiling InternalCollectionsUtilities _SortedCollection.swift
[179/1097] Compiling InternalCollectionsUtilities _UniqueCollection.swift
[179/1097] Compiling fiat_p256_adx_mul.S
[180/1097] Compiling CNIOBoringSSLShims shims.c
[181/1097] Compiling fiat_curve25519_adx_square.S
[182/1097] Compiling fiat_curve25519_adx_mul.S
[184/1097] Compiling InternalCollectionsUtilities FixedWidthInteger+roundUpToPowerOfTwo.swift
[187/1097] Compiling InternalCollectionsUtilities UInt+reversed.swift
[188/1097] Emitting module InternalCollectionsUtilities
[189/1097] Compiling InternalCollectionsUtilities MutableSpan+Extras.swift
[190/1097] Compiling InternalCollectionsUtilities OutputSpan+Extras.swift
[191/1097] Compiling InternalCollectionsUtilities RandomAccessCollection+Offsets.swift
[192/1097] Compiling InternalCollectionsUtilities Span+Extras.swift
[193/1097] Compiling InternalCollectionsUtilities BorrowingIteratorProtocol+Equality.swift
[194/1097] Compiling InternalCollectionsUtilities BorrowingIteratorProtocol+Extras.swift
[195/1097] Compiling InternalCollectionsUtilities Debugging.swift
[196/1097] Compiling InternalCollectionsUtilities Descriptions.swift
[196/1097] Compiling tls_record.cc
[198/1097] Compiling InternalCollectionsUtilities UnsafeBufferPointer+Extras.swift
[199/1097] Compiling InternalCollectionsUtilities UnsafeMutableBufferPointer+Extras.swift
[200/1097] Compiling Logging MetadataProvider.swift
[206/1097] Compiling Instrumentation Instrument.swift
[207/1097] Compiling Instrumentation Locks.swift
[208/1097] Emitting module Instrumentation
[210/1098] Compiling InternalCollectionsUtilities _UnsafeBitSet+_Word.swift
[211/1098] Compiling InternalCollectionsUtilities _UnsafeBitSet.swift
[212/1098] Emitting module Logging
[222/1099] Compiling ExtrasBase64 Base32+Span.swift
[223/1099] Compiling ExtrasBase64 Base32.swift
[239/1100] Compiling SystemPackage PlatformString.swift
[240/1100] Compiling SystemPackage Backcompat.swift
[241/1100] Compiling SystemPackage CInterop.swift
[242/1100] Compiling SystemPackage Constants.swift
[243/1100] Compiling SystemPackage Exports.swift
[244/1100] Compiling SystemPackage Mocking.swift
[249/1110] Compiling tls_method.cc
[251/1110] Wrapping AST for Logging for debugging
[252/1110] Wrapping AST for SwiftASN1 for debugging
[254/1110] Compiling Tracing InstrumentationSystem+Tracing.swift
[254/1110] Wrapping AST for Instrumentation for debugging
[255/1111] Wrapping AST for SystemPackage for debugging
[257/1111] Compiling Tracing TracerProtocol.swift
[258/1111] Compiling Tracing WithTracer.swift
[259/1111] Compiling Tracing Tracer.swift
[260/1115] Compiling Tracing TracerProtocol+Legacy.swift
[261/1115] Compiling Tracing TracingTime.swift
[262/1115] Compiling SpanPreview MutableSpan+InputSpanHelpers.swift
[263/1115] Compiling SpanPreview OutputSpan+InputSpanHelpers.swift
[264/1115] Emitting module SpanPreview
[265/1115] Compiling SpanPreview InputSpan.swift
[266/1116] Wrapping AST for InternalCollectionsUtilities for debugging
[268/1116] Compiling Tracing NoOpTracer.swift
[269/1116] Compiling Tracing SpanProtocol.swift
[270/1116] Emitting module Tracing
[272/1159] Compiling DequeModule RigidDeque+Descriptions.swift
[273/1159] Compiling DequeModule RigidDeque+Equatable.swift
[274/1159] Compiling DequeModule RigidDeque+Hashable.swift
[275/1159] Compiling DequeModule RigidDeque+Initializers.swift
[276/1159] Compiling DequeModule RigidDeque+Insertions.swift
[277/1159] Compiling DequeModule RigidDeque+Iterable.swift
[277/1163] Compiling tls13_server.cc
[278/1164] Wrapping AST for SpanPreview for debugging
[279/1164] Wrapping AST for Tracing for debugging
[281/1164] Compiling DequeModule UniqueDeque+Consumption.swift
[282/1164] Compiling DequeModule UniqueDeque+ContainerOperations.swift
[283/1164] Compiling DequeModule UniqueDeque+Deprecations.swift
[284/1164] Compiling DequeModule UniqueDeque+Descriptions.swift
[285/1164] Compiling DequeModule UniqueDeque+Equatable.swift
[286/1164] Compiling DequeModule UniqueDeque+Hashable.swift
[287/1164] Compiling DequeModule _DequeBuffer.swift
[288/1164] Compiling DequeModule _DequeBufferHeader.swift
[289/1164] Compiling DequeModule RigidDeque+Append.swift
[290/1164] Compiling DequeModule RigidDeque+Consumption.swift
[291/1164] Compiling DequeModule RigidDeque+ContainerOperations.swift
[292/1164] Compiling DequeModule RigidDeque+Deprecations.swift
[293/1164] Compiling DequeModule UniqueDeque+Initializers.swift
[294/1164] Compiling DequeModule UniqueDeque+Insertions.swift
[295/1164] Compiling DequeModule UniqueDeque+Iterable.swift
[296/1164] Compiling DequeModule UniqueDeque+Prepend.swift
[297/1164] Compiling DequeModule UniqueDeque+Removals.swift
[297/1164] Compiling tls13_both.cc
[299/1164] Compiling DequeModule RigidDeque+Prepend.swift
[300/1164] Compiling DequeModule RigidDeque+Removals.swift
[301/1164] Compiling DequeModule RigidDeque+Replacements.swift
[302/1164] Compiling DequeModule RigidDeque+Testing.swift
[303/1164] Compiling DequeModule RigidDeque.swift
[304/1164] Compiling DequeModule UniqueDeque+Append.swift
[304/1164] Compiling tls13_client.cc
[305/1164] Compiling tls13_enc.cc
[306/1164] Compiling t1_enc.cc
[308/1164] Compiling DequeModule Deque+Extras.swift
[309/1164] Compiling DequeModule Deque+Hashable.swift
[310/1164] Compiling DequeModule Deque+Testing.swift
[311/1164] Compiling DequeModule Deque._Storage.swift
[312/1164] Compiling DequeModule Deque._UnsafeHandle.swift
[313/1164] Compiling DequeModule Deque.swift
[314/1164] Compiling DequeModule Deque+Codable.swift
[315/1164] Compiling DequeModule Deque+Collection.swift
[316/1164] Compiling DequeModule Deque+CustomReflectable.swift
[317/1164] Compiling DequeModule Deque+Descriptions.swift
[318/1164] Compiling DequeModule Deque+Equatable.swift
[319/1164] Compiling DequeModule Deque+ExpressibleByArrayLiteral.swift
[319/1164] Compiling ssl_versions.cc
[320/1164] Compiling ssl_x509.cc
[321/1164] Compiling ssl_stat.cc
[322/1164] Compiling ssl_transcript.cc
[324/1164] Emitting module DequeModule
[324/1164] Compiling ssl_privkey.cc
[326/1164] Emitting module ExtrasBase64
[326/1164] Compiling ssl_session.cc
[328/1164] Compiling DequeModule UniqueDeque+Replacements.swift
[329/1164] Compiling DequeModule UniqueDeque.swift
[330/1164] Compiling DequeModule _DequeSlot.swift
[331/1164] Compiling DequeModule _UnsafeDequeHandle.swift
[332/1164] Compiling DequeModule _UnsafeDequeSegments.swift
[333/1165] Compiling ssl_key_share.cc
[334/1165] Compiling ssl_lib.cc
[335/1208] Wrapping AST for DequeModule for debugging
[336/1208] Compiling ssl_credential.cc
[337/1208] Compiling ssl_file.cc
[338/1208] Compiling ssl_cipher.cc
[340/1208] Compiling ExtrasBase64 Base64+Span.swift
[341/1208] Compiling ExtrasBase64 Base64.swift
[341/1209] Compiling ssl_cert.cc
[344/1209] Emitting module Configuration
[344/1214] Compiling ssl_buffer.cc
[346/1245] Compiling GoogleWKT WKTValue.swift
[347/1245] Compiling GoogleWKT WKTApi.swift
[348/1245] Compiling GoogleWKT WKTEnum.swift
[349/1245] Compiling GoogleWKT WKTEnumValue.swift
[350/1245] Compiling GoogleWKT WKTFloatValue.swift
[351/1245] Compiling GoogleWKT WKTInt32Value.swift
[351/1245] Compiling ssl_aead_ctx.cc
[352/1245] Compiling ssl_asn1.cc
[353/1245] Wrapping AST for ExtrasBase64 for debugging
[354/1245] Compiling s3_pkt.cc
[355/1245] Compiling s3_lib.cc
[356/1245] Compiling s3_both.cc
[357/1245] Compiling handshake_server.cc
[359/1245] Compiling GoogleWKT WKTStringValue.swift
[360/1245] Compiling GoogleWKT WKTTimestamp.swift
[361/1245] Compiling GoogleWKT WKTUInt32Value.swift
[362/1245] Compiling GoogleWKT WKTUInt64Value.swift
[363/1249] Compiling GoogleWKT WKTDoubleValue.swift
[364/1249] Compiling GoogleWKT WKTDuration.swift
[365/1249] Compiling GoogleWKT WKTEmpty.swift
[366/1249] Compiling GoogleWKT WKTFieldMask.swift
[367/1249] Compiling GoogleWKT UnknownFields.swift
[368/1249] Compiling GoogleWKT WKTAny.swift
[369/1249] Compiling GoogleWKT WKTAnyError.swift
[370/1249] Compiling GoogleWKT WKTBoolValue.swift
[371/1249] Compiling GoogleWKT WKTBytesValue.swift
[371/1249] Compiling handshake.cc
[373/1249] Compiling GoogleWKT WKTField.swift
[374/1249] Compiling GoogleWKT WKTMethod.swift
[375/1249] Compiling GoogleWKT WKTMixin.swift
[376/1249] Compiling GoogleWKT WKTOption.swift
[379/1249] Compiling GoogleWKT WKTInt64Value.swift
[380/1249] Compiling GoogleWKT WKTRecursive.swift
[384/1249] Compiling handoff.cc
[385/1249] Compiling handshake_client.cc
[396/1249] Compiling GoogleWKT WKTSourceContext.swift
[397/1249] Compiling GoogleWKT WKTSyntax.swift
[398/1249] Compiling GoogleWKT WKTType.swift
[399/1249] Compiling GoogleWKT PackageVersion.swift
[403/1249] Compiling Configuration CombineLatestManyStorage.swift
[404/1249] Compiling Configuration AsyncSequences.swift
[405/1249] Compiling Configuration FoundationExtensions.swift
[406/1249] Compiling Configuration Span.swift
[407/1249] Compiling Configuration ConfigBytesFromStringDecoder.swift
[412/1249] Compiling Configuration AsyncCombineLatestManySequence.swift
[413/1249] Compiling Configuration CombineLatestManyStateMachine.swift
[414/1249] Compiling Configuration JSONSnapshot.swift
[415/1249] Compiling Configuration PropertyListSnapshot.swift
[416/1249] Compiling Configuration ReloadingFileProvider.swift
[417/1249] Compiling Configuration ReloadingFileProviderMetrics.swift
[418/1249] Compiling Configuration YAMLSnapshot.swift
[419/1249] Compiling Configuration InMemoryProvider.swift
[420/1249] Emitting module GoogleWKT
[421/1249] Compiling GoogleWKT AnyPackable.swift
[422/1249] Compiling GoogleWKT DecodeToDefault.swift
[423/1249] Compiling GoogleWKT DiscoveryBase64.swift
[424/1249] Compiling GoogleWKT ProtoJSONDecoder.swift
[425/1249] Compiling GoogleWKT ProtoJSONEncoder.swift
[425/1250] Compiling encrypted_client_hello.cc
[427/1250] Compiling extensions.cc
[428/1265] Compiling dtls_record.cc
[429/1265] Wrapping AST for GoogleWKT for debugging
[431/1265] Compiling GoogleRpc LocalizedMessage.swift
[432/1265] Compiling GoogleRpc PackageVersion.swift
[433/1267] Compiling GoogleRpc HttpRequest.swift
[434/1267] Compiling GoogleRpc HttpResponse.swift
[435/1267] Compiling GoogleRpc Help.swift
[436/1267] Compiling GoogleRpc HttpHeader.swift
[437/1267] Compiling GoogleRpc DebugInfo.swift
[438/1267] Compiling GoogleRpc ErrorInfo.swift
[439/1267] Emitting module GoogleRpc
[440/1267] Compiling GoogleRpc BadRequest.swift
[441/1267] Compiling GoogleRpc Code.swift
[442/1267] Compiling GoogleRpc PreconditionFailure.swift
[443/1267] Compiling GoogleRpc QuotaFailure.swift
[444/1267] Compiling GoogleRpc RequestInfo.swift
[445/1267] Compiling GoogleRpc ResourceInfo.swift
[445/1267] Compiling dtls_method.cc
[447/1267] Compiling GoogleRpc RetryInfo.swift
[448/1267] Compiling GoogleRpc Status.swift
[448/1268] Compiling md5-x86_64-linux.S
[462/1269] Compiling md5-x86_64-apple.S
[464/1269] Compiling d1_srtp.cc
[465/1269] Compiling md5-586-linux.S
[466/1269] Compiling d1_pkt.cc
[467/1269] Wrapping AST for GoogleRpc for debugging
[468/1269] Compiling md5-586-apple.S
[469/1269] Compiling chacha20_poly1305_x86_64-apple.S
[470/1269] Compiling chacha20_poly1305_armv8-win.S
[471/1269] Compiling chacha20_poly1305_x86_64-linux.S
[472/1269] Wrapping AST for Configuration for debugging
[473/1269] Compiling chacha20_poly1305_armv8-apple.S
[474/1269] Compiling chacha-x86_64-linux.S
[475/1269] Compiling chacha-x86_64-apple.S
[476/1269] Compiling chacha20_poly1305_armv8-linux.S
[477/1269] Compiling chacha-x86-linux.S
[478/1269] Compiling chacha-x86-apple.S
[479/1269] Compiling chacha-armv8-win.S
[480/1269] Compiling d1_lib.cc
[481/1269] Compiling chacha-armv8-linux.S
[482/1269] Compiling aes128gcmsiv-x86_64-linux.S
[483/1269] Compiling chacha-armv4-linux.S
[483/1269] Compiling chacha-armv8-apple.S
[485/1269] Compiling aes128gcmsiv-x86_64-apple.S
[486/1269] Compiling x86_64-mont5-linux.S
[487/1269] Compiling x86_64-mont-apple.S
[488/1269] Compiling x86_64-mont-linux.S
[489/1269] Compiling x86_64-mont5-apple.S
[490/1269] Compiling x86-mont-apple.S
[491/1269] Compiling vpaes-x86_64-apple.S
[492/1269] Compiling x86-mont-linux.S
[493/1269] Compiling vpaes-x86-linux.S
[494/1269] Compiling bio_ssl.cc
[495/1269] Compiling vpaes-x86_64-linux.S
[496/1269] Compiling vpaes-x86-apple.S
[497/1269] Compiling vpaes-armv8-linux.S
[498/1269] Compiling vpaes-armv8-win.S
[499/1269] Compiling vpaes-armv8-apple.S
[500/1269] Compiling sha512-x86_64-linux.S
[501/1269] Compiling vpaes-armv7-linux.S
[502/1269] Compiling sha512-x86_64-apple.S
[503/1269] Compiling sha512-armv8-win.S
[504/1269] Compiling sha512-armv8-apple.S
[505/1269] Compiling sha512-586-linux.S
[506/1269] Compiling sha512-armv4-linux.S
[507/1269] Compiling sha512-586-apple.S
[508/1269] Compiling sha512-armv8-linux.S
[509/1269] Compiling sha256-x86_64-linux.S
[510/1269] Compiling sha256-x86_64-apple.S
[511/1269] Compiling sha256-armv8-win.S
[512/1269] Compiling d1_both.cc
[513/1269] Compiling err_data.cc
[513/1269] Compiling sha256-armv4-linux.S
[515/1269] Compiling sha256-armv8-apple.S
[516/1269] Compiling sha256-586-apple.S
[517/1269] Compiling sha256-586-linux.S
[518/1269] Compiling sha256-armv8-linux.S
[519/1269] Compiling sha1-armv8-apple.S
[520/1269] Compiling sha1-armv8-win.S
[521/1269] Compiling sha1-x86_64-linux.S
[522/1269] Compiling sha1-x86_64-apple.S
[522/1269] Compiling sha1-armv8-linux.S
[524/1269] Compiling sha1-armv4-large-linux.S
[525/1269] Compiling sha1-586-apple.S
[526/1269] Compiling sha1-586-linux.S
[527/1269] Compiling rsaz-avx2-linux.S
[528/1269] Compiling rdrand-x86_64-linux.S
[529/1269] Compiling p256_beeu-x86_64-asm-linux.S
[530/1269] Compiling rsaz-avx2-apple.S
[531/1269] Compiling p256_beeu-armv8-asm-win.S
[532/1269] Compiling rdrand-x86_64-apple.S
[533/1269] Compiling p256_beeu-armv8-asm-linux.S
[534/1269] Compiling p256_beeu-x86_64-asm-apple.S
[535/1269] Compiling p256-x86_64-asm-linux.S
[536/1269] Compiling p256_beeu-armv8-asm-apple.S
[537/1269] Compiling ghashv8-armv8-apple.S
[538/1269] Compiling p256-armv8-asm-win.S
[539/1269] Compiling ghashv8-armv8-win.S
[540/1269] Compiling p256-x86_64-asm-apple.S
[541/1269] Compiling p256-armv8-asm-apple.S
[542/1269] Compiling p256-armv8-asm-linux.S
[543/1269] Compiling ghash-x86_64-linux.S
[544/1269] Compiling ghashv8-armv8-linux.S
[545/1269] Compiling ghashv8-armv7-linux.S
[546/1269] Compiling ghash-x86-apple.S
[547/1269] Compiling ghash-x86-linux.S
[548/1269] Compiling ghash-ssse3-x86_64-linux.S
[549/1269] Compiling ghash-x86_64-apple.S
[550/1269] Compiling ghash-ssse3-x86_64-apple.S
[551/1269] Compiling ghash-neon-armv8-win.S
[552/1269] Compiling ghash-neon-armv8-apple.S
[553/1269] Compiling ghash-ssse3-x86-apple.S
[554/1269] Compiling co-586-linux.S
[555/1269] Compiling ghash-ssse3-x86-linux.S
[556/1269] Compiling ghash-armv4-linux.S
[556/1269] Compiling ghash-neon-armv8-linux.S
[558/1269] Compiling co-586-apple.S
[559/1269] Compiling bn-armv8-win.S
[560/1269] Compiling bsaes-armv7-linux.S
[561/1269] Compiling bn-armv8-apple.S
[562/1269] Compiling bn-586-linux.S
[563/1269] Compiling bn-armv8-linux.S
[564/1269] Compiling armv8-mont-win.S
[565/1269] Compiling bn-586-apple.S
[566/1269] Compiling armv8-mont-linux.S
[567/1269] Compiling armv8-mont-apple.S
[568/1269] Compiling armv4-mont-linux.S
[569/1269] Compiling aesv8-gcm-armv8-linux.S
[570/1269] Compiling aesv8-armv8-win.S
[571/1269] Compiling aesv8-gcm-armv8-win.S
[571/1269] Compiling aesv8-armv8-linux.S
[573/1269] Compiling aesv8-gcm-armv8-apple.S
[574/1269] Compiling aesni-x86_64-linux.S
[575/1269] Compiling aesv8-armv8-apple.S
[576/1269] Compiling aesv8-armv7-linux.S
[577/1269] Compiling aesni-x86_64-apple.S
[578/1269] Compiling aesni-x86-apple.S
[579/1269] Compiling aesni-x86-linux.S
[580/1269] Compiling aesni-gcm-x86_64-linux.S
[581/1269] Compiling aes-gcm-avx2-x86_64-apple.S
[582/1269] Compiling aesni-gcm-x86_64-apple.S
[583/1269] Compiling aes-gcm-avx2-x86_64-linux.S
[584/1269] Compiling aes-gcm-avx10-x86_64-linux.S
[585/1269] Compiling aes-gcm-avx10-x86_64-apple.S
[586/1269] Compiling x_spki.cc
[587/1269] Compiling x_req.cc
[588/1269] Compiling x_sig.cc
[589/1269] Compiling x_x509a.cc
[590/1269] Compiling x_pubkey.cc
[591/1269] Compiling x_val.cc
[592/1269] Compiling x_name.cc
[593/1269] Compiling x_x509.cc
[594/1269] Compiling x_crl.cc
[595/1269] Compiling x_exten.cc
[596/1269] Compiling x_algor.cc
[597/1269] Compiling x_attrib.cc
[598/1269] Compiling x509rset.cc
[599/1269] Compiling x_all.cc
[600/1269] Compiling x509spki.cc
[601/1269] Compiling x509name.cc
[602/1269] Compiling x509_v3.cc
[603/1269] Compiling x509cset.cc
[604/1269] Compiling x509_vpm.cc
[605/1269] Compiling x509_vfy.cc
[606/1269] Compiling x509_trs.cc
[607/1269] Compiling x509_req.cc
[608/1269] Compiling x509_set.cc
[609/1269] Compiling x509_txt.cc
[610/1269] Compiling x509_obj.cc
[611/1269] Compiling x509_lu.cc
[612/1269] Compiling x509_def.cc
[613/1269] Compiling x509_d2.cc
[614/1269] Compiling x509_ext.cc
[615/1269] Compiling x509_att.cc
[616/1269] Compiling x509.cc
[617/1269] Compiling x509_cmp.cc
[618/1269] Compiling v3_skey.cc
[619/1269] Compiling v3_prn.cc
[620/1269] Compiling v3_utl.cc
[621/1269] Compiling v3_ocsp.cc
[622/1269] Compiling v3_purp.cc
[623/1269] Compiling v3_pcons.cc
[624/1269] Compiling v3_pmaps.cc
[625/1269] Compiling v3_ncons.cc
[626/1269] Compiling v3_int.cc
[627/1269] Compiling v3_lib.cc
[628/1269] Compiling v3_extku.cc
[629/1269] Compiling v3_genn.cc
[630/1269] Compiling v3_ia5.cc
[631/1269] Compiling v3_info.cc
[632/1269] Compiling v3_enum.cc
[633/1269] Compiling v3_cpols.cc
[634/1269] Compiling v3_crld.cc
[635/1269] Compiling v3_bitst.cc
[636/1269] Compiling v3_conf.cc
[637/1269] Compiling v3_akeya.cc
[638/1269] Compiling v3_alt.cc
[639/1269] Compiling v3_akey.cc
[640/1269] Compiling v3_bcons.cc
[641/1269] Compiling t_x509.cc
[642/1269] Compiling t_x509a.cc
[643/1269] Compiling t_req.cc
[644/1269] Compiling t_crl.cc
[645/1269] Compiling i2d_pr.cc
[646/1269] Compiling name_print.cc
[647/1269] Compiling rsa_pss.cc
[648/1269] Compiling policy.cc
[649/1269] Compiling by_file.cc
[650/1269] Compiling by_dir.cc
[651/1269] Compiling asn1_gen.cc
[652/1269] Compiling thread_pthread.cc
[653/1269] Compiling algorithm.cc
[654/1269] Compiling a_sign.cc
[655/1269] Compiling trust_token.cc
[656/1269] Compiling a_verify.cc
[657/1269] Compiling voprf.cc
[658/1269] Compiling a_digest.cc
[659/1269] Compiling thread.cc
[660/1269] Compiling thread_none.cc
[661/1269] Compiling slhdsa.cc
[662/1269] Compiling siphash.cc
[663/1269] Compiling stack.cc
[664/1269] Compiling sha1.cc
[665/1269] Compiling sha512.cc
[666/1269] Compiling sha256.cc
[667/1269] Compiling spake2plus.cc
[668/1269] Compiling rsa_crypt.cc
[669/1269] Compiling rsa_print.cc
[670/1269] Compiling rsa_extra.cc
[671/1269] Compiling rc4.cc
[672/1269] Compiling urandom.cc
[673/1269] Compiling refcount.cc
[674/1269] Compiling rand.cc
[675/1269] Compiling windows.cc
[676/1269] Compiling rsa_asn1.cc
[677/1269] Compiling trusty.cc
[678/1269] Compiling passive.cc
[679/1269] Compiling poly1305_arm_asm.S
[680/1269] Compiling ios.cc
[681/1269] Compiling getentropy.cc
[682/1269] Compiling forkunsafe.cc
[683/1269] Compiling fork_detect.cc
[684/1269] Compiling poly1305_vec.cc
[685/1269] Compiling deterministic.cc
[686/1269] Compiling poly1305_arm.cc
[687/1269] Compiling poly1305.cc
[688/1269] Compiling pool.cc
[689/1269] Compiling pkcs8.cc
[690/1269] Compiling p5_pbev2.cc
[691/1269] Compiling pkcs7_x509.cc
[692/1269] Compiling pkcs7.cc
[693/1269] Compiling pem_info.cc
[694/1269] Compiling pkcs8_x509.cc
[695/1269] Compiling pem_xaux.cc
[696/1269] Compiling mem.cc
[697/1269] Compiling mlkem.cc
[698/1269] Compiling pem_all.cc
[699/1269] Compiling obj_xref.cc
[700/1269] Compiling mldsa.cc
[701/1269] Compiling poly_rq_mul.S
[702/1269] Compiling fips_shared_support.cc
[703/1269] Compiling md5.cc
[704/1269] Compiling md4.cc
[705/1269] Compiling obj.cc
[706/1269] Compiling lhash.cc
[707/1269] Compiling kyber.cc
[708/1269] Compiling ex_data.cc
[709/1269] Compiling hrss.cc
[710/1269] Compiling sign.cc
[711/1269] Compiling scrypt.cc
[712/1269] Compiling print.cc
[713/1269] Compiling hpke.cc
[714/1269] Compiling p_x25519.cc
[715/1269] Compiling pbkdf.cc
[716/1269] Compiling p_rsa.cc
[717/1269] Compiling p_x25519_asn1.cc
[718/1269] Compiling p_rsa_asn1.cc
[719/1269] Compiling p_ed25519.cc
[720/1269] Compiling p_ed25519_asn1.cc
[721/1269] Compiling p_hkdf.cc
[722/1269] Compiling p_ec_asn1.cc
[723/1269] Compiling p_ec.cc
[724/1269] Compiling p_dh_asn1.cc
[725/1269] Compiling p_dsa_asn1.cc
[726/1269] Compiling p_dh.cc
[727/1269] Compiling evp_ctx.cc
[728/1269] Compiling evp.cc
[729/1269] Compiling ecdh.cc
[730/1269] Compiling engine.cc
[731/1269] Compiling evp_asn1.cc
[732/1269] Compiling err.cc
[733/1269] Compiling ec_derive.cc
[734/1269] Compiling hash_to_curve.cc
[735/1269] Compiling dsa_asn1.cc
[736/1269] Compiling ecdsa_asn1.cc
[737/1269] Compiling ec_asn1.cc
[738/1269] Compiling dsa.cc
[739/1269] Compiling params.cc
[740/1269] Compiling digest_extra.cc
[741/1269] Compiling x25519-asm-arm.S
[742/1269] Compiling des.cc
[743/1269] Compiling dh_asn1.cc
[744/1269] Compiling curve25519_64_adx.cc
[745/1269] Compiling crypto.cc
[746/1269] Compiling bcm.cc
[747/1269] Compiling cpu_intel.cc
[748/1269] Compiling spake25519.cc
[749/1269] Compiling curve25519.cc
[750/1269] Compiling cpu_arm_linux.cc
[751/1269] Compiling cpu_arm_freebsd.cc
[752/1269] Compiling cpu_aarch64_win.cc
[753/1269] Compiling cpu_aarch64_apple.cc
[754/1269] Compiling cpu_aarch64_sysreg.cc
[755/1269] Compiling cpu_aarch64_linux.cc
[755/1269] Compiling cpu_aarch64_openbsd.cc
[757/1269] Compiling cpu_aarch64_fuchsia.cc
[758/1269] Compiling get_cipher.cc
[759/1269] Compiling conf.cc
[760/1269] Compiling tls_cbc.cc
[761/1269] Compiling e_tls.cc
[762/1269] Compiling e_rc4.cc
[763/1269] Compiling e_null.cc
[764/1269] Compiling e_des.cc
[765/1269] Compiling e_rc2.cc
[766/1269] Compiling e_aesgcmsiv.cc
[767/1269] Compiling e_chacha20poly1305.cc
[768/1269] Compiling e_aesctrhmac.cc
[769/1269] Compiling derive_key.cc
[770/1269] Compiling chacha.cc
[771/1269] Compiling cbb.cc
[772/1269] Compiling unicode.cc
[773/1269] Compiling ber.cc
[774/1269] Compiling buf.cc
[775/1269] Compiling cbs.cc
[776/1269] Compiling asn1_compat.cc
[777/1269] Compiling convert.cc
[778/1269] Compiling blake2.cc
[779/1269] Compiling pair.cc
[780/1269] Compiling bn_asn1.cc
[781/1269] Compiling socket_helper.cc
[782/1269] Compiling socket.cc
[783/1269] Compiling printf.cc
[784/1269] Compiling hexdump.cc
[785/1269] Compiling bio_mem.cc
[786/1269] Compiling file.cc
[787/1269] Compiling errno.cc
[788/1269] Compiling bio.cc
[789/1269] Compiling fd.cc
[790/1269] Compiling connect.cc
[791/1269] Compiling base64.cc
[792/1269] Compiling tasn_typ.cc
[793/1269] Compiling tasn_utl.cc
[794/1269] Compiling f_string.cc
[795/1269] Compiling tasn_fre.cc
[796/1269] Compiling tasn_enc.cc
[797/1269] Compiling tasn_new.cc
[798/1269] Compiling posix_time.cc
[799/1269] Compiling asn1_par.cc
[800/1269] Compiling f_int.cc
[801/1269] Compiling tasn_dec.cc
[802/1269] Compiling asn_pack.cc
[803/1269] Compiling a_time.cc
[804/1269] Compiling a_mbstr.cc
[805/1269] Compiling a_utctm.cc
[806/1269] Compiling a_strex.cc
[807/1269] Compiling asn1_lib.cc
[808/1269] Compiling a_type.cc
[809/1269] Compiling a_octet.cc
[810/1269] Compiling a_object.cc
[811/1269] Compiling a_strnid.cc
[812/1269] Compiling a_i2d_fp.cc
[813/1269] Compiling a_d2i_fp.cc
[814/1269] Compiling CGoogleGaxCRC32C CGoogleGaxCRC32C.c
[815/1269] Compiling a_dup.cc
[816/1269] Compiling a_int.cc
[817/1269] Compiling fiat_p256_adx_sqr.S
[818/1269] Compiling fiat_p256_adx_mul.S
[819/1269] Compiling a_bool.cc
[820/1269] Compiling fiat_curve25519_adx_square.S
[821/1269] Compiling fiat_curve25519_adx_mul.S
[822/1269] Compiling md5-x86_64-linux.S
[823/1269] Compiling md5-x86_64-apple.S
[824/1269] Compiling md5-586-apple.S
[825/1269] Compiling md5-586-linux.S
[826/1269] Compiling CCryptoBoringSSLShims shims.c
[827/1269] Compiling a_gentm.cc
[828/1269] Compiling chacha20_poly1305_x86_64-linux.S
[829/1269] Compiling chacha20_poly1305_x86_64-apple.S
[830/1269] Compiling a_bitstr.cc
[831/1269] Compiling chacha20_poly1305_armv8-win.S
[832/1269] Compiling chacha20_poly1305_armv8-apple.S
[833/1269] Compiling chacha-x86_64-linux.S
[834/1269] Compiling chacha-x86_64-apple.S
[835/1269] Compiling chacha-x86-linux.S
[836/1269] Compiling chacha-x86-apple.S
[837/1269] Compiling chacha20_poly1305_armv8-linux.S
[838/1269] Compiling chacha-armv8-win.S
[839/1269] Compiling chacha-armv4-linux.S
[840/1269] Compiling chacha-armv8-apple.S
[841/1269] Compiling chacha-armv8-linux.S
[842/1269] Compiling aes128gcmsiv-x86_64-linux.S
[843/1269] Compiling aes128gcmsiv-x86_64-apple.S
[844/1269] Compiling x86_64-mont-apple.S
[845/1269] Compiling x86_64-mont5-apple.S
[845/1269] Compiling x86_64-mont5-linux.S
[847/1269] Compiling x86_64-mont-linux.S
[848/1269] Compiling x86-mont-apple.S
[849/1269] Compiling x86-mont-linux.S
[850/1269] Compiling vpaes-x86_64-linux.S
[851/1269] Compiling vpaes-x86-linux.S
[852/1269] Compiling vpaes-x86_64-apple.S
[853/1269] Compiling vpaes-armv8-win.S
[854/1269] Compiling vpaes-x86-apple.S
[855/1269] Compiling vpaes-armv8-linux.S
[856/1269] Compiling vpaes-armv8-apple.S
[857/1269] Compiling sha512-x86_64-linux.S
[858/1269] Compiling vpaes-armv7-linux.S
[859/1269] Compiling sha512-x86_64-apple.S
[860/1269] Compiling sha512-armv8-win.S
[861/1269] Compiling sha512-586-linux.S
[862/1269] Compiling sha512-armv4-linux.S
[862/1269] Compiling sha512-armv8-linux.S
[864/1269] Compiling sha512-armv8-apple.S
[865/1269] Compiling sha512-586-apple.S
[866/1269] Compiling sha256-x86_64-apple.S
[867/1269] Compiling sha256-armv8-win.S
[868/1269] Compiling sha256-x86_64-linux.S
[869/1269] Compiling sha256-armv8-apple.S
[870/1269] Compiling sha256-armv8-linux.S
[871/1269] Compiling sha256-armv4-linux.S
[871/1269] Compiling sha256-586-linux.S
[873/1269] Compiling sha1-x86_64-linux.S
[874/1269] Compiling sha256-586-apple.S
[875/1269] Compiling sha1-x86_64-apple.S
[876/1269] Compiling sha1-armv8-win.S
[877/1269] Compiling sha1-armv8-apple.S
[878/1269] Compiling sha1-armv4-large-linux.S
[879/1269] Compiling sha1-586-linux.S
[880/1269] Compiling sha1-armv8-linux.S
[881/1269] Compiling sha1-586-apple.S
[882/1269] Compiling rsaz-avx2-linux.S
[883/1269] Compiling rsaz-avx2-apple.S
[884/1269] Compiling p256_beeu-x86_64-asm-linux.S
[885/1269] Compiling rdrand-x86_64-linux.S
[886/1269] Compiling rdrand-x86_64-apple.S
[887/1269] Compiling p256_beeu-x86_64-asm-apple.S
[888/1269] Compiling p256_beeu-armv8-asm-win.S
[889/1269] Compiling p256-x86_64-asm-linux.S
[890/1269] Compiling p256_beeu-armv8-asm-linux.S
[891/1269] Compiling p256_beeu-armv8-asm-apple.S
[892/1269] Compiling p256-armv8-asm-win.S
[893/1269] Compiling p256-x86_64-asm-apple.S
[894/1269] Compiling p256-armv8-asm-apple.S
[895/1269] Compiling ghashv8-armv8-win.S
[896/1269] Compiling ghashv8-armv8-linux.S
[897/1269] Compiling p256-armv8-asm-linux.S
[898/1269] Compiling ghashv8-armv7-linux.S
[899/1269] Compiling ghashv8-armv8-apple.S
[900/1269] Compiling ghash-x86_64-linux.S
[901/1269] Compiling ghash-x86_64-apple.S
[902/1269] Compiling ghash-x86-apple.S
[903/1269] Compiling ghash-x86-linux.S
[904/1269] Compiling err_data.cc
[905/1269] Compiling ghash-ssse3-x86_64-apple.S
[906/1269] Compiling ghash-ssse3-x86-linux.S
[907/1269] Compiling ghash-ssse3-x86_64-linux.S
[908/1269] Compiling ghash-neon-armv8-win.S
[909/1269] Compiling ghash-neon-armv8-linux.S
[910/1269] Compiling ghash-neon-armv8-apple.S
[911/1269] Compiling ghash-armv4-linux.S
[912/1269] Compiling ghash-ssse3-x86-apple.S
[913/1269] Compiling bsaes-armv7-linux.S
[914/1269] Compiling co-586-apple.S
[915/1269] Compiling co-586-linux.S
[916/1269] Compiling bn-armv8-win.S
[917/1269] Compiling bn-armv8-linux.S
[918/1269] Compiling bn-armv8-apple.S
[919/1269] Compiling bn-586-apple.S
[920/1269] Compiling armv8-mont-win.S
[921/1269] Compiling bn-586-linux.S
[922/1269] Compiling armv8-mont-linux.S
[923/1269] Compiling armv8-mont-apple.S
[924/1269] Compiling armv4-mont-linux.S
[925/1269] Compiling aesv8-gcm-armv8-win.S
[926/1269] Compiling aesv8-armv8-win.S
[927/1269] Compiling aesv8-gcm-armv8-apple.S
[928/1269] Compiling aesv8-armv8-apple.S
[929/1269] Compiling aesv8-gcm-armv8-linux.S
[930/1269] Compiling aesv8-armv7-linux.S
[931/1269] Compiling aesv8-armv8-linux.S
[932/1269] Compiling aesni-x86-linux.S
[933/1269] Compiling aesni-x86_64-linux.S
[934/1269] Compiling aesni-x86_64-apple.S
[935/1269] Compiling aesni-gcm-x86_64-linux.S
[936/1269] Compiling aesni-x86-apple.S
[937/1269] Compiling aesni-gcm-x86_64-apple.S
[938/1269] Compiling aes-gcm-avx512-x86_64-linux.S
[939/1269] Compiling aes-gcm-avx512-x86_64-apple.S
[940/1269] Compiling aes-gcm-avx2-x86_64-apple.S
[941/1269] Compiling aes-gcm-avx2-x86_64-linux.S
[942/1269] Compiling xwing.cc
[943/1269] Compiling x_spki.cc
[944/1269] Compiling x_sig.cc
[945/1269] Compiling x_req.cc
[946/1269] Compiling x_x509.cc
[947/1269] Compiling c-nioatomics.c
[948/1269] Compiling x_x509a.cc
[949/1269] Compiling x_pubkey.cc
[950/1269] Compiling c-atomics.c
[951/1269] Compiling x_algor.cc
[952/1269] Compiling x_exten.cc
[953/1276] Compiling x_name.cc
[954/1276] Compiling x_all.cc
[955/1276] Compiling x_attrib.cc
[957/1276] Compiling NIOConcurrencyHelpers NIOLock.swift
[958/1276] Compiling NIOConcurrencyHelpers NIOLockedValueBox.swift
[958/1276] Compiling x_crl.cc
[960/1276] Compiling NIOConcurrencyHelpers NIOAtomic.swift
[961/1276] Emitting module NIOConcurrencyHelpers
[962/1276] Compiling NIOConcurrencyHelpers NIOThreadPoolWorkAvailable.swift
[963/1276] Compiling NIOConcurrencyHelpers atomics.swift
[964/1276] Compiling NIOConcurrencyHelpers lock.swift
[965/1277] Compiling x509rset.cc
[966/1277] Wrapping AST for NIOConcurrencyHelpers for debugging
[967/1277] Compiling x509_vpm.cc
[968/1277] Compiling x509spki.cc
[969/1277] Compiling x509name.cc
[970/1277] Compiling x509_vfy.cc
[971/1277] Compiling x509cset.cc
[972/1277] Compiling x509_v3.cc
[973/1277] Compiling x509_txt.cc
[974/1277] Compiling x509_set.cc
[975/1277] Compiling x509_req.cc
[976/1277] Compiling x509_trs.cc
[977/1277] Compiling x509_def.cc
[978/1277] Compiling x509_ext.cc
[979/1277] Compiling x509_obj.cc
[980/1277] Compiling x509_lu.cc
[981/1277] Compiling x509_d2.cc
[982/1277] Compiling x509_att.cc
[983/1277] Compiling x509_cmp.cc
[984/1277] Compiling v3_skey.cc
[985/1277] Compiling x509.cc
[986/1277] Compiling v3_purp.cc
[987/1277] Compiling v3_utl.cc
[988/1277] Compiling v3_pmaps.cc
[989/1277] Compiling v3_prn.cc
[990/1277] Compiling v3_ncons.cc
[991/1277] Compiling v3_pcons.cc
[992/1277] Compiling v3_ocsp.cc
[993/1277] Compiling v3_lib.cc
[994/1277] Compiling v3_int.cc
[995/1277] Compiling v3_ia5.cc
[996/1277] Compiling v3_genn.cc
[997/1277] Compiling v3_info.cc
[998/1277] Compiling v3_extku.cc
[999/1277] Compiling v3_bitst.cc
[1000/1277] Compiling v3_cpols.cc
[1001/1277] Compiling v3_enum.cc
[1002/1277] Compiling v3_crld.cc
[1003/1277] Compiling v3_conf.cc
[1004/1277] Compiling v3_bcons.cc
[1005/1277] Compiling v3_alt.cc
[1006/1277] Compiling v3_akey.cc
[1007/1277] Compiling t_req.cc
[1008/1277] Compiling v3_akeya.cc
[1009/1277] Compiling t_x509a.cc
[1010/1277] Compiling t_crl.cc
[1011/1277] Compiling t_x509.cc
[1012/1277] Compiling i2d_pr.cc
[1013/1277] Compiling rsa_pss.cc
[1014/1277] Compiling policy.cc
[1015/1277] Compiling name_print.cc
[1016/1277] Compiling asn1_gen.cc
[1017/1277] Compiling by_file.cc
[1018/1277] Compiling by_dir.cc
[1019/1277] Compiling algorithm.cc
[1020/1277] Compiling a_sign.cc
[1021/1277] Compiling voprf.cc
[1022/1277] Compiling a_verify.cc
[1023/1277] Compiling a_digest.cc
[1024/1277] Compiling thread_win.cc
[1025/1277] Compiling thread_pthread.cc
[1026/1277] Compiling trust_token.cc
[1027/1277] Compiling thread.cc
[1028/1277] Compiling stack.cc
[1029/1277] Compiling thread_none.cc
[1030/1277] Compiling sha512.cc
[1031/1277] Compiling sha256.cc
[1032/1277] Compiling siphash.cc
[1033/1277] Compiling sha1.cc
[1034/1277] Compiling pmbtoken.cc
[1035/1277] Compiling rsa_extra.cc
[1036/1277] Compiling rsa_print.cc
[1037/1277] Compiling spake2plus.cc
[1038/1277] Compiling slhdsa.cc
[1039/1277] Compiling refcount.cc
[1040/1277] Compiling rsa_crypt.cc
[1041/1277] Compiling urandom.cc
[1042/1277] Compiling rc4.cc
[1043/1277] Compiling ios.cc
[1044/1277] Compiling windows.cc
[1045/1277] Compiling rand.cc
[1046/1277] Compiling getentropy.cc
[1047/1277] Compiling trusty.cc
[1048/1277] Compiling forkunsafe.cc
[1049/1277] Compiling poly1305_arm_asm.S
[1050/1277] Compiling rsa_asn1.cc
[1051/1277] Compiling poly1305_vec.cc
[1052/1277] Compiling passive.cc
[1053/1277] Compiling deterministic.cc
[1054/1277] Compiling fork_detect.cc
[1055/1277] Compiling pkcs8_x509.cc
[1056/1277] Compiling poly1305.cc
[1057/1277] Compiling poly1305_arm.cc
[1058/1277] Compiling pool.cc
[1059/1277] Compiling pkcs8.cc
[1060/1277] Compiling pkcs7.cc
[1061/1277] Compiling pem_x509.cc
[1062/1277] Compiling p5_pbev2.cc
[1063/1277] Compiling pem_xaux.cc
[1064/1277] Compiling pem_pkey.cc
[1065/1277] Compiling pem_pk8.cc
[1066/1277] Compiling pkcs7_x509.cc
[1067/1277] Compiling pem_oth.cc
[1068/1277] Compiling obj_xref.cc
[1069/1277] Compiling mlkem.cc
[1070/1277] Compiling pem_lib.cc
[1071/1277] Compiling mldsa.cc
[1072/1277] Compiling pem_info.cc
[1073/1277] Compiling obj.cc
[1074/1277] Compiling poly_rq_mul.S
[1075/1277] Compiling pem_all.cc
[1076/1277] Compiling mem.cc
[1077/1277] Compiling hrss.cc
[1078/1277] Compiling fips_shared_support.cc
[1079/1277] Compiling fuzzer_mode.cc
[1080/1277] Compiling lhash.cc
[1081/1277] Compiling md5.cc
[1082/1277] Compiling kyber.cc
[1083/1277] Compiling md4.cc
[1084/1277] Compiling ex_data.cc
[1085/1277] Compiling print.cc
[1086/1277] Compiling scrypt.cc
[1087/1277] Compiling hpke.cc
[1088/1277] Compiling sign.cc
[1089/1277] Compiling pbkdf.cc
[1090/1277] Compiling p_rsa_asn1.cc
[1091/1277] Compiling p_x25519.cc
[1092/1277] Compiling p_rsa.cc
[1093/1277] Compiling p_x25519_asn1.cc
[1094/1277] Compiling p_hkdf.cc
[1095/1277] Compiling p_ed25519_asn1.cc
[1096/1277] Compiling p_ed25519.cc
[1097/1277] Compiling p_ec_asn1.cc
[1098/1277] Compiling p_ec.cc
[1099/1277] Compiling p_dsa_asn1.cc
[1100/1277] Compiling p_dh_asn1.cc
[1101/1277] Compiling p_dh.cc
[1102/1277] Compiling err.cc
[1103/1277] Compiling evp_ctx.cc
[1104/1277] Compiling ecdsa_p1363.cc
[1105/1277] Compiling evp_asn1.cc
[1106/1277] Compiling engine.cc
[1107/1277] Compiling evp.cc
[1108/1277] Compiling ecdh.cc
[1109/1277] Compiling ecdsa_asn1.cc
[1110/1277] Compiling hash_to_curve.cc
[1111/1277] Compiling ec_derive.cc
[1112/1277] Compiling dh_asn1.cc
[1113/1277] Compiling dsa.cc
[1114/1277] Compiling params.cc
[1115/1277] Compiling dsa_asn1.cc
[1116/1277] Compiling x25519-asm-arm.S
[1117/1277] Compiling ec_asn1.cc
[1118/1277] Compiling digest_extra.cc
[1119/1277] Compiling des.cc
[1120/1277] Compiling curve25519_64_adx.cc
[1121/1277] Compiling spake25519.cc
[1122/1277] Compiling curve25519.cc
[1123/1277] Compiling cpu_intel.cc
[1124/1277] Compiling crypto.cc
[1125/1277] Compiling cpu_arm_linux.cc
[1126/1277] Compiling cpu_aarch64_apple.cc
[1127/1277] Compiling cpu_aarch64_win.cc
[1128/1277] Compiling cpu_arm_freebsd.cc
[1129/1277] Compiling cpu_aarch64_openbsd.cc
[1130/1277] Compiling cpu_aarch64_sysreg.cc
[1131/1277] Compiling cpu_aarch64_linux.cc
[1132/1277] Compiling cpu_aarch64_fuchsia.cc
[1133/1277] Compiling tls_cbc.cc
[1134/1277] Compiling conf.cc
[1135/1277] Compiling get_cipher.cc
[1136/1277] Compiling e_tls.cc
[1137/1277] Compiling e_rc2.cc
[1138/1277] Compiling e_rc4.cc
[1139/1277] Compiling cms.cc
[1140/1277] Compiling e_null.cc
[1141/1277] Compiling e_des.cc
[1142/1277] Compiling e_aesgcmsiv.cc
[1143/1277] Compiling e_chacha20poly1305.cc
[1144/1277] Compiling e_aesctrhmac.cc
[1145/1277] Compiling chacha.cc
[1146/1277] Compiling derive_key.cc
[1147/1277] Compiling e_aeseax.cc
[1148/1277] Compiling cbb.cc
[1149/1277] Compiling buf.cc
[1150/1277] Compiling unicode.cc
[1151/1277] Compiling sqrt.cc
[1152/1277] Compiling asn1_compat.cc
[1153/1277] Compiling exponentiation.cc
[1154/1277] Compiling cbs.cc
[1155/1277] Compiling ber.cc
[1156/1277] Compiling div.cc
[1157/1277] Compiling bn_asn1.cc
[1158/1277] Compiling convert.cc
[1159/1277] Compiling blake2.cc
[1160/1277] Compiling printf.cc
[1161/1277] Compiling hexdump.cc
[1162/1277] Compiling pair.cc
[1163/1277] Compiling file.cc
[1164/1277] Compiling bio_mem.cc
[1165/1277] Compiling errno.cc
[1166/1277] Compiling fd.cc
[1167/1277] Compiling base64.cc
[1168/1277] Compiling bio.cc
[1169/1277] Compiling tasn_utl.cc
[1170/1277] Compiling tasn_typ.cc
[1171/1277] Compiling tasn_fre.cc
[1172/1277] Compiling tasn_enc.cc
[1173/1277] Compiling posix_time.cc
[1174/1277] Compiling tasn_new.cc
[1175/1277] Compiling f_string.cc
[1176/1277] Compiling tasn_dec.cc
[1177/1277] Compiling f_int.cc
[1178/1277] Compiling bcm.cc
[1179/1277] Compiling asn_pack.cc
[1180/1277] Compiling asn1_par.cc
[1181/1277] Compiling a_type.cc
[1182/1277] Compiling asn1_lib.cc
[1183/1277] Compiling a_utctm.cc
[1184/1277] Compiling a_time.cc
[1185/1277] Compiling a_octet.cc
[1186/1277] Compiling a_strnid.cc
[1187/1277] Compiling a_i2d_fp.cc
[1188/1277] Compiling a_strex.cc
[1189/1277] Compiling a_object.cc
[1190/1277] Compiling a_dup.cc
[1191/1277] Compiling CAsyncHTTPClient CAsyncHTTPClient.c
[1191/1277] Write sources
[1195/1295] Compiling a_int.cc
[1196/1295] Compiling a_mbstr.cc
[1197/1307] Compiling a_gentm.cc
[1199/1320] Compiling Algorithms EitherSequence.swift
[1200/1320] Compiling Algorithms FirstNonNil.swift
[1200/1322] Compiling a_d2i_fp.cc
[1202/1322] Compiling Algorithms Partition.swift
[1203/1322] Compiling Algorithms Permutations.swift
[1204/1322] Compiling Algorithms Indexed.swift
[1205/1322] Compiling Algorithms Intersperse.swift
[1206/1322] Compiling Algorithms Joined.swift
[1207/1322] Compiling Algorithms Keyed.swift
[1207/1322] Compiling aes.cc
[1209/1322] Compiling Atomics IntegerOperations.swift
[1210/1322] Compiling Atomics Unmanaged extensions.swift
[1211/1322] Compiling Algorithms AdjacentPairs.swift
[1212/1322] Compiling Algorithms Chain.swift
[1213/1322] Compiling Algorithms Chunked.swift
[1214/1322] Compiling Algorithms MinMax.swift
[1215/1322] Compiling Algorithms FlattenCollection.swift
[1216/1322] Compiling Algorithms Grouped.swift
[1216/1322] Compiling a_bool.cc
[1217/1322] Compiling a_bitstr.cc
[1219/1330] Compiling Algorithms Split.swift
[1220/1330] Compiling Algorithms Stride.swift
[1221/1330] Compiling Algorithms Suffix.swift
[1223/1333] Compiling Algorithms Reductions.swift
[1224/1333] Compiling Algorithms Rotate.swift
[1235/1333] Compiling Algorithms Compacted.swift
[1236/1333] Compiling Algorithms Cycle.swift
[1239/1333] Compiling Algorithms Trim.swift
[1240/1333] Compiling Algorithms Unique.swift
[1241/1333] Compiling Algorithms Windows.swift
[1242/1333] Compiling CryptoBoringWrapper RandomBytes.swift
[1243/1333] Compiling CryptoBoringWrapper CryptoKitErrors_boring.swift
[1244/1333] Compiling CryptoBoringWrapper FiniteFieldArithmeticContext.swift
[1245/1333] Compiling CryptoBoringWrapper BoringSSLAEAD.swift
[1249/1333] Compiling Algorithms Combinations.swift
[1250/1333] Emitting module Atomics
[1251/1333] Compiling CryptoBoringWrapper EllipticCurvePoint.swift
[1252/1333] Compiling CryptoBoringWrapper ArbitraryPrecisionInteger.swift
[1253/1333] Emitting module CryptoBoringWrapper
[1254/1333] Compiling CryptoBoringWrapper EllipticCurve.swift
[1258/1335] Wrapping AST for CryptoBoringWrapper for debugging
[1260/1374] Wrapping AST for Atomics for debugging
[1262/1483] Emitting module Algorithms
[1263/1484] Wrapping AST for Algorithms for debugging
[1265/1484] Compiling NIOCore NIOCoreSendableMetatype.swift
[1266/1484] Compiling NIOCore NIODecodedAsyncSequence.swift
[1267/1484] Compiling NIOCore NIOLoopBound.swift
[1268/1484] Compiling NIOCore NIOPooledRecvBufferAllocator.swift
[1269/1484] Compiling NIOCore NIOScheduledCallback.swift
[1270/1484] Compiling NIOCore NIOSendable.swift
[1271/1484] Compiling NIOCore NIOSplitLinesMessageDecoder.swift
[1272/1484] Compiling NIOCore NIOTransportAccessibleChannelCore.swift
[1273/1484] Compiling NIOCore RecvByteBufferAllocator.swift
[1274/1492] Compiling NIOCore EventLoopFuture+Deprecated.swift
[1275/1492] Compiling NIOCore EventLoopFuture+WithEventLoop.swift
[1276/1492] Compiling NIOCore EventLoopFuture.swift
[1277/1492] Compiling NIOCore FileDescriptor.swift
[1278/1492] Compiling NIOCore FileHandle.swift
[1279/1492] Compiling NIOCore FileRegion.swift
[1280/1492] Compiling NIOCore GlobalSingletons.swift
[1281/1492] Compiling NIOCore IO.swift
[1282/1492] Compiling NIOCore IOData.swift
[1286/1503] Compiling NIOCore IPProtocol.swift
[1287/1503] Compiling NIOCore IntegerBitPacking.swift
[1288/1503] Compiling NIOCore IntegerTypes.swift
[1289/1503] Compiling NIOCore Interfaces.swift
[1290/1503] Compiling NIOCore Linux.swift
[1291/1503] Compiling NIOCore MarkedCircularBuffer.swift
[1292/1503] Compiling NIOCore MulticastChannel.swift
[1293/1503] Compiling NIOCore NIOAny.swift
[1294/1503] Compiling NIOCore NIOCloseOnErrorHandler.swift
[1304/1503] Compiling NIOCore AddressedEnvelope.swift
[1305/1503] Compiling NIOCore AsyncAwaitSupport.swift
[1306/1503] Compiling NIOCore AsyncChannel.swift
[1307/1503] Compiling NIOCore AsyncChannelHandler.swift
[1308/1503] Compiling NIOCore AsyncChannelInboundStream.swift
[1309/1503] Compiling NIOCore AsyncChannelOutboundWriter.swift
[1310/1503] Compiling NIOCore NIOAsyncSequenceProducer.swift
[1311/1503] Compiling NIOCore NIOAsyncSequenceProducerStrategies.swift
[1312/1503] Compiling NIOCore NIOAsyncWriter.swift
[1313/1503] Compiling NIOCore NIOThrowingAsyncSequenceProducer.swift
[1314/1503] Compiling NIOCore BSDSocketAPI.swift
[1315/1503] Compiling NIOCore ByteBuffer-aux.swift
[1319/1503] Compiling NIOCore SingleStepByteToMessageDecoder.swift
[1320/1503] Compiling NIOCore SocketAddresses.swift
[1321/1503] Compiling NIOCore SocketOptionProvider.swift
[1322/1503] Compiling NIOCore SystemCallHelpers.swift
[1323/1503] Compiling NIOCore TimeAmount+Duration.swift
[1324/1503] Compiling NIOCore TypeAssistedChannelHandler.swift
[1325/1503] Compiling NIOCore UniversalBootstrapSupport.swift
[1326/1503] Compiling NIOCore Utilities.swift
[1327/1503] Compiling Crypto ASN1Null.swift
[1328/1503] Compiling Crypto ASN1OctetString.swift
[1329/1503] Compiling Crypto ASN1Strings.swift
[1330/1503] Compiling Crypto ArraySliceBigint.swift
[1331/1503] Compiling Crypto GeneralizedTime.swift
[1332/1503] Compiling Crypto ObjectIdentifier.swift
[1333/1503] Compiling Crypto ECDSASignature.swift
[1334/1503] Compiling Crypto PEMDocument.swift
[1335/1503] Compiling Crypto PKCS8PrivateKey.swift
[1336/1503] Compiling Crypto SEC1PrivateKey.swift
[1337/1503] Compiling Crypto SubjectPublicKeyInfo.swift
[1338/1503] Compiling Crypto CryptoError_boring.swift
[1339/1503] Compiling NIOCore EventLoop+SerialExecutor.swift
[1340/1503] Compiling NIOCore EventLoop.swift
[1341/1503] Compiling NIOCore EventLoopFuture+AssumeIsolated.swift
[1342/1503] Compiling NIOCore ByteBuffer-multi-int.swift
[1343/1503] Compiling NIOCore ByteBuffer-quicBinaryEncodingStrategy.swift
[1344/1503] Compiling NIOCore ByteBuffer-views.swift
[1345/1503] Compiling NIOCore Channel.swift
[1346/1503] Compiling NIOCore ChannelHandler.swift
[1347/1503] Compiling NIOCore ChannelHandlers.swift
[1348/1503] Compiling NIOCore ChannelInvoker.swift
[1349/1503] Compiling NIOCore ChannelOption.swift
[1350/1503] Compiling NIOCore ChannelPipeline.swift
[1351/1503] Compiling NIOCore ByteBuffer-binaryEncodedLengthPrefix.swift
[1352/1503] Compiling NIOCore ByteBuffer-conversions.swift
[1353/1503] Compiling NIOCore ByteBuffer-core.swift
[1354/1503] Compiling NIOCore ByteBuffer-hex.swift
[1355/1503] Compiling NIOCore ByteBuffer-int.swift
[1356/1503] Compiling NIOCore ByteBuffer-lengthPrefix.swift
[1357/1503] Compiling NIOCore CircularBuffer.swift
[1358/1503] Compiling NIOCore Codec.swift
[1359/1503] Compiling NIOCore ConvenienceOptionSupport.swift
[1360/1503] Compiling NIOCore DeadChannel.swift
[1361/1503] Compiling NIOCore DispatchQueue+WithFuture.swift
[1362/1503] Compiling NIOCore EventLoop+Deprecated.swift
[1363/1503] Emitting module Crypto
[1385/1503] Compiling Crypto Signature.swift
[1386/1503] Compiling Crypto CryptoKitErrors_boring.swift
[1387/1503] Compiling Crypto Optional+withUnsafeBytes_boring.swift
[1388/1503] Compiling Crypto RNG_boring.swift
[1389/1503] Compiling Crypto SafeCompare_boring.swift
[1390/1503] Compiling Crypto Zeroization_boring.swift
[1391/1503] Compiling Crypto _CryptoModuleAnchor.swift
[1392/1503] Compiling Crypto PrettyBytes.swift
[1393/1503] Compiling Crypto SafeCompare.swift
[1394/1503] Compiling Crypto SecureBytes.swift
[1395/1503] Compiling Crypto Zeroization.swift
[1396/1504] Wrapping AST for Crypto for debugging
[1406/1566] Compiling CryptoExtras AES_CBC.swift
[1407/1566] Compiling CryptoExtras AES_CFB.swift
[1408/1566] Compiling CryptoExtras AES_CTR.swift
[1409/1566] Compiling CryptoExtras AES_GCM_SIV.swift
[1410/1566] Compiling CryptoExtras Block Function.swift
[1411/1566] Compiling CryptoExtras AES_CBC_boring.swift
[1412/1566] Compiling CryptoExtras AES_CFB_boring.swift
[1413/1566] Compiling CryptoExtras AES_CTR_boring.swift
[1414/1566] Compiling CryptoExtras AES_GCM_SIV_boring.swift
[1415/1566] Compiling CryptoExtras ARCServer.swift
[1416/1566] Compiling CryptoExtras ChaCha20CTR_boring.swift
[1417/1566] Compiling CryptoExtras ChaCha20CTR.swift
[1418/1566] Compiling CryptoExtras BoringSSLSHA512256Context.swift
[1419/1566] Compiling CryptoExtras BoringSSLSHA512256HashFunction.swift
[1420/1566] Compiling CryptoExtras SHA512256.swift
[1421/1566] Compiling CryptoExtras SHA512256Digest.swift
[1422/1566] Compiling CryptoExtras Curve25519+PEM.swift
[1423/1566] Compiling CryptoExtras ObjectIdentifier.swift
[1424/1574] Compiling CryptoExtras Data+Extensions.swift
[1425/1574] Compiling CryptoExtras DigestType.swift
[1426/1574] Compiling CryptoExtras Error.swift
[1427/1574] Compiling CryptoExtras I2OSP.swift
[1428/1574] Compiling CryptoExtras IntegerEncoding.swift
[1429/1574] Compiling CryptoExtras PEMDocument.swift
[1430/1574] Compiling CryptoExtras PrettyBytes.swift
[1431/1574] Compiling CryptoExtras SubjectPublicKeyInfo.swift
[1432/1574] Compiling CryptoExtras ThreadOps.swift
[1433/1574] Compiling CryptoExtras ThreadPosix.swift
[1434/1574] Compiling CryptoExtras ThreadSpecific.swift
[1435/1574] Compiling CryptoExtras ThreadWindows.swift
[1436/1574] Compiling CryptoExtras DLEQ.swift
[1437/1574] Compiling CryptoExtras Prover.swift
[1438/1574] Compiling CryptoExtras Verifier.swift
[1439/1574] Compiling CryptoExtras ZKPToolbox.swift
[1440/1574] Compiling CryptoExtras PKCS8DERRepresentation.swift
[1441/1574] Compiling CryptoExtras PKCS8PrivateKey.swift
[1442/1574] Compiling CryptoExtras RFC8410AlgorithmIdentifier.swift
[1443/1574] Compiling CryptoExtras ECToolbox_boring.swift
[1444/1574] Compiling CryptoExtras ECToolbox.swift
[1445/1574] Compiling CryptoExtras HashToField.swift
[1446/1574] Compiling CryptoExtras KDF.swift
[1447/1574] Compiling CryptoExtras PBKDF2_boring.swift
[1448/1574] Compiling CryptoExtras PBKDF2_commoncrypto.swift
[1449/1574] Compiling CryptoExtras PBKDF2.swift
[1450/1574] Compiling CryptoExtras Scrypt_boring.swift
[1451/1574] Compiling CryptoExtras Scrypt.swift
[1452/1574] Compiling CryptoExtras OPRF.swift
[1453/1574] Compiling CryptoExtras OPRFClient.swift
[1454/1574] Compiling CryptoExtras OPRFServer.swift
[1455/1574] Compiling CryptoExtras VOPRF+API.swift
[1456/1574] Compiling CryptoExtras VOPRFClient.swift
[1457/1574] Compiling CryptoExtras VOPRFServer.swift
[1458/1574] Compiling CryptoExtras BoringSSLPassphraseCallbackManager.swift
[1459/1574] Compiling CryptoExtras RSA+BlindSigning.swift
[1460/1574] Compiling CryptoExtras RSA.swift
[1461/1574] Compiling CryptoExtras RSA_boring.swift
[1462/1574] Compiling CryptoExtras Reexport.swift
[1463/1574] Compiling CryptoExtras Zeroization_boring.swift
[1464/1574] Compiling CryptoExtras BoringSSLHelpers.swift
[1465/1574] Compiling CryptoExtras CryptoKitErrors_boring.swift
[1466/1574] Compiling CryptoExtras CMAC.swift
[1467/1574] Compiling CryptoExtras ARC+API.swift
[1468/1574] Compiling CryptoExtras ARC.swift
[1469/1574] Compiling CryptoExtras ARCCredential.swift
[1470/1574] Compiling CryptoExtras ARCEncoding.swift
[1471/1574] Compiling CryptoExtras ARCPrecredential.swift
[1472/1574] Compiling CryptoExtras ARCPresentation.swift
[1473/1574] Compiling CryptoExtras ARCRequest.swift
[1474/1574] Compiling CryptoExtras ARCResponse.swift
[1484/1574] Emitting module CryptoExtras
[1485/1577] Wrapping AST for CryptoExtras for debugging
[1487/1577] Compiling _CryptoExtras Exports.swift
[1488/1577] Emitting module _CryptoExtras
[1489/1578] Wrapping AST for _CryptoExtras for debugging
[1491/1673] Compiling X509 CMSIssuerAndSerialNumber.swift
[1492/1673] Compiling X509 CMSOperations.swift
[1493/1673] Compiling X509 CMSSignature.swift
[1494/1673] Compiling X509 CMSSignedData.swift
[1495/1673] Compiling X509 CMSSignerIdentifier.swift
[1496/1673] Compiling X509 CMSSignerInfo.swift
[1497/1673] Compiling X509 CMSVersion.swift
[1498/1673] Compiling X509 Curve25519+DER.swift
[1499/1673] Compiling X509 CustomPrivateKey.swift
[1500/1673] Compiling X509 CertificateSerialNumber.swift
[1501/1673] Compiling X509 CertificateVersion.swift
[1502/1673] Compiling X509 CMSAttribute.swift
[1503/1673] Compiling X509 CMSContentInfo.swift
[1504/1673] Compiling X509 CMSEncapsulatedContentInfo.swift
[1505/1673] Compiling X509 OCSPExtensionID.swift
[1506/1673] Compiling X509 OCSPNonce.swift
[1507/1673] Compiling X509 OCSPPolicy.swift
[1508/1673] Compiling X509 OCSPRequest.swift
[1509/1673] Emitting module NIOCore
[1510/1674] Wrapping AST for NIOCore for debugging
[1512/1731] Compiling NIOFoundationEssentialsCompat Codable+ByteBuffer.swift
[1513/1731] Compiling NIOEmbedded AsyncTestingEventLoop.swift
[1514/1731] Compiling NIOFoundationEssentialsCompat ByteBuffer-foundation.swift
[1515/1731] Emitting module NIOFoundationEssentialsCompat
[1516/1732] Wrapping AST for NIOFoundationEssentialsCompat for debugging
[1518/1732] Compiling NIOEmbedded Embedded.swift
[1519/1732] Emitting module NIOEmbedded
[1520/1732] Compiling NIOEmbedded AsyncTestingChannel.swift
[1521/1733] Wrapping AST for NIOEmbedded for debugging
[1523/1733] Compiling NIOPosix HappyEyeballs.swift
[1524/1733] Compiling NIOPosix IO.swift
[1525/1733] Compiling NIOPosix IntegerBitPacking.swift
[1526/1733] Compiling NIOPosix IntegerTypes.swift
[1527/1733] Compiling NIOPosix Linux.swift
[1528/1733] Compiling NIOPosix LinuxCPUSet.swift
[1529/1733] Compiling NIOPosix LinuxUring.swift
[1530/1740] Compiling X509 OneOfPolicies.swift
[1531/1740] Compiling X509 PolicyBuilder.swift
[1532/1740] Compiling X509 BasicConstraintsPolicy.swift
[1533/1740] Compiling X509 DNSNames.swift
[1534/1740] Compiling X509 ExpiryPolicy.swift
[1535/1740] Compiling X509 IPConstraints.swift
[1536/1740] Compiling X509 NameConstraintsPolicy.swift
[1537/1740] Compiling X509 RFC5280Policy.swift
[1538/1740] Compiling X509 URIConstraints.swift
[1539/1740] Compiling X509 VersionPolicy.swift
[1540/1740] Compiling X509 ServerIdentityPolicy.swift
[1541/1740] Compiling X509 TrustRootLoading.swift
[1542/1740] Compiling X509 UnverifiedChain.swift
[1550/1740] Compiling NIOPosix PipeChannel.swift
[1551/1740] Compiling NIOPosix PipePair.swift
[1552/1740] Compiling NIOPosix Pool.swift
[1553/1740] Compiling NIOPosix PosixSingletons+ConcurrencyTakeOver.swift
[1554/1740] Compiling NIOPosix PosixSingletons.swift
[1555/1740] Compiling NIOPosix RawSocketBootstrap.swift
[1556/1740] Compiling X509 DomainComponent.swift
[1557/1740] Compiling X509 EmailAddress.swift
[1558/1740] Compiling X509 LocalityName.swift
[1559/1740] Compiling X509 OrganizationName.swift
[1560/1740] Compiling X509 OrganizationalUnitName.swift
[1561/1740] Compiling X509 StateOrProvinceName.swift
[1562/1740] Compiling X509 StreetAddress.swift
[1563/1740] Compiling X509 Error.swift
[1564/1740] Compiling X509 AuthorityInformationAccess.swift
[1565/1740] Compiling X509 AuthorityKeyIdentifier.swift
[1566/1740] Compiling X509 BasicConstraints.swift
[1567/1740] Compiling X509 ExtendedKeyUsage.swift
[1568/1740] Compiling X509 ExtensionIdentifiers.swift
[1569/1740] Compiling X509 KeyUsage.swift
[1570/1740] Compiling NIOPosix VsockChannelEvents.swift
[1571/1740] Compiling NIOPosix Windows.swift
[1572/1740] Compiling X509 RDNAttribute.swift
[1573/1740] Compiling X509 RandomNumberGenerator+bytes.swift
[1574/1740] Compiling X509 RelativeDistinguishedName.swift
[1575/1740] Compiling X509 SEC1PrivateKey.swift
[1576/1740] Compiling X509 SecKeyWrapper.swift
[1577/1740] Compiling X509 Signature.swift
[1578/1740] Compiling X509 SignatureAlgorithm.swift
[1579/1740] Compiling X509 AllOfPolicies.swift
[1580/1740] Compiling X509 AnyPolicy.swift
[1581/1740] Compiling X509 CertificateStore.swift
[1582/1740] Compiling X509 CustomCertificateStore.swift
[1583/1753] Compiling NIOPosix Thread.swift
[1584/1753] Compiling NIOPosix ThreadPosix.swift
[1585/1753] Compiling NIOPosix ThreadWindows.swift
[1586/1753] Compiling NIOPosix Utilities.swift
[1587/1753] Compiling NIOPosix VsockAddress.swift
[1590/1753] Compiling NIOPosix BSDSocketAPICommon.swift
[1591/1753] Compiling NIOPosix BSDSocketAPIPosix.swift
[1592/1753] Compiling NIOPosix BSDSocketAPIWindows.swift
[1593/1753] Compiling NIOPosix BaseSocket.swift
[1594/1753] Compiling NIOPosix BaseSocketChannel+AccessibleTransport.swift
[1595/1753] Compiling NIOPosix BaseSocketChannel+SocketOptionProvider.swift
[1596/1753] Compiling NIOPosix BaseSocketChannel.swift
[1597/1753] Emitting module NIOPosix
[1604/1753] Compiling NIOPosix Resolver.swift
[1605/1753] Compiling NIOPosix Selectable.swift
[1606/1753] Compiling NIOPosix SelectableChannel.swift
[1607/1753] Compiling NIOPosix SelectableEventLoop.swift
[1608/1753] Compiling NIOPosix SelectorEpoll.swift
[1609/1753] Compiling NIOPosix SelectorGeneric.swift
[1610/1753] Compiling NIOPosix SelectorKqueue.swift
[1611/1753] Compiling NIOPosix SelectorUring.swift
[1612/1753] Compiling NIOPosix SelectorWSAPoll.swift
[1613/1753] Compiling NIOPosix ServerSocket.swift
[1614/1753] Compiling NIOPosix Socket.swift
[1615/1753] Compiling NIOPosix SocketChannel.swift
[1616/1753] Compiling NIOPosix SocketProtocols.swift
[1617/1753] Compiling NIOPosix StructuredConcurrencyHelpers.swift
[1618/1753] Compiling NIOPosix System.swift
[1639/1753] Compiling NIOPosix BaseStreamSocketChannel.swift
[1640/1753] Compiling NIOPosix Bootstrap.swift
[1641/1753] Compiling NIOPosix ControlMessage.swift
[1642/1753] Compiling NIOPosix DatagramVectorReadManager.swift
[1643/1753] Compiling NIOPosix Errors+Any.swift
[1644/1753] Compiling NIOPosix FileDescriptor.swift
[1645/1753] Compiling NIOPosix GetaddrinfoResolver.swift
[1647/1753] Compiling NIOPosix MultiThreadedEventLoopGroup.swift
[1648/1753] Compiling NIOPosix NIOPosixSendableMetatype.swift
[1649/1753] Compiling NIOPosix NIORandomizedDNSResolver.swift
[1650/1753] Compiling NIOPosix NIOThreadPool.swift
[1651/1753] Compiling NIOPosix NonBlockingFileIO.swift
[1652/1753] Compiling NIOPosix PendingDatagramWritesManager.swift
[1653/1753] Compiling NIOPosix PendingWritesManager.swift
[1674/1754] Emitting module X509
[1675/1754] Wrapping AST for NIOPosix for debugging
[1677/1756] Compiling NIO Exports.swift
[1678/1756] Emitting module NIO
[1679/1774] Wrapping AST for NIO for debugging
[1681/1796] Compiling NIOTLS TLSEvents.swift
[1682/1796] Emitting module NIOFoundationCompat
[1683/1796] Compiling NIOSOCKS SelectedAuthenticationMethod.swift
[1684/1797] Compiling NIOTLS ApplicationProtocolNegotiationHandler.swift
[1685/1797] Emitting module NIOTLS
[1686/1797] Compiling NIOFoundationCompat Exports.swift
[1687/1797] Compiling NIOFoundationCompat JSONSerialization+ByteBuffer.swift
[1688/1797] Compiling NIOFoundationCompat WaitSpinningRunLoop.swift
[1689/1797] Emitting module NIOSOCKS
[1690/1797] Compiling NIOTLS NIOTypedApplicationProtocolNegotiationHandler.swift
[1691/1797] Compiling NIOSOCKS SOCKSResponse.swift
[1692/1798] Compiling NIOSOCKS ClientStateMachine.swift
[1694/1798] Compiling NIOHTTP1 HTTPPipelineSetup.swift
[1695/1798] Compiling NIOHTTP1 HTTPServerPipelineHandler.swift
[1695/1798] Wrapping AST for NIOFoundationCompat for debugging
[1697/1798] Compiling NIOHTTP1 HTTPHeaderValidator.swift
[1698/1798] Compiling NIOHTTP1 HTTPHeaders+Validation.swift
[1699/1798] Compiling NIOHTTP1 HTTPServerUpgradeHandler.swift
[1700/1798] Compiling NIOHTTP1 ByteCollectionUtils.swift
[1701/1798] Compiling NIOHTTP1 HTTPServerProtocolErrorHandler.swift
[1702/1798] Compiling NIOHTTP1 HTTPServerRequestMethodQueue.swift
[1703/1798] Compiling NIOSOCKS ServerStateMachine.swift
[1704/1799] Wrapping AST for NIOSOCKS for debugging
[1706/1799] Compiling NIOTLS SNIHandler.swift
[1707/1799] Compiling NIOTLS ProtocolNegotiationHandlerStateMachine.swift
[1708/1800] Wrapping AST for NIOTLS for debugging
[1710/1817] Compiling NIOSSL AndroidCABundle.swift
[1711/1817] Compiling NIOSSL ByteBufferBIO.swift
[1712/1817] Compiling NIOSSL CustomPrivateKey.swift
[1713/1832] Compiling NIOSSL SSLConnection.swift
[1714/1832] Compiling NIOSSL SSLPrivateKey.swift
[1715/1832] Compiling NIOSSL SSLCertificateExtensions.swift
[1716/1832] Compiling NIOSSL SSLCertificateName.swift
[1717/1832] Compiling X509 ValidatedCertificateChain.swift
[1718/1832] Compiling X509 VerificationDiagnostic.swift
[1719/1832] Compiling X509 Verifier.swift
[1720/1832] Compiling X509 VerifierPolicy.swift
[1721/1832] Compiling X509 AlgorithmIdentifier.swift
[1722/1832] Compiling X509 ECDSASignature.swift
[1723/1832] Compiling X509 RSAPKCS1PublicKey.swift
[1724/1832] Compiling X509 SubjectPublicKeyInfo.swift
[1725/1832] Compiling X509 TBSCertificate.swift
[1726/1832] Compiling X509 Time.swift
[1727/1832] Compiling X509 TimeCalculations.swift
[1728/1832] Compiling X509 Validity.swift
[1729/1832] Compiling X509 X509SendableMetatype.swift
[1731/1833] Compiling NIOSSL FreeBSDCABundle.swift
[1732/1833] Compiling NIOSSL IdentityVerification.swift
[1733/1833] Compiling NIOSSL LinuxCABundle.swift
[1734/1833] Compiling NIOSSL NIOSSLClientHandler.swift
[1735/1833] Compiling NIOSSL SSLPublicKey.swift
[1736/1833] Compiling NIOSSL SecurityFrameworkCertificateVerification.swift
[1736/1833] Wrapping AST for X509 for debugging
[1738/1900] Compiling JWTKit ECDSACurveType.swift
[1739/1900] Compiling JWTKit ECDSAError.swift
[1740/1900] Compiling JWTKit EdDSAError.swift
[1741/1900] Compiling JWTKit EdDSASigner.swift
[1742/1900] Compiling JWTKit JWTKeyCollection+EdDSA.swift
[1743/1900] Emitting module NIOHTTP1
[1744/1907] Wrapping AST for NIOHTTP1 for debugging
[1746/1918] Emitting module NIOHTTPCompression
[1747/1918] Compiling NIOHTTPCompression HTTPCompression.swift
[1748/1918] Compiling JWTKit JWTSerializer.swift
[1749/1918] Compiling JWTKit JWTSigner.swift
[1750/1918] Compiling JWTKit JWTKeyCollection+MLDSA.swift
[1751/1918] Compiling JWTKit MLDSA.swift
[1752/1918] Compiling JWTKit MLDSA65+MLDSAKey.swift
[1753/1918] Compiling JWTKit MLDSA87+MLDSAKey.swift
[1754/1918] Compiling JWTKit MLDSAError.swift
[1755/1918] Compiling JWTKit MLDSAKey.swift
[1756/1918] Compiling JWTKit MLDSASigner.swift
[1757/1918] Compiling JWTKit MLDSAType.swift
[1758/1918] Compiling JWTKit JWTKeyCollection+UnsecuredNone.swift
[1759/1918] Compiling JWTKit UnsecuredNoneSigner.swift
[1760/1918] Compiling JWTKit JWTKeyCollection+RSA.swift
[1761/1918] Compiling JWTKit RSA.swift
[1762/1918] Compiling JWTKit RSAError.swift
[1763/1918] Compiling JWTKit RSASigner.swift
[1764/1918] Compiling JWTKit Base64URL.swift
[1765/1918] Compiling JWTKit CryptoSigner.swift
[1766/1927] Emitting module NIOSSL
[1767/1931] Compiling NIOHPACK HPACKEncoder.swift
[1768/1931] Compiling NIOHPACK HPACKErrors.swift
[1769/1931] Compiling NIOHPACK HPACKHeader.swift
[1770/1931] Compiling NIOHPACK HeaderTables.swift
[1771/1931] Compiling NIOHPACK DynamicHeaderTable.swift
[1772/1931] Compiling NIOHTTPCompression HTTPDecompressor.swift
[1775/1932] Compiling NIOHPACK IndexedHeaderTable.swift
[1776/1932] Compiling NIOHPACK IntegerCoding.swift
[1777/1932] Emitting module JWTKit
[1778/1932] Compiling NIOHTTPCompression HTTPDecompression.swift
[1779/1932] Compiling NIOHPACK HuffmanTables.swift
[1780/1932] Compiling NIOHPACK HuffmanCoding.swift
[1781/1932] Compiling NIOHTTPCompression HTTPResponseCompressor.swift
[1782/1932] Compiling NIOHTTPCompression HTTPRequestCompressor.swift
[1783/1933] Compiling JWTKit IssuedAtClaim.swift
[1784/1933] Compiling JWTKit IssuerClaim.swift
[1785/1933] Compiling JWTKit JWTClaim.swift
[1786/1933] Compiling JWTKit JWTMultiValueClaim.swift
[1787/1933] Compiling JWTKit TenantIDClaim.swift
[1788/1933] Compiling JWTKit ECDSA.swift
[1789/1933] Compiling JWTKit ECDSACurve.swift
[1792/1933] Compiling NIOHPACK StaticHeaderTable.swift
[1792/1933] Wrapping AST for NIOHTTPCompression for debugging
[1799/1933] Compiling NIOHPACK HPACKDecoder.swift
[1800/1933] Compiling JWTKit EdDSACurve.swift
[1808/1933] Emitting module NIOHPACK
[1814/1934] Compiling JWTKit AudienceClaim.swift
[1815/1934] Compiling JWTKit BoolClaim.swift
[1816/1934] Compiling JWTKit ExpirationClaim.swift
[1817/1934] Compiling JWTKit GoogleHostedDomainClaim.swift
[1818/1934] Compiling JWTKit IDClaim.swift
[1823/1934] Compiling NIOSSL Zeroization.swift
[1824/1934] Compiling NIOSSL TLSConfiguration.swift
[1825/1934] Compiling NIOSSL UniversalBootstrapSupport.swift
[1826/1934] Compiling NIOSSL UnsafeKeyAndChainTarget.swift
[1827/1934] Compiling JWTKit JWTKeyCollection+HMAC.swift
[1828/1934] Compiling JWTKit Insecure.swift
[1829/1934] Compiling JWTKit JWK.swift
[1830/1934] Compiling JWTKit JWKIdentifier.swift
[1831/1934] Compiling JWTKit JWKS.swift
[1832/1934] Compiling JWTKit JWKSigner.swift
[1833/1934] Compiling JWTKit JWTAlgorithm.swift
[1834/1934] Compiling JWTKit JWTError.swift
[1835/1934] Compiling JWTKit JWTHeader+CommonFields.swift
[1836/1934] Compiling JWTKit JWTHeader.swift
[1837/1934] Compiling JWTKit JWTHeaderField.swift
[1838/1934] Compiling JWTKit JWTKeyCollection.swift
[1839/1934] Compiling JWTKit JWTParser+MandatoryVerificationFields.swift
[1840/1934] Compiling JWTKit JWTParser.swift
[1841/1934] Compiling JWTKit JWTPayload.swift
[1842/1934] Compiling JWTKit LocaleClaim.swift
[1843/1934] Compiling JWTKit NotBeforeClaim.swift
[1844/1934] Compiling JWTKit SubjectClaim.swift
[1850/1934] Compiling JWTKit ECDSAKeyTypes.swift
[1851/1934] Compiling JWTKit ECDSASigner.swift
[1851/1934] Wrapping AST for NIOHPACK for debugging
[1861/1957] Compiling NIOHTTP2 MaySendFrames.swift
[1862/1957] Compiling NIOHTTP2 SendingDataState.swift
[1863/1957] Compiling NIOHTTP2 SendingGoawayState.swift
[1864/1957] Compiling NIOHTTP2 SendingHeadersState.swift
[1865/1997] Compiling NIOHTTP2 HTTP2CommonInboundStreamMultiplexer.swift
[1866/1997] Compiling NIOHTTP2 HTTP2ConnectionStateChange.swift
[1867/1997] Compiling NIOHTTP2 HTTP2Error.swift
[1868/1997] Compiling NIOHTTP2 HTTP2ErrorCode.swift
[1873/1998] Compiling NIOHTTP2 SendingPushPromiseState.swift
[1874/1998] Compiling NIOHTTP2 SendingRstStreamState.swift
[1875/1998] Compiling NIOHTTP2 SendingWindowUpdateState.swift
[1876/1998] Compiling NIOHTTP2 HTTP2SettingsState.swift
[1877/1998] Compiling NIOHTTP2 HasExtendedConnectSettings.swift
[1878/2006] Wrapping AST for NIOSSL for debugging
[1880/2006] Compiling NIOHTTP2 StreamStateMachine.swift
[1881/2006] Compiling NIOHTTP2 Timer.swift
[1882/2006] Compiling NIOHTTP2 UnsafeTransfer.swift
[1883/2006] Compiling NIOHTTP2 WatermarkedFlowController.swift
[1884/2006] Compiling JWTKit GoogleIdentityToken.swift
[1885/2006] Compiling JWTKit MicrosoftIdentityToken.swift
[1886/2006] Compiling JWTKit EmptyPolicy.swift
[1887/2006] Compiling JWTKit ValidationTimePayload.swift
[1888/2006] Compiling JWTKit X5CVerifier.swift
[1889/2007] Wrapping AST for JWTKit for debugging
[1891/2007] Emitting module NIOHTTP2
[1892/2007] Compiling NIOHTTP2 HTTP2StreamMultiplexer.swift
[1893/2007] Compiling NIOHTTP2 HTTP2ToHTTP1Codec.swift
[1894/2007] Compiling NIOHTTP2 HTTP2UserEvents.swift
[1895/2007] Compiling NIOHTTP2 InboundEventBuffer.swift
[1896/2007] Compiling NIOHTTP2 InboundWindowManager.swift
[1897/2007] Compiling NIOHTTP2 MultiplexerAbstractChannel.swift
[1898/2007] Compiling NIOHTTP2 NIOHTTP2FrameDelegate.swift
[1899/2007] Compiling NIOHTTP2 NIOHTTP2ServerConnectionManagementHandler+StateMachine.swift
[1900/2007] Compiling NIOHTTP2 DOSHeuristics.swift
[1901/2007] Compiling NIOHTTP2 Error+Any.swift
[1902/2007] Compiling NIOHTTP2 ConcurrentStreamBuffer.swift
[1903/2007] Compiling NIOHTTP2 ControlFrameBuffer.swift
[1904/2007] Compiling NIOHTTP2 OutboundFlowControlBuffer.swift
[1905/2007] Compiling NIOHTTP2 OutboundFrameBuffer.swift
[1906/2007] Compiling NIOHTTP2 GlitchesMonitor.swift
[1907/2007] Compiling NIOHTTP2 HPACKHeaders+Validation.swift
[1908/2007] Compiling NIOHTTP2 HTTP2ChannelHandler+InboundStreamMultiplexer.swift
[1909/2007] Compiling NIOHTTP2 NIOHTTP2ServerConnectionManagementHandler.swift
[1910/2007] Compiling NIOHTTP2 StreamChannelFlowController.swift
[1911/2007] Compiling NIOHTTP2 StreamChannelList.swift
[1912/2007] Compiling NIOHTTP2 StreamMap.swift
[1917/2007] Compiling NIOHTTP2 ConnectionStateMachine.swift
[1918/2007] Compiling NIOHTTP2 ConnectionStreamsState.swift
[1919/2007] Compiling NIOHTTP2 MayReceiveFrames.swift
[1920/2007] Compiling NIOHTTP2 ReceivingDataState.swift
[1921/2007] Compiling NIOHTTP2 ReceivingGoAwayState.swift
[1922/2007] Compiling NIOHTTP2 ReceivingHeadersState.swift
[1923/2007] Compiling NIOHTTP2 ReceivingPushPromiseState.swift
[1924/2007] Compiling NIOHTTP2 ReceivingRstStreamState.swift
[1925/2007] Compiling NIOHTTP2 ReceivingWindowUpdateState.swift
[1926/2007] Compiling NIOHTTP2 HTTP2FrameParser.swift
[1927/2007] Compiling NIOHTTP2 HTTP2PingData.swift
[1928/2007] Compiling NIOHTTP2 HTTP2PipelineHelpers.swift
[1929/2007] Compiling NIOHTTP2 HTTP2Settings.swift
[1930/2007] Compiling NIOHTTP2 HTTP2Stream.swift
[1931/2007] Compiling NIOHTTP2 HTTP2StreamChannel+OutboundStreamMultiplexer.swift
[1932/2007] Compiling NIOHTTP2 HTTP2StreamChannel.swift
[1933/2007] Compiling NIOHTTP2 HTTP2StreamDelegate.swift
[1934/2007] Compiling NIOHTTP2 HTTP2StreamID.swift
[1935/2007] Compiling NIOHTTP2 HasFlowControlWindows.swift
[1936/2007] Compiling NIOHTTP2 HasLocalSettings.swift
[1937/2007] Compiling NIOHTTP2 HasRemoteSettings.swift
[1938/2007] Compiling NIOHTTP2 LocallyQuiescingState.swift
[1939/2007] Compiling NIOHTTP2 QuiescingState.swift
[1940/2007] Compiling NIOHTTP2 RemotelyQuiescingState.swift
[1941/2007] Compiling NIOHTTP2 SendAndReceiveGoawayState.swift
[1942/2007] Compiling NIOHTTP2 StateMachineResult.swift
[1943/2007] Compiling NIOHTTP2 ContentLengthVerifier.swift
[1944/2007] Compiling NIOHTTP2 HTTP2ChannelHandler+InlineStreamMultiplexer.swift
[1945/2007] Compiling NIOHTTP2 HTTP2ChannelHandler.swift
[1950/2007] Compiling NIOHTTP2 HTTP2FlowControlWindow.swift
[1951/2007] Compiling NIOHTTP2 HTTP2Frame.swift
[1952/2007] Compiling NIOHTTP2 HTTP2FrameEncoder.swift
[1953/2008] Wrapping AST for NIOHTTP2 for debugging
[1955/2072] Compiling AsyncHTTPClient AnyAsyncSequence.swift
[1956/2072] Compiling AsyncHTTPClient AnyAsyncSequenceProucerDelete.swift
[1957/2072] Compiling AsyncHTTPClient AsyncLazySequence.swift
[1958/2072] Compiling AsyncHTTPClient HTTPClient+execute.swift
[1959/2072] Compiling AsyncHTTPClient HTTPClient+shutdown.swift
[1960/2072] Compiling AsyncHTTPClient HTTPClient+tracing.swift
[1961/2072] Compiling AsyncHTTPClient HTTPClientRequest+Prepared.swift
[1962/2072] Compiling AsyncHTTPClient HTTPClientRequest+auth.swift
[1963/2072] Compiling AsyncHTTPClient HTTPClientRequest.swift
[1964/2080] Compiling AsyncHTTPClient LRUCache.swift
[1965/2080] Compiling AsyncHTTPClient NIOLoopBound+Execute.swift
[1966/2080] Compiling AsyncHTTPClient NWErrorHandler.swift
[1967/2080] Compiling AsyncHTTPClient NWWaitingHandler.swift
[1968/2080] Compiling AsyncHTTPClient TLSConfiguration.swift
[1969/2080] Compiling AsyncHTTPClient RedirectState.swift
[1970/2080] Compiling AsyncHTTPClient RequestBag+StateMachine.swift
[1971/2080] Compiling AsyncHTTPClient RequestBag+Tracing.swift
[1972/2080] Compiling AsyncHTTPClient RequestBag.swift
[1973/2080] Compiling AsyncHTTPClient HTTPClientResponse.swift
[1974/2080] Compiling AsyncHTTPClient SingleIteratorPrecondition.swift
[1975/2080] Compiling AsyncHTTPClient Transaction+StateMachine.swift
[1976/2080] Compiling AsyncHTTPClient Transaction.swift
[1977/2080] Compiling AsyncHTTPClient Base64.swift
[1978/2080] Compiling AsyncHTTPClient BasicAuth.swift
[1979/2080] Compiling AsyncHTTPClient BestEffortHashableTLSConfiguration.swift
[1980/2080] Compiling AsyncHTTPClient Configuration+BrowserLike.swift
[1981/2080] Compiling AsyncHTTPClient ConnectionPool.swift
[1982/2080] Compiling AsyncHTTPClient HTTPConnectionEvent.swift
[1983/2080] Compiling AsyncHTTPClient HTTPConnectionPool+Factory.swift
[1984/2080] Compiling AsyncHTTPClient HTTPConnectionPool+Manager.swift
[1985/2080] Compiling AsyncHTTPClient HTTPConnectionPool.swift
[1986/2080] Compiling AsyncHTTPClient HTTPExecutableRequest.swift
[1987/2080] Compiling AsyncHTTPClient HTTPRequestStateMachine+Demand.swift
[1988/2080] Compiling AsyncHTTPClient HTTPRequestStateMachine.swift
[1989/2080] Compiling AsyncHTTPClient RequestBodyLength.swift
[1990/2080] Compiling AsyncHTTPClient RequestFramingMetadata.swift
[1991/2080] Compiling AsyncHTTPClient HTTP1ProxyConnectHandler.swift
[1992/2080] Compiling AsyncHTTPClient SOCKSEventsHandler.swift
[1993/2080] Compiling AsyncHTTPClient TLSEventsHandler.swift
[1994/2080] Compiling AsyncHTTPClient HTTP1ClientChannelHandler.swift
[1995/2080] Compiling AsyncHTTPClient HTTP1Connection.swift
[1996/2080] Compiling AsyncHTTPClient HTTP1ConnectionStateMachine.swift
[1997/2080] Compiling AsyncHTTPClient HTTP2ClientRequestHandler.swift
[1998/2080] Compiling AsyncHTTPClient HTTP2Connection.swift
[1999/2080] Compiling AsyncHTTPClient HTTP2IdleHandler.swift
[2000/2080] Compiling AsyncHTTPClient RequestValidation.swift
[2001/2080] Compiling AsyncHTTPClient SSLContextCache.swift
[2002/2080] Compiling AsyncHTTPClient Scheme.swift
[2003/2080] Compiling AsyncHTTPClient Singleton.swift
[2004/2080] Compiling AsyncHTTPClient StringConvertibleInstances.swift
[2005/2080] Compiling AsyncHTTPClient StructuredConcurrencyHelpers.swift
[2006/2080] Compiling AsyncHTTPClient TracingSupport.swift
[2007/2080] Compiling AsyncHTTPClient Utils.swift
[2008/2080] Compiling AsyncHTTPClient RequestOptions.swift
[2009/2080] Compiling AsyncHTTPClient HTTPConnectionPool+Backoff.swift
[2010/2080] Compiling AsyncHTTPClient HTTPConnectionPool+HTTP1Connections.swift
[2011/2080] Compiling AsyncHTTPClient HTTPConnectionPool+HTTP1StateMachine.swift
[2012/2080] Compiling AsyncHTTPClient HTTPConnectionPool+HTTP2Connections.swift
[2013/2080] Compiling AsyncHTTPClient HTTPConnectionPool+HTTP2StateMachine.swift
[2014/2080] Compiling AsyncHTTPClient HTTPConnectionPool+RequestQueue.swift
[2015/2080] Compiling AsyncHTTPClient HTTPConnectionPool+StateMachine.swift
[2016/2080] Compiling AsyncHTTPClient ConnectionTarget.swift
[2017/2080] Emitting module AsyncHTTPClient
[2018/2080] Compiling AsyncHTTPClient DeconstructedURL.swift
[2019/2080] Compiling AsyncHTTPClient FileDownloadDelegate.swift
[2020/2080] Compiling AsyncHTTPClient FoundationExtensions.swift
[2021/2080] Compiling AsyncHTTPClient HTTPClient+HTTPCookie.swift
[2022/2080] Compiling AsyncHTTPClient HTTPClient+Proxy.swift
[2023/2080] Compiling AsyncHTTPClient HTTPClient+StructuredConcurrency.swift
[2024/2080] Compiling AsyncHTTPClient HTTPClient.swift
[2025/2080] Compiling AsyncHTTPClient HTTPClientConfiguration+SwiftConfiguration.swift
[2026/2080] Compiling AsyncHTTPClient HTTPHandler.swift
[2027/2088] Wrapping AST for AsyncHTTPClient for debugging
[2029/2104] Emitting module GoogleAuth
[2030/2107] Compiling GoogleAuth AnonymousCredentials.swift
[2031/2107] Compiling GoogleAuth ApiKeyCredentials.swift
[2032/2107] Compiling GoogleAuth ExternalAccountCredentials.swift
[2033/2107] Compiling GoogleAuth ServiceAccountCredentials.swift
[2034/2107] Compiling GoogleAuth ServiceAccountData.swift
[2035/2107] Compiling GoogleAuth ServiceAccountTokenProvider.swift
[2036/2107] Compiling GoogleAuth UserAccountData.swift
[2037/2107] Compiling GoogleAuth UserAccountTokenProvider.swift
[2038/2107] Compiling GoogleAuth UserCredentials.swift
[2039/2107] Compiling GoogleAuth ADC.swift
[2040/2107] Compiling GoogleAuth ADCPath.swift
[2041/2107] Compiling GoogleAuth ADCResolver.swift
[2042/2107] Compiling GoogleAuth AuthHeaders.swift
[2043/2107] Compiling GoogleAuth SubjectTokenProvider.swift
[2044/2107] Compiling GoogleAuth MDSAccessTokenProvider.swift
[2045/2107] Compiling GoogleAuth MDSCredentials.swift
[2046/2107] Compiling GoogleAuth AuthHTTPClient.swift
[2047/2107] Compiling GoogleAuth AuthHTTPError.swift
[2048/2107] Compiling GoogleAuth RetryEngine.swift
[2049/2107] Compiling GoogleAuth CredentialParserRegistry.swift
[2050/2107] Compiling GoogleAuth Credentials.swift
[2051/2107] Compiling GoogleAuth CredentialsError.swift
[2052/2107] Compiling GoogleAuth STSHandler.swift
[2053/2107] Compiling GoogleAuth TokenCache.swift
[2054/2107] Compiling GoogleAuth PackageVersion.swift
[2055/2108] Wrapping AST for GoogleAuth for debugging
[2057/2166] Compiling GoogleGax LimitedAttemptCount+PollingErrorPolicy.swift
[2058/2166] Compiling GoogleGax LimitedAttemptCount+RetryPolicy.swift
[2059/2166] Compiling GoogleGax LimitedAttemptCount.swift
[2060/2166] Compiling GoogleGax LimitedElapsedTime+PollingErrorPolicy.swift
[2061/2166] Compiling GoogleGax LimitedElapsedTime+RetryPolicy.swift
[2062/2166] Compiling GoogleGax LimitedElapsedTime.swift
[2063/2166] Compiling GoogleGax LongRunningOperations.swift
[2064/2166] Compiling GoogleGax NeverRetry.swift
[2065/2174] Emitting module GoogleGax
[2066/2174] Compiling GoogleGax Pagination.swift
/host/spi-builder-workspace/.build/checkouts/swift-google-gax/Sources/GoogleGax/Pagination.swift:44:22: error: cannot convert '@Sendable (String) async throws -> (response: ResponseType, items: [Item], nextToken: String)' to 'nonisolated(nonsending) @Sendable (String) async throws -> (response: ResponseType, items: [Item], nextToken: String)' because crossing of an isolation boundary requires parameter and result types to conform to 'Sendable' protocol
42 | ) where ResponseType: _PaginatedResponse<Item> {
43 | self.initialPageToken = initialPageToken ?? ""
44 | self.fetchPage = { token in
| |- error: cannot convert '@Sendable (String) async throws -> (response: ResponseType, items: [Item], nextToken: String)' to 'nonisolated(nonsending) @Sendable (String) async throws -> (response: ResponseType, items: [Item], nextToken: String)' because crossing of an isolation boundary requires parameter and result types to conform to 'Sendable' protocol
| `- note: type 'Item' does not conform to 'Sendable' protocol
45 | let response = try await listRpc(token)
46 | return (response, response._getPaginatedItems(), response._nextPageToken())
[2067/2174] Compiling GoogleGax PollingBackoffPolicy.swift
/host/spi-builder-workspace/.build/checkouts/swift-google-gax/Sources/GoogleGax/Pagination.swift:44:22: error: cannot convert '@Sendable (String) async throws -> (response: ResponseType, items: [Item], nextToken: String)' to 'nonisolated(nonsending) @Sendable (String) async throws -> (response: ResponseType, items: [Item], nextToken: String)' because crossing of an isolation boundary requires parameter and result types to conform to 'Sendable' protocol
42 | ) where ResponseType: _PaginatedResponse<Item> {
43 | self.initialPageToken = initialPageToken ?? ""
44 | self.fetchPage = { token in
| |- error: cannot convert '@Sendable (String) async throws -> (response: ResponseType, items: [Item], nextToken: String)' to 'nonisolated(nonsending) @Sendable (String) async throws -> (response: ResponseType, items: [Item], nextToken: String)' because crossing of an isolation boundary requires parameter and result types to conform to 'Sendable' protocol
| `- note: type 'Item' does not conform to 'Sendable' protocol
45 | let response = try await listRpc(token)
46 | return (response, response._getPaginatedItems(), response._nextPageToken())
[2068/2174] Compiling GoogleGax PollingErrorPolicy.swift
/host/spi-builder-workspace/.build/checkouts/swift-google-gax/Sources/GoogleGax/Pagination.swift:44:22: error: cannot convert '@Sendable (String) async throws -> (response: ResponseType, items: [Item], nextToken: String)' to 'nonisolated(nonsending) @Sendable (String) async throws -> (response: ResponseType, items: [Item], nextToken: String)' because crossing of an isolation boundary requires parameter and result types to conform to 'Sendable' protocol
42 | ) where ResponseType: _PaginatedResponse<Item> {
43 | self.initialPageToken = initialPageToken ?? ""
44 | self.fetchPage = { token in
| |- error: cannot convert '@Sendable (String) async throws -> (response: ResponseType, items: [Item], nextToken: String)' to 'nonisolated(nonsending) @Sendable (String) async throws -> (response: ResponseType, items: [Item], nextToken: String)' because crossing of an isolation boundary requires parameter and result types to conform to 'Sendable' protocol
| `- note: type 'Item' does not conform to 'Sendable' protocol
45 | let response = try await listRpc(token)
46 | return (response, response._getPaginatedItems(), response._nextPageToken())
[2069/2174] Compiling GoogleGax PollingResult.swift
/host/spi-builder-workspace/.build/checkouts/swift-google-gax/Sources/GoogleGax/Pagination.swift:44:22: error: cannot convert '@Sendable (String) async throws -> (response: ResponseType, items: [Item], nextToken: String)' to 'nonisolated(nonsending) @Sendable (String) async throws -> (response: ResponseType, items: [Item], nextToken: String)' because crossing of an isolation boundary requires parameter and result types to conform to 'Sendable' protocol
42 | ) where ResponseType: _PaginatedResponse<Item> {
43 | self.initialPageToken = initialPageToken ?? ""
44 | self.fetchPage = { token in
| |- error: cannot convert '@Sendable (String) async throws -> (response: ResponseType, items: [Item], nextToken: String)' to 'nonisolated(nonsending) @Sendable (String) async throws -> (response: ResponseType, items: [Item], nextToken: String)' because crossing of an isolation boundary requires parameter and result types to conform to 'Sendable' protocol
| `- note: type 'Item' does not conform to 'Sendable' protocol
45 | let response = try await listRpc(token)
46 | return (response, response._getPaginatedItems(), response._nextPageToken())
[2070/2174] Compiling GoogleGax PollingState.swift
/host/spi-builder-workspace/.build/checkouts/swift-google-gax/Sources/GoogleGax/Pagination.swift:44:22: error: cannot convert '@Sendable (String) async throws -> (response: ResponseType, items: [Item], nextToken: String)' to 'nonisolated(nonsending) @Sendable (String) async throws -> (response: ResponseType, items: [Item], nextToken: String)' because crossing of an isolation boundary requires parameter and result types to conform to 'Sendable' protocol
42 | ) where ResponseType: _PaginatedResponse<Item> {
43 | self.initialPageToken = initialPageToken ?? ""
44 | self.fetchPage = { token in
| |- error: cannot convert '@Sendable (String) async throws -> (response: ResponseType, items: [Item], nextToken: String)' to 'nonisolated(nonsending) @Sendable (String) async throws -> (response: ResponseType, items: [Item], nextToken: String)' because crossing of an isolation boundary requires parameter and result types to conform to 'Sendable' protocol
| `- note: type 'Item' does not conform to 'Sendable' protocol
45 | let response = try await listRpc(token)
46 | return (response, response._getPaginatedItems(), response._nextPageToken())
[2071/2174] Compiling GoogleGax ProtobufConversionError.swift
/host/spi-builder-workspace/.build/checkouts/swift-google-gax/Sources/GoogleGax/Pagination.swift:44:22: error: cannot convert '@Sendable (String) async throws -> (response: ResponseType, items: [Item], nextToken: String)' to 'nonisolated(nonsending) @Sendable (String) async throws -> (response: ResponseType, items: [Item], nextToken: String)' because crossing of an isolation boundary requires parameter and result types to conform to 'Sendable' protocol
42 | ) where ResponseType: _PaginatedResponse<Item> {
43 | self.initialPageToken = initialPageToken ?? ""
44 | self.fetchPage = { token in
| |- error: cannot convert '@Sendable (String) async throws -> (response: ResponseType, items: [Item], nextToken: String)' to 'nonisolated(nonsending) @Sendable (String) async throws -> (response: ResponseType, items: [Item], nextToken: String)' because crossing of an isolation boundary requires parameter and result types to conform to 'Sendable' protocol
| `- note: type 'Item' does not conform to 'Sendable' protocol
45 | let response = try await listRpc(token)
46 | return (response, response._getPaginatedItems(), response._nextPageToken())
[2072/2174] Compiling GoogleGax QueryParameter.swift
/host/spi-builder-workspace/.build/checkouts/swift-google-gax/Sources/GoogleGax/Pagination.swift:44:22: error: cannot convert '@Sendable (String) async throws -> (response: ResponseType, items: [Item], nextToken: String)' to 'nonisolated(nonsending) @Sendable (String) async throws -> (response: ResponseType, items: [Item], nextToken: String)' because crossing of an isolation boundary requires parameter and result types to conform to 'Sendable' protocol
42 | ) where ResponseType: _PaginatedResponse<Item> {
43 | self.initialPageToken = initialPageToken ?? ""
44 | self.fetchPage = { token in
| |- error: cannot convert '@Sendable (String) async throws -> (response: ResponseType, items: [Item], nextToken: String)' to 'nonisolated(nonsending) @Sendable (String) async throws -> (response: ResponseType, items: [Item], nextToken: String)' because crossing of an isolation boundary requires parameter and result types to conform to 'Sendable' protocol
| `- note: type 'Item' does not conform to 'Sendable' protocol
45 | let response = try await listRpc(token)
46 | return (response, response._getPaginatedItems(), response._nextPageToken())
[2073/2174] Compiling GoogleGax RequestError.swift
/host/spi-builder-workspace/.build/checkouts/swift-google-gax/Sources/GoogleGax/Pagination.swift:44:22: error: cannot convert '@Sendable (String) async throws -> (response: ResponseType, items: [Item], nextToken: String)' to 'nonisolated(nonsending) @Sendable (String) async throws -> (response: ResponseType, items: [Item], nextToken: String)' because crossing of an isolation boundary requires parameter and result types to conform to 'Sendable' protocol
42 | ) where ResponseType: _PaginatedResponse<Item> {
43 | self.initialPageToken = initialPageToken ?? ""
44 | self.fetchPage = { token in
| |- error: cannot convert '@Sendable (String) async throws -> (response: ResponseType, items: [Item], nextToken: String)' to 'nonisolated(nonsending) @Sendable (String) async throws -> (response: ResponseType, items: [Item], nextToken: String)' because crossing of an isolation boundary requires parameter and result types to conform to 'Sendable' protocol
| `- note: type 'Item' does not conform to 'Sendable' protocol
45 | let response = try await listRpc(token)
46 | return (response, response._getPaginatedItems(), response._nextPageToken())
[2074/2174] Compiling GoogleGax RequestOptions.swift
[2075/2174] Compiling GoogleGax RetryLoop.swift
[2076/2174] Compiling GoogleGax RetryPolicy.swift
[2077/2174] Compiling GoogleGax RetryResult.swift
[2078/2174] Compiling GoogleGax RetryState.swift
[2079/2174] Compiling GoogleGax RetryThrottler.swift
[2080/2174] Compiling GoogleGax RetryThrottlerError.swift
[2081/2174] Compiling GoogleGax RoutingMatcher.swift
[2082/2174] Compiling GoogleGax ContinueOnIO.swift
[2083/2174] Compiling GoogleGax CredentialsProtocol.swift
[2084/2174] Compiling GoogleGax ErrorWrapper.swift
[2085/2174] Compiling GoogleGax ExponentialBackoff+BackoffPolicy.swift
[2086/2174] Compiling GoogleGax ExponentialBackoff+PollingBackoffPolicy.swift
[2087/2174] Compiling GoogleGax ExponentialBackoff.swift
[2088/2174] Compiling GoogleGax HTTPClient.swift
[2089/2174] Compiling GoogleGax HTTPClientHolder.swift
[2090/2174] Compiling GoogleGax AIP194+PollingErrorPolicy.swift
[2091/2174] Compiling GoogleGax AIP194+RetryPolicy.swift
[2092/2174] Compiling GoogleGax AIP194.swift
[2093/2174] Compiling GoogleGax AdaptiveThrottler.swift
[2094/2174] Compiling GoogleGax AlwaysPoll.swift
[2095/2174] Compiling GoogleGax AlwaysRetry.swift
[2096/2174] Compiling GoogleGax ApiClientHeader.swift
[2097/2174] Compiling GoogleGax BackoffPolicy.swift
[2098/2174] Compiling GoogleGax BasePollingErrorPolicy.swift
[2099/2174] Compiling GoogleGax BaseRetryPolicy.swift
[2100/2174] Compiling GoogleGax BindingError.swift
[2101/2174] Compiling GoogleGax CRC32C.swift
[2102/2174] Compiling GoogleGax CircuitBreaker.swift
[2103/2174] Compiling GoogleGax ClientError.swift
[2104/2174] Compiling GoogleGax ClientOptions.swift
[2105/2174] Compiling GoogleGax ContinueOnIO+PollingErrorPolicy.swift
[2106/2174] Compiling GoogleGax ContinueOnIO+RetryPolicy.swift
[2107/2174] Compiling GoogleGax ServiceError.swift
[2108/2174] Compiling GoogleGax StatusDetail.swift
[2109/2174] Compiling GoogleGax StrictIdempotency.swift
[2110/2174] Compiling GoogleGax ThrottleResult.swift
[2111/2174] Compiling GoogleGax TooManyRequests+PollingErrorPolicy.swift
[2112/2174] Compiling GoogleGax TooManyRequests+RetryPolicy.swift
[2113/2174] Compiling GoogleGax TooManyRequests.swift
[2114/2174] Compiling GoogleGax PackageVersion.swift
[2115/2174] Compiling GoogleGax HTTPClientProtocol.swift
[2116/2174] Compiling GoogleGax HTTPClientRequest.swift
[2117/2174] Compiling GoogleGax HTTPClientResponse.swift
[2118/2174] Compiling GoogleGax HTTPHeaders.swift
[2119/2174] Compiling GoogleGax HTTPResponseBody.swift
[2120/2174] Compiling GoogleGax HeaderNames.swift
[2121/2174] Compiling GoogleGax Host.swift
[2122/2174] Compiling GoogleGax InProgressResult.swift
BUILD FAILURE 6.2 android