Build Information
Failed to build AmazonConnectChatIOS, reference main (9f7b96), with Swift 6.2 for Linux on 30 Oct 2026 21:08:03 UTC.
Build Command
bash -c docker run --pull=always --rm -v "checkouts-53886769-0":/host -w "$PWD" -e JAVA_HOME="/root/.sdkman/candidates/java/current" -e SPI_BUILD="1" -e SPI_PROCESSING="1" registry.gitlab.com/saguaro1/spi-images:linux-6.2-latest swift build --triple x86_64-unknown-linux-gnu 2>&1Build Log
========================================
RunAll
========================================
Builder version: 5.1.4
Interrupt handler set up.
========================================
Checkout
========================================
Clone URL: https://github.com/amazon-connect/amazon-connect-chat-ios.git
Reference: main
Initialized empty Git repository in /host/spi-builder-workspace/.git/
hint: Using 'master' as the name for the initial branch. This default branch name
hint: is subject to change. To configure the initial branch name to use in all
hint: of your new repositories, which will suppress this warning, call:
hint:
hint: git config --global init.defaultBranch <name>
hint:
hint: Names commonly chosen instead of 'master' are 'main', 'trunk' and
hint: 'development'. The just-created branch can be renamed via this command:
hint:
hint: git branch -m <name>
From https://github.com/amazon-connect/amazon-connect-chat-ios
* branch main -> FETCH_HEAD
* [new branch] main -> origin/main
HEAD is now at 9f7b96c feat!: Migrate to the AWS SDK for Swift and fix #86 (#115)
Cloned https://github.com/amazon-connect/amazon-connect-chat-ios.git
Revision (git rev-parse @):
9f7b96ce3c6e1e4687d59c34f4b4dcbacff82566
SUCCESS checkout https://github.com/amazon-connect/amazon-connect-chat-ios.git at main
========================================
Build
========================================
Selected platform: linux
Swift version: 6.2
Building package at path: $PWD
https://github.com/amazon-connect/amazon-connect-chat-ios.git
Running build ...
bash -c docker run --pull=always --rm -v "checkouts-53886769-0":/host -w "$PWD" -e JAVA_HOME="/root/.sdkman/candidates/java/current" -e SPI_BUILD="1" -e SPI_PROCESSING="1" registry.gitlab.com/saguaro1/spi-images:linux-6.2-latest swift build --triple x86_64-unknown-linux-gnu 2>&1
linux-6.2-latest: Pulling from saguaro1/spi-images
Digest: sha256:fb5d8fda777a26ddf92a54d8d0a4928674c7f15e70feba2d3a729a0a6d9cf40c
Status: Image is up to date for registry.gitlab.com/saguaro1/spi-images:linux-6.2-latest
Fetching https://github.com/awslabs/aws-sdk-swift
[1/926964] Fetching aws-sdk-swift
Fetched https://github.com/awslabs/aws-sdk-swift from cache (225.15s)
Computing version for https://github.com/awslabs/aws-sdk-swift
Computed https://github.com/awslabs/aws-sdk-swift at 1.8.19 (232.93s)
Fetching https://github.com/awslabs/aws-crt-swift
Fetching https://github.com/smithy-lang/smithy-swift
[1/34064] Fetching aws-crt-swift
[8517/119715] Fetching aws-crt-swift, smithy-swift
Fetched https://github.com/awslabs/aws-crt-swift from cache (2.95s)
Fetched https://github.com/smithy-lang/smithy-swift from cache (2.95s)
Computing version for https://github.com/smithy-lang/smithy-swift
Computed https://github.com/smithy-lang/smithy-swift at 0.260.0 (3.95s)
Fetching https://github.com/apple/swift-log.git
Fetching https://github.com/apple/swift-argument-parser.git
Fetching https://github.com/swift-server/async-http-client.git
[1/8386] Fetching swift-log
[8387/27706] Fetching swift-log, swift-argument-parser
[12058/44235] Fetching swift-log, swift-argument-parser, async-http-client
Fetched https://github.com/apple/swift-log.git from cache (2.26s)
Fetched https://github.com/swift-server/async-http-client.git from cache (2.26s)
Fetched https://github.com/apple/swift-argument-parser.git from cache (2.26s)
Computing version for https://github.com/awslabs/aws-crt-swift
Computed https://github.com/awslabs/aws-crt-swift at 0.64.3 (2.85s)
Computing version for https://github.com/apple/swift-argument-parser.git
Computed https://github.com/apple/swift-argument-parser.git at 1.8.2 (0.50s)
Computing version for https://github.com/swift-server/async-http-client.git
Computed https://github.com/swift-server/async-http-client.git at 1.36.2 (0.28s)
Fetching https://github.com/apple/swift-nio-extras.git
Fetching https://github.com/apple/swift-service-context.git
Fetching https://github.com/apple/swift-nio-ssl.git
Fetching https://github.com/apple/swift-nio-transport-services.git
Fetching https://github.com/apple/swift-algorithms.git
Fetching https://github.com/apple/swift-configuration.git
[1/1546] Fetching swift-service-context
[1547/4413] Fetching swift-service-context, swift-nio-transport-services
[3956/10572] Fetching swift-service-context, swift-nio-transport-services, swift-algorithms
[4846/27466] Fetching swift-service-context, swift-nio-transport-services, swift-algorithms, swift-nio-ssl
[4847/31641] Fetching swift-service-context, swift-nio-transport-services, swift-algorithms, swift-nio-ssl, swift-configuration
[4848/38351] Fetching swift-service-context, swift-nio-transport-services, swift-algorithms, swift-nio-ssl, swift-configuration, swift-nio-extras
Fetched https://github.com/apple/swift-configuration.git from cache (1.66s)
Fetching https://github.com/apple/swift-distributed-tracing.git
Fetched https://github.com/apple/swift-service-context.git from cache (1.81s)
Fetching https://github.com/apple/swift-nio-http2.git
Fetched https://github.com/apple/swift-algorithms.git from cache (1.81s)
Fetched https://github.com/apple/swift-nio-extras.git from cache (1.81s)
Fetching https://github.com/apple/swift-nio.git
[1/6697] Fetching swift-distributed-tracing
[6698/19016] Fetching swift-distributed-tracing, swift-nio-http2
[12242/105724] Fetching swift-distributed-tracing, swift-nio-http2, swift-nio
Fetched https://github.com/apple/swift-nio-transport-services.git from cache (3.60s)
Fetched https://github.com/apple/swift-nio-ssl.git from cache (3.61s)
Fetched https://github.com/apple/swift-distributed-tracing.git from cache (2.46s)
[40933/99027] Fetching swift-nio-http2, swift-nio
Fetching https://github.com/apple/swift-atomics.git
Fetched https://github.com/apple/swift-nio-http2.git from cache (2.86s)
[56361/86708] Fetching swift-nio
[84108/88601] Fetching swift-nio, swift-atomics
Fetched https://github.com/apple/swift-atomics.git from cache (1.56s)
Fetched https://github.com/apple/swift-nio.git from cache (7.27s)
Computing version for https://github.com/apple/swift-algorithms.git
Computed https://github.com/apple/swift-algorithms.git at 1.2.1 (10.81s)
Fetching https://github.com/apple/swift-numerics.git
[1/6766] Fetching swift-numerics
Fetched https://github.com/apple/swift-numerics.git from cache (1.16s)
Computing version for https://github.com/apple/swift-atomics.git
Computed https://github.com/apple/swift-atomics.git at 1.3.1 (1.56s)
Computing version for https://github.com/apple/swift-numerics.git
Computed https://github.com/apple/swift-numerics.git at 1.1.1 (0.59s)
Computing version for https://github.com/apple/swift-nio-transport-services.git
Computed https://github.com/apple/swift-nio-transport-services.git at 1.28.0 (0.73s)
Computing version for https://github.com/apple/swift-service-context.git
Computed https://github.com/apple/swift-service-context.git at 1.5.1 (0.16s)
Computing version for https://github.com/apple/swift-distributed-tracing.git
Computed https://github.com/apple/swift-distributed-tracing.git at 1.7.3 (0.16s)
Computing version for https://github.com/apple/swift-nio.git
Computed https://github.com/apple/swift-nio.git at 2.104.0 (0.37s)
Fetching https://github.com/apple/swift-collections.git
Fetching https://github.com/apple/swift-system.git
[1/7394] Fetching swift-system
[1332/36779] Fetching swift-system, swift-collections
Fetched https://github.com/apple/swift-system.git from cache (1.39s)
Fetched https://github.com/apple/swift-collections.git from cache (1.40s)
Computing version for https://github.com/apple/swift-configuration.git
Computed https://github.com/apple/swift-configuration.git at 1.4.0 (1.61s)
Fetching https://github.com/swift-server/swift-service-lifecycle
[1/2892] Fetching swift-service-lifecycle
Fetched https://github.com/swift-server/swift-service-lifecycle from cache (0.71s)
Computing version for https://github.com/swift-server/swift-service-lifecycle
Computed https://github.com/swift-server/swift-service-lifecycle at 2.13.0 (0.86s)
Fetching https://github.com/apple/swift-async-algorithms.git
[1/6825] Fetching swift-async-algorithms
Fetched https://github.com/apple/swift-async-algorithms.git from cache (0.60s)
Computing version for https://github.com/apple/swift-async-algorithms.git
Computed https://github.com/apple/swift-async-algorithms.git at 1.1.7 (0.81s)
Computing version for https://github.com/apple/swift-log.git
Computed https://github.com/apple/swift-log.git at 1.16.2 (0.15s)
Computing version for https://github.com/apple/swift-collections.git
Computed https://github.com/apple/swift-collections.git at 1.7.5 (0.24s)
Computing version for https://github.com/apple/swift-nio-http2.git
Computed https://github.com/apple/swift-nio-http2.git at 1.46.0 (0.16s)
Computing version for https://github.com/apple/swift-nio-ssl.git
Computed https://github.com/apple/swift-nio-ssl.git at 2.37.5 (0.18s)
Computing version for https://github.com/apple/swift-system.git
Computed https://github.com/apple/swift-system.git at 1.8.1 (0.17s)
Computing version for https://github.com/apple/swift-nio-extras.git
Computed https://github.com/apple/swift-nio-extras.git at 1.35.2 (0.28s)
Fetching https://github.com/apple/swift-certificates.git
Fetching https://github.com/apple/swift-http-types.git
Fetching https://github.com/apple/swift-asn1.git
Fetching https://github.com/apple/swift-http-structured-headers.git
[1/1284] Fetching swift-http-structured-headers
[53/3245] Fetching swift-http-structured-headers, swift-http-types
Fetched https://github.com/apple/swift-http-structured-headers.git from cache (0.41s)
Fetched https://github.com/apple/swift-http-types.git from cache (0.41s)
[1/7607] Fetching swift-certificates
[7608/9658] Fetching swift-certificates, swift-asn1
Fetched https://github.com/apple/swift-asn1.git from cache (0.72s)
Fetched https://github.com/apple/swift-certificates.git from cache (0.72s)
Computing version for https://github.com/apple/swift-http-structured-headers.git
Computed https://github.com/apple/swift-http-structured-headers.git at 1.7.0 (0.88s)
Computing version for https://github.com/apple/swift-http-types.git
Computed https://github.com/apple/swift-http-types.git at 1.8.0 (0.18s)
Computing version for https://github.com/apple/swift-asn1.git
Computed https://github.com/apple/swift-asn1.git at 1.7.3 (0.18s)
Computing version for https://github.com/apple/swift-certificates.git
Computed https://github.com/apple/swift-certificates.git at 1.21.1 (0.25s)
Fetching https://github.com/apple/swift-crypto.git
[1/18869] Fetching swift-crypto
Fetched https://github.com/apple/swift-crypto.git from cache (1.69s)
Computing version for https://github.com/apple/swift-crypto.git
Computed https://github.com/apple/swift-crypto.git at 5.0.3 (2.25s)
Creating working copy for https://github.com/apple/swift-service-context.git
Working copy of https://github.com/apple/swift-service-context.git resolved at 1.5.1
Creating working copy for https://github.com/apple/swift-nio.git
Working copy of https://github.com/apple/swift-nio.git resolved at 2.104.0
Creating working copy for https://github.com/apple/swift-nio-transport-services.git
Working copy of https://github.com/apple/swift-nio-transport-services.git resolved at 1.28.0
Creating working copy for https://github.com/apple/swift-crypto.git
Working copy of https://github.com/apple/swift-crypto.git resolved at 5.0.3
Creating working copy for https://github.com/smithy-lang/smithy-swift
Working copy of https://github.com/smithy-lang/smithy-swift resolved at 0.260.0
Creating working copy for https://github.com/swift-server/swift-service-lifecycle
Working copy of https://github.com/swift-server/swift-service-lifecycle resolved at 2.13.0
Creating working copy for https://github.com/apple/swift-async-algorithms.git
Working copy of https://github.com/apple/swift-async-algorithms.git resolved at 1.1.7
Creating working copy for https://github.com/apple/swift-system.git
Working copy of https://github.com/apple/swift-system.git resolved at 1.8.1
Creating working copy for https://github.com/apple/swift-nio-ssl.git
Working copy of https://github.com/apple/swift-nio-ssl.git resolved at 2.37.5
Creating working copy for https://github.com/apple/swift-algorithms.git
Working copy of https://github.com/apple/swift-algorithms.git resolved at 1.2.1
Creating working copy for https://github.com/apple/swift-collections.git
Working copy of https://github.com/apple/swift-collections.git resolved at 1.7.5
Creating working copy for https://github.com/apple/swift-argument-parser.git
Working copy of https://github.com/apple/swift-argument-parser.git resolved at 1.8.2
Creating working copy for https://github.com/apple/swift-nio-extras.git
Working copy of https://github.com/apple/swift-nio-extras.git resolved at 1.35.2
Creating working copy for https://github.com/apple/swift-distributed-tracing.git
Working copy of https://github.com/apple/swift-distributed-tracing.git resolved at 1.7.3
Creating working copy for https://github.com/swift-server/async-http-client.git
Working copy of https://github.com/swift-server/async-http-client.git resolved at 1.36.2
Creating working copy for https://github.com/awslabs/aws-crt-swift
Working copy of https://github.com/awslabs/aws-crt-swift resolved at 0.64.3
Creating working copy for https://github.com/apple/swift-http-structured-headers.git
Working copy of https://github.com/apple/swift-http-structured-headers.git resolved at 1.7.0
Creating working copy for https://github.com/apple/swift-configuration.git
Working copy of https://github.com/apple/swift-configuration.git resolved at 1.4.0
Creating working copy for https://github.com/apple/swift-http-types.git
Working copy of https://github.com/apple/swift-http-types.git resolved at 1.8.0
Creating working copy for https://github.com/apple/swift-log.git
Working copy of https://github.com/apple/swift-log.git resolved at 1.16.2
Creating working copy for https://github.com/apple/swift-certificates.git
Working copy of https://github.com/apple/swift-certificates.git resolved at 1.21.1
Creating working copy for https://github.com/apple/swift-nio-http2.git
Working copy of https://github.com/apple/swift-nio-http2.git resolved at 1.46.0
Creating working copy for https://github.com/apple/swift-asn1.git
Working copy of https://github.com/apple/swift-asn1.git resolved at 1.7.3
Creating working copy for https://github.com/awslabs/aws-sdk-swift
Working copy of https://github.com/awslabs/aws-sdk-swift resolved at 1.8.19
Creating working copy for https://github.com/apple/swift-numerics.git
Working copy of https://github.com/apple/swift-numerics.git resolved at 1.1.1
Creating working copy for https://github.com/apple/swift-atomics.git
Working copy of https://github.com/apple/swift-atomics.git resolved at 1.3.1
[0/18] Write sources
[6/18] Copying DefaultSwiftHeader.txt
[7/18] Write sources
[8/18] Write swift-version-24593BA9C3E375BF.txt
[10/31] Compiling Logging LoggingSystem.swift
[11/32] Compiling Logging Logger+With.swift
[12/32] Compiling Logging Logger.swift
[13/32] Compiling Logging LogEvent.swift
[14/32] Compiling Logging LogHandler.swift
[15/32] Compiling Logging Logger+Attributes.swift
[16/32] Compiling ArgumentParserToolInfo ToolInfo.swift
[17/32] Emitting module ArgumentParserToolInfo
[18/33] Wrapping AST for ArgumentParserToolInfo for debugging
[20/80] Compiling ArgumentParser ArgumentDefinition.swift
[21/80] Compiling ArgumentParser ArgumentSet.swift
[22/80] Compiling ArgumentParser CommandParser.swift
[23/80] Compiling ArgumentParser InputKey.swift
[24/80] Emitting module Logging
[25/80] Compiling Logging MetadataProvider.swift
[26/81] Wrapping AST for Logging for debugging
[28/151] Emitting module ArgumentParser
[29/157] Compiling Smithy ShapeID.swift
[30/157] Compiling Smithy ShapeType.swift
[31/157] Compiling Smithy Stream.swift
[32/157] Compiling Smithy TimestampFormat.swift
[33/157] Compiling Smithy Trait.swift
[34/157] Compiling Smithy TraitCollection.swift
[35/157] Emitting module Smithy
[36/166] Compiling Smithy Attribute.swift
[37/166] Compiling Smithy ByteStream.swift
[38/166] Compiling Smithy ClientError.swift
[39/166] Compiling Smithy Context.swift
[40/166] Compiling Smithy DocumentError.swift
[41/166] Compiling Smithy BigDecimalDocument.swift
[42/166] Compiling Smithy BigIntegerDocument.swift
[43/166] Compiling Smithy BlobDocument.swift
[44/166] Compiling Smithy BooleanDocument.swift
[45/166] Compiling Smithy ByteDocument.swift
[46/166] Compiling Smithy TimestampDocument.swift
[47/166] Compiling Smithy SmithyDocument.swift
[48/166] Compiling Smithy LogAgent.swift
[49/166] Compiling Smithy LogAgentLevel.swift
[50/166] Compiling Smithy SwiftLog+LogAgent.swift
[51/166] Compiling Smithy Node.swift
[52/166] Compiling Smithy RequestMessage.swift
[53/166] Compiling Smithy RequestMessageBuilder.swift
[54/166] Compiling Smithy RequestMessageSerializer.swift
[55/166] Compiling Smithy ResponseMessage.swift
[56/166] Compiling Smithy EventPayloadTrait.swift
[57/166] Compiling Smithy HTTPHeaderTrait.swift
[58/166] Compiling Smithy HTTPLabelTrait.swift
[59/166] Compiling Smithy HTTPPayloadTrait.swift
[60/166] Compiling Smithy HTTPPrefixHeadersTrait.swift
[61/166] Compiling Smithy HTTPQueryParamsTrait.swift
[62/166] Compiling Smithy HTTPQueryTrait.swift
[63/166] Compiling ArgumentParser AsyncCompletionsValidator.swift
[64/166] Compiling ArgumentParser CodingKeyValidator.swift
[65/166] Compiling ArgumentParser NonsenseFlagsValidator.swift
[66/166] Compiling Smithy TraitError.swift
[67/166] Compiling Smithy AWSQueryCompatibleTrait.swift
[68/166] Compiling Smithy AWSQueryErrorTrait.swift
[69/166] Compiling Smithy AddedDefaultTrait.swift
[70/166] Compiling Smithy AllRuntimeTraits.swift
[71/166] Compiling Smithy ClientOptionalTrait.swift
[72/166] Compiling Smithy DefaultTrait.swift
[73/166] Compiling Smithy EnumValueTrait.swift
[74/166] Compiling Smithy ErrorTrait.swift
[75/166] Compiling Smithy EventHeaderTrait.swift
[76/166] Compiling ArgumentParser ParsableArgumentsValidation.swift
[77/166] Compiling ArgumentParser PositionalArgumentsValidator.swift
[78/166] Compiling ArgumentParser UniqueNamesValidator.swift
[79/166] Compiling Smithy IntegerDocument.swift
[80/166] Compiling Smithy ListDocument.swift
[81/166] Compiling Smithy LongDocument.swift
[82/166] Compiling Smithy NullDocument.swift
[83/166] Compiling Smithy ShortDocument.swift
[84/166] Compiling Smithy StringDocument.swift
[85/166] Compiling Smithy StringMapDocument.swift
[86/166] Compiling Smithy ResponseMessageDeserializer.swift
[87/166] Compiling Smithy Prelude.swift
[88/166] Compiling Smithy Schema.swift
[89/166] Compiling Smithy SchemaExtension.swift
[96/166] Compiling Smithy TimestampFormatTrait.swift
[97/166] Compiling Smithy UnitTypeTrait.swift
[98/166] Compiling Smithy URI.swift
[99/166] Compiling Smithy URIQueryItem.swift
[100/166] Compiling Smithy URIScheme.swift
[101/166] Compiling Smithy UniqueIndexCounter.swift
[102/166] Compiling Smithy UniquelyIndexedByType.swift
[103/166] Compiling Smithy UniquelyIndexedCollection.swift
[104/166] Compiling Smithy UniquelyIndexedMutableCollection.swift
[105/166] Compiling Smithy JSONNameTrait.swift
[106/166] Compiling Smithy MediaTypeTrait.swift
[107/166] Compiling Smithy OutputTrait.swift
[108/166] Compiling Smithy RequiredTrait.swift
[109/166] Compiling Smithy SensitiveTrait.swift
[110/166] Compiling Smithy ServiceTrait.swift
[111/166] Compiling Smithy SparseTrait.swift
[112/166] Compiling Smithy StreamingTrait.swift
[113/166] Compiling Smithy TargetsUnitTrait.swift
[127/167] Wrapping AST for Smithy for debugging
[129/191] Compiling SmithySerialization DeserializableShape.swift
[130/191] Compiling SmithySerialization DeserializableStruct.swift
[131/191] Compiling SmithySerialization ReadValueConsumer.swift
[132/194] Compiling SmithySerialization SerializableStruct.swift
[133/194] Compiling SmithySerialization ShapeSerializer.swift
[134/194] Compiling SmithySerialization WriteValueConsumer.swift
[135/194] Compiling SmithySerialization SerializerError.swift
[136/194] Compiling SmithySerialization StringSerializer.swift
[137/194] Compiling SmithySerialization TypeRegistry.swift
[151/194] Compiling SmithySerialization Context+Operation.swift
[152/194] Compiling SmithySerialization DecodedNull.swift
[153/194] Compiling SmithySerialization DataStreamDeserializer.swift
[154/194] Compiling SmithySerialization DefaultValueDeserializer.swift
[155/194] Compiling SmithySerialization ShapeDeserializer.swift
[156/194] Compiling SmithySerialization ThrowByDefaultShapeDeserializer.swift
[157/194] Compiling SmithySerialization ResponseDecodingError.swift
[158/194] Compiling SmithySerialization NoOpByDefaultShapeSerializer.swift
[159/194] Compiling SmithySerialization NoOpSerializer.swift
[160/194] Compiling SmithySerialization SerializableShape.swift
[167/194] Emitting module SmithySerialization
[168/194] Compiling SmithySerialization ClientProtocol.swift
[169/194] Compiling SmithySerialization Operation.swift
[170/194] Compiling SmithySerialization OperationProperties.swift
[171/194] Compiling SmithySerialization Codec.swift
[176/194] Compiling SmithySerialization SerdeUtils.swift
[177/194] Compiling SmithySerialization DataStreamSerializer.swift
[178/194] Compiling SmithySerialization InterceptingSerializer.swift
[182/195] Wrapping AST for SmithySerialization for debugging
[184/250] Compiling SmithyCodegenCore ShapeID+AST.swift
[185/250] Compiling SmithyCodegenCore ShapeType+AST.swift
[186/250] Compiling SmithyCodegenCore Model+Box.swift
[187/250] Compiling SmithyCodegenCore Model+Deprecated.swift
[188/250] Compiling SmithyCodegenCore Model+InputOutput.swift
[189/250] Compiling SmithyCodegenCore Model+Operations.swift
[190/250] Compiling SmithyCodegenCore Model+PruneToService.swift
[192/251] Emitting module SmithyCodegenCore
[192/251] Wrapping AST for ArgumentParser for debugging
[201/258] Compiling SmithyCodegenCore Model+TrimReferences.swift
[202/258] Compiling SmithyCodegenCore ASTError.swift
[203/258] Compiling SmithyCodegenCore ASTMember.swift
[204/258] Compiling SmithyCodegenCore ASTModel.swift
[205/258] Compiling SmithyCodegenCore ASTReference.swift
[206/258] Compiling SmithyCodegenCore ASTShape.swift
[207/258] Compiling SmithyCodegenCore ASTType.swift
[208/258] Compiling SmithyCodegenCore Node+AST.swift
[209/258] Compiling SmithyCodegenCore CodeGenerator.swift
[210/258] Compiling SmithyCodegenCore Model+Union.swift
[211/258] Compiling SmithyCodegenCore NullableIndex.swift
[212/258] Compiling SmithyCodegenCore OperationsCodegen.swift
[213/258] Compiling SmithyCodegenCore SchemasCodegen.swift
[214/258] Compiling SmithyCodegenCore Shape+Schema.swift
[215/258] Compiling SmithyCodegenCore SerializeCodegen.swift
[216/258] Compiling SmithyCodegenCore Shape+SerializeMethodName.swift
[217/258] Compiling SmithyCodegenCore DocumentShape.swift
[218/258] Compiling SmithyCodegenCore AllCodegenTraits.swift
[219/258] Compiling SmithyCodegenCore DeprecatedTrait.swift
[220/258] Compiling SmithyCodegenCore EnumTrait.swift
[221/258] Compiling SmithyCodegenCore UsedAsInputTrait.swift
[222/258] Compiling SmithyCodegenCore UsedAsOutputTrait.swift
[223/258] Compiling SmithyCodegenCore TypeRegistryCodegen.swift
[224/258] Compiling SmithyCodegenCore resource_bundle_accessor.swift
[225/258] Compiling SmithyCodegenCore ResourceShape.swift
[226/258] Compiling SmithyCodegenCore ServiceShape.swift
[227/258] Compiling SmithyCodegenCore Shape+Prelude.swift
[228/258] Compiling SmithyCodegenCore Shape.swift
[229/258] Compiling SmithyCodegenCore StringShape.swift
[230/258] Compiling SmithyCodegenCore StructureShape.swift
[231/258] Compiling SmithyCodegenCore UnionShape.swift
[232/258] Compiling SmithyCodegenCore Node+Rendered.swift
[233/258] Compiling SmithyCodegenCore String+Utils.swift
[234/258] Compiling SmithyCodegenCore SwiftWriter.swift
[235/258] Compiling SmithyCodegenCore SwiftSettings.swift
[236/258] Compiling SmithyCodegenCore String+ReservedWords.swift
[237/258] Compiling SmithyCodegenCore SymbolProvider.swift
[238/258] Compiling SmithyCodegenCore SymbolProviderError.swift
[239/258] Compiling SmithyCodegenCore CodegenError.swift
[240/258] Compiling SmithyCodegenCore DeserializeCodegen.swift
[241/258] Compiling SmithyCodegenCore Shape+DeserializeMethodName.swift
[242/258] Compiling SmithyCodegenCore GenerationContext.swift
[243/258] Compiling SmithyCodegenCore HasShapeID.swift
[244/258] Compiling SmithyCodegenCore Model+AST.swift
[245/258] Compiling SmithyCodegenCore Model.swift
[246/258] Compiling SmithyCodegenCore ModelError.swift
[247/258] Compiling SmithyCodegenCore EnumShape.swift
[248/258] Compiling SmithyCodegenCore HasMembers.swift
[249/258] Compiling SmithyCodegenCore IntEnumShape.swift
[250/258] Compiling SmithyCodegenCore IntegerShape.swift
[251/258] Compiling SmithyCodegenCore ListShape.swift
[252/258] Compiling SmithyCodegenCore MapShape.swift
[253/258] Compiling SmithyCodegenCore MemberShape.swift
[254/258] Compiling SmithyCodegenCore OperationShape.swift
[255/259] Wrapping AST for SmithyCodegenCore for debugging
[257/261] Compiling SmithyCodegenCLI SmithyCodegenCLI.swift
[258/261] Emitting module SmithyCodegenCLI
[259/262] Wrapping AST for SmithyCodegenCLI for debugging
[260/262] Write Objects.LinkFileList
[261/262] Linking SmithyCodegenCLI-tool
/host/spi-builder-workspace/.build/checkouts/smithy-swift/Plugins/SmithyCodeGeneratorPlugin/SmithyCodeGeneratorPlugin.swift:25:38: warning: 'path' is deprecated: renamed to 'url' [#DeprecatedDeclaration]
23 |
24 | // Construct a build command for each source file with a particular suffix.
25 | return try sourceFiles.map(\.path).compactMap {
| |- warning: 'path' is deprecated: renamed to 'url' [#DeprecatedDeclaration]
| `- note: use 'url' instead
26 | try createBuildCommand(
27 | name: target.name,
/host/spi-builder-workspace/.build/checkouts/smithy-swift/Plugins/SmithyCodeGeneratorPlugin/SmithyCodeGeneratorPlugin.swift:29:29: warning: 'pluginWorkDirectory' is deprecated: renamed to 'pluginWorkDirectoryURL' [#DeprecatedDeclaration]
27 | name: target.name,
28 | for: $0,
29 | in: context.pluginWorkDirectory,
| |- warning: 'pluginWorkDirectory' is deprecated: renamed to 'pluginWorkDirectoryURL' [#DeprecatedDeclaration]
| `- note: use 'pluginWorkDirectoryURL' instead
30 | with: smithyCodegenCLITool.path
31 | )
/host/spi-builder-workspace/.build/checkouts/smithy-swift/Plugins/SmithyCodeGeneratorPlugin/SmithyCodeGeneratorPlugin.swift:30:44: warning: 'path' is deprecated: renamed to 'url' [#DeprecatedDeclaration]
28 | for: $0,
29 | in: context.pluginWorkDirectory,
30 | with: smithyCodegenCLITool.path
| |- warning: 'path' is deprecated: renamed to 'url' [#DeprecatedDeclaration]
| `- note: use 'url' instead
31 | )
32 | }
/host/spi-builder-workspace/.build/checkouts/smithy-swift/Plugins/SmithyCodeGeneratorPlugin/SmithyCodeGeneratorPlugin.swift:42:25: warning: 'lastComponent' is deprecated: Use `URL` type instead of `Path`. [#DeprecatedDeclaration]
40 | ) throws -> Command? {
41 | // Skip any file that isn't the swift-settings.json for this service.
42 | guard inputPath.lastComponent == "swift-settings.json" else { return nil }
| `- warning: 'lastComponent' is deprecated: Use `URL` type instead of `Path`. [#DeprecatedDeclaration]
43 |
44 | let currentWorkingDirectoryFileURL = URL(fileURLWithPath: FileManager.default.currentDirectoryPath)
/host/spi-builder-workspace/.build/checkouts/smithy-swift/Plugins/SmithyCodeGeneratorPlugin/SmithyCodeGeneratorPlugin.swift:47:43: warning: 'string' is deprecated: Use `URL` type instead of `Path`. [#DeprecatedDeclaration]
45 |
46 | // Get the swift-settings.json file path.
47 | let swiftSettingsPath = inputPath.string
| `- warning: 'string' is deprecated: Use `URL` type instead of `Path`. [#DeprecatedDeclaration]
48 |
49 | // Get the model path URL field from swift-settings.json.
/host/spi-builder-workspace/.build/checkouts/smithy-swift/Plugins/SmithyCodeGeneratorPlugin/SmithyCodeGeneratorPlugin.swift:50:85: warning: 'string' is deprecated: Use `URL` type instead of `Path`. [#DeprecatedDeclaration]
48 |
49 | // Get the model path URL field from swift-settings.json.
50 | let swiftSettingsData = try Data(contentsOf: URL(fileURLWithPath: inputPath.string))
| `- warning: 'string' is deprecated: Use `URL` type instead of `Path`. [#DeprecatedDeclaration]
51 | let swiftSettingsModelInfo = try JSONDecoder().decode(SwiftSettingsModelInfo.self, from: swiftSettingsData)
52 | let modelPathURL = if let modelPath = swiftSettingsModelInfo.modelPath {
/host/spi-builder-workspace/.build/checkouts/smithy-swift/Plugins/SmithyCodeGeneratorPlugin/SmithyCodeGeneratorPlugin.swift:55:44: warning: 'removingLastComponent()' is deprecated: Use `URL` type instead of `Path`. [#DeprecatedDeclaration]
53 | currentWorkingDirectoryFileURL.appendingPathComponent(modelPath)
54 | } else {
55 | URL(fileURLWithPath: inputPath.removingLastComponent().appending(["model.json"]).string)
| `- warning: 'removingLastComponent()' is deprecated: Use `URL` type instead of `Path`. [#DeprecatedDeclaration]
56 | }
57 | let modelPath = Path(modelPathURL.path)
/host/spi-builder-workspace/.build/checkouts/smithy-swift/Plugins/SmithyCodeGeneratorPlugin/SmithyCodeGeneratorPlugin.swift:55:68: warning: 'appending' is deprecated: Use `URL` type instead of `Path`. [#DeprecatedDeclaration]
53 | currentWorkingDirectoryFileURL.appendingPathComponent(modelPath)
54 | } else {
55 | URL(fileURLWithPath: inputPath.removingLastComponent().appending(["model.json"]).string)
| `- warning: 'appending' is deprecated: Use `URL` type instead of `Path`. [#DeprecatedDeclaration]
56 | }
57 | let modelPath = Path(modelPathURL.path)
/host/spi-builder-workspace/.build/checkouts/smithy-swift/Plugins/SmithyCodeGeneratorPlugin/SmithyCodeGeneratorPlugin.swift:55:94: warning: 'string' is deprecated: Use `URL` type instead of `Path`. [#DeprecatedDeclaration]
53 | currentWorkingDirectoryFileURL.appendingPathComponent(modelPath)
54 | } else {
55 | URL(fileURLWithPath: inputPath.removingLastComponent().appending(["model.json"]).string)
| `- warning: 'string' is deprecated: Use `URL` type instead of `Path`. [#DeprecatedDeclaration]
56 | }
57 | let modelPath = Path(modelPathURL.path)
/host/spi-builder-workspace/.build/checkouts/smithy-swift/Plugins/SmithyCodeGeneratorPlugin/SmithyCodeGeneratorPlugin.swift:57:25: warning: 'init(_:)' is deprecated: Use `URL` type instead of `Path`. [#DeprecatedDeclaration]
55 | URL(fileURLWithPath: inputPath.removingLastComponent().appending(["model.json"]).string)
56 | }
57 | let modelPath = Path(modelPathURL.path)
| `- warning: 'init(_:)' is deprecated: Use `URL` type instead of `Path`. [#DeprecatedDeclaration]
58 |
59 | // Construct the Schemas.swift path.
/host/spi-builder-workspace/.build/checkouts/smithy-swift/Plugins/SmithyCodeGeneratorPlugin/SmithyCodeGeneratorPlugin.swift:60:52: warning: 'appending' is deprecated: Use `URL` type instead of `Path`. [#DeprecatedDeclaration]
58 |
59 | // Construct the Schemas.swift path.
60 | let schemasSwiftPath = outputDirectoryPath.appending("\(name)Schemas.swift")
| `- warning: 'appending' is deprecated: Use `URL` type instead of `Path`. [#DeprecatedDeclaration]
61 |
62 | // Construct the Serialize.swift path.
/host/spi-builder-workspace/.build/checkouts/smithy-swift/Plugins/SmithyCodeGeneratorPlugin/SmithyCodeGeneratorPlugin.swift:63:54: warning: 'appending' is deprecated: Use `URL` type instead of `Path`. [#DeprecatedDeclaration]
61 |
62 | // Construct the Serialize.swift path.
63 | let serializeSwiftPath = outputDirectoryPath.appending("\(name)Serialize.swift")
| `- warning: 'appending' is deprecated: Use `URL` type instead of `Path`. [#DeprecatedDeclaration]
64 |
65 | // Construct the Deserialize.swift path.
/host/spi-builder-workspace/.build/checkouts/smithy-swift/Plugins/SmithyCodeGeneratorPlugin/SmithyCodeGeneratorPlugin.swift:66:56: warning: 'appending' is deprecated: Use `URL` type instead of `Path`. [#DeprecatedDeclaration]
64 |
65 | // Construct the Deserialize.swift path.
66 | let deserializeSwiftPath = outputDirectoryPath.appending("\(name)Deserialize.swift")
| `- warning: 'appending' is deprecated: Use `URL` type instead of `Path`. [#DeprecatedDeclaration]
67 |
68 | // Construct the TypeRegistry.swift path.
/host/spi-builder-workspace/.build/checkouts/smithy-swift/Plugins/SmithyCodeGeneratorPlugin/SmithyCodeGeneratorPlugin.swift:69:57: warning: 'appending' is deprecated: Use `URL` type instead of `Path`. [#DeprecatedDeclaration]
67 |
68 | // Construct the TypeRegistry.swift path.
69 | let typeRegistrySwiftPath = outputDirectoryPath.appending("\(name)TypeRegistry.swift")
| `- warning: 'appending' is deprecated: Use `URL` type instead of `Path`. [#DeprecatedDeclaration]
70 |
71 | // Construct the Operations.swift path.
/host/spi-builder-workspace/.build/checkouts/smithy-swift/Plugins/SmithyCodeGeneratorPlugin/SmithyCodeGeneratorPlugin.swift:72:55: warning: 'appending' is deprecated: Use `URL` type instead of `Path`. [#DeprecatedDeclaration]
70 |
71 | // Construct the Operations.swift path.
72 | let operationsSwiftPath = outputDirectoryPath.appending("\(name)Operations.swift")
| `- warning: 'appending' is deprecated: Use `URL` type instead of `Path`. [#DeprecatedDeclaration]
73 |
74 | let arguments: [any CustomStringConvertible] = [
/host/spi-builder-workspace/.build/checkouts/smithy-swift/Plugins/SmithyCodeGeneratorPlugin/SmithyCodeGeneratorPlugin.swift:85:17: warning: 'buildCommand(displayName:executable:arguments:environment:inputFiles:outputFiles:)' is deprecated: Use `URL` type instead of `Path`. [#DeprecatedDeclaration]
83 |
84 | // Construct the build command that invokes SmithyCodegenCLI.
85 | return .buildCommand(
| `- warning: 'buildCommand(displayName:executable:arguments:environment:inputFiles:outputFiles:)' is deprecated: Use `URL` type instead of `Path`. [#DeprecatedDeclaration]
86 | displayName: "Generating Swift source files from model file \(modelPath)",
87 | executable: generatorToolPath,
/host/spi-builder-workspace/.build/checkouts/smithy-swift/Plugins/SmithyCodeGeneratorPlugin/SmithyCodeGeneratorPlugin.swift:86:74: warning: 'appendInterpolation' is deprecated: Use `URL` type instead of `Path`. [#DeprecatedDeclaration]
84 | // Construct the build command that invokes SmithyCodegenCLI.
85 | return .buildCommand(
86 | displayName: "Generating Swift source files from model file \(modelPath)",
| `- warning: 'appendInterpolation' is deprecated: Use `URL` type instead of `Path`. [#DeprecatedDeclaration]
87 | executable: generatorToolPath,
88 | arguments: arguments,
[#DeprecatedDeclaration]: <https://docs.swift.org/compiler/documentation/diagnostics/deprecated-declaration>
[1/1] Compiling plugin SmithyCodeGeneratorPlugin
[2/2] Compiling plugin GenerateManual
[3/3] Compiling plugin GenerateDoccReference
Building for debugging...
[3/307] Copying PrivacyInfo.xcprivacy
[3/307] Copying DefaultSwiftHeader.txt
[3/307] Write sources
[3/307] Copying PrivacyInfo.xcprivacy
[3/307] Write sources
[3/307] Copying PrivacyInfo.xcprivacy
[3/307] Write sources
[44/307] Compiling mqtt5_types.c
[45/307] Compiling rate_limiters.c
[46/307] Compiling mqtt5_utils.c
[47/307] Compiling mqtt5_listener.c
[48/307] Write swift-version-24593BA9C3E375BF.txt
[49/307] Compiling mqtt5_topic_alias.c
[50/315] Compiling mqtt5_callbacks.c
[51/315] Compiling mqtt5_encoder.c
[53/326] Compiling SmithyRetriesAPI RetryErrorInfoProvider.swift
[53/326] Compiling mqtt5_decoder.c
[55/326] Compiling SmithyRetriesAPI RetryStrategy.swift
[55/327] Compiling mqtt5_to_mqtt3_adapter.c
[57/327] Compiling SmithyRetriesAPI RetryBackoffStrategy.swift
[57/327] Compiling mqtt5_options_storage.c
[59/327] Emitting module SmithyRetriesAPI
[60/327] Compiling SmithyRetriesAPI RetryErrorInfo.swift
[60/327] Compiling topic_tree.c
[62/327] Compiling SmithyRetriesAPI RetryError.swift
[62/327] Compiling mqtt5_client.c
[64/327] Compiling SmithyRetriesAPI RetryErrorType.swift
[64/327] Wrapping AST for Logging for debugging
[66/327] Compiling SmithyRetriesAPI RetryStrategyOptions.swift
[67/327] Compiling SmithyRetriesAPI RetryToken.swift
[68/328] Compiling shared.c
[69/328] Compiling request_response_subscription_set.c
[70/331] Compiling subscription_manager.c
[72/337] Compiling Logging LoggingSystem.swift
[72/338] Compiling protocol_adapter.c
[73/338] Compiling mqtt_iot_metrics.c
[74/338] Compiling mqtt_subscription_set.c
[75/338] Compiling packets.c
[76/338] Wrapping AST for Smithy for debugging
[78/338] Compiling Logging MetadataProvider.swift
[79/338] Compiling SmithyRetries ExponentialBackoffStrategy.swift
[80/339] Compiling SmithyRetries ExponentialBackOffJitterType.swift
[81/339] Compiling SmithyRetries RetryQuotaRepository.swift
[81/339] Wrapping AST for SmithySerialization for debugging
[82/339] Compiling request_response_client.c
[84/339] Compiling Logging Logger+With.swift
[85/339] Compiling Logging Logger.swift
[86/339] Compiling SmithyRetries DefaultRetryToken.swift
[87/339] Compiling SmithyRetries RetryQuota.swift
[88/339] Compiling SmithyRetries ExponentialBackoffStrategyOptions.swift
[88/339] Compiling fixed_header.c
[89/339] Compiling mqtt311_decoder.c
[90/339] Compiling mqtt311_listener.c
[91/339] Compiling mqtt.c
[93/339] Compiling SmithyRetries ClientSideRateLimiter.swift
[94/339] Compiling SmithyRetries DefaultRetryStrategy+Error.swift
[95/339] Compiling Logging LogEvent.swift
[96/339] Compiling Logging LogHandler.swift
[97/339] Compiling Logging Logger+Attributes.swift
[97/339] Compiling client_impl_shared.c
[101/339] Emitting module SmithyRetries
[101/339] Compiling tracing.c
[102/339] Compiling tls_channel_handler.c
[103/339] Compiling SmithyRetries DefaultRetryStrategy.swift
[104/340] Wrapping AST for SmithyCodegenCore for debugging
[105/340] Compiling stream.c
[107/340] Compiling tls_channel_handler_shared.c
[109/340] Compiling Logging MultiplexLogHandler.swift
[110/340] Compiling Logging StreamLogHandler.swift
[111/340] Emitting module Logging
[111/341] Compiling standard_retry_strategy.c
[112/341] Compiling client_channel_handler.c
[114/341] Compiling statistics.c
[115/341] Compiling basic_auth.c
[116/341] Compiling socks5.c
[117/341] Compiling client.c
[118/341] Compiling socket_shared.c
[119/341] Compiling socket.c
[120/359] Compiling no_auth.c
[121/374] Compiling socket_channel_handler.c
[122/380] Compiling retry_strategy.c
[123/411] Compiling s2n_apple_keychain.c
[124/411] Compiling shared_library.c
[125/411] Compiling pkcs11_tls_op_handler.c
[126/411] Compiling s2n_tls_channel_handler.c
[127/411] Compiling host_resolver.c
[128/411] Compiling pipe.c
[129/411] Compiling no_retry_strategy.c
[130/411] Compiling socket.c
[131/411] Compiling pem.c
[132/411] Compiling pkcs11_lib.c
[133/411] Compiling io.c
[134/411] Compiling message_pool.c
[135/411] Compiling l4_proxy.c
[136/411] Compiling epoll_event_loop.c
[138/411] Compiling Smithy JSONNameTrait.swift
[139/411] Compiling Smithy MediaTypeTrait.swift
[140/411] Compiling Smithy OutputTrait.swift
[141/411] Compiling Smithy RequiredTrait.swift
[142/411] Compiling Smithy SensitiveTrait.swift
[143/411] Compiling Smithy ServiceTrait.swift
[144/411] Compiling Smithy SparseTrait.swift
[145/411] Compiling Smithy StreamingTrait.swift
[146/411] Compiling Smithy TargetsUnitTrait.swift
[146/413] Compiling future.c
[147/417] Compiling exponential_backoff_retry_strategy.c
[149/420] Compiling Smithy TraitError.swift
[150/420] Compiling Smithy AWSQueryCompatibleTrait.swift
[151/420] Compiling Smithy AWSQueryErrorTrait.swift
[152/420] Compiling Smithy AddedDefaultTrait.swift
[153/420] Compiling Smithy AllRuntimeTraits.swift
[154/420] Compiling Smithy ClientOptionalTrait.swift
[155/420] Compiling Smithy DefaultTrait.swift
[156/420] Compiling Smithy EnumValueTrait.swift
[157/420] Compiling Smithy ErrorTrait.swift
[158/420] Compiling Smithy EventHeaderTrait.swift
[159/420] Compiling Smithy EventPayloadTrait.swift
[160/420] Compiling Smithy HTTPHeaderTrait.swift
[161/420] Compiling Smithy HTTPLabelTrait.swift
[162/420] Compiling Smithy HTTPPayloadTrait.swift
[163/420] Compiling Smithy HTTPPrefixHeadersTrait.swift
[164/420] Compiling Smithy HTTPQueryParamsTrait.swift
[165/420] Compiling Smithy HTTPQueryTrait.swift
[166/420] Compiling Smithy HTTPResponseCodeTrait.swift
[167/420] Compiling Smithy HTTPTrait.swift
[168/420] Compiling Smithy InputTrait.swift
[168/420] Compiling async_stream.c
[169/420] Compiling event_loop.c
[170/420] Compiling host_resolver.c
[171/420] Compiling alpn_handler.c
[172/420] Compiling channel.c
[172/420] Compiling channel_bootstrap.c
[174/420] Compiling websocket_encoder.c
[175/420] Compiling websocket_decoder.c
[176/420] Compiling statistics.c
[177/420] Compiling websocket_bootstrap.c
[179/420] Compiling Smithy ResponseMessageDeserializer.swift
[180/420] Compiling Smithy Prelude.swift
[181/420] Compiling Smithy Schema.swift
[182/420] Compiling Smithy SchemaExtension.swift
[183/420] Compiling Smithy ShapeID.swift
[184/420] Compiling Smithy ShapeType.swift
[185/420] Compiling Smithy Stream.swift
[186/420] Compiling Smithy TimestampFormat.swift
[187/420] Compiling Smithy Trait.swift
[188/420] Compiling Smithy TraitCollection.swift
[188/420] Compiling strutil.c
[189/420] Compiling random_access_set.c
[191/420] Compiling Smithy TimestampDocument.swift
[192/420] Compiling Smithy SmithyDocument.swift
[193/420] Compiling Smithy LogAgent.swift
[194/420] Compiling Smithy LogAgentLevel.swift
[195/420] Compiling Smithy SwiftLog+LogAgent.swift
[196/420] Compiling Smithy Node.swift
[197/420] Compiling Smithy RequestMessage.swift
[198/420] Compiling Smithy RequestMessageBuilder.swift
[199/420] Compiling Smithy RequestMessageSerializer.swift
[200/420] Compiling Smithy ResponseMessage.swift
[200/420] Compiling proxy_strategy.c
[201/420] Compiling websocket.c
[202/420] Compiling no_proxy.c
[203/420] Compiling hpack_huffman_static.c
[204/420] Compiling request_response.c
[205/420] Compiling hpack_encoder.c
[206/420] Compiling http.c
[207/420] Compiling proxy_connection.c
[208/420] Compiling hpack_decoder.c
[209/420] Compiling http2_stream_manager.c
[210/420] Compiling h2_stream.c
[212/420] Compiling Smithy Attribute.swift
[213/420] Compiling Smithy ByteStream.swift
[214/420] Compiling Smithy ClientError.swift
[215/420] Compiling Smithy Context.swift
[216/420] Compiling Smithy DocumentError.swift
[217/420] Compiling Smithy BigDecimalDocument.swift
[218/420] Compiling Smithy BigIntegerDocument.swift
[219/420] Compiling Smithy BlobDocument.swift
[220/420] Compiling Smithy BooleanDocument.swift
[221/420] Compiling Smithy ByteDocument.swift
[222/420] Compiling Smithy Document.swift
[223/420] Compiling Smithy DoubleDocument.swift
[224/420] Compiling Smithy FloatDocument.swift
[225/420] Compiling Smithy IntegerDocument.swift
[226/420] Compiling Smithy ListDocument.swift
[227/420] Compiling Smithy LongDocument.swift
[228/420] Compiling Smithy NullDocument.swift
[229/420] Compiling Smithy ShortDocument.swift
[230/420] Compiling Smithy StringDocument.swift
[231/420] Compiling Smithy StringMapDocument.swift
[232/420] Emitting module Smithy
[232/420] Compiling hpack.c
[233/420] Compiling h1_stream.c
[234/420] Compiling h2_frames.c
[235/420] Compiling h1_encoder.c
[236/420] Compiling h2_connection.c
[237/420] Compiling h2_decoder.c
[238/420] Compiling h1_decoder.c
[239/420] Compiling connection_monitor.c
[240/420] Compiling event_stream_rpc.c
[241/420] Compiling connection_manager.c
[242/420] Compiling event_stream_rpc_client.c
[243/420] Compiling connection.c
[244/420] Compiling event_stream_rpc_server.c
[245/420] Compiling huffman_testing.c
[246/420] Compiling compression.c
[247/420] Compiling huffman.c
[248/420] Compiling uuid.c
[249/420] Compiling uri.c
[250/420] Compiling thread_shared.c
[251/420] Compiling event_stream.c
[252/420] Compiling xml_parser.c
[253/420] Compiling event_stream_channel_handler.c
[254/420] Compiling string.c
[255/420] Compiling h1_connection.c
[256/420] Compiling statistics.c
[257/420] Compiling thread_scheduler.c
[258/420] Compiling system_info.c
[259/420] Compiling time.c
[260/420] Compiling ref_count.c
[262/420] Compiling Smithy TimestampFormatTrait.swift
[263/420] Compiling Smithy UnitTypeTrait.swift
[264/420] Compiling Smithy URI.swift
[265/420] Compiling Smithy URIQueryItem.swift
[266/420] Compiling Smithy URIScheme.swift
[267/420] Compiling Smithy UniqueIndexCounter.swift
[268/420] Compiling Smithy UniquelyIndexedByType.swift
[269/420] Compiling Smithy UniquelyIndexedCollection.swift
[270/420] Compiling Smithy UniquelyIndexedMutableCollection.swift
[270/420] Compiling task_scheduler.c
[271/421] Compiling process_common.c
[273/421] Compiling system_resource_utils.c
[273/421] Compiling ring_buffer.c
[275/421] Compiling priority_queue.c
[276/421] Compiling rw_lock.c
[277/421] Compiling system_info.c
[277/421] Compiling process.c
[279/421] Compiling thread.c
[280/421] Compiling environment.c
[281/432] Compiling mutex.c
[283/461] Compiling SmithyEventStreamsAPI MessageDecoder.swift
[284/462] Compiling SmithyIdentityAPI IdentityResolver.swift
[285/462] Compiling SmithyTelemetryAPI AsyncMeasurement.swift
[286/462] Compiling SmithyTelemetryAPI Histogram.swift
[287/464] Emitting module SmithyTelemetryAPI
[288/464] Compiling SmithyIdentityAPI Context+IdentityResolver.swift
[289/464] Compiling SmithyEventStreamsAPI UnmarshalClosure.swift
[290/464] Compiling SmithyEventStreamsAPI MarshalClosure.swift
[291/464] Compiling SmithyEventStreamsAPI Message.swift
[292/464] Compiling SmithyStreams NSLock+Extension.swift
[293/464] Compiling SmithyIdentityAPI Context+AuthSchemePreference.swift
[294/464] Compiling SmithyIdentityAPI ClientConfigDefaultIdentityResolver.swift
[295/464] Compiling SmithyIdentityAPI Context+FlowType.swift
[296/464] Emitting module SmithyIdentityAPI
[297/474] Compiling SmithyEventStreamsAPI Header.swift
[298/476] Compiling SmithySerialization Context+Operation.swift
[299/476] Compiling SmithySerialization DecodedNull.swift
[300/478] Emitting module SmithyEventStreamsAPI
[301/492] Compiling SmithySerialization ResponseDecodingError.swift
[302/492] Compiling SmithySerialization ClientProtocol.swift
[303/492] Compiling SmithySerialization Codec.swift
[304/492] Compiling SmithySerialization SerdeUtils.swift
[305/492] Compiling SmithyIdentityAPI Identity.swift
[305/492] Compiling file.c
[307/492] Compiling SmithySerialization DataStreamSerializer.swift
[308/492] Compiling SmithySerialization InterceptingSerializer.swift
[309/492] Compiling SmithySerialization Operation.swift
[310/492] Compiling SmithySerialization OperationProperties.swift
[311/492] Compiling SmithySerialization ShapeDeserializer.swift
[312/492] Compiling SmithySerialization ThrowByDefaultShapeDeserializer.swift
[315/492] Compiling SmithySerialization DataStreamDeserializer.swift
[316/492] Compiling SmithySerialization DefaultValueDeserializer.swift
[317/494] Emitting module SmithyTimestamps
[318/495] Compiling SmithyIdentityAPI FlowType.swift
[319/496] Compiling SmithyEventStreamsAPI MessageType.swift
[320/496] Compiling SmithyEventStreamsAPI MessageEncoder.swift
[321/497] Compiling device_random.c
[324/497] Compiling SmithyChecksumsAPI Checksum.swift
[325/497] Compiling SmithyChecksumsAPI Context+Checksum.swift
[326/497] Compiling SmithyChecksumsAPI ChecksumAlgorithm.swift
[327/497] Emitting module SmithyChecksumsAPI
[327/498] Compiling condition_variable.c
[329/498] Compiling SmithyTimestamps DateFormatters.swift
[330/498] Compiling SmithyTimestamps TimestampSerdeUtils.swift
[333/499] Compiling SmithySerialization NoOpByDefaultShapeSerializer.swift
[334/499] Compiling SmithySerialization NoOpSerializer.swift
[335/499] Compiling SmithySerialization SerializableShape.swift
[336/499] Compiling SmithySerialization SerializableStruct.swift
[337/499] Compiling SmithySerialization ShapeSerializer.swift
[338/499] Compiling SmithySerialization WriteValueConsumer.swift
[339/499] Compiling SmithyStreams BufferedStream.swift
[340/499] Emitting module SmithyStreams
[340/499] Compiling clock.c
[342/499] Compiling SmithyStreams FileStream.swift
[342/499] Compiling cross_process_lock.c
[345/500] Compiling SmithySerialization DeserializableShape.swift
[350/506] Compiling math.c
[352/507] Emitting module SmithySerialization
[352/507] Compiling system_info.c
[355/507] Compiling SmithySerialization DeserializableStruct.swift
[356/507] Compiling SmithySerialization ReadValueConsumer.swift
[356/515] Compiling memtrace.c
[357/515] Compiling log_formatter.c
[358/515] Compiling log_channel.c
[369/515] Compiling file_direct_io.c
[371/515] Compiling SmithyEventStreamsAuthAPI MessageEncoderStream.swift
[372/515] Compiling SmithyEventStreamsAuthAPI MessageSigner.swift
[372/515] Compiling lru_cache.c
[373/515] Compiling lifo_cache.c
[375/515] Emitting module SmithyEventStreamsAuthAPI
[375/515] Compiling log_writer.c
[377/515] Compiling SmithyReadWrite WritingClosure.swift
[378/515] Compiling SmithyReadWrite WireResponseOutputClosure.swift
[379/515] Compiling SmithySerialization SerializerError.swift
[380/515] Compiling SmithySerialization StringSerializer.swift
[381/515] Compiling SmithySerialization TypeRegistry.swift
[382/516] Compiling SmithyReadWrite WireResponseErrorClosure.swift
[382/516] Compiling logging.c
[385/516] Compiling SmithyEventStreamsAuthAPI MessageDataSigner.swift
[385/516] Compiling file.c
[386/516] Compiling SmithyEventStreamsAuthAPI MessageDecoderStream.swift
[387/516] Compiling SmithyEventStreamsAuthAPI Context+EventStreamsAuthAPI.swift
[388/517] Compiling linked_hash_table.c
[390/517] Compiling host_utils.c
[391/517] Compiling tags.c
[392/517] Compiling fifo_cache.c
[393/517] Compiling json.c
[395/517] Compiling SmithyReadWrite SmithyWriter.swift
[396/517] Compiling SmithyReadWrite SmithyReader.swift
[396/517] Compiling strings.c
[397/517] Compiling serialization.c
[398/522] Compiling hash_table.c
[399/525] Compiling streaming.c
[400/526] Compiling maps.c
[401/532] Compiling ints.c
[403/535] Compiling SmithyReadWrite ReadingClosure.swift
[404/535] Compiling SmithyReadWrite DataProviding.swift
[405/543] Emitting module SmithyReadWrite
[405/544] Compiling unicode.c
[406/544] Compiling loaders.c
[407/544] Compiling stack.c
[408/544] Compiling memory_utils.c
[410/544] Compiling encoders.c
[411/544] Compiling floats_ctrls.c
[412/544] Compiling encoding.c
[413/544] Compiling callbacks.c
[414/544] Compiling builder_callbacks.c
[415/550] Compiling common.c
[416/550] Compiling bytestrings.c
[417/565] Compiling allocators.c
[418/566] Compiling cbor.c
[419/566] Compiling arrays.c
[420/566] Compiling error.c
[421/566] Compiling device_random.c
[422/566] Compiling date_time.c
[423/566] Compiling cJSON.c
[424/566] Compiling encoding.c
[426/566] Compiling SmithyJSON Deserializer.swift
[427/566] Compiling SmithyJSON Document+Init.swift
[428/566] Compiling SmithyJSON Document+JSONUtils.swift
[429/566] Compiling SmithyJSON JSONNameExtension.swift
[430/566] Emitting module SmithyFormURL
[430/569] Compiling condition_variable.c
[431/569] Compiling command_line_parser.c
[432/569] Compiling common.c
[433/569] Compiling cache.c
[434/569] Compiling cbor.c
[435/569] Compiling assert.c
[436/569] Compiling byte_buf.c
[437/569] Compiling array_list.c
[439/569] Emitting module SmithyXML
[440/569] Compiling SmithyHTTPAPI HTTPQuerySerializer.swift
[441/569] Compiling SmithyHTTPAPI HTTPRequestBodyProxy.swift
[442/569] Compiling SmithyHTTPAPI HTTPBindingsDeserializer.swift
[443/569] Compiling SmithyJSON JSONNode.swift
[444/569] Compiling SmithyJSON JSONValue.swift
[445/569] Compiling SmithyJSON MemberNameExtension.swift
[446/569] Compiling SmithyJSON NodeInfo.swift
[447/569] Compiling SmithyHTTPAPI HTTPPayloadSerializer.swift
[448/569] Compiling SmithyHTTPAPI HTTPPrefixHeadersSerializer.swift
[449/569] Compiling SmithyHTTPAPI HTTPQueryParamsSerializer.swift
[450/569] Compiling SmithyHTTPAPI HTTPHeaderDeserializer.swift
[451/569] Compiling SmithyHTTPAPI HTTPPayloadDeserializer.swift
[452/569] Compiling SmithyHTTPAPI HTTPPrefixHeadersDeserializer.swift
[452/569] Compiling codegen.c
[453/569] Compiling cpuid.c
[455/569] Compiling SmithyJSON Reader+JSONDeserialization.swift
[456/569] Compiling SmithyJSON Reader.swift
[457/569] Compiling SmithyHTTPAPI HTTPMethodType.swift
[458/569] Compiling SmithyHTTPAPI HTTPRequest.swift
[459/569] Compiling SmithyHTTPAPI HTTPResponse.swift
[460/569] Compiling SmithyHTTPAPI HTTPStatusCode.swift
[461/569] Compiling SmithyHTTPAPI Headers.swift
[462/569] Compiling SmithyHTTPAPI HTTPBindingsExtension.swift
[462/569] Compiling crc_util.c
[464/569] Emitting module SmithyHTTPAPI
[464/569] Compiling crc_sw.c
[465/569] Compiling allocator_sba.c
[467/569] Compiling SmithyFormURL NodeInfo.swift
[468/569] Compiling SmithyFormURL Writer.swift
[469/569] Compiling SmithyJSON Writer+JSONSerialization.swift
[469/571] Compiling allocator.c
[470/571] Compiling crc64.c
[472/571] Compiling crc64_sw.c
[473/571] Compiling crc32.c
[475/571] Compiling SmithyXML Writer.swift
[476/571] Compiling SmithyXML Writer+libxml2.swift
[477/571] Compiling SmithyHTTPAPI HTTPResponseCodeDeserializer.swift
[478/571] Compiling SmithyHTTPAPI URL+getQueryItems.swift
[479/571] Compiling SmithyHTTPAPI URLEncodingUtils.swift
[479/572] Compiling checksums.c
[482/572] Compiling SmithyXML Reader.swift
[482/572] Compiling opensslcrypto_hash.c
[483/572] Compiling xxhash.c
[484/572] Compiling SmithyXML NodeInfo.swift
[486/572] Compiling SmithyXML Reader+libxml2.swift
[486/575] Compiling opensslcrypto_ecc.c
[488/578] Compiling opensslcrypto_hmac.c
[489/578] Compiling openssl_aes.c
[491/595] Compiling SmithyHTTPClientAPI TLSConfiguration.swift
[492/595] Compiling SmithyHTTPAuthAPI Context+Chunked.swift
[493/595] Compiling SmithyHTTPAuthAPI Context+EstimatedSkew.swift
[494/595] Compiling SmithyHTTPAuthAPI AuthSchemeResolver.swift
[495/595] Compiling SmithyHTTPAuthAPI AuthSchemeResolverParameters.swift
[495/595] Compiling openssl_rsa.c
[496/595] Compiling symmetric_cipher.c
[498/595] Compiling SmithyJSON Writer.swift
[498/595] Compiling ref_hkdf.c
[499/595] Compiling SmithyHTTPClientAPI Proxy.swift
[501/595] Emitting module SmithyHTTPClientAPI
[502/595] Compiling SmithyHTTPClientAPI HttpClientConfiguration.swift
[503/595] Compiling SmithyHTTPAuthAPI Signer.swift
[504/595] Compiling SmithyHTTPAuthAPI AWSSignatureType.swift
[505/595] Compiling SmithyHTTPAuthAPI AWSSignedBodyHeader.swift
[506/595] Compiling SmithyHTTPAuthAPI AWSSignedBodyValue.swift
[507/597] Compiling SmithyHTTPAuthAPI AuthOption.swift
[508/597] Compiling SmithyHTTPAuthAPI AuthScheme.swift
[509/597] Compiling openssl_platform_init.c
[510/597] Compiling hmac.c
[511/597] Compiling ed25519_noop.c
[512/597] Compiling lccrypto_common.c
[513/597] Compiling rsa.c
[514/597] Compiling hash.c
[516/597] Emitting module SmithyHTTPAuthAPI
[517/597] Compiling SmithyHTTPAuthAPI Context+HTTPAuth.swift
[518/597] Compiling SmithyHTTPAuthAPI Context+RequestSignature.swift
[524/597] Emitting module SmithyJSON
[526/597] Compiling hkdf.c
[528/597] Compiling SmithyHTTPAuthAPI SigningPropertyKeys.swift
[529/597] Compiling SmithyHTTPAuthAPI IdentityResolverConfiguration.swift
[530/597] Compiling SmithyJSON Serializer.swift
[531/597] Compiling SmithyHTTPClientAPI HttpTelemetry.swift
[532/598] Compiling SmithyHTTPAuthAPI ReprioritizeAuthOptions.swift
[533/598] Compiling SmithyHTTPAuthAPI SelectedAuthScheme.swift
[535/599] Compiling ed25519.c
[536/599] Compiling der.c
[537/599] Compiling ecc.c
[538/599] Compiling cal.c
[542/599] Compiling SmithyHTTPAuthAPI SigningAlgorithm.swift
[543/599] Compiling SmithyHTTPAuthAPI SigningFlags.swift
[543/600] Compiling sso_token_utils.c
[545/600] Compiling token_provider_sso_session.c
[546/600] Compiling signing.c
[547/600] Compiling signing_config.c
[548/600] Compiling sigv4_http_request.c
[549/600] Compiling token_provider_sso_profile.c
[550/600] Compiling signing_result.c
[551/600] Compiling signable_trailer.c
[552/600] Compiling key_derivation.c
[553/600] Compiling signable_http_request.c
[554/600] Compiling signable.c
[555/600] Compiling signable_chunk.c
[556/600] Compiling login_token_utils.c
[557/600] Compiling credentials_provider_static.c
[558/600] Compiling credentials_utils.c
[559/600] Compiling credentials_provider_sts_web_identity.c
[560/600] Compiling credentials_provider_x509.c
[561/600] Compiling credentials_provider_profile.c
[562/600] Compiling credentials_provider_sso.c
[563/600] Compiling credentials_provider_delegate.c
[564/600] Compiling credentials_provider_default_chain.c
[565/600] Compiling credentials_provider_process.c
[566/600] Compiling credentials_provider_sts.c
[567/600] Compiling credentials_provider_login.c
[568/600] Compiling credentials_provider_imds.c
[568/600] Compiling credentials_provider_environment.c
[570/600] Compiling credentials_provider_ecs.c
[571/600] Compiling credentials_provider_anonymous.c
[572/600] Compiling credentials_provider_cognito.c
[573/600] Compiling aws_http_credentials_provider.c
[574/600] Write sources
[574/600] Copying PrivacyInfo.xcprivacy
[574/600] Write sources
[581/600] Compiling aws_signing.c
[582/600] Compiling credentials_provider_chain.c
[582/600] Write sources
[588/600] Compiling aws_profile.c
[589/600] Compiling credentials.c
[590/600] Compiling credentials_provider_cached.c
[591/606] Compiling auth.c
[593/606] Compiling AWSSDKIdentityAPI S3ExpressIdentityResolver.swift
[594/606] Emitting module AWSSDKIdentityAPI
[594/606] Compiling aws_imds_client.c
[596/606] Compiling AWSSDKDynamic PackageVersion.swift
[597/606] Emitting module AWSSDKDynamic
[597/606] Wrapping AST for ArgumentParserToolInfo for debugging
[599/606] Compiling AWSSDKDynamic Partitions.swift
[600/607] Compiling AWSSDKIdentityAPI S3ExpressIdentity.swift
[602/682] Wrapping AST for ArgumentParser for debugging
[603/682] Wrapping AST for SmithyCodegenCLI for debugging
[604/682] Write Objects.LinkFileList
[605/682] Linking SmithyCodegenCLI-tool
[606/682] Generating cognito-identity.json
[607/682] Write sources
[609/682] Compiling AwsCommonRuntimeKit HTTPProxyEnvType.swift
[610/682] Compiling AwsCommonRuntimeKit HTTPProxyOptions.swift
[611/682] Compiling AwsCommonRuntimeKit HTTPRequest.swift
[612/682] Compiling AwsCommonRuntimeKit HTTPRequestBase.swift
[613/682] Compiling AwsCommonRuntimeKit HTTPRequestOptions.swift
[614/682] Compiling AwsCommonRuntimeKit HTTPStream.swift
[615/682] Compiling AwsCommonRuntimeKit HTTPStreamCallbackCore.swift
[616/682] Compiling AwsCommonRuntimeKit HTTPVersion.swift
[617/682] Compiling AwsCommonRuntimeKit ClientBootstrap.swift
[618/682] Compiling AwsCommonRuntimeKit EventLoopGroup.swift
[619/692] Compiling AwsCommonRuntimeKit CommonRuntimeKit.swift
[620/692] Compiling AwsCommonRuntimeKit Credentials.swift
[621/692] Compiling AwsCommonRuntimeKit CredentialsProvider.swift
[622/692] Compiling AwsCommonRuntimeKit IAMProfile.swift
[623/692] Compiling AwsCommonRuntimeKit IMDSClient.swift
[624/692] Compiling AwsCommonRuntimeKit IMDSInstanceInfo.swift
[625/692] Compiling AwsCommonRuntimeKit Signer.swift
[626/692] Compiling AwsCommonRuntimeKit SigningConfig.swift
[627/692] Compiling AwsCommonRuntimeKit AWSString.swift
[628/692] Compiling AwsCommonRuntimeKit Allocator.swift
[629/692] Compiling AwsCommonRuntimeKit ByteBuffer.swift
[630/692] Compiling AwsCommonRuntimeKit HTTPClientConnectionManager.swift
[631/692] Compiling AwsCommonRuntimeKit HTTPClientConnectionManagerCallbackCore.swift
[632/692] Compiling AwsCommonRuntimeKit HTTPClientConnectionManagerMetrics.swift
[633/692] Compiling AwsCommonRuntimeKit HTTPClientConnectionOptions.swift
[634/692] Compiling AwsCommonRuntimeKit HTTPHeader.swift
[635/692] Compiling AwsCommonRuntimeKit HTTPHeaderBlock.swift
[636/692] Compiling AwsCommonRuntimeKit HTTPMonitoringOptions.swift
[637/692] Compiling AwsCommonRuntimeKit HTTPProxyAuthenticationType.swift
[638/692] Compiling AwsCommonRuntimeKit HTTPProxyConnectionType.swift
[639/692] Compiling AwsCommonRuntimeKit HTTPProxyEnvSettings.swift
[640/692] Compiling AwsCommonRuntimeKit CBOR.swift
[641/692] Compiling AwsCommonRuntimeKit CStruct.swift
[642/692] Compiling AwsCommonRuntimeKit Checksums.swift
[643/692] Compiling AwsCommonRuntimeKit CommonRuntimeError.swift
[644/692] Compiling AwsCommonRuntimeKit ContinuationCore.swift
[645/692] Compiling AwsCommonRuntimeKit EC.swift
[646/692] Compiling AwsCommonRuntimeKit Hash.swift
[647/692] Compiling AwsCommonRuntimeKit Lock.swift
[648/692] Compiling AwsCommonRuntimeKit Logger.swift
[649/692] Compiling AwsCommonRuntimeKit ShutdownCallbackCore.swift
[650/692] Compiling AwsCommonRuntimeKit Utilities.swift
[651/692] Emitting module AwsCommonRuntimeKit
[652/692] Compiling AwsCommonRuntimeKit TLSContext.swift
[653/692] Compiling AwsCommonRuntimeKit TLSContextOptions.swift
[654/692] Compiling AwsCommonRuntimeKit TLSSecitemOptions.swift
[655/692] Compiling AwsCommonRuntimeKit ExponentialBackoffJitterMode.swift
[656/692] Compiling AwsCommonRuntimeKit RetryError.swift
[657/692] Compiling AwsCommonRuntimeKit RetryStrategy.swift
[658/692] Compiling AwsCommonRuntimeKit RetryToken.swift
[659/692] Compiling AwsCommonRuntimeKit IoTSDKMetrics.swift
[660/692] Compiling AwsCommonRuntimeKit Mqtt5Client.swift
[661/692] Compiling AwsCommonRuntimeKit Mqtt5Enums.swift
[662/692] Compiling AwsCommonRuntimeKit EventStreamHeader.swift
[663/692] Compiling AwsCommonRuntimeKit EventStreamMessage.swift
[664/692] Compiling AwsCommonRuntimeKit EventStreamMessageDecoder.swift
[665/692] Compiling AwsCommonRuntimeKit HTTP1Stream.swift
[666/692] Compiling AwsCommonRuntimeKit HTTP2ClientConnection.swift
[667/692] Compiling AwsCommonRuntimeKit HTTP2Error.swift
[668/692] Compiling AwsCommonRuntimeKit HTTP2Settings.swift
[669/692] Compiling AwsCommonRuntimeKit HTTP2Stream.swift
[670/692] Compiling AwsCommonRuntimeKit HTTP2StreamManager.swift
[671/692] Compiling AwsCommonRuntimeKit HTTP2StreamManagerOptions.swift
[672/692] Compiling AwsCommonRuntimeKit HTTPClientConnection.swift
[673/692] Compiling AwsCommonRuntimeKit HostAddress.swift
[674/692] Compiling AwsCommonRuntimeKit HostAddressType.swift
[675/692] Compiling AwsCommonRuntimeKit HostResolver.swift
[676/692] Compiling AwsCommonRuntimeKit SocketDomain.swift
[677/692] Compiling AwsCommonRuntimeKit SocketOptions.swift
[678/692] Compiling AwsCommonRuntimeKit SocketType.swift
[679/692] Compiling AwsCommonRuntimeKit Stream.swift
[680/692] Compiling AwsCommonRuntimeKit StreamCore.swift
[681/692] Compiling AwsCommonRuntimeKit TCPNoDelay.swift
[682/692] Compiling AwsCommonRuntimeKit TLSConnectionOptions.swift
[683/692] Compiling AwsCommonRuntimeKit Mqtt5Options.swift
[684/692] Compiling AwsCommonRuntimeKit Mqtt5Packets.swift
[685/692] Compiling AwsCommonRuntimeKit MqttRequestResponseClient.swift
[686/692] Compiling AwsCommonRuntimeKit FileBasedConfiguration.swift
[687/692] Compiling AwsCommonRuntimeKit EndpointProperty.swift
[688/692] Compiling AwsCommonRuntimeKit EndpointsBDDEngine.swift
[689/692] Compiling AwsCommonRuntimeKit EndpointsRequestContext.swift
[690/692] Compiling AwsCommonRuntimeKit EndpointsRuleEngine.swift
[691/692] Compiling AwsCommonRuntimeKit ResolvedEndpointType.swift
[692/692] Compiling AwsCommonRuntimeKit resource_bundle_accessor.swift
[694/734] Compiling AWSSDKCommon FileBasedConfigurationKeys.swift
[695/734] Compiling SmithyIdentity AWSCredentialIdentityResolvedByCRT.swift
[696/735] Compiling SmithyEventStreams DefaultMessageDecoder.swift
[697/735] Compiling SmithyEventStreams DefaultMessageDecoderStream.swift
[698/735] Compiling SmithyEventStreams DefaultMessageEncoder.swift
[699/735] Compiling SmithyEventStreams EventUnionDeserializer.swift
[700/735] Compiling SmithyIdentity StaticBearerTokenIdentityResolver.swift
[701/735] Compiling SmithyIdentity AWSCredentialIdentityUtilityInitializers.swift
[702/735] Compiling SmithyIdentity AWSCredentialIdentityResolverCRTAdapter.swift
[703/735] Emitting module SmithyIdentity
[704/735] Compiling SmithyEventStreams DefaultMessageEncoderStream.swift
[705/735] Compiling SmithyEventStreams EventContentDeserializer.swift
[706/735] Compiling SmithyEventStreams EventPayloadSerializer.swift
[707/735] Compiling SmithyEventStreams EventStreamSerializer.swift
[708/737] Compiling AWSSDKCommon FileBasedConfiguration.swift
[709/737] Compiling AWSSDKCommon CRTFileBasedConfiguration.swift
[710/737] Compiling AWSSDKCommon FieldResolver.swift
[711/737] Emitting module AWSSDKCommon
[713/738] Compiling SmithyIdentity CRTAWSCredentialIdentity.swift
[714/739] Compiling SmithyHTTPClient Headers+Extension.swift
[716/739] Compiling SmithyHTTPClient SdkHttpRequestBuilder+HTTPRequestBase.swift
[718/739] Compiling SmithyEventStreams SDKUnknownDeserializer.swift
[719/739] Compiling SmithyEventStreams Header+CRT.swift
[720/739] Compiling SmithyEventStreams Message+CRT.swift
[721/739] Compiling SmithyEventStreams EventUnionSerializer.swift
[722/739] Compiling SmithyEventStreams UnboundMemberSerializer.swift
[723/739] Compiling SmithyEventStreams EventContentSerializer.swift
[724/739] Compiling SmithyEventStreams EventHeaderSerializer.swift
[725/739] Compiling SmithyCBOR Serializer.swift
[726/739] Compiling SmithyHTTPClient SdkHttpRequest+CRT.swift
[727/739] Emitting module SmithyHTTPClient
[728/739] Compiling SmithyHTTPClient StreamableHttpBody.swift
[735/748] Emitting module SmithyEventStreams
[736/748] Compiling SmithyEventStreams EventHeaderDeserializer.swift
[737/748] Compiling SmithyEventStreams EventStreamDeserializer.swift
[739/760] Compiling SmithyCBOR Deserializer.swift
[740/760] Emitting module SmithyCBOR
[741/760] Compiling SmithyCBOR CBORDecoderError.swift
[743/761] Compiling SmithyHTTPAuth BearerTokenSigner.swift
[744/761] Compiling SmithyHTTPAuth CRTAdapters.swift
[745/761] Compiling SmithyChecksums MD5.swift
[746/762] Compiling SmithyChecksums SHA256.swift
[747/762] Compiling SmithyChecksums SigningConfig+Extension.swift
[748/762] Compiling SmithyChecksums SHA1.swift
[749/762] Compiling SmithyHTTPAuth BearerTokenAuthScheme.swift
[750/762] Emitting module SmithyHTTPAuth
[751/762] Compiling SmithyHTTPAuth SigV4Signer.swift
[752/762] Compiling SmithyHTTPAuth AWSSigningConfig.swift
[753/762] Compiling SmithyHTTPAuth DefaultIdentityResolverConfiguration.swift
[754/762] Compiling SmithyHTTPAuth SigV4AuthScheme.swift
[756/763] Compiling SmithyChecksums ValidatingBufferedStream.swift
[757/763] Emitting module SmithyChecksums
[758/763] Compiling SmithyChecksums CRC64NVME.swift
[759/763] Compiling SmithyChecksums ChecksumAlgorithm.swift
[760/763] Compiling SmithyChecksums ChunkedReader.swift
[761/763] Compiling SmithyChecksums ChunkedStream.swift
[762/763] Compiling SmithyChecksums CRC32.swift
[763/763] Compiling SmithyChecksums CRC32C.swift
[765/902] Compiling AWSSDKChecksums Context+Checksum.swift
[766/902] Compiling AWSSDKChecksums AWSChunkedUtil.swift
[767/902] Compiling AWSSDKChecksums AWSChecksumCalculationMode.swift
[768/902] Emitting module AWSSDKChecksums
[770/910] Compiling AWSSDKHTTPAuth SigV4S3ExpressAuthScheme.swift
[771/910] Compiling AWSSDKHTTPAuth SigV4AAuthScheme.swift
[772/910] Compiling AWSSDKHTTPAuth SigV4AuthScheme.swift
[773/910] Emitting module AWSSDKHTTPAuth
[774/910] Compiling AWSSDKHTTPAuth CustomSigningPropertiesSetter.swift
[775/910] Compiling AWSSDKHTTPAuth Context+SigV4aSigningRegionSet.swift
[776/910] Compiling AWSSDKHTTPAuth AWSSigV4Signer.swift
[778/911] Compiling ClientRuntime Client.swift
[779/911] Compiling ClientRuntime ClientBuilder.swift
[780/911] Compiling ClientRuntime ClockSkewProvider.swift
[781/911] Compiling ClientRuntime ClockSkewStore.swift
[782/911] Compiling ClientRuntime DefaultClockSkewProvider.swift
[783/911] Compiling ClientRuntime ClientConfigDefaultsProvider.swift
[784/911] Compiling ClientRuntime ClientConfiguration.swift
[785/911] Compiling ClientRuntime Context+Config.swift
[786/911] Compiling ClientRuntime ContextBuilder+withSmithyDefaultConfig.swift
[787/911] Compiling ClientRuntime DefaultClientConfiguration.swift
[788/911] Compiling ClientRuntime DefaultHttpClientConfiguration.swift
[789/911] Compiling ClientRuntime DefaultIdempotencyTokenGenerator.swift
[790/911] Compiling ClientRuntime DefaultSDKRuntimeConfiguration.swift
[791/911] Compiling ClientRuntime IdempotencyTokenGenerator.swift
[792/911] Compiling ClientRuntime IdentityPropertyKeys.swift
[793/911] Compiling ClientRuntime CRTResolvedEndpoint.swift
[794/911] Compiling ClientRuntime CRTResolvedEndpointType.swift
[795/911] Compiling ClientRuntime CredentialScope.swift
[796/911] Compiling ClientRuntime DefaultEndpointResolver.swift
[797/930] Compiling ClientRuntime LoggerMiddleware.swift
[798/930] Compiling ClientRuntime MutateHeadersMiddleware.swift
[799/930] Compiling ClientRuntime HeaderProvider.swift
[800/930] Compiling ClientRuntime QueryItemProvider.swift
[801/930] Compiling ClientRuntime URLPathProvider.swift
[802/930] Compiling ClientRuntime QueryItemMiddleware.swift
[803/930] Compiling ClientRuntime BlobBodyMiddleware.swift
[804/930] Compiling ClientRuntime BlobStreamBodyMiddleware.swift
[805/930] Compiling ClientRuntime BodyMiddleware.swift
[806/930] Compiling ClientRuntime EnumBodyMiddleware.swift
[807/930] Compiling ClientRuntime EventStreamBodyMiddleware.swift
[808/930] Compiling ClientRuntime PayloadBodyMiddleware.swift
[809/930] Compiling ClientRuntime SchemaBodyMiddleware.swift
[810/930] Compiling ClientRuntime StringBodyMiddleware.swift
[811/930] Compiling ClientRuntime SchemaDeserializeMiddleware.swift
[812/930] Compiling ClientRuntime SignerMiddleware.swift
[813/930] Compiling ClientRuntime URLHostMiddleware.swift
[814/930] Compiling ClientRuntime URLPathMiddleware.swift
[815/930] Compiling ClientRuntime SdkHttpClient.swift
[816/930] Compiling ClientRuntime SpanKind.swift
[817/930] Compiling ClientRuntime TraceSpan.swift
[818/930] Compiling ClientRuntime TraceSpanStatus.swift
[819/930] Compiling ClientRuntime Tracer.swift
[820/930] Compiling ClientRuntime TracerProvider.swift
[821/930] Compiling ClientRuntime Initialize.swift
[822/930] Compiling ClientRuntime PlatformOperatingSystem.swift
[823/930] Compiling ClientRuntime PlatformOperationSystemVersion.swift
[824/930] Compiling ClientRuntime SwiftVersion.swift
[825/930] Compiling ClientRuntime ErrorTypeUtils.swift
[826/930] Compiling ClientRuntime AWSJSONError.swift
[827/930] Compiling ClientRuntime AWSQueryError.swift
[828/930] Compiling ClientRuntime AwsQueryCompatibleErrorDetails.swift
[829/930] Compiling ClientRuntime QueryCompatibleUtils.swift
[830/930] Compiling ClientRuntime EC2QueryError.swift
[831/930] Compiling ClientRuntime RestJSONError.swift
[832/930] Compiling ClientRuntime RestXMLError.swift
[833/930] Compiling ClientRuntime RpcV2CborValidateResponseHeaderMiddleware.swift
[834/930] Compiling ClientRuntime resource_bundle_accessor.swift
[835/930] Emitting module ClientRuntime
[836/930] Compiling ClientRuntime SendableHttpInterceptorProviderBox.swift
[837/930] Compiling ClientRuntime SendableInterceptorProviderBox.swift
[838/930] Compiling ClientRuntime BaseError.swift
[839/930] Compiling ClientRuntime CRTClientEngine.swift
[840/930] Compiling ClientRuntime CRTClientEngineConfig.swift
[841/930] Compiling ClientRuntime CRTClientEngineLogHandlerFactory.swift
[842/930] Compiling ClientRuntime CRTClientTLSOptions.swift
[843/930] Compiling ClientRuntime Endpoint+CRT.swift
[844/930] Compiling ClientRuntime HTTP2Stream+ByteStream.swift
[845/930] Compiling ClientRuntime SDKDefaultIO.swift
[846/930] Compiling ClientRuntime HTTPError.swift
[847/930] Compiling ClientRuntime HTTPResponse+WireDataProviding.swift
[848/930] Compiling ClientRuntime HttpClientConfiguration.swift
[849/930] Compiling ClientRuntime AuthSchemeMiddleware.swift
[850/930] Compiling ClientRuntime ContentLengthMiddleware.swift
[851/930] Compiling ClientRuntime ContentMD5Middleware.swift
[852/930] Compiling ClientRuntime ContentTypeMiddleware.swift
[853/930] Compiling ClientRuntime DeserializeMiddleware.swift
[854/930] Compiling ClientRuntime HeaderMiddleware.swift
[855/930] Compiling ClientRuntime EndpointError.swift
[856/930] Compiling ClientRuntime EndpointResolverMiddleware.swift
[857/930] Compiling ClientRuntime EndpointsAuthSchemeResolver.swift
[858/930] Compiling ClientRuntime EndpointsRequestContext.swift
[859/930] Compiling ClientRuntime EndpointsRequestContextProviding.swift
[860/930] Compiling ClientRuntime EndpointsRuleEngine.swift
[861/930] Compiling ClientRuntime PartitionDefinition.swift
[862/930] Compiling ClientRuntime ServiceEndpointMetadata.swift
[863/930] Compiling ClientRuntime SmithyEndpoint.swift
[864/930] Compiling ClientRuntime StaticEndpointResolver.swift
[865/930] Compiling ClientRuntime Context+Idempotency.swift
[866/930] Compiling ClientRuntime IdempotencyTokenMiddleware.swift
[867/930] Compiling ClientRuntime AnyInterceptor.swift
[868/930] Compiling ClientRuntime DefaultInterceptorContext.swift
[869/930] Compiling ClientRuntime HttpInterceptorProvider.swift
[870/930] Compiling ClientRuntime Interceptor.swift
[871/930] Compiling ClientRuntime InterceptorContext.swift
[872/930] Compiling ClientRuntime InterceptorProvider.swift
[873/930] Compiling ClientRuntime Interceptors.swift
[874/930] Compiling ClientRuntime TimestampFormatter.swift
[875/930] Compiling ClientRuntime TelemetryContext.swift
[876/930] Compiling ClientRuntime TelemetryContextManager.swift
[877/930] Compiling ClientRuntime TelemetryScope.swift
[878/930] Compiling ClientRuntime DefaultTelemetry.swift
[879/930] Compiling ClientRuntime ClientLogMode.swift
[880/930] Compiling ClientRuntime LogLevel+StringExtension.swift
[881/930] Compiling ClientRuntime LoggerProvider.swift
[882/930] Compiling ClientRuntime SDKLogHandlerFactory.swift
[883/930] Compiling ClientRuntime SDKLogLevel.swift
[884/930] Compiling ClientRuntime SDKLoggingSystem.swift
[885/930] Compiling ClientRuntime AsyncMeasurement.swift
[886/930] Compiling ClientRuntime Histogram.swift
[887/930] Compiling ClientRuntime Meter.swift
[888/930] Compiling ClientRuntime MeterProvider.swift
[889/930] Compiling ClientRuntime MonotonicCounter.swift
[890/930] Compiling ClientRuntime UpDownCounter.swift
[891/930] Compiling ClientRuntime TelemetryProvider.swift
[892/930] Compiling ClientRuntime SpanContext.swift
[893/930] Compiling ClientRuntime String+URLPercentEncoding.swift
[894/930] Compiling ClientRuntime TLSConfiguration.swift
[895/930] Compiling ClientRuntime FoundationStreamBridge.swift
[896/930] Compiling ClientRuntime URLSessionConfiguration+HTTPClientConfiguration.swift
[897/930] Compiling ClientRuntime URLSessionHTTPClient.swift
[898/930] Compiling ClientRuntime URLSessionTLSOptions.swift
[899/930] Compiling ClientRuntime URLSessionTLSResolverUtils.swift
[900/930] Compiling ClientRuntime UnknownHttpServiceError.swift
[901/930] Compiling ClientRuntime ModeledError.swift
[902/930] Compiling ClientRuntime ServiceError.swift
[903/930] Compiling ClientRuntime ByteStream+FileHandle.swift
[904/930] Compiling ClientRuntime ByteStream+Validating.swift
[905/930] Compiling ClientRuntime UnknownServiceError.swift
[906/930] Compiling ClientRuntime ApplyEndpoint.swift
[907/930] Compiling ClientRuntime ApplySigner.swift
[908/930] Compiling ClientRuntime AuthSchemeSelector.swift
[909/930] Compiling ClientRuntime ExecuteRequest.swift
[910/930] Compiling ClientRuntime Orchestrator.swift
[911/930] Compiling ClientRuntime OrchestratorBuilder.swift
[912/930] Compiling ClientRuntime OrchestratorTelemetry.swift
[913/930] Compiling ClientRuntime PaginateToken.swift
[914/930] Compiling ClientRuntime PaginatorSequence.swift
[915/930] Compiling ClientRuntime AuthSchemePlugin.swift
[916/930] Compiling ClientRuntime DefaultClientPlugin.swift
[917/930] Compiling ClientRuntime HttpClientPlugin.swift
[918/930] Compiling ClientRuntime Plugin.swift
[919/930] Compiling ClientRuntime RetryPlugin.swift
[920/930] Compiling ClientRuntime TelemetryPlugin.swift
[921/930] Compiling ClientRuntime AsyncSequence+Extension.swift
[922/930] Compiling ClientRuntime FileHandle+Extension.swift
[923/930] Compiling ClientRuntime Indirect.swift
[924/930] Compiling ClientRuntime NSLock+Extension.swift
[925/930] Compiling ClientRuntime Number+Extension.swift
[926/930] Compiling ClientRuntime String+Extensions.swift
[927/930] Compiling ClientRuntime DefaultRetryErrorInfoProvider.swift
[928/930] Compiling ClientRuntime CharacterSet+Extension.swift
[929/930] Compiling ClientRuntime Double+Extension.swift
[930/930] Compiling ClientRuntime HeaderUtils.swift
[932/995] Compiling SmithyAWSJSON Codec.swift
[933/995] Compiling SmithyAWSJSON Plugin.swift
[934/995] Compiling SmithyAWSJSON HTTPClientProtocol.swift
[935/995] Emitting module SmithyAWSJSON
[936/995] Compiling SmithyAWSJSON BaseError.swift
[938/996] Emitting module AWSClientRuntime
[939/1004] Compiling AWSClientRuntime UserAgentMiddleware.swift
[940/1004] Compiling AWSClientRuntime DefaultAWSClientPlugin.swift
[941/1004] Compiling AWSClientRuntime RegionPlugin.swift
[942/1004] Compiling AWSClientRuntime UnknownAWSHTTPServiceErrorPlugin.swift
[943/1004] Compiling AWSClientRuntime Data+Extension.swift
[944/1004] Compiling AWSClientRuntime String+Extension.swift
[945/1004] Compiling AWSClientRuntime TimeInterval+Extension.swift
[946/1004] Compiling AWSClientRuntime DefaultRegionResolver.swift
[947/1004] Compiling AWSClientRuntime AWSRetryMode.swift
[948/1004] Compiling AWSClientRuntime LongPollingBackoffProvider.swift
[949/1004] Compiling AWSClientRuntime APIMetadata.swift
[950/1004] Compiling AWSClientRuntime AWSUserAgentMetadata.swift
[951/1004] Compiling AWSClientRuntime AdditionalMetadata.swift
[952/1004] Compiling AWSClientRuntime AppIDConfig.swift
[953/1004] Compiling AWSClientRuntime AppIDMetadata.swift
[954/1004] Compiling AWSClientRuntime BusinessMetrics.swift
[955/1004] Compiling AWSClientRuntime EnvironmentRegionProvider.swift
[956/1004] Compiling AWSClientRuntime IMDSRegionProvider.swift
[957/1004] Compiling AWSClientRuntime ProfileRegionProvider.swift
[958/1004] Compiling AWSClientRuntime RegionProvider.swift
[959/1004] Compiling AWSClientRuntime RegionResolver.swift
[960/1004] Compiling AWSClientRuntime AWSRetryConfig.swift
[961/1004] Compiling AWSClientRuntime AWSRetryErrorInfoProvider.swift
[962/1004] Compiling AWSClientRuntime AWSRetryFeatures.swift
[963/1004] Compiling AWSClientRuntime Context+usesBearerServiceEnvVars.swift
[964/1004] Compiling AWSClientRuntime AWSEndpoint.swift
[965/1004] Compiling AWSClientRuntime AWSEndpointConfig.swift
[966/1004] Compiling AWSClientRuntime AWSPartitionDefinition.swift
[967/1004] Compiling AWSClientRuntime AccountIDEndpointMode.swift
[968/1004] Compiling AWSClientRuntime Context+AccountIDEndpointMode.swift
[969/1004] Compiling AWSClientRuntime Context+ResolvedAccountID.swift
[970/1004] Compiling AWSClientRuntime EndpointResolverMiddleware.swift
[971/1004] Compiling AWSClientRuntime Partition.swift
[972/1004] Compiling AWSClientRuntime AWSClientConfigDefaultsProvider.swift
[973/1004] Compiling AWSClientRuntime AWSServiceClient.swift
[974/1004] Compiling AWSClientRuntime AWSClockSkewProvider.swift
[975/1004] Compiling AWSClientRuntime AWSChecksumsConfig.swift
[976/1004] Compiling AWSClientRuntime AWSDefaultClientConfiguration.swift
[977/1004] Compiling AWSClientRuntime AWSRegionClientConfiguration.swift
[978/1004] Compiling AWSClientRuntime AuthSchemeConfig.swift
[979/1004] Compiling AWSClientRuntime AuthTokenGenerator.swift
[980/1004] Compiling AWSClientRuntime BedrockAPIKeyInterceptor.swift
[981/1004] Compiling AWSClientRuntime ServiceEndpointMetadata+Extension.swift
[982/1004] Compiling AWSClientRuntime Environment.swift
[983/1004] Compiling AWSClientRuntime AWSS3ServiceError.swift
[984/1004] Compiling AWSClientRuntime AWSServiceError.swift
[985/1004] Compiling AWSClientRuntime InvalidAccessKeyId.swift
[986/1004] Compiling AWSClientRuntime UnknownAWSHTTPErrorCandidate.swift
[987/1004] Compiling AWSClientRuntime UnknownAWSHTTPServiceError.swift
[988/1004] Compiling AWSClientRuntime IMDSClient.swift
[989/1004] Compiling AWSClientRuntime ExecutionEnvMetadata.swift
[990/1004] Compiling AWSClientRuntime FrameworkMetadata.swift
[991/1004] Compiling AWSClientRuntime InternalMetadata.swift
[992/1004] Compiling AWSClientRuntime LanguageMetadata.swift
[993/1004] Compiling AWSClientRuntime OSMetadata.swift
[994/1004] Compiling AWSClientRuntime SDKMetadata.swift
[995/1004] Compiling AWSClientRuntime UserAgentMetadata.swift
[996/1004] Compiling AWSClientRuntime resource_bundle_accessor.swift
[997/1004] Compiling AWSClientRuntime IMDSConfig.swift
[998/1004] Compiling AWSClientRuntime AWSS3ErrorWith200StatusXMLMiddleware.swift
[999/1004] Compiling AWSClientRuntime AmzSdkInvocationIdMiddleware.swift
[1000/1004] Compiling AWSClientRuntime AmzSdkRequestMiddleware.swift
[1001/1004] Compiling AWSClientRuntime FlexibleChecksumsRequestMiddleware.swift
[1002/1004] Compiling AWSClientRuntime FlexibleChecksumsResponseMiddleware.swift
[1003/1004] Compiling AWSClientRuntime Route53TrimHostedZoneMiddleware.swift
[1004/1004] Compiling AWSClientRuntime Sha256TreeHashMiddleware.swift
[1006/1039] Compiling InternalAWSCognitoIdentity InternalAWSCognitoIdentityTypeRegistry.swift
[1007/1040] Emitting module InternalAWSSignin
[1008/1040] Compiling InternalAWSSTS AuthSchemeResolver.swift
[1009/1040] Compiling InternalAWSCognitoIdentity InternalAWSCognitoIdentityDeserialize.swift
[1010/1040] Compiling InternalAWSCognitoIdentity InternalAWSCognitoIdentityOperations.swift
[1011/1040] Compiling InternalAWSSignin Endpoints.swift
[1012/1040] Compiling InternalAWSSignin AuthSchemeResolver.swift
[1013/1040] Compiling InternalAWSCognitoIdentity InternalAWSCognitoIdentitySchemas.swift
[1014/1040] Compiling InternalAWSCognitoIdentity Plugins.swift
[1015/1040] Compiling InternalAWSCognitoIdentity InternalAWSCognitoIdentitySerialize.swift
[1016/1040] Emitting module InternalAWSSSO
[1017/1040] Compiling InternalAWSSSO Endpoints.swift
[1018/1040] Compiling InternalAWSCognitoIdentity Endpoints.swift
[1019/1040] Compiling InternalAWSCognitoIdentity Models.swift
[1020/1040] Compiling InternalAWSSSOOIDC Endpoints.swift
[1021/1040] Compiling InternalAWSSSOOIDC AuthSchemeResolver.swift
[1022/1040] Compiling InternalAWSSTS Endpoints.swift
[1023/1040] Compiling InternalAWSSTS Plugins.swift
[1024/1040] Compiling InternalAWSSTS Models.swift
[1025/1040] Compiling InternalAWSSTS STSClient.swift
[1026/1040] Emitting module InternalAWSSTS
[1027/1041] Compiling InternalAWSSSOOIDC Plugins.swift
[1028/1041] Compiling InternalAWSSSOOIDC Models.swift
[1029/1041] Compiling InternalAWSSSOOIDC SSOOIDCClient.swift
[1030/1041] Emitting module InternalAWSSSOOIDC
[1031/1041] Compiling InternalAWSSignin Plugins.swift
[1032/1041] Compiling InternalAWSSignin SigninClient.swift
[1033/1041] Compiling InternalAWSSignin Models.swift
[1035/1042] Compiling InternalAWSSSO Plugins.swift
[1036/1042] Compiling InternalAWSSSO Models.swift
[1037/1042] Compiling InternalAWSSSO AuthSchemeResolver.swift
[1038/1042] Compiling InternalAWSSSO SSOClient.swift
[1042/1044] Emitting module InternalAWSCognitoIdentity
[1043/1044] Compiling InternalAWSCognitoIdentity AuthSchemeResolver.swift
[1044/1044] Compiling InternalAWSCognitoIdentity CognitoIdentityClient.swift
[1046/1080] Emitting module AWSSDKIdentity
[1047/1084] Compiling AWSSDKIdentity S3ExpressClientError.swift
[1048/1084] Compiling AWSSDKIdentity S3ExpressCreateSessionClient.swift
[1049/1084] Compiling AWSSDKIdentity S3ExpressIdentity.swift
[1050/1084] Compiling AWSSDKIdentity S3ExpressIdentityResolver.swift
[1051/1084] Compiling AWSSDKIdentity RFC3339DateParser.swift
[1052/1084] Compiling AWSSDKIdentity Context+S3ExpressIdentity.swift
[1053/1084] Compiling AWSSDKIdentity DefaultS3ExpressIdentityResolver.swift
[1054/1084] Compiling AWSSDKIdentity S3ExpressCachedElement.swift
[1055/1084] Compiling AWSSDKIdentity SharedConfigStaticAWSCredentialIdentityResolver.swift
[1056/1084] Compiling AWSSDKIdentity StaticAWSCredentialIdentityResolver.swift
[1057/1084] Compiling AWSSDKIdentity AWSIdentityPropertyKeys.swift
[1058/1084] Compiling AWSSDKIdentity DefaultBearerTokenIdentityResolverChain.swift
[1059/1084] Compiling AWSSDKIdentity SSOBearerTokenIdentityResolver.swift
[1060/1084] Compiling AWSSDKIdentity IMDSTokenProvider.swift
[1061/1084] Compiling AWSSDKIdentity IdentityProvidingCognitoIdentityClient.swift
[1062/1084] Compiling AWSSDKIdentity IdentityProvidingSSOClient.swift
[1063/1084] Compiling AWSSDKIdentity IdentityProvidingSSOOIDCClient.swift
[1064/1084] Compiling AWSSDKIdentity IdentityProvidingSTSClient.swift
[1065/1084] Compiling AWSSDKIdentity CredentialFeatureID.swift
[1066/1084] Compiling AWSSDKIdentity CredentialFeatureIDInterceptor.swift
[1067/1084] Compiling AWSSDKIdentity IMDSClient.swift
[1068/1084] Compiling AWSSDKIdentity IMDSError.swift
[1069/1084] Compiling AWSSDKIdentity IMDSToken.swift
[1070/1084] Compiling AWSSDKIdentity AWSCredentialIdentity.swift
[1071/1084] Compiling AWSSDKIdentity AWSCredentialIdentityResolverError.swift
[1072/1084] Compiling AWSSDKIdentity CachedAWSCredentialIdentityResolver.swift
[1073/1084] Compiling AWSSDKIdentity CognitoAWSCredentialIdentityResolver.swift
[1074/1084] Compiling AWSSDKIdentity CustomAWSCredentialIdentityResolver.swift
[1075/1084] Compiling AWSSDKIdentity ProcessAWSCredentialIdentityResolver.swift
[1076/1084] Compiling AWSSDKIdentity ProfileAWSCredentialIdentityResolver.swift
[1077/1084] Compiling AWSSDKIdentity SSOAWSCredentialIdentityResolver.swift
[1078/1084] Compiling AWSSDKIdentity STSAssumeRoleAWSCredentialIdentityResolver.swift
[1079/1084] Compiling AWSSDKIdentity STSWebIdentityAWSCredentialIdentityResolver.swift
[1080/1084] Compiling AWSSDKIdentity DefaultAWSCredentialIdentityResolverChain.swift
[1081/1084] Compiling AWSSDKIdentity ECSAWSCredentialIdentityResolver.swift
[1082/1084] Compiling AWSSDKIdentity EnvironmentAWSCredentialIdentityResolver.swift
[1083/1084] Compiling AWSSDKIdentity IMDSAWSCredentialIdentityResolver.swift
[1084/1084] Compiling AWSSDKIdentity LoginAWSCredentialIdentityResolver.swift
[1086/1092] Compiling AWSConnectParticipant Paginators.swift
[1087/1092] Compiling AWSConnectParticipant Plugins.swift
[1088/1092] Emitting module AWSConnectParticipant
[1089/1092] Compiling AWSConnectParticipant AuthSchemeResolver.swift
[1090/1092] Compiling AWSConnectParticipant ConnectParticipantClient.swift
[1091/1092] Compiling AWSConnectParticipant Endpoints.swift
[1092/1092] Compiling AWSConnectParticipant Models.swift
error: emit-module command failed with exit code 1 (use -v to see invocation)
[1094/1131] Emitting module AmazonConnectChatIOS
/host/spi-builder-workspace/Sources/Core/Models/Message.swift:5:8: error: no such module 'Combine'
3 |
4 | import Foundation
5 | import Combine
| `- error: no such module 'Combine'
6 |
7 | public enum MessageDirection {
[1095/1136] Compiling AmazonConnectChatIOS AttachmentTypes.swift
/host/spi-builder-workspace/Sources/Core/Models/Message.swift:5:8: error: no such module 'Combine'
3 |
4 | import Foundation
5 | import Combine
| `- error: no such module 'Combine'
6 |
7 | public enum MessageDirection {
[1096/1136] Compiling AmazonConnectChatIOS ChatDetails.swift
/host/spi-builder-workspace/Sources/Core/Models/Message.swift:5:8: error: no such module 'Combine'
3 |
4 | import Foundation
5 | import Combine
| `- error: no such module 'Combine'
6 |
7 | public enum MessageDirection {
[1097/1136] Compiling AmazonConnectChatIOS ChatEvent.swift
/host/spi-builder-workspace/Sources/Core/Models/Message.swift:5:8: error: no such module 'Combine'
3 |
4 | import Foundation
5 | import Combine
| `- error: no such module 'Combine'
6 |
7 | public enum MessageDirection {
[1098/1136] Compiling AmazonConnectChatIOS ConnectionDetails.swift
/host/spi-builder-workspace/Sources/Core/Models/Message.swift:5:8: error: no such module 'Combine'
3 |
4 | import Foundation
5 | import Combine
| `- error: no such module 'Combine'
6 |
7 | public enum MessageDirection {
[1099/1136] Compiling AmazonConnectChatIOS Event.swift
/host/spi-builder-workspace/Sources/Core/Models/Message.swift:5:8: error: no such module 'Combine'
3 |
4 | import Foundation
5 | import Combine
| `- error: no such module 'Combine'
6 |
7 | public enum MessageDirection {
[1100/1136] Compiling AmazonConnectChatIOS GlobalConfig.swift
/host/spi-builder-workspace/Sources/Core/Models/Message.swift:5:8: error: no such module 'Combine'
3 |
4 | import Foundation
5 | import Combine
| `- error: no such module 'Combine'
6 |
7 | public enum MessageDirection {
[1101/1136] Compiling AmazonConnectChatIOS SDKLogger.swift
/host/spi-builder-workspace/Sources/Core/Models/Message.swift:5:8: error: no such module 'Combine'
3 |
4 | import Foundation
5 | import Combine
| `- error: no such module 'Combine'
6 |
7 | public enum MessageDirection {
[1102/1136] Compiling AmazonConnectChatIOS SDKLoggerProtocol.swift
/host/spi-builder-workspace/Sources/Core/Models/Message.swift:5:8: error: no such module 'Combine'
3 |
4 | import Foundation
5 | import Combine
| `- error: no such module 'Combine'
6 |
7 | public enum MessageDirection {
[1103/1136] Compiling AmazonConnectChatIOS MetricsUtils.swift
/host/spi-builder-workspace/Sources/Core/Models/Message.swift:5:8: error: no such module 'Combine'
3 |
4 | import Foundation
5 | import Combine
| `- error: no such module 'Combine'
6 |
7 | public enum MessageDirection {
[1104/1136] Compiling AmazonConnectChatIOS TranscriptItemUtils.swift
/host/spi-builder-workspace/Sources/Core/Models/Message.swift:5:8: error: no such module 'Combine'
3 |
4 | import Foundation
5 | import Combine
| `- error: no such module 'Combine'
6 |
7 | public enum MessageDirection {
[1105/1136] Compiling AmazonConnectChatIOS resource_bundle_accessor.swift
/host/spi-builder-workspace/Sources/Core/Models/Message.swift:5:8: error: no such module 'Combine'
3 |
4 | import Foundation
5 | import Combine
| `- error: no such module 'Combine'
6 |
7 | public enum MessageDirection {
[1106/1136] Compiling AmazonConnectChatIOS DeprecatedTypeAliases.swift
/host/spi-builder-workspace/Sources/Core/Models/Message.swift:5:8: error: no such module 'Combine'
3 |
4 | import Foundation
5 | import Combine
| `- error: no such module 'Combine'
6 |
7 | public enum MessageDirection {
[1107/1136] Compiling AmazonConnectChatIOS DefaultHttpClient.swift
/host/spi-builder-workspace/Sources/Core/Models/Message.swift:5:8: error: no such module 'Combine'
3 |
4 | import Foundation
5 | import Combine
| `- error: no such module 'Combine'
6 |
7 | public enum MessageDirection {
[1108/1136] Compiling AmazonConnectChatIOS HttpClient.swift
/host/spi-builder-workspace/Sources/Core/Models/Message.swift:5:8: error: no such module 'Combine'
3 |
4 | import Foundation
5 | import Combine
| `- error: no such module 'Combine'
6 |
7 | public enum MessageDirection {
[1109/1136] Compiling AmazonConnectChatIOS HttpHeader.swift
/host/spi-builder-workspace/Sources/Core/Models/Message.swift:5:8: error: no such module 'Combine'
3 |
4 | import Foundation
5 | import Combine
| `- error: no such module 'Combine'
6 |
7 | public enum MessageDirection {
[1110/1136] Compiling AmazonConnectChatIOS HttpMethod.swift
/host/spi-builder-workspace/Sources/Core/Models/Message.swift:5:8: error: no such module 'Combine'
3 |
4 | import Foundation
5 | import Combine
| `- error: no such module 'Combine'
6 |
7 | public enum MessageDirection {
[1111/1136] Compiling AmazonConnectChatIOS Message.swift
/host/spi-builder-workspace/Sources/Core/Models/Message.swift:5:8: error: no such module 'Combine'
3 |
4 | import Foundation
5 | import Combine
| `- error: no such module 'Combine'
6 |
7 | public enum MessageDirection {
[1112/1136] Compiling AmazonConnectChatIOS MessageContent.swift
/host/spi-builder-workspace/Sources/Core/Models/Message.swift:5:8: error: no such module 'Combine'
3 |
4 | import Foundation
5 | import Combine
| `- error: no such module 'Combine'
6 |
7 | public enum MessageDirection {
[1113/1136] Compiling AmazonConnectChatIOS Metadata.swift
/host/spi-builder-workspace/Sources/Core/Models/Message.swift:5:8: error: no such module 'Combine'
3 |
4 | import Foundation
5 | import Combine
| `- error: no such module 'Combine'
6 |
7 | public enum MessageDirection {
[1114/1136] Compiling AmazonConnectChatIOS Notifications.swift
/host/spi-builder-workspace/Sources/Core/Models/Message.swift:5:8: error: no such module 'Combine'
3 |
4 | import Foundation
5 | import Combine
| `- error: no such module 'Combine'
6 |
7 | public enum MessageDirection {
[1115/1136] Compiling AmazonConnectChatIOS Region.swift
/host/spi-builder-workspace/Sources/Core/Models/Message.swift:5:8: error: no such module 'Combine'
3 |
4 | import Foundation
5 | import Combine
| `- error: no such module 'Combine'
6 |
7 | public enum MessageDirection {
[1116/1136] Compiling AmazonConnectChatIOS TranscriptItem.swift
/host/spi-builder-workspace/Sources/Core/Models/Message.swift:5:8: error: no such module 'Combine'
3 |
4 | import Foundation
5 | import Combine
| `- error: no such module 'Combine'
6 |
7 | public enum MessageDirection {
[1117/1136] Compiling AmazonConnectChatIOS ChatService.swift
/host/spi-builder-workspace/Sources/Core/Models/Message.swift:5:8: error: no such module 'Combine'
3 |
4 | import Foundation
5 | import Combine
| `- error: no such module 'Combine'
6 |
7 | public enum MessageDirection {
[1118/1136] Compiling AmazonConnectChatIOS ChatSession.swift
/host/spi-builder-workspace/Sources/Core/Models/Message.swift:5:8: error: no such module 'Combine'
3 |
4 | import Foundation
5 | import Combine
| `- error: no such module 'Combine'
6 |
7 | public enum MessageDirection {
[1119/1136] Compiling AmazonConnectChatIOS CommonUtils.swift
/host/spi-builder-workspace/Sources/Core/Models/Message.swift:5:8: error: no such module 'Combine'
3 |
4 | import Foundation
5 | import Combine
| `- error: no such module 'Combine'
6 |
7 | public enum MessageDirection {
[1120/1136] Compiling AmazonConnectChatIOS ConnectionDetailsProvider.swift
/host/spi-builder-workspace/Sources/Core/Models/Message.swift:5:8: error: no such module 'Combine'
3 |
4 | import Foundation
5 | import Combine
| `- error: no such module 'Combine'
6 |
7 | public enum MessageDirection {
[1121/1136] Compiling AmazonConnectChatIOS Constants.swift
/host/spi-builder-workspace/Sources/Core/Models/Message.swift:5:8: error: no such module 'Combine'
3 |
4 | import Foundation
5 | import Combine
| `- error: no such module 'Combine'
6 |
7 | public enum MessageDirection {
[1122/1136] Compiling AmazonConnectChatIOS AWSClient.swift
/host/spi-builder-workspace/Sources/Core/Models/Message.swift:5:8: error: no such module 'Combine'
3 |
4 | import Foundation
5 | import Combine
| `- error: no such module 'Combine'
6 |
7 | public enum MessageDirection {
[1123/1136] Compiling AmazonConnectChatIOS AWSConnectParticipantAdapter.swift
/host/spi-builder-workspace/Sources/Core/Models/Message.swift:5:8: error: no such module 'Combine'
3 |
4 | import Foundation
5 | import Combine
| `- error: no such module 'Combine'
6 |
7 | public enum MessageDirection {
[1124/1136] Compiling AmazonConnectChatIOS HeartbeatManager.swift
/host/spi-builder-workspace/Sources/Core/Models/Message.swift:5:8: error: no such module 'Combine'
3 |
4 | import Foundation
5 | import Combine
| `- error: no such module 'Combine'
6 |
7 | public enum MessageDirection {
[1125/1136] Compiling AmazonConnectChatIOS MessageReceiptsManager.swift
/host/spi-builder-workspace/Sources/Core/Models/Message.swift:5:8: error: no such module 'Combine'
3 |
4 | import Foundation
5 | import Combine
| `- error: no such module 'Combine'
6 |
7 | public enum MessageDirection {
[1126/1136] Compiling AmazonConnectChatIOS MetricsClient.swift
/host/spi-builder-workspace/Sources/Core/Models/Message.swift:5:8: error: no such module 'Combine'
3 |
4 | import Foundation
5 | import Combine
| `- error: no such module 'Combine'
6 |
7 | public enum MessageDirection {
[1127/1136] Compiling AmazonConnectChatIOS MetricsManager.swift
/host/spi-builder-workspace/Sources/Core/Models/Message.swift:5:8: error: no such module 'Combine'
3 |
4 | import Foundation
5 | import Combine
| `- error: no such module 'Combine'
6 |
7 | public enum MessageDirection {
[1128/1136] Compiling AmazonConnectChatIOS NetworkConnectionManager.swift
/host/spi-builder-workspace/Sources/Core/Models/Message.swift:5:8: error: no such module 'Combine'
3 |
4 | import Foundation
5 | import Combine
| `- error: no such module 'Combine'
6 |
7 | public enum MessageDirection {
[1129/1136] Compiling AmazonConnectChatIOS NoAuthSchemeResolver.swift
/host/spi-builder-workspace/Sources/Core/Models/Message.swift:5:8: error: no such module 'Combine'
3 |
4 | import Foundation
5 | import Combine
| `- error: no such module 'Combine'
6 |
7 | public enum MessageDirection {
[1130/1136] Compiling AmazonConnectChatIOS UserAgentProductTokenHTTPClient.swift
/host/spi-builder-workspace/Sources/Core/Models/Message.swift:5:8: error: no such module 'Combine'
3 |
4 | import Foundation
5 | import Combine
| `- error: no such module 'Combine'
6 |
7 | public enum MessageDirection {
[1131/1136] Compiling AmazonConnectChatIOS WebSocketManager.swift
/host/spi-builder-workspace/Sources/Core/Models/Message.swift:5:8: error: no such module 'Combine'
3 |
4 | import Foundation
5 | import Combine
| `- error: no such module 'Combine'
6 |
7 | public enum MessageDirection {
[1132/1136] Compiling AmazonConnectChatIOS TranscriptOptions.swift
/host/spi-builder-workspace/Sources/Core/Models/Message.swift:5:8: error: no such module 'Combine'
3 |
4 | import Foundation
5 | import Combine
| `- error: no such module 'Combine'
6 |
7 | public enum MessageDirection {
[1133/1136] Compiling AmazonConnectChatIOS TranscriptResponse.swift
/host/spi-builder-workspace/Sources/Core/Models/Message.swift:5:8: error: no such module 'Combine'
3 |
4 | import Foundation
5 | import Combine
| `- error: no such module 'Combine'
6 |
7 | public enum MessageDirection {
[1134/1136] Compiling AmazonConnectChatIOS ViewResource.swift
/host/spi-builder-workspace/Sources/Core/Models/Message.swift:5:8: error: no such module 'Combine'
3 |
4 | import Foundation
5 | import Combine
| `- error: no such module 'Combine'
6 |
7 | public enum MessageDirection {
[1135/1136] Compiling AmazonConnectChatIOS WebSocketErrorCodes.swift
/host/spi-builder-workspace/Sources/Core/Models/Message.swift:5:8: error: no such module 'Combine'
3 |
4 | import Foundation
5 | import Combine
| `- error: no such module 'Combine'
6 |
7 | public enum MessageDirection {
[1136/1136] Compiling AmazonConnectChatIOS APIClient.swift
/host/spi-builder-workspace/Sources/Core/Models/Message.swift:5:8: error: no such module 'Combine'
3 |
4 | import Foundation
5 | import Combine
| `- error: no such module 'Combine'
6 |
7 | public enum MessageDirection {
BUILD FAILURE 6.2 linux