The Swift Package Index logo.Swift Package Index

Build Information

Failed to build Request, reference 1.4.0 (6266d8), with Swift 6.4 for watchOS using Xcode 27.0 on 17 Sep 2026 17:15:24 UTC.

Build Command

env DEVELOPER_DIR=/Applications/Xcode-27.0.0-Release.Candidate.app xcrun xcodebuild -IDEClonedSourcePackagesDirPathOverride=$PWD/.dependencies -skipMacroValidation -skipPackagePluginValidation -derivedDataPath $PWD/.derivedData build -scheme Request-Package -destination generic/platform=watchOS

Build Log

========================================
RunAll
========================================
Builder version: 5.1.0
Interrupt handler set up.
========================================
Checkout
========================================
Clone URL: https://github.com/carson-katri/swift-request.git
Reference: 1.4.0
Initialized empty Git repository in /Users/admin/builder/spi-builder-workspace/.git/
From https://github.com/carson-katri/swift-request
 * tag               1.4.0      -> FETCH_HEAD
HEAD is now at 6266d88 `@Requested` property wrapper and reimplementation of `RequestView` (#46)
Cloned https://github.com/carson-katri/swift-request.git
Revision (git rev-parse @):
6266d884d7ded618cceb0e0920431be4d6f4c4aa
SUCCESS checkout https://github.com/carson-katri/swift-request.git at 1.4.0
========================================
Build
========================================
Selected platform:         watchOS
Swift version:             6.4
Building package at path:  $PWD
https://github.com/carson-katri/swift-request.git
Command line invocation:
    /Applications/Xcode-27.0.0-Release.Candidate.app/Contents/Developer/usr/bin/xcodebuild -IDEClonedSourcePackagesDirPathOverride=/Users/admin/builder/spi-builder-workspace/.dependencies -resolvePackageDependencies
resolved source packages:
{
  "dependencies" : [
  ],
  "manifest_display_name" : "Request",
  "name" : "Request",
  "path" : "/Users/admin/builder/spi-builder-workspace",
  "platforms" : [
    {
      "name" : "macos",
      "version" : "10.15"
    },
    {
      "name" : "ios",
      "version" : "13.0"
    },
    {
      "name" : "tvos",
      "version" : "13.0"
    },
    {
      "name" : "watchos",
      "version" : "6.0"
    }
  ],
  "products" : [
    {
      "name" : "Request",
      "targets" : [
        "Request"
      ],
      "type" : {
        "library" : [
          "automatic"
        ]
      }
    },
    {
      "name" : "Json",
      "targets" : [
        "Json"
      ],
      "type" : {
        "library" : [
          "automatic"
        ]
      }
    }
  ],
  "targets" : [
    {
      "c99name" : "RequestTests",
      "module_type" : "SwiftTarget",
      "name" : "RequestTests",
      "path" : "Tests/RequestTests",
      "sources" : [
        "JsonTests.swift",
        "RequestTests.swift",
        "XCTestManifests.swift"
      ],
      "target_dependencies" : [
        "Request",
        "Json"
      ],
      "type" : "test"
    },
    {
      "c99name" : "Request",
      "module_type" : "SwiftTarget",
      "name" : "Request",
      "path" : "Sources/Request",
      "product_memberships" : [
        "Request"
      ],
      "sources" : [
        "Helpers/Auth.swift",
        "Helpers/CacheType.swift",
        "Helpers/MediaType.swift",
        "Helpers/RequestError.swift",
        "Helpers/UserAgent.swift",
        "Request/Extra/RequestChain.swift",
        "Request/Extra/RequestGroup+Combine.swift",
        "Request/Extra/RequestGroup.swift",
        "Request/FormParam/Form.Data.swift",
        "Request/FormParam/Form.File.swift",
        "Request/FormParam/Form.Value.swift",
        "Request/FormParam/Form.swift",
        "Request/FormParam/FormBuilder.Combined.swift",
        "Request/FormParam/FormBuilder.Empty.swift",
        "Request/FormParam/FormBuilder.swift",
        "Request/FormParam/FormParam.swift",
        "Request/Request+Combine.swift",
        "Request/Request.swift",
        "Request/RequestBuilder.swift",
        "Request/RequestParams/AnyParam.swift",
        "Request/RequestParams/Body.swift",
        "Request/RequestParams/CombinedParams.swift",
        "Request/RequestParams/EmptyParam.swift",
        "Request/RequestParams/Header.swift",
        "Request/RequestParams/Headers.swift",
        "Request/RequestParams/Method.swift",
        "Request/RequestParams/Query.swift",
        "Request/RequestParams/QueryParam.swift",
        "Request/RequestParams/RequestParam.swift",
        "Request/RequestParams/SessionParam.swift",
        "Request/RequestParams/Timeout.Source.swift",
        "Request/RequestParams/Timeout.swift",
        "Request/RequestParams/Url/ProtocolType.swift",
        "Request/RequestParams/Url/Url.swift",
        "SwiftUI/PropertyWrappers/Requested.swift",
        "SwiftUI/RequestStatus.swift",
        "SwiftUI/Views/RequestImage.swift",
        "SwiftUI/Views/RequestView.swift"
      ],
      "target_dependencies" : [
        "Json"
      ],
      "type" : "library"
    },
    {
      "c99name" : "Json",
      "module_type" : "SwiftTarget",
      "name" : "Json",
      "path" : "Sources/Json",
      "product_memberships" : [
        "Request",
        "Json"
      ],
      "sources" : [
        "Json.swift",
        "JsonBuilder.swift",
        "JsonSubscript.swift",
        "Literals.swift"
      ],
      "type" : "library"
    }
  ],
  "tools_version" : "5.3"
}
{
  "project" : {
    "configurations" : [
      "Debug",
      "Release"
    ],
    "name" : "Request",
    "schemes" : [
      "Request-Package"
    ],
    "targets" : [
      "Json",
      "Request",
      "RequestPackageDescription",
      "RequestPackageTests",
      "RequestTests"
    ]
  }
}
Running build ...
env DEVELOPER_DIR=/Applications/Xcode-27.0.0-Release.Candidate.app xcrun xcodebuild -IDEClonedSourcePackagesDirPathOverride=$PWD/.dependencies -skipMacroValidation -skipPackagePluginValidation -derivedDataPath $PWD/.derivedData build -scheme Request-Package -destination generic/platform=watchOS
Command line invocation:
    /Applications/Xcode-27.0.0-Release.Candidate.app/Contents/Developer/usr/bin/xcodebuild -IDEClonedSourcePackagesDirPathOverride=/Users/admin/builder/spi-builder-workspace/.dependencies -skipMacroValidation -skipPackagePluginValidation -derivedDataPath /Users/admin/builder/spi-builder-workspace/.derivedData build -scheme Request-Package -destination generic/platform=watchOS
ComputePackagePrebuildTargetDependencyGraph
Prepare packages
CreateBuildRequest
SendProjectDescription
CreateBuildOperation
ComputeTargetDependencyGraph
note: Building targets in dependency order
note: Target dependency graph (2 targets)
    Target 'Request' in project 'Request'
        ➜ Explicit dependency on target 'Json' in project 'Request'
    Target 'Json' in project 'Request' (no dependencies)
GatherProvisioningInputs
CreateBuildDescription
ExecuteExternalTool /Applications/Xcode-27.0.0-Release.Candidate.app/Contents/Developer/Toolchains/XcodeDefault.xctoolchain/usr/bin/clang -v -E -dM -isysroot /Applications/Xcode-27.0.0-Release.Candidate.app/Contents/Developer/Platforms/WatchOS.platform/Developer/SDKs/WatchOS27.0.sdk -x c -c /dev/null
ExecuteExternalTool /Applications/Xcode-27.0.0-Release.Candidate.app/Contents/Developer/Toolchains/XcodeDefault.xctoolchain/usr/bin/swiftc --version
ExecuteExternalTool /Applications/Xcode-27.0.0-Release.Candidate.app/Contents/Developer/Toolchains/XcodeDefault.xctoolchain/usr/bin/ld -version_details
Build description signature: 22a4289138dd2ad0fe8e105c170f46a0
Build description path: /Users/admin/builder/spi-builder-workspace/.derivedData/Build/Intermediates.noindex/XCBuildData/22a4289138dd2ad0fe8e105c170f46a0.xcbuilddata
/Users/admin/builder/spi-builder-workspace/Request.xcodeproj: error: The watchOS deployment target 'WATCHOS_DEPLOYMENT_TARGET' is set to 6.0, but the range of supported deployment target versions is 9.0 to 27.0.x. (in target 'Request' from project 'Request')
error: The armv7k architecture is deprecated. You should update your ARCHS build setting to remove the armv7k architecture. (in target 'Request' from project 'Request')
/Users/admin/builder/spi-builder-workspace/Request.xcodeproj: error: The watchOS deployment target 'WATCHOS_DEPLOYMENT_TARGET' is set to 6.0, but the range of supported deployment target versions is 9.0 to 27.0.x. (in target 'Json' from project 'Request')
error: The armv7k architecture is deprecated. You should update your ARCHS build setting to remove the armv7k architecture. (in target 'Json' from project 'Request')
** BUILD FAILED **
The following build commands failed:
	Building project Request with scheme Request-Package
(1 failure)
Command line invocation:
    /Applications/Xcode-27.0.0-Release.Candidate.app/Contents/Developer/usr/bin/xcodebuild -IDEClonedSourcePackagesDirPathOverride=/Users/admin/builder/spi-builder-workspace/.dependencies -resolvePackageDependencies
resolved source packages:
{
  "dependencies" : [
  ],
  "manifest_display_name" : "Request",
  "name" : "Request",
  "path" : "/Users/admin/builder/spi-builder-workspace",
  "platforms" : [
    {
      "name" : "macos",
      "version" : "10.15"
    },
    {
      "name" : "ios",
      "version" : "13.0"
    },
    {
      "name" : "tvos",
      "version" : "13.0"
    },
    {
      "name" : "watchos",
      "version" : "6.0"
    }
  ],
  "products" : [
    {
      "name" : "Request",
      "targets" : [
        "Request"
      ],
      "type" : {
        "library" : [
          "automatic"
        ]
      }
    },
    {
      "name" : "Json",
      "targets" : [
        "Json"
      ],
      "type" : {
        "library" : [
          "automatic"
        ]
      }
    }
  ],
  "targets" : [
    {
      "c99name" : "RequestTests",
      "module_type" : "SwiftTarget",
      "name" : "RequestTests",
      "path" : "Tests/RequestTests",
      "sources" : [
        "JsonTests.swift",
        "RequestTests.swift",
        "XCTestManifests.swift"
      ],
      "target_dependencies" : [
        "Request",
        "Json"
      ],
      "type" : "test"
    },
    {
      "c99name" : "Request",
      "module_type" : "SwiftTarget",
      "name" : "Request",
      "path" : "Sources/Request",
      "product_memberships" : [
        "Request"
      ],
      "sources" : [
        "Helpers/Auth.swift",
        "Helpers/CacheType.swift",
        "Helpers/MediaType.swift",
        "Helpers/RequestError.swift",
        "Helpers/UserAgent.swift",
        "Request/Extra/RequestChain.swift",
        "Request/Extra/RequestGroup+Combine.swift",
        "Request/Extra/RequestGroup.swift",
        "Request/FormParam/Form.Data.swift",
        "Request/FormParam/Form.File.swift",
        "Request/FormParam/Form.Value.swift",
        "Request/FormParam/Form.swift",
        "Request/FormParam/FormBuilder.Combined.swift",
        "Request/FormParam/FormBuilder.Empty.swift",
        "Request/FormParam/FormBuilder.swift",
        "Request/FormParam/FormParam.swift",
        "Request/Request+Combine.swift",
        "Request/Request.swift",
        "Request/RequestBuilder.swift",
        "Request/RequestParams/AnyParam.swift",
        "Request/RequestParams/Body.swift",
        "Request/RequestParams/CombinedParams.swift",
        "Request/RequestParams/EmptyParam.swift",
        "Request/RequestParams/Header.swift",
        "Request/RequestParams/Headers.swift",
        "Request/RequestParams/Method.swift",
        "Request/RequestParams/Query.swift",
        "Request/RequestParams/QueryParam.swift",
        "Request/RequestParams/RequestParam.swift",
        "Request/RequestParams/SessionParam.swift",
        "Request/RequestParams/Timeout.Source.swift",
        "Request/RequestParams/Timeout.swift",
        "Request/RequestParams/Url/ProtocolType.swift",
        "Request/RequestParams/Url/Url.swift",
        "SwiftUI/PropertyWrappers/Requested.swift",
        "SwiftUI/RequestStatus.swift",
        "SwiftUI/Views/RequestImage.swift",
        "SwiftUI/Views/RequestView.swift"
      ],
      "target_dependencies" : [
        "Json"
      ],
      "type" : "library"
    },
    {
      "c99name" : "Json",
      "module_type" : "SwiftTarget",
      "name" : "Json",
      "path" : "Sources/Json",
      "product_memberships" : [
        "Request",
        "Json"
      ],
      "sources" : [
        "Json.swift",
        "JsonBuilder.swift",
        "JsonSubscript.swift",
        "Literals.swift"
      ],
      "type" : "library"
    }
  ],
  "tools_version" : "5.3"
}
{
  "project" : {
    "configurations" : [
      "Debug",
      "Release"
    ],
    "name" : "Request",
    "schemes" : [
      "Request-Package"
    ],
    "targets" : [
      "Json",
      "Request",
      "RequestPackageDescription",
      "RequestPackageTests",
      "RequestTests"
    ]
  }
}
Running build ...
env DEVELOPER_DIR=/Applications/Xcode-27.0.0-Release.Candidate.app xcrun xcodebuild -IDEClonedSourcePackagesDirPathOverride=$PWD/.dependencies -skipMacroValidation -skipPackagePluginValidation -derivedDataPath $PWD/.derivedData build -scheme Request-Package -destination generic/platform=watchOS
Command line invocation:
    /Applications/Xcode-27.0.0-Release.Candidate.app/Contents/Developer/usr/bin/xcodebuild -IDEClonedSourcePackagesDirPathOverride=/Users/admin/builder/spi-builder-workspace/.dependencies -skipMacroValidation -skipPackagePluginValidation -derivedDataPath /Users/admin/builder/spi-builder-workspace/.derivedData build -scheme Request-Package -destination generic/platform=watchOS
ComputePackagePrebuildTargetDependencyGraph
Prepare packages
CreateBuildRequest
SendProjectDescription
CreateBuildOperation
ComputeTargetDependencyGraph
note: Building targets in dependency order
note: Target dependency graph (2 targets)
    Target 'Request' in project 'Request'
        ➜ Explicit dependency on target 'Json' in project 'Request'
    Target 'Json' in project 'Request' (no dependencies)
GatherProvisioningInputs
CreateBuildDescription
error: The armv7k architecture is deprecated. You should update your ARCHS build setting to remove the armv7k architecture. (in target 'Request' from project 'Request')
/Users/admin/builder/spi-builder-workspace/Request.xcodeproj: error: The watchOS deployment target 'WATCHOS_DEPLOYMENT_TARGET' is set to 6.0, but the range of supported deployment target versions is 9.0 to 27.0.x. (in target 'Request' from project 'Request')
error: The armv7k architecture is deprecated. You should update your ARCHS build setting to remove the armv7k architecture. (in target 'Json' from project 'Request')
/Users/admin/builder/spi-builder-workspace/Request.xcodeproj: error: The watchOS deployment target 'WATCHOS_DEPLOYMENT_TARGET' is set to 6.0, but the range of supported deployment target versions is 9.0 to 27.0.x. (in target 'Json' from project 'Request')
** BUILD FAILED **
The following build commands failed:
	Building project Request with scheme Request-Package
(1 failure)
BUILD FAILURE 6.4 watchOS