Build Information
Failed to build Hammer, reference 0.18.0 (90af16), with Swift 6.4 for visionOS using Xcode 27.0 on 23 Sep 2026 12:46:42 UTC.
Build Command
env DEVELOPER_DIR=/Applications/Xcode-27.0.0-Release.Candidate.app xcrun xcodebuild -IDEClonedSourcePackagesDirPathOverride=$PWD/.dependencies -skipMacroValidation -skipPackagePluginValidation -derivedDataPath $PWD/.derivedData build -scheme Hammer -destination generic/platform=xrOSBuild Log
========================================
RunAll
========================================
Builder version: 5.1.0
Interrupt handler set up.
========================================
Checkout
========================================
Clone URL: https://github.com/lyft/hammer.git
Reference: 0.18.0
Initialized empty Git repository in /Users/admin/builder/spi-builder-workspace/.git/
From https://github.com/lyft/hammer
* tag 0.18.0 -> FETCH_HEAD
HEAD is now at 90af16d Wait for a frame to render before emitting events (#64)
Cloned https://github.com/lyft/hammer.git
Revision (git rev-parse @):
90af16da2d2756d2d297c005486b88b3e9971803
SUCCESS checkout https://github.com/lyft/hammer.git at 0.18.0
========================================
Build
========================================
Selected platform: visionOS
Swift version: 6.4
Building package at path: $PWD
https://github.com/lyft/hammer.git
Command line invocation:
/Applications/Xcode-27.0.0-Release.Candidate.app/Contents/Developer/usr/bin/xcodebuild -IDEClonedSourcePackagesDirPathOverride=/Users/admin/builder/spi-builder-workspace/.dependencies -resolvePackageDependencies
Resolve Package Graph
Resolve Package Graph
Resolved source packages:
Hammer: /Users/admin/builder/spi-builder-workspace
resolved source packages: Hammer
2026-09-23 08:45:48.238 xcodebuild[565:3426] [MT] IDERunDestination: Supported platforms for the buildables in the current scheme is empty.
{
"dependencies" : [
],
"manifest_display_name" : "Hammer",
"name" : "Hammer",
"path" : "/Users/admin/builder/spi-builder-workspace",
"platforms" : [
{
"name" : "ios",
"version" : "12.0"
}
],
"products" : [
{
"name" : "Hammer",
"targets" : [
"Hammer"
],
"type" : {
"library" : [
"automatic"
]
}
}
],
"targets" : [
{
"c99name" : "Hammer",
"module_type" : "SwiftTarget",
"name" : "Hammer",
"path" : "Sources/Hammer",
"product_memberships" : [
"Hammer"
],
"sources" : [
"AppleInternal/AppleInternal+BackBoardServices.swift",
"AppleInternal/AppleInternal+IOHID.swift",
"AppleInternal/AppleInternal+UIKit.swift",
"DebugWindow/DebugVisualizerWindow.swift",
"EventGenerator/EventGenerator+Hand/EventGenerator+Hand.swift",
"EventGenerator/EventGenerator+Hand/FingerIndex.swift",
"EventGenerator/EventGenerator+Hand/HandInfo.swift",
"EventGenerator/EventGenerator+Keyboard/EventGenerator+Keyboard.swift",
"EventGenerator/EventGenerator+Keyboard/KeyboardKey.swift",
"EventGenerator/EventGenerator+Marker.swift",
"EventGenerator/EventGenerator+Settings.swift",
"EventGenerator/EventGenerator+Stylus/EventGenerator+Stylus.swift",
"EventGenerator/EventGenerator+Stylus/StylusInfo.swift",
"EventGenerator/EventGenerator.swift",
"EventGenerator/HammerLocatable.swift",
"Utilties/CoreGraphic+Extensions.swift",
"Utilties/FrameTracker.swift",
"Utilties/HammerError.swift",
"Utilties/HammerWindow.swift",
"Utilties/Subviews.swift",
"Utilties/TouchStorage.swift",
"Utilties/UIKit+Extensions.swift",
"Utilties/Waiting.swift"
],
"type" : "library"
}
],
"tools_version" : "5.3"
}
{
"workspace" : {
"name" : "Hammer",
"schemes" : [
"Hammer"
]
}
}
2026-09-23 08:46:29.739 xcodebuild[661:4363] [MT] IDERunDestination: Supported platforms for the buildables in the current scheme is empty.
Running build ...
env DEVELOPER_DIR=/Applications/Xcode-27.0.0-Release.Candidate.app xcrun xcodebuild -IDEClonedSourcePackagesDirPathOverride=$PWD/.dependencies -skipMacroValidation -skipPackagePluginValidation -derivedDataPath $PWD/.derivedData build -scheme Hammer -destination generic/platform=xrOS
Command line invocation:
/Applications/Xcode-27.0.0-Release.Candidate.app/Contents/Developer/usr/bin/xcodebuild -IDEClonedSourcePackagesDirPathOverride=/Users/admin/builder/spi-builder-workspace/.dependencies -skipMacroValidation -skipPackagePluginValidation -derivedDataPath /Users/admin/builder/spi-builder-workspace/.derivedData build -scheme Hammer -destination generic/platform=xrOS
Resolve Package Graph
Resolved source packages:
Hammer: /Users/admin/builder/spi-builder-workspace
ComputePackagePrebuildTargetDependencyGraph
Prepare packages
CreateBuildRequest
SendProjectDescription
CreateBuildOperation
ComputeTargetDependencyGraph
note: Building targets in dependency order
note: Target dependency graph (2 targets)
Target 'Hammer-product' in project 'Hammer'
➜ Explicit dependency on target 'Hammer' in project 'Hammer'
Target 'Hammer' in project 'Hammer' (no dependencies)
GatherProvisioningInputs
CreateBuildDescription
ExecuteExternalTool /Applications/Xcode-27.0.0-Release.Candidate.app/Contents/Developer/Toolchains/XcodeDefault.xctoolchain/usr/bin/clang -v -E -dM -isysroot /Applications/Xcode-27.0.0-Release.Candidate.app/Contents/Developer/Platforms/XROS.platform/Developer/SDKs/XROS27.0.sdk -x c -c /dev/null
ExecuteExternalTool /Applications/Xcode-27.0.0-Release.Candidate.app/Contents/Developer/Toolchains/XcodeDefault.xctoolchain/usr/bin/swiftc --version
ExecuteExternalTool /Applications/Xcode-27.0.0-Release.Candidate.app/Contents/Developer/Toolchains/XcodeDefault.xctoolchain/usr/bin/ld -version_details
Build description signature: 02100f16847ecbf80422adf600d60b3b
Build description path: /Users/admin/builder/spi-builder-workspace/.derivedData/Build/Intermediates.noindex/XCBuildData/02100f16847ecbf80422adf600d60b3b.xcbuilddata
CreateBuildDirectory /Users/admin/builder/spi-builder-workspace/.derivedData/SDKExplicitPrecompiledModules
cd /Users/admin/builder/spi-builder-workspace/.swiftpm/xcode
builtin-create-build-directory /Users/admin/builder/spi-builder-workspace/.derivedData/SDKExplicitPrecompiledModules
CreateBuildDirectory /Users/admin/builder/spi-builder-workspace/.derivedData/ModuleCache.noindex
cd /Users/admin/builder/spi-builder-workspace/.swiftpm/xcode
builtin-create-build-directory /Users/admin/builder/spi-builder-workspace/.derivedData/ModuleCache.noindex
CreateBuildDirectory /Users/admin/builder/spi-builder-workspace/.derivedData/CompilationCache.noindex
cd /Users/admin/builder/spi-builder-workspace/.swiftpm/xcode
builtin-create-build-directory /Users/admin/builder/spi-builder-workspace/.derivedData/CompilationCache.noindex
CreateBuildDirectory /Users/admin/builder/spi-builder-workspace/.derivedData/Build/Products
cd /Users/admin/builder/spi-builder-workspace/.swiftpm/xcode
builtin-create-build-directory /Users/admin/builder/spi-builder-workspace/.derivedData/Build/Products
CreateBuildDirectory /Users/admin/builder/spi-builder-workspace/.derivedData/Build/Intermediates.noindex
cd /Users/admin/builder/spi-builder-workspace/.swiftpm/xcode
builtin-create-build-directory /Users/admin/builder/spi-builder-workspace/.derivedData/Build/Intermediates.noindex
ClangStatCache /Applications/Xcode-27.0.0-Release.Candidate.app/Contents/Developer/Toolchains/XcodeDefault.xctoolchain/usr/bin/clang-stat-cache /Applications/Xcode-27.0.0-Release.Candidate.app/Contents/Developer/Platforms/XROS.platform/Developer/SDKs/XROS27.0.sdk /Users/admin/builder/spi-builder-workspace/.derivedData/SDKStatCaches.noindex/xros27.0-24M361-e829b21a6f8c9b70876ba0858053c044735bd543db762f57723cac368afd1ce4.sdkstatcache
cd /Users/admin/builder/spi-builder-workspace/.swiftpm/xcode
/Applications/Xcode-27.0.0-Release.Candidate.app/Contents/Developer/Toolchains/XcodeDefault.xctoolchain/usr/bin/clang-stat-cache /Applications/Xcode-27.0.0-Release.Candidate.app/Contents/Developer/Platforms/XROS.platform/Developer/SDKs/XROS27.0.sdk -o /Users/admin/builder/spi-builder-workspace/.derivedData/SDKStatCaches.noindex/xros27.0-24M361-e829b21a6f8c9b70876ba0858053c044735bd543db762f57723cac368afd1ce4.sdkstatcache
CreateBuildDirectory /Users/admin/builder/spi-builder-workspace/.derivedData/Build/Products/Debug-xros
cd /Users/admin/builder/spi-builder-workspace/.swiftpm/xcode
builtin-create-build-directory /Users/admin/builder/spi-builder-workspace/.derivedData/Build/Products/Debug-xros
CreateBuildDirectory /Users/admin/builder/spi-builder-workspace/.derivedData/Build/Intermediates.noindex/SwiftExplicitPrecompiledModules
cd /Users/admin/builder/spi-builder-workspace/.swiftpm/xcode
builtin-create-build-directory /Users/admin/builder/spi-builder-workspace/.derivedData/Build/Intermediates.noindex/SwiftExplicitPrecompiledModules
CreateBuildDirectory /Users/admin/builder/spi-builder-workspace/.derivedData/Build/Intermediates.noindex/PrecompiledHeaders
cd /Users/admin/builder/spi-builder-workspace/.swiftpm/xcode
builtin-create-build-directory /Users/admin/builder/spi-builder-workspace/.derivedData/Build/Intermediates.noindex/PrecompiledHeaders
CreateBuildDirectory /Users/admin/builder/spi-builder-workspace/.derivedData/Build/Intermediates.noindex/ExplicitPrecompiledModules
cd /Users/admin/builder/spi-builder-workspace/.swiftpm/xcode
builtin-create-build-directory /Users/admin/builder/spi-builder-workspace/.derivedData/Build/Intermediates.noindex/ExplicitPrecompiledModules
CreateBuildDirectory /Users/admin/builder/spi-builder-workspace/.derivedData/Build/Intermediates.noindex/EagerLinkingTBDs/Debug-xros
cd /Users/admin/builder/spi-builder-workspace/.swiftpm/xcode
builtin-create-build-directory /Users/admin/builder/spi-builder-workspace/.derivedData/Build/Intermediates.noindex/EagerLinkingTBDs/Debug-xros
CreateBuildDirectory /Users/admin/builder/spi-builder-workspace/.derivedData/Build/Products/Debug-xros/PackageFrameworks
cd /Users/admin/builder/spi-builder-workspace/.swiftpm/xcode
builtin-create-build-directory /Users/admin/builder/spi-builder-workspace/.derivedData/Build/Products/Debug-xros/PackageFrameworks
WriteAuxiliaryFile /Users/admin/builder/spi-builder-workspace/.derivedData/Build/Intermediates.noindex/Hammer.build/Debug-xros/Hammer-t.build/Hammer.DependencyMetadataFileList (in target 'Hammer' from project 'Hammer')
cd /Users/admin/builder/spi-builder-workspace
write-file /Users/admin/builder/spi-builder-workspace/.derivedData/Build/Intermediates.noindex/Hammer.build/Debug-xros/Hammer-t.build/Hammer.DependencyMetadataFileList
WriteAuxiliaryFile /Users/admin/builder/spi-builder-workspace/.derivedData/Build/Intermediates.noindex/Hammer.build/Debug-xros/Hammer-t.build/Hammer.DependencyStaticMetadataFileList (in target 'Hammer' from project 'Hammer')
cd /Users/admin/builder/spi-builder-workspace
write-file /Users/admin/builder/spi-builder-workspace/.derivedData/Build/Intermediates.noindex/Hammer.build/Debug-xros/Hammer-t.build/Hammer.DependencyStaticMetadataFileList
WriteAuxiliaryFile /Users/admin/builder/spi-builder-workspace/.derivedData/Build/Intermediates.noindex/Hammer.build/Debug-xros/Hammer-t.build/Hammer.modulemap (in target 'Hammer' from project 'Hammer')
cd /Users/admin/builder/spi-builder-workspace
write-file /Users/admin/builder/spi-builder-workspace/.derivedData/Build/Intermediates.noindex/Hammer.build/Debug-xros/Hammer-t.build/Hammer.modulemap
WriteAuxiliaryFile /Users/admin/builder/spi-builder-workspace/.derivedData/Build/Intermediates.noindex/Hammer.build/Debug-xros/Hammer-t.build/Objects-normal/arm64/Hammer_const_extract_protocols.json (in target 'Hammer' from project 'Hammer')
cd /Users/admin/builder/spi-builder-workspace
write-file /Users/admin/builder/spi-builder-workspace/.derivedData/Build/Intermediates.noindex/Hammer.build/Debug-xros/Hammer-t.build/Objects-normal/arm64/Hammer_const_extract_protocols.json
WriteAuxiliaryFile /Users/admin/builder/spi-builder-workspace/.derivedData/Build/Intermediates.noindex/Hammer.build/Debug-xros/Hammer-t.build/Objects-normal/arm64/Hammer.LinkFileList (in target 'Hammer' from project 'Hammer')
cd /Users/admin/builder/spi-builder-workspace
write-file /Users/admin/builder/spi-builder-workspace/.derivedData/Build/Intermediates.noindex/Hammer.build/Debug-xros/Hammer-t.build/Objects-normal/arm64/Hammer.LinkFileList
WriteAuxiliaryFile /Users/admin/builder/spi-builder-workspace/.derivedData/Build/Intermediates.noindex/Hammer.build/Debug-xros/Hammer-t.build/Objects-normal/arm64/Hammer.SwiftFileList (in target 'Hammer' from project 'Hammer')
cd /Users/admin/builder/spi-builder-workspace
write-file /Users/admin/builder/spi-builder-workspace/.derivedData/Build/Intermediates.noindex/Hammer.build/Debug-xros/Hammer-t.build/Objects-normal/arm64/Hammer.SwiftFileList
WriteAuxiliaryFile /Users/admin/builder/spi-builder-workspace/.derivedData/Build/Intermediates.noindex/Hammer.build/Debug-xros/Hammer-t.build/Objects-normal/arm64/Hammer.SwiftConstValuesFileList (in target 'Hammer' from project 'Hammer')
cd /Users/admin/builder/spi-builder-workspace
write-file /Users/admin/builder/spi-builder-workspace/.derivedData/Build/Intermediates.noindex/Hammer.build/Debug-xros/Hammer-t.build/Objects-normal/arm64/Hammer.SwiftConstValuesFileList
WriteAuxiliaryFile /Users/admin/builder/spi-builder-workspace/.derivedData/Build/Intermediates.noindex/Hammer.build/Debug-xros/Hammer-t.build/Objects-normal/arm64/Hammer-OutputFileMap.json (in target 'Hammer' from project 'Hammer')
cd /Users/admin/builder/spi-builder-workspace
write-file /Users/admin/builder/spi-builder-workspace/.derivedData/Build/Intermediates.noindex/Hammer.build/Debug-xros/Hammer-t.build/Objects-normal/arm64/Hammer-OutputFileMap.json
Copy /Users/admin/builder/spi-builder-workspace/.derivedData/Build/Intermediates.noindex/GeneratedModuleMaps-xros/Hammer.modulemap /Users/admin/builder/spi-builder-workspace/.derivedData/Build/Intermediates.noindex/Hammer.build/Debug-xros/Hammer-t.build/Hammer.modulemap (in target 'Hammer' from project 'Hammer')
cd /Users/admin/builder/spi-builder-workspace
builtin-copy -exclude .DS_Store -exclude CVS -exclude .svn -exclude .git -exclude .hg -resolve-src-symlinks /Users/admin/builder/spi-builder-workspace/.derivedData/Build/Intermediates.noindex/Hammer.build/Debug-xros/Hammer-t.build/Hammer.modulemap /Users/admin/builder/spi-builder-workspace/.derivedData/Build/Intermediates.noindex/GeneratedModuleMaps-xros
SwiftDriver Hammer normal arm64 com.apple.xcode.tools.swift.compiler (in target 'Hammer' from project 'Hammer')
cd /Users/admin/builder/spi-builder-workspace/.swiftpm/xcode
builtin-SwiftDriver -- /Applications/Xcode-27.0.0-Release.Candidate.app/Contents/Developer/Toolchains/XcodeDefault.xctoolchain/usr/bin/swiftc -parse-as-library -module-name Hammer -Onone @/Users/admin/builder/spi-builder-workspace/.derivedData/Build/Intermediates.noindex/Hammer.build/Debug-xros/Hammer-t.build/Objects-normal/arm64/Hammer.SwiftFileList -DSWIFT_PACKAGE -DDEBUG -DSWIFT_MODULE_RESOURCE_BUNDLE_UNAVAILABLE -DXcode -plugin-path /Applications/Xcode-27.0.0-Release.Candidate.app/Contents/Developer/Toolchains/XcodeDefault.xctoolchain/usr/lib/swift/host/plugins/testing -enable-experimental-feature DebugDescriptionMacro -sdk /Applications/Xcode-27.0.0-Release.Candidate.app/Contents/Developer/Platforms/XROS.platform/Developer/SDKs/XROS27.0.sdk -target arm64-apple-xros1.0 -g -module-cache-path /Users/admin/builder/spi-builder-workspace/.derivedData/ModuleCache.noindex -Xfrontend -serialize-debugging-options -enable-testing -index-store-path /Users/admin/builder/spi-builder-workspace/.derivedData/Index.noindex/DataStore -Xcc -D_LIBCPP_HARDENING_MODE\=_LIBCPP_HARDENING_MODE_DEBUG -swift-version 5 -I /Users/admin/builder/spi-builder-workspace/.derivedData/Build/Products/Debug-xros -Isystem /Applications/Xcode-27.0.0-Release.Candidate.app/Contents/Developer/Platforms/XROS.platform/Developer/usr/lib -F /Users/admin/builder/spi-builder-workspace/.derivedData/Build/Products/Debug-xros -F /Applications/Xcode-27.0.0-Release.Candidate.app/Contents/Developer/Platforms/XROS.platform/Developer/Library/Frameworks -F /Applications/Xcode-27.0.0-Release.Candidate.app/Contents/Developer/Platforms/XROS.platform/Developer/SDKs/XROS27.0.sdk/Developer/Library/Frameworks -c -j10 -enable-batch-mode -incremental -Xcc -ivfsstatcache -Xcc /Users/admin/builder/spi-builder-workspace/.derivedData/SDKStatCaches.noindex/xros27.0-24M361-e829b21a6f8c9b70876ba0858053c044735bd543db762f57723cac368afd1ce4.sdkstatcache -output-file-map /Users/admin/builder/spi-builder-workspace/.derivedData/Build/Intermediates.noindex/Hammer.build/Debug-xros/Hammer-t.build/Objects-normal/arm64/Hammer-OutputFileMap.json -save-temps -no-color-diagnostics -explicit-module-build -module-cache-path /Users/admin/builder/spi-builder-workspace/.derivedData/Build/Intermediates.noindex/SwiftExplicitPrecompiledModules -clang-scanner-module-cache-path /Users/admin/builder/spi-builder-workspace/.derivedData/ModuleCache.noindex -sdk-module-cache-path /Users/admin/builder/spi-builder-workspace/.derivedData/SDKExplicitPrecompiledModules -emit-dependencies -emit-module -emit-module-path /Users/admin/builder/spi-builder-workspace/.derivedData/Build/Intermediates.noindex/Hammer.build/Debug-xros/Hammer-t.build/Objects-normal/arm64/Hammer.swiftmodule -serialize-diagnostics -dependency-scan-serialize-diagnostics-path /Users/admin/builder/spi-builder-workspace/.derivedData/Build/Intermediates.noindex/Hammer.build/Debug-xros/Hammer-t.build/Objects-normal/arm64/Hammer-dependency-scan.dia -validate-clang-modules-once -clang-build-session-file /Users/admin/builder/spi-builder-workspace/.derivedData/ModuleCache.noindex/Session.modulevalidation -Xcc -fmodules-prune-interval\=86400 -Xcc -fmodules-prune-after\=345600 -emit-const-values -const-gather-protocols-list /Users/admin/builder/spi-builder-workspace/.derivedData/Build/Intermediates.noindex/Hammer.build/Debug-xros/Hammer-t.build/Objects-normal/arm64/Hammer_const_extract_protocols.json -Xcc -I/Users/admin/builder/spi-builder-workspace/.derivedData/Build/Products/Debug-xros/include -Xcc -I/Users/admin/builder/spi-builder-workspace/.derivedData/Build/Intermediates.noindex/Hammer.build/Debug-xros/Hammer-t.build/DerivedSources-normal/arm64 -Xcc -I/Users/admin/builder/spi-builder-workspace/.derivedData/Build/Intermediates.noindex/Hammer.build/Debug-xros/Hammer-t.build/DerivedSources/arm64 -Xcc -I/Users/admin/builder/spi-builder-workspace/.derivedData/Build/Intermediates.noindex/Hammer.build/Debug-xros/Hammer-t.build/DerivedSources -Xcc -DSWIFT_PACKAGE -Xcc -DDEBUG\=1 -emit-objc-header -emit-objc-header-path /Users/admin/builder/spi-builder-workspace/.derivedData/Build/Intermediates.noindex/Hammer.build/Debug-xros/Hammer-t.build/Objects-normal/arm64/Hammer-Swift.h -working-directory /Users/admin/builder/spi-builder-workspace/.swiftpm/xcode -experimental-emit-module-separately -disable-cmo
SwiftExplicitDependencyGeneratePcm arm64 /Users/admin/builder/spi-builder-workspace/.derivedData/SDKExplicitPrecompiledModules/_SwiftConcurrencyShims-C8XHKSHX96D5YYALNM4W70Z0O.pcm
SwiftExplicitDependencyGeneratePcm arm64 /Users/admin/builder/spi-builder-workspace/.derivedData/SDKExplicitPrecompiledModules/_Builtin_stdarg-CDA349K2K4US766844K8E0PVA.pcm
SwiftExplicitDependencyGeneratePcm arm64 /Users/admin/builder/spi-builder-workspace/.derivedData/SDKExplicitPrecompiledModules/SwiftShims-CI4H5RO9IYFFWQ2COB512Q2S9.pcm
SwiftExplicitDependencyGeneratePcm arm64 /Users/admin/builder/spi-builder-workspace/.derivedData/SDKExplicitPrecompiledModules/DeveloperToolsSupport-46GOQP8J1QTHLYQSJW81T8UZ3.pcm
SwiftExplicitDependencyGeneratePcm arm64 /Users/admin/builder/spi-builder-workspace/.derivedData/SDKExplicitPrecompiledModules/_Builtin_stddef-5NQ9Z1GV07GBSRQGAQCGXGVRI.pcm
SwiftExplicitDependencyGeneratePcm arm64 /Users/admin/builder/spi-builder-workspace/.derivedData/SDKExplicitPrecompiledModules/_Builtin_stdbool-5BU2ADS7JXQMYENKQHW9X8XOU.pcm
SwiftExplicitDependencyGeneratePcm arm64 /Users/admin/builder/spi-builder-workspace/.derivedData/SDKExplicitPrecompiledModules/ptrauth-1WBA714DZSVUL5JQDJ08CLKZ.pcm
SwiftExplicitDependencyGeneratePcm arm64 /Users/admin/builder/spi-builder-workspace/.derivedData/SDKExplicitPrecompiledModules/ptrcheck-BXA97MNLI4BB0HF5I8MJE403D.pcm
SwiftExplicitDependencyGeneratePcm arm64 /Users/admin/builder/spi-builder-workspace/.derivedData/SDKExplicitPrecompiledModules/_AvailabilityInternal-1Q8IQP6M38UWSGZ95UCEY2M44.pcm
SwiftExplicitDependencyGeneratePcm arm64 /Users/admin/builder/spi-builder-workspace/.derivedData/SDKExplicitPrecompiledModules/_Builtin_float-6WKHNW5S40U2QGHXXGETUDIRA.pcm
SwiftExplicitDependencyGeneratePcm arm64 /Users/admin/builder/spi-builder-workspace/.derivedData/SDKExplicitPrecompiledModules/_DarwinFoundation1-5RGRVV2TZ6WC4WZW5IXF8NQ04.pcm
SwiftExplicitDependencyGeneratePcm arm64 /Users/admin/builder/spi-builder-workspace/.derivedData/SDKExplicitPrecompiledModules/_DarwinFoundation2-ENTECK156YEWITZRRBTOCE4KR.pcm
SwiftExplicitDependencyGeneratePcm arm64 /Users/admin/builder/spi-builder-workspace/.derivedData/SDKExplicitPrecompiledModules/_Builtin_limits-425JDMN5HPM3D0UEI8LEHP6NM.pcm
SwiftExplicitDependencyGeneratePcm arm64 /Users/admin/builder/spi-builder-workspace/.derivedData/SDKExplicitPrecompiledModules/string_h-2GT67HHHHK5CF1V1S31LH0PU2.pcm
SwiftExplicitDependencyGeneratePcm arm64 /Users/admin/builder/spi-builder-workspace/.derivedData/SDKExplicitPrecompiledModules/sys_types-AYM0BHR77VKMWZCO2T0XGV2HF.pcm
SwiftExplicitDependencyGeneratePcm arm64 /Users/admin/builder/spi-builder-workspace/.derivedData/SDKExplicitPrecompiledModules/_Builtin_tgmath-BPYSMHWI520EQRL2HW519ZY7Z.pcm
SwiftExplicitDependencyGeneratePcm arm64 /Users/admin/builder/spi-builder-workspace/.derivedData/SDKExplicitPrecompiledModules/_Builtin_stdint-8OR6T47OOYJA90ZBO3N1USDE.pcm
SwiftExplicitDependencyGeneratePcm arm64 /Users/admin/builder/spi-builder-workspace/.derivedData/SDKExplicitPrecompiledModules/_Builtin_intrinsics-BC5IJI3YI34RQ61ZNVDRDZ6RN.pcm
SwiftExplicitDependencyGeneratePcm arm64 /Users/admin/builder/spi-builder-workspace/.derivedData/SDKExplicitPrecompiledModules/_Builtin_stdatomic-1VUZPM79PNCAHXVBERD53WRSF.pcm
SwiftExplicitDependencyGeneratePcm arm64 /Users/admin/builder/spi-builder-workspace/.derivedData/SDKExplicitPrecompiledModules/_DarwinFoundation3-9ZHN6JKBS40BBA81RQMV8H0IC.pcm
SwiftExplicitDependencyGeneratePcm arm64 /Users/admin/builder/spi-builder-workspace/.derivedData/SDKExplicitPrecompiledModules/_Builtin_inttypes-11B64KJD36B3YOHBR1BBXBJY8.pcm
SwiftExplicitDependencyGeneratePcm arm64 /Users/admin/builder/spi-builder-workspace/.derivedData/SDKExplicitPrecompiledModules/Darwin-60P5LVNQO3ESRRM5DCJ05PFNK.pcm
SwiftExplicitDependencyGeneratePcm arm64 /Users/admin/builder/spi-builder-workspace/.derivedData/SDKExplicitPrecompiledModules/simd-9XXAB17Y6E4BBPQADD61NZ23.pcm
SwiftExplicitDependencyGeneratePcm arm64 /Users/admin/builder/spi-builder-workspace/.derivedData/SDKExplicitPrecompiledModules/MachO-3XTHY7HWV6RF3KXKYQVHUBUXK.pcm
SwiftExplicitDependencyGeneratePcm arm64 /Users/admin/builder/spi-builder-workspace/.derivedData/SDKExplicitPrecompiledModules/ObjectiveC-26TIBFYCEJZVP216ZZAU1X8KN.pcm
SwiftExplicitDependencyGeneratePcm arm64 /Users/admin/builder/spi-builder-workspace/.derivedData/SDKExplicitPrecompiledModules/os_object-692CJ8BG6RE5H04487EJJOVXW.pcm
SwiftExplicitDependencyGeneratePcm arm64 /Users/admin/builder/spi-builder-workspace/.derivedData/SDKExplicitPrecompiledModules/os_workgroup-4U1VXMWIZD80E7PRUQF2G7P9X.pcm
SwiftExplicitDependencyGeneratePcm arm64 /Users/admin/builder/spi-builder-workspace/.derivedData/SDKExplicitPrecompiledModules/Dispatch-CLT3466HKC22GCKAWSCNG0H7T.pcm
SwiftExplicitDependencyGeneratePcm arm64 /Users/admin/builder/spi-builder-workspace/.derivedData/SDKExplicitPrecompiledModules/Spatial-5E0I2846LO3ZE24CSVR2O57TI.pcm
SwiftExplicitDependencyGeneratePcm arm64 /Users/admin/builder/spi-builder-workspace/.derivedData/SDKExplicitPrecompiledModules/XPC-EP5EU7FNGP4VOA3EDM18P1KHO.pcm
SwiftExplicitDependencyGeneratePcm arm64 /Users/admin/builder/spi-builder-workspace/.derivedData/SDKExplicitPrecompiledModules/CoreFoundation-AVLTZVCXBU2TO75JCN4AGU8XJ.pcm
SwiftExplicitDependencyGeneratePcm arm64 /Users/admin/builder/spi-builder-workspace/.derivedData/SDKExplicitPrecompiledModules/os-1004XEJ3IXOOAU0KL58SM3D0K.pcm
SwiftExplicitDependencyGeneratePcm arm64 /Users/admin/builder/spi-builder-workspace/.derivedData/SDKExplicitPrecompiledModules/CoreGraphics-BFUJ177R223UT2ZI327ZTZY91.pcm
SwiftExplicitDependencyGeneratePcm arm64 /Users/admin/builder/spi-builder-workspace/.derivedData/SDKExplicitPrecompiledModules/Security-8TH2M8WJIQMET4SADWX0N8372.pcm
SwiftExplicitDependencyGeneratePcm arm64 /Users/admin/builder/spi-builder-workspace/.derivedData/SDKExplicitPrecompiledModules/CFNetwork-5MI70N1VLDQSWTX4COWLMSIRO.pcm
SwiftExplicitDependencyGeneratePcm arm64 /Users/admin/builder/spi-builder-workspace/.derivedData/SDKExplicitPrecompiledModules/Foundation-8GON1KVEKRN3NOQI8RETBRWJP.pcm
SwiftExplicitDependencyGeneratePcm arm64 /Users/admin/builder/spi-builder-workspace/.derivedData/SDKExplicitPrecompiledModules/CoreText-6F9TY5TEPCCZ1K2KYM4GMEGHD.pcm
SwiftExplicitDependencyGeneratePcm arm64 /Users/admin/builder/spi-builder-workspace/.derivedData/SDKExplicitPrecompiledModules/ImageIO-5CC6COR9KJYI1UBL7CSHLU2OG.pcm
SwiftExplicitDependencyGeneratePcm arm64 /Users/admin/builder/spi-builder-workspace/.derivedData/SDKExplicitPrecompiledModules/UniformTypeIdentifiers-E5KMWDZEKS4QW9RO1KBRDEXV6.pcm
SwiftExplicitDependencyGeneratePcm arm64 /Users/admin/builder/spi-builder-workspace/.derivedData/SDKExplicitPrecompiledModules/_LocationEssentials-8GQGFVARUE99D8VJX3TINY0VP.pcm
SwiftExplicitDependencyGeneratePcm arm64 /Users/admin/builder/spi-builder-workspace/.derivedData/SDKExplicitPrecompiledModules/IOSurface-5FE9U89GVFF9A7X7AGO2R8ENI.pcm
SwiftExplicitDependencyGeneratePcm arm64 /Users/admin/builder/spi-builder-workspace/.derivedData/SDKExplicitPrecompiledModules/Symbols-8G2XC01RPQ5HYIZE6JNUT864I.pcm
SwiftExplicitDependencyGeneratePcm arm64 /Users/admin/builder/spi-builder-workspace/.derivedData/SDKExplicitPrecompiledModules/OSLog-BNGT87TS0GMBFF7TY70HHB69.pcm
SwiftExplicitDependencyGeneratePcm arm64 /Users/admin/builder/spi-builder-workspace/.derivedData/SDKExplicitPrecompiledModules/CoreTransferable-8TBYAKHCX6UC8QQSS7BD8GQK5.pcm
SwiftExplicitDependencyGeneratePcm arm64 /Users/admin/builder/spi-builder-workspace/.derivedData/SDKExplicitPrecompiledModules/Accessibility-1DR4J4YDVDGAYQTZ0FKZ1PU09.pcm
SwiftExplicitDependencyGeneratePcm arm64 /Users/admin/builder/spi-builder-workspace/.derivedData/SDKExplicitPrecompiledModules/UserNotifications-8IIV1V1FPNAPA4LY1Y23LOM2N.pcm
SwiftExplicitDependencyGeneratePcm arm64 /Users/admin/builder/spi-builder-workspace/.derivedData/SDKExplicitPrecompiledModules/FileProvider-C9I28SI56F2SEVH1BCWTKGODO.pcm
SwiftExplicitDependencyGeneratePcm arm64 /Users/admin/builder/spi-builder-workspace/.derivedData/SDKExplicitPrecompiledModules/UIUtilities-AOVGLUWEAN6CG2UZFNESGSP6C.pcm
SwiftExplicitDependencyGeneratePcm arm64 /Users/admin/builder/spi-builder-workspace/.derivedData/SDKExplicitPrecompiledModules/DataDetection-BANTQ3WXXGKZJYC0LLB3MD9K0.pcm
SwiftExplicitDependencyGeneratePcm arm64 /Users/admin/builder/spi-builder-workspace/.derivedData/SDKExplicitPrecompiledModules/CoreLocation-1SN37095DAPVJ068LLP9TBDQX.pcm
SwiftExplicitDependencyGeneratePcm arm64 /Users/admin/builder/spi-builder-workspace/.derivedData/SDKExplicitPrecompiledModules/Metal-EKNUM9P3PRIBHZK1ZBD6BA2T7.pcm
SwiftExplicitDependencyGeneratePcm arm64 /Users/admin/builder/spi-builder-workspace/.derivedData/SDKExplicitPrecompiledModules/OpenGLES-56BKSYXNVAP91BYZRWAKQZKGI.pcm
SwiftExplicitDependencyGeneratePcm arm64 /Users/admin/builder/spi-builder-workspace/.derivedData/SDKExplicitPrecompiledModules/CoreMotion-10LV922UPGE28QX2SOIO7ALIZ.pcm
SwiftExplicitDependencyGeneratePcm arm64 /Users/admin/builder/spi-builder-workspace/.derivedData/SDKExplicitPrecompiledModules/CoreVideo-E12HJSJSLO0YKWYBES11UKJ02.pcm
SwiftExplicitDependencyGeneratePcm arm64 /Users/admin/builder/spi-builder-workspace/.derivedData/SDKExplicitPrecompiledModules/QuartzCore-12T8WVKUNCL1N7VXH87MM4YOB.pcm
SwiftExplicitDependencyGeneratePcm arm64 /Users/admin/builder/spi-builder-workspace/.derivedData/SDKExplicitPrecompiledModules/CoreImage-8WF1P230U10QM666EQMNV7OF1.pcm
SwiftExplicitDependencyGeneratePcm arm64 /Users/admin/builder/spi-builder-workspace/.derivedData/SDKExplicitPrecompiledModules/SwiftUICore-6OBBMA39VFD4CB6SG2PE41FAP.pcm
SwiftExplicitDependencyGeneratePcm arm64 /Users/admin/builder/spi-builder-workspace/.derivedData/SDKExplicitPrecompiledModules/UIKit-2D2PMAAE45TMO6S28UCGCO5BR.pcm
SwiftExplicitDependencyGeneratePcm arm64 /Users/admin/builder/spi-builder-workspace/.derivedData/Build/Intermediates.noindex/SwiftExplicitPrecompiledModules/XCUIAutomation-H5WV6GKK3U1PX81ORPJTQUHR.pcm
SwiftExplicitDependencyCompileModuleFromInterface arm64 /Users/admin/builder/spi-builder-workspace/.derivedData/Build/Intermediates.noindex/SwiftExplicitPrecompiledModules/XCUIAutomation-1ULB2S2VXDY9G.swiftmodule
SwiftExplicitDependencyGeneratePcm arm64 /Users/admin/builder/spi-builder-workspace/.derivedData/Build/Intermediates.noindex/SwiftExplicitPrecompiledModules/XCTest-8UXH2X7DOSRVJFCAILI3M8WH.pcm
SwiftExplicitDependencyCompileModuleFromInterface arm64 /Users/admin/builder/spi-builder-workspace/.derivedData/Build/Intermediates.noindex/SwiftExplicitPrecompiledModules/XCTest-3R6MGK98ZOBMC.swiftmodule
SwiftEmitModule normal arm64 Emitting\ module\ for\ Hammer (in target 'Hammer' from project 'Hammer')
/Users/admin/builder/spi-builder-workspace/Sources/Hammer/EventGenerator/EventGenerator.swift:274:1: error: type 'UIApplication' does not conform to protocol 'UIApplicationDeprecated'
272 | }
273 |
274 | extension UIApplication: UIApplicationDeprecated {}
| `- error: type 'UIApplication' does not conform to protocol 'UIApplicationDeprecated'
275 |
/Users/admin/builder/spi-builder-workspace/Sources/Hammer/EventGenerator/EventGenerator.swift:274:1: error: unavailable property 'isIgnoringInteractionEvents' was used to satisfy a requirement of protocol 'UIApplicationDeprecated'
269 | // Bypasses deprecation warning for `isIgnoringInteractionEvents`
270 | private protocol UIApplicationDeprecated {
271 | var isIgnoringInteractionEvents: Bool { get }
| `- note: requirement 'isIgnoringInteractionEvents' declared here
272 | }
273 |
274 | extension UIApplication: UIApplicationDeprecated {}
| `- error: unavailable property 'isIgnoringInteractionEvents' was used to satisfy a requirement of protocol 'UIApplicationDeprecated'
275 |
/Applications/Xcode-27.0.0-Release.Candidate.app/Contents/Developer/Platforms/XROS.platform/Developer/SDKs/XROS27.0.sdk/System/Library/Frameworks/UIKit.framework/Headers/UIApplication.h:93:73: note: 'isIgnoringInteractionEvents' declared here
91 | - (void)beginIgnoringInteractionEvents API_DEPRECATED("Use UIView's userInteractionEnabled property instead", ios(2.0, 13.0)) API_UNAVAILABLE(visionos, watchos); // nested. set should be set during animations & transitions to ignore touch and other events
92 | - (void)endIgnoringInteractionEvents API_DEPRECATED("Use UIView's userInteractionEnabled property instead", ios(2.0, 13.0)) API_UNAVAILABLE(watchos);
93 | @property(nonatomic, readonly, getter=isIgnoringInteractionEvents) BOOL ignoringInteractionEvents API_DEPRECATED("Use UIView's userInteractionEnabled property instead", ios(2.0, 13.0)) API_UNAVAILABLE(visionos, watchos); // returns YES if we are at least one deep in ignoring events
| `- note: 'isIgnoringInteractionEvents' declared here
94 |
95 | @property(nonatomic,getter=isIdleTimerDisabled) BOOL idleTimerDisabled; // default is NO
Failed frontend command:
SwiftCompile normal arm64 (in target 'Hammer' from project 'Hammer')
cd /Users/admin/builder/spi-builder-workspace/.swiftpm/xcode
/Applications/Xcode-27.0.0-Release.Candidate.app/Contents/Developer/Toolchains/XcodeDefault.xctoolchain/usr/bin/swift-frontend -frontend -emit-module -experimental-skip-non-inlinable-function-bodies-without-types /Users/admin/builder/spi-builder-workspace/Sources/Hammer/AppleInternal/AppleInternal+BackBoardServices.swift /Users/admin/builder/spi-builder-workspace/Sources/Hammer/AppleInternal/AppleInternal+IOHID.swift /Users/admin/builder/spi-builder-workspace/Sources/Hammer/AppleInternal/AppleInternal+UIKit.swift /Users/admin/builder/spi-builder-workspace/Sources/Hammer/DebugWindow/DebugVisualizerWindow.swift /Users/admin/builder/spi-builder-workspace/Sources/Hammer/EventGenerator/EventGenerator+Hand/EventGenerator+Hand.swift /Users/admin/builder/spi-builder-workspace/Sources/Hammer/EventGenerator/EventGenerator+Hand/FingerIndex.swift /Users/admin/builder/spi-builder-workspace/Sources/Hammer/EventGenerator/EventGenerator+Hand/HandInfo.swift /Users/admin/builder/spi-builder-workspace/Sources/Hammer/EventGenerator/EventGenerator+Keyboard/EventGenerator+Keyboard.swift /Users/admin/builder/spi-builder-workspace/Sources/Hammer/EventGenerator/EventGenerator+Keyboard/KeyboardKey.swift /Users/admin/builder/spi-builder-workspace/Sources/Hammer/EventGenerator/EventGenerator+Marker.swift /Users/admin/builder/spi-builder-workspace/Sources/Hammer/EventGenerator/EventGenerator+Settings.swift /Users/admin/builder/spi-builder-workspace/Sources/Hammer/EventGenerator/EventGenerator+Stylus/EventGenerator+Stylus.swift /Users/admin/builder/spi-builder-workspace/Sources/Hammer/EventGenerator/EventGenerator+Stylus/StylusInfo.swift /Users/admin/builder/spi-builder-workspace/Sources/Hammer/EventGenerator/EventGenerator.swift /Users/admin/builder/spi-builder-workspace/Sources/Hammer/EventGenerator/HammerLocatable.swift /Users/admin/builder/spi-builder-workspace/Sources/Hammer/Utilties/CoreGraphic+Extensions.swift /Users/admin/builder/spi-builder-workspace/Sources/Hammer/Utilties/FrameTracker.swift /Users/admin/builder/spi-builder-workspace/Sources/Hammer/Utilties/HammerError.swift /Users/admin/builder/spi-builder-workspace/Sources/Hammer/Utilties/HammerWindow.swift /Users/admin/builder/spi-builder-workspace/Sources/Hammer/Utilties/Subviews.swift /Users/admin/builder/spi-builder-workspace/Sources/Hammer/Utilties/TouchStorage.swift /Users/admin/builder/spi-builder-workspace/Sources/Hammer/Utilties/UIKit+Extensions.swift /Users/admin/builder/spi-builder-workspace/Sources/Hammer/Utilties/Waiting.swift -target arm64-apple-xros1.0 -disable-cross-import-overlay-search -swift-module-cross-import Darwin /Applications/Xcode-27.0.0-Release.Candidate.app/Contents/Developer/Platforms/XROS.platform/Developer/SDKs/XROS.sdk/usr/include/Darwin.swiftcrossimport/xlocale.swiftoverlay -load-resolved-plugin /Applications/Xcode-27.0.0-Release.Candidate.app/Contents/Developer/Platforms/XROS.platform/Developer/usr/lib/swift/host/plugins/libFoundationMacros.dylib\#/Applications/Xcode-27.0.0-Release.Candidate.app/Contents/Developer/Platforms/XROS.platform/Developer/usr/bin/swift-plugin-server\#FoundationMacros -load-resolved-plugin /Applications/Xcode-27.0.0-Release.Candidate.app/Contents/Developer/Platforms/XROS.platform/Developer/usr/lib/swift/host/plugins/libObservationMacros.dylib\#/Applications/Xcode-27.0.0-Release.Candidate.app/Contents/Developer/Platforms/XROS.platform/Developer/usr/bin/swift-plugin-server\#ObservationMacros -load-resolved-plugin /Applications/Xcode-27.0.0-Release.Candidate.app/Contents/Developer/Platforms/XROS.platform/Developer/usr/lib/swift/host/plugins/libPreviewsMacros.dylib\#/Applications/Xcode-27.0.0-Release.Candidate.app/Contents/Developer/Platforms/XROS.platform/Developer/usr/bin/swift-plugin-server\#PreviewsMacros -load-resolved-plugin /Applications/Xcode-27.0.0-Release.Candidate.app/Contents/Developer/Platforms/XROS.platform/Developer/usr/lib/swift/host/plugins/libSwiftMacros.dylib\#/Applications/Xcode-27.0.0-Release.Candidate.app/Contents/Developer/Platforms/XROS.platform/Developer/usr/bin/swift-plugin-server\#SwiftMacros -load-resolved-plugin /Applications/Xcode-27.0.0-Release.Candidate.app/Contents/Developer/Platforms/XROS.platform/Developer/usr/lib/swift/host/plugins/libSwiftUIMacros.dylib\#/Applications/Xcode-27.0.0-Release.Candidate.app/Contents/Developer/Platforms/XROS.platform/Developer/usr/bin/swift-plugin-server\#SwiftUIMacros -disable-implicit-swift-modules -Xcc -fno-implicit-modules -Xcc -fno-implicit-module-maps -explicit-swift-module-map-file /Users/admin/builder/spi-builder-workspace/.derivedData/Build/Intermediates.noindex/Hammer.build/Debug-xros/Hammer-t.build/Objects-normal/arm64/Hammer-dependencies-1.json -Xllvm -aarch64-use-tbi -enable-objc-interop -stack-check -sdk /Applications/Xcode-27.0.0-Release.Candidate.app/Contents/Developer/Platforms/XROS.platform/Developer/SDKs/XROS27.0.sdk -I /Users/admin/builder/spi-builder-workspace/.derivedData/Build/Products/Debug-xros -Isystem /Applications/Xcode-27.0.0-Release.Candidate.app/Contents/Developer/Platforms/XROS.platform/Developer/usr/lib -F /Users/admin/builder/spi-builder-workspace/.derivedData/Build/Products/Debug-xros -F /Applications/Xcode-27.0.0-Release.Candidate.app/Contents/Developer/Platforms/XROS.platform/Developer/Library/Frameworks -F /Applications/Xcode-27.0.0-Release.Candidate.app/Contents/Developer/Platforms/XROS.platform/Developer/SDKs/XROS27.0.sdk/Developer/Library/Frameworks -module-cache-path /Users/admin/builder/spi-builder-workspace/.derivedData/Build/Intermediates.noindex/SwiftExplicitPrecompiledModules -no-color-diagnostics -Xcc -fno-color-diagnostics -enable-testing -g -debug-info-format\=dwarf -dwarf-version\=4 -swift-version 5 -Onone -D SWIFT_PACKAGE -D DEBUG -D SWIFT_MODULE_RESOURCE_BUNDLE_UNAVAILABLE -D Xcode -serialize-debugging-options -enable-experimental-feature DebugDescriptionMacro -empty-abi-descriptor -validate-clang-modules-once -clang-build-session-file /Users/admin/builder/spi-builder-workspace/.derivedData/ModuleCache.noindex/Session.modulevalidation -Xcc -working-directory -Xcc /Users/admin/builder/spi-builder-workspace/.swiftpm/xcode -enable-anonymous-context-mangled-names -file-compilation-dir /Users/admin/builder/spi-builder-workspace/.swiftpm/xcode -Xcc -D_LIBCPP_HARDENING_MODE\=_LIBCPP_HARDENING_MODE_DEBUG -Xcc -ivfsstatcache -Xcc /Users/admin/builder/spi-builder-workspace/.derivedData/SDKStatCaches.noindex/xros27.0-24M361-e829b21a6f8c9b70876ba0858053c044735bd543db762f57723cac368afd1ce4.sdkstatcache -Xcc -fmodules-prune-interval\=86400 -Xcc -fmodules-prune-after\=345600 -Xcc -I/Users/admin/builder/spi-builder-workspace/.derivedData/Build/Products/Debug-xros/include -Xcc -I/Users/admin/builder/spi-builder-workspace/.derivedData/Build/Intermediates.noindex/Hammer.build/Debug-xros/Hammer-t.build/DerivedSources-normal/arm64 -Xcc -I/Users/admin/builder/spi-builder-workspace/.derivedData/Build/Intermediates.noindex/Hammer.build/Debug-xros/Hammer-t.build/DerivedSources/arm64 -Xcc -I/Users/admin/builder/spi-builder-workspace/.derivedData/Build/Intermediates.noindex/Hammer.build/Debug-xros/Hammer-t.build/DerivedSources -Xcc -DSWIFT_PACKAGE -Xcc -DDEBUG\=1 -no-auto-bridging-header-chaining -module-name Hammer -const-gather-protocols-file /Users/admin/builder/spi-builder-workspace/.derivedData/Build/Intermediates.noindex/Hammer.build/Debug-xros/Hammer-t.build/Objects-normal/arm64/Hammer_const_extract_protocols.json -disable-clang-spi -clang-target arm64-apple-xros27.0 -target-sdk-version 27.0 -target-sdk-name xros27.0 -in-process-plugin-server-path /Applications/Xcode-27.0.0-Release.Candidate.app/Contents/Developer/Toolchains/XcodeDefault.xctoolchain/usr/lib/swift/host/libSwiftInProcPluginServer.dylib -emit-module-doc-path /Users/admin/builder/spi-builder-workspace/.derivedData/Build/Intermediates.noindex/Hammer.build/Debug-xros/Hammer-t.build/Objects-normal/arm64/Hammer.swiftdoc -emit-module-source-info-path /Users/admin/builder/spi-builder-workspace/.derivedData/Build/Intermediates.noindex/Hammer.build/Debug-xros/Hammer-t.build/Objects-normal/arm64/Hammer.swiftsourceinfo -emit-objc-header-path /Users/admin/builder/spi-builder-workspace/.derivedData/Build/Intermediates.noindex/Hammer.build/Debug-xros/Hammer-t.build/Objects-normal/arm64/Hammer-Swift.h -serialize-diagnostics-path /Users/admin/builder/spi-builder-workspace/.derivedData/Build/Intermediates.noindex/Hammer.build/Debug-xros/Hammer-t.build/Objects-normal/arm64/Hammer-primary-emit-module.dia -emit-dependencies-path /Users/admin/builder/spi-builder-workspace/.derivedData/Build/Intermediates.noindex/Hammer.build/Debug-xros/Hammer-t.build/Objects-normal/arm64/Hammer-primary-emit-module.d -parse-as-library -o /Users/admin/builder/spi-builder-workspace/.derivedData/Build/Intermediates.noindex/Hammer.build/Debug-xros/Hammer-t.build/Objects-normal/arm64/Hammer.swiftmodule -emit-abi-descriptor-path /Users/admin/builder/spi-builder-workspace/.derivedData/Build/Intermediates.noindex/Hammer.build/Debug-xros/Hammer-t.build/Objects-normal/arm64/Hammer.abi.json
SwiftCompile normal arm64 Compiling\ Subviews.swift,\ TouchStorage.swift /Users/admin/builder/spi-builder-workspace/Sources/Hammer/Utilties/Subviews.swift /Users/admin/builder/spi-builder-workspace/Sources/Hammer/Utilties/TouchStorage.swift (in target 'Hammer' from project 'Hammer')
SwiftCompile normal arm64 /Users/admin/builder/spi-builder-workspace/Sources/Hammer/Utilties/Subviews.swift (in target 'Hammer' from project 'Hammer')
cd /Users/admin/builder/spi-builder-workspace/.swiftpm/xcode
builtin-SwiftPerFileCompile Subviews.swift
SwiftCompile normal arm64 /Users/admin/builder/spi-builder-workspace/Sources/Hammer/Utilties/TouchStorage.swift (in target 'Hammer' from project 'Hammer')
cd /Users/admin/builder/spi-builder-workspace/.swiftpm/xcode
builtin-SwiftPerFileCompile TouchStorage.swift
SwiftCompile normal arm64 Compiling\ HammerError.swift,\ HammerWindow.swift /Users/admin/builder/spi-builder-workspace/Sources/Hammer/Utilties/HammerError.swift /Users/admin/builder/spi-builder-workspace/Sources/Hammer/Utilties/HammerWindow.swift (in target 'Hammer' from project 'Hammer')
/Users/admin/builder/spi-builder-workspace/Sources/Hammer/Utilties/HammerWindow.swift:16:27: error: 'UIScreen' is unavailable in visionOS
14 |
15 | init() {
16 | super.init(frame: UIScreen.main.bounds)
| `- error: 'UIScreen' is unavailable in visionOS
17 | self.rootViewController = self.hammerViewController
18 |
/Applications/Xcode-27.0.0-Release.Candidate.app/Contents/Developer/Platforms/XROS.platform/Developer/SDKs/XROS27.0.sdk/System/Library/Frameworks/UIKit.framework/Headers/UIScreen.h:54:12: note: 'UIScreen' has been explicitly marked unavailable here
52 |
53 | UIKIT_EXTERN API_AVAILABLE(ios(2.0)) API_UNAVAILABLE(visionos, watchos) NS_SWIFT_UI_ACTOR
54 | @interface UIScreen : NSObject <UITraitEnvironment>
| `- note: 'UIScreen' has been explicitly marked unavailable here
55 |
56 | @property(class, nonatomic, readonly) NSArray<UIScreen *> *screens API_DEPRECATED("Use UIApplication.shared.openSessions to find open sessions with scenes from other screens", ios(3.2, 16.0), visionos(1.0, 1.0)) API_UNAVAILABLE(watchos); // all screens currently attached to the device
/Users/admin/builder/spi-builder-workspace/Sources/Hammer/Utilties/HammerWindow.swift:143:34: error: 'screen' is unavailable in visionOS
141 | static var mainOrFirstConnectedScene: UIWindowScene? {
142 | let scenes = UIApplication.shared.connectedScenes.compactMap { $0 as? UIWindowScene }
143 | return scenes.first { $0.screen == UIScreen.main } ?? scenes.first
| `- error: 'screen' is unavailable in visionOS
144 | }
145 | }
/Applications/Xcode-27.0.0-Release.Candidate.app/Contents/Developer/Platforms/XROS.platform/Developer/SDKs/XROS27.0.sdk/System/Library/Frameworks/UIKit.framework/Headers/UIWindowScene.h:25:43: note: 'screen' has been explicitly marked unavailable here
23 |
24 | #pragma mark Geometry
25 | @property (nonatomic, readonly) UIScreen *screen API_UNAVAILABLE(visionos);
| `- note: 'screen' has been explicitly marked unavailable here
26 | @property (nonatomic, readonly) UIInterfaceOrientation interfaceOrientation API_DEPRECATED("Use effectiveGeometry.interfaceOrientation instead.", ios(13.0, 26.0), visionos(1.0, 26.0)) API_UNAVAILABLE(tvos);
27 | @property (nonatomic, readonly) id<UICoordinateSpace> coordinateSpace API_DEPRECATED("Use effectiveGeometry.coordinateSpace instead.", ios(13.0, 26.0), tvos(13.0, 26.0), visionos(1.0, 26.0));
SwiftCompile normal arm64 /Users/admin/builder/spi-builder-workspace/Sources/Hammer/Utilties/HammerError.swift (in target 'Hammer' from project 'Hammer')
cd /Users/admin/builder/spi-builder-workspace/.swiftpm/xcode
builtin-SwiftPerFileCompile HammerError.swift
SwiftCompile normal arm64 /Users/admin/builder/spi-builder-workspace/Sources/Hammer/Utilties/HammerWindow.swift (in target 'Hammer' from project 'Hammer')
cd /Users/admin/builder/spi-builder-workspace/.swiftpm/xcode
builtin-SwiftPerFileCompile HammerWindow.swift
SwiftCompile normal arm64 Compiling\ UIKit+Extensions.swift,\ Waiting.swift /Users/admin/builder/spi-builder-workspace/Sources/Hammer/Utilties/UIKit+Extensions.swift /Users/admin/builder/spi-builder-workspace/Sources/Hammer/Utilties/Waiting.swift (in target 'Hammer' from project 'Hammer')
SwiftCompile normal arm64 /Users/admin/builder/spi-builder-workspace/Sources/Hammer/Utilties/UIKit+Extensions.swift (in target 'Hammer' from project 'Hammer')
cd /Users/admin/builder/spi-builder-workspace/.swiftpm/xcode
builtin-SwiftPerFileCompile UIKit+Extensions.swift
SwiftCompile normal arm64 /Users/admin/builder/spi-builder-workspace/Sources/Hammer/Utilties/Waiting.swift (in target 'Hammer' from project 'Hammer')
cd /Users/admin/builder/spi-builder-workspace/.swiftpm/xcode
builtin-SwiftPerFileCompile Waiting.swift
SwiftCompile normal arm64 Compiling\ CoreGraphic+Extensions.swift,\ FrameTracker.swift /Users/admin/builder/spi-builder-workspace/Sources/Hammer/Utilties/CoreGraphic+Extensions.swift /Users/admin/builder/spi-builder-workspace/Sources/Hammer/Utilties/FrameTracker.swift (in target 'Hammer' from project 'Hammer')
SwiftCompile normal arm64 /Users/admin/builder/spi-builder-workspace/Sources/Hammer/Utilties/CoreGraphic+Extensions.swift (in target 'Hammer' from project 'Hammer')
cd /Users/admin/builder/spi-builder-workspace/.swiftpm/xcode
builtin-SwiftPerFileCompile CoreGraphic+Extensions.swift
SwiftCompile normal arm64 /Users/admin/builder/spi-builder-workspace/Sources/Hammer/Utilties/FrameTracker.swift (in target 'Hammer' from project 'Hammer')
cd /Users/admin/builder/spi-builder-workspace/.swiftpm/xcode
builtin-SwiftPerFileCompile FrameTracker.swift
SwiftCompile normal arm64 Compiling\ EventGenerator.swift,\ HammerLocatable.swift /Users/admin/builder/spi-builder-workspace/Sources/Hammer/EventGenerator/EventGenerator.swift /Users/admin/builder/spi-builder-workspace/Sources/Hammer/EventGenerator/HammerLocatable.swift (in target 'Hammer' from project 'Hammer')
SwiftCompile normal arm64 /Users/admin/builder/spi-builder-workspace/Sources/Hammer/EventGenerator/EventGenerator.swift (in target 'Hammer' from project 'Hammer')
cd /Users/admin/builder/spi-builder-workspace/.swiftpm/xcode
builtin-SwiftPerFileCompile EventGenerator.swift
SwiftCompile normal arm64 /Users/admin/builder/spi-builder-workspace/Sources/Hammer/EventGenerator/HammerLocatable.swift (in target 'Hammer' from project 'Hammer')
cd /Users/admin/builder/spi-builder-workspace/.swiftpm/xcode
builtin-SwiftPerFileCompile HammerLocatable.swift
/Users/admin/builder/spi-builder-workspace/Sources/Hammer/EventGenerator/EventGenerator.swift:274:1: error: type 'UIApplication' does not conform to protocol 'UIApplicationDeprecated'
272 | }
273 |
274 | extension UIApplication: UIApplicationDeprecated {}
| `- error: type 'UIApplication' does not conform to protocol 'UIApplicationDeprecated'
275 |
SwiftCompile normal arm64 Compiling\ EventGenerator+Stylus.swift,\ StylusInfo.swift /Users/admin/builder/spi-builder-workspace/Sources/Hammer/EventGenerator/EventGenerator+Stylus/EventGenerator+Stylus.swift /Users/admin/builder/spi-builder-workspace/Sources/Hammer/EventGenerator/EventGenerator+Stylus/StylusInfo.swift (in target 'Hammer' from project 'Hammer')
SwiftCompile normal arm64 /Users/admin/builder/spi-builder-workspace/Sources/Hammer/EventGenerator/EventGenerator+Stylus/EventGenerator+Stylus.swift (in target 'Hammer' from project 'Hammer')
cd /Users/admin/builder/spi-builder-workspace/.swiftpm/xcode
builtin-SwiftPerFileCompile EventGenerator+Stylus.swift
SwiftCompile normal arm64 /Users/admin/builder/spi-builder-workspace/Sources/Hammer/EventGenerator/EventGenerator+Stylus/StylusInfo.swift (in target 'Hammer' from project 'Hammer')
cd /Users/admin/builder/spi-builder-workspace/.swiftpm/xcode
builtin-SwiftPerFileCompile StylusInfo.swift
SwiftCompile normal arm64 Compiling\ HandInfo.swift,\ EventGenerator+Keyboard.swift,\ KeyboardKey.swift /Users/admin/builder/spi-builder-workspace/Sources/Hammer/EventGenerator/EventGenerator+Hand/HandInfo.swift /Users/admin/builder/spi-builder-workspace/Sources/Hammer/EventGenerator/EventGenerator+Keyboard/EventGenerator+Keyboard.swift /Users/admin/builder/spi-builder-workspace/Sources/Hammer/EventGenerator/EventGenerator+Keyboard/KeyboardKey.swift (in target 'Hammer' from project 'Hammer')
SwiftCompile normal arm64 /Users/admin/builder/spi-builder-workspace/Sources/Hammer/EventGenerator/EventGenerator+Hand/HandInfo.swift (in target 'Hammer' from project 'Hammer')
cd /Users/admin/builder/spi-builder-workspace/.swiftpm/xcode
builtin-SwiftPerFileCompile HandInfo.swift
SwiftCompile normal arm64 /Users/admin/builder/spi-builder-workspace/Sources/Hammer/EventGenerator/EventGenerator+Keyboard/EventGenerator+Keyboard.swift (in target 'Hammer' from project 'Hammer')
cd /Users/admin/builder/spi-builder-workspace/.swiftpm/xcode
builtin-SwiftPerFileCompile EventGenerator+Keyboard.swift
SwiftCompile normal arm64 /Users/admin/builder/spi-builder-workspace/Sources/Hammer/EventGenerator/EventGenerator+Keyboard/KeyboardKey.swift (in target 'Hammer' from project 'Hammer')
cd /Users/admin/builder/spi-builder-workspace/.swiftpm/xcode
builtin-SwiftPerFileCompile KeyboardKey.swift
SwiftCompile normal arm64 Compiling\ DebugVisualizerWindow.swift,\ EventGenerator+Hand.swift,\ FingerIndex.swift /Users/admin/builder/spi-builder-workspace/Sources/Hammer/DebugWindow/DebugVisualizerWindow.swift /Users/admin/builder/spi-builder-workspace/Sources/Hammer/EventGenerator/EventGenerator+Hand/EventGenerator+Hand.swift /Users/admin/builder/spi-builder-workspace/Sources/Hammer/EventGenerator/EventGenerator+Hand/FingerIndex.swift (in target 'Hammer' from project 'Hammer')
SwiftCompile normal arm64 /Users/admin/builder/spi-builder-workspace/Sources/Hammer/DebugWindow/DebugVisualizerWindow.swift (in target 'Hammer' from project 'Hammer')
cd /Users/admin/builder/spi-builder-workspace/.swiftpm/xcode
builtin-SwiftPerFileCompile DebugVisualizerWindow.swift
SwiftCompile normal arm64 /Users/admin/builder/spi-builder-workspace/Sources/Hammer/EventGenerator/EventGenerator+Hand/EventGenerator+Hand.swift (in target 'Hammer' from project 'Hammer')
cd /Users/admin/builder/spi-builder-workspace/.swiftpm/xcode
builtin-SwiftPerFileCompile EventGenerator+Hand.swift
SwiftCompile normal arm64 /Users/admin/builder/spi-builder-workspace/Sources/Hammer/EventGenerator/EventGenerator+Hand/FingerIndex.swift (in target 'Hammer' from project 'Hammer')
cd /Users/admin/builder/spi-builder-workspace/.swiftpm/xcode
builtin-SwiftPerFileCompile FingerIndex.swift
SwiftCompile normal arm64 Compiling\ EventGenerator+Marker.swift,\ EventGenerator+Settings.swift /Users/admin/builder/spi-builder-workspace/Sources/Hammer/EventGenerator/EventGenerator+Marker.swift /Users/admin/builder/spi-builder-workspace/Sources/Hammer/EventGenerator/EventGenerator+Settings.swift (in target 'Hammer' from project 'Hammer')
SwiftCompile normal arm64 /Users/admin/builder/spi-builder-workspace/Sources/Hammer/EventGenerator/EventGenerator+Marker.swift (in target 'Hammer' from project 'Hammer')
cd /Users/admin/builder/spi-builder-workspace/.swiftpm/xcode
builtin-SwiftPerFileCompile EventGenerator+Marker.swift
SwiftCompile normal arm64 /Users/admin/builder/spi-builder-workspace/Sources/Hammer/EventGenerator/EventGenerator+Settings.swift (in target 'Hammer' from project 'Hammer')
cd /Users/admin/builder/spi-builder-workspace/.swiftpm/xcode
builtin-SwiftPerFileCompile EventGenerator+Settings.swift
SwiftCompile normal arm64 Compiling\ AppleInternal+BackBoardServices.swift,\ AppleInternal+IOHID.swift,\ AppleInternal+UIKit.swift /Users/admin/builder/spi-builder-workspace/Sources/Hammer/AppleInternal/AppleInternal+BackBoardServices.swift /Users/admin/builder/spi-builder-workspace/Sources/Hammer/AppleInternal/AppleInternal+IOHID.swift /Users/admin/builder/spi-builder-workspace/Sources/Hammer/AppleInternal/AppleInternal+UIKit.swift (in target 'Hammer' from project 'Hammer')
SwiftCompile normal arm64 /Users/admin/builder/spi-builder-workspace/Sources/Hammer/AppleInternal/AppleInternal+BackBoardServices.swift (in target 'Hammer' from project 'Hammer')
cd /Users/admin/builder/spi-builder-workspace/.swiftpm/xcode
builtin-SwiftPerFileCompile AppleInternal+BackBoardServices.swift
SwiftCompile normal arm64 /Users/admin/builder/spi-builder-workspace/Sources/Hammer/AppleInternal/AppleInternal+IOHID.swift (in target 'Hammer' from project 'Hammer')
cd /Users/admin/builder/spi-builder-workspace/.swiftpm/xcode
builtin-SwiftPerFileCompile AppleInternal+IOHID.swift
SwiftCompile normal arm64 /Users/admin/builder/spi-builder-workspace/Sources/Hammer/AppleInternal/AppleInternal+UIKit.swift (in target 'Hammer' from project 'Hammer')
cd /Users/admin/builder/spi-builder-workspace/.swiftpm/xcode
builtin-SwiftPerFileCompile AppleInternal+UIKit.swift
PruneExplicitPrecompiledModules /Users/admin/builder/spi-builder-workspace/.derivedData/Build/Intermediates.noindex/ExplicitPrecompiledModules
PruneExplicitPrecompiledModules /Users/admin/builder/spi-builder-workspace/.derivedData/Build/Intermediates.noindex/SwiftExplicitPrecompiledModules
PruneExplicitPrecompiledModules /Users/admin/builder/spi-builder-workspace/.derivedData/SDKExplicitPrecompiledModules
2026-09-23 08:46:31.317 xcodebuild[662:4408] [MT] IDERunDestination: Supported platforms for the buildables in the current scheme is empty.
** BUILD FAILED **
The following build commands failed:
SwiftCompile normal arm64 (in target 'Hammer' from project 'Hammer')
SwiftEmitModule normal arm64 Emitting\ module\ for\ Hammer (in target 'Hammer' from project 'Hammer')
Building workspace Hammer with scheme Hammer
(3 failures)
Command line invocation:
/Applications/Xcode-27.0.0-Release.Candidate.app/Contents/Developer/usr/bin/xcodebuild -IDEClonedSourcePackagesDirPathOverride=/Users/admin/builder/spi-builder-workspace/.dependencies -resolvePackageDependencies
Resolve Package Graph
Resolved source packages:
Hammer: /Users/admin/builder/spi-builder-workspace
resolved source packages: Hammer
2026-09-23 08:46:39.043 xcodebuild[758:4799] [MT] IDERunDestination: Supported platforms for the buildables in the current scheme is empty.
{
"dependencies" : [
],
"manifest_display_name" : "Hammer",
"name" : "Hammer",
"path" : "/Users/admin/builder/spi-builder-workspace",
"platforms" : [
{
"name" : "ios",
"version" : "12.0"
}
],
"products" : [
{
"name" : "Hammer",
"targets" : [
"Hammer"
],
"type" : {
"library" : [
"automatic"
]
}
}
],
"targets" : [
{
"c99name" : "Hammer",
"module_type" : "SwiftTarget",
"name" : "Hammer",
"path" : "Sources/Hammer",
"product_memberships" : [
"Hammer"
],
"sources" : [
"AppleInternal/AppleInternal+BackBoardServices.swift",
"AppleInternal/AppleInternal+IOHID.swift",
"AppleInternal/AppleInternal+UIKit.swift",
"DebugWindow/DebugVisualizerWindow.swift",
"EventGenerator/EventGenerator+Hand/EventGenerator+Hand.swift",
"EventGenerator/EventGenerator+Hand/FingerIndex.swift",
"EventGenerator/EventGenerator+Hand/HandInfo.swift",
"EventGenerator/EventGenerator+Keyboard/EventGenerator+Keyboard.swift",
"EventGenerator/EventGenerator+Keyboard/KeyboardKey.swift",
"EventGenerator/EventGenerator+Marker.swift",
"EventGenerator/EventGenerator+Settings.swift",
"EventGenerator/EventGenerator+Stylus/EventGenerator+Stylus.swift",
"EventGenerator/EventGenerator+Stylus/StylusInfo.swift",
"EventGenerator/EventGenerator.swift",
"EventGenerator/HammerLocatable.swift",
"Utilties/CoreGraphic+Extensions.swift",
"Utilties/FrameTracker.swift",
"Utilties/HammerError.swift",
"Utilties/HammerWindow.swift",
"Utilties/Subviews.swift",
"Utilties/TouchStorage.swift",
"Utilties/UIKit+Extensions.swift",
"Utilties/Waiting.swift"
],
"type" : "library"
}
],
"tools_version" : "5.3"
}
{
"workspace" : {
"name" : "Hammer",
"schemes" : [
"Hammer"
]
}
}
2026-09-23 08:46:40.205 xcodebuild[766:4865] [MT] IDERunDestination: Supported platforms for the buildables in the current scheme is empty.
Running build ...
env DEVELOPER_DIR=/Applications/Xcode-27.0.0-Release.Candidate.app xcrun xcodebuild -IDEClonedSourcePackagesDirPathOverride=$PWD/.dependencies -skipMacroValidation -skipPackagePluginValidation -derivedDataPath $PWD/.derivedData build -scheme Hammer -destination generic/platform=xrOS
Command line invocation:
/Applications/Xcode-27.0.0-Release.Candidate.app/Contents/Developer/usr/bin/xcodebuild -IDEClonedSourcePackagesDirPathOverride=/Users/admin/builder/spi-builder-workspace/.dependencies -skipMacroValidation -skipPackagePluginValidation -derivedDataPath /Users/admin/builder/spi-builder-workspace/.derivedData build -scheme Hammer -destination generic/platform=xrOS
Resolve Package Graph
Resolved source packages:
Hammer: /Users/admin/builder/spi-builder-workspace
ComputePackagePrebuildTargetDependencyGraph
Prepare packages
CreateBuildRequest
SendProjectDescription
CreateBuildOperation
ComputeTargetDependencyGraph
note: Building targets in dependency order
note: Target dependency graph (2 targets)
Target 'Hammer-product' in project 'Hammer'
➜ Explicit dependency on target 'Hammer' in project 'Hammer'
Target 'Hammer' in project 'Hammer' (no dependencies)
GatherProvisioningInputs
CreateBuildDescription
ClangStatCache /Applications/Xcode-27.0.0-Release.Candidate.app/Contents/Developer/Toolchains/XcodeDefault.xctoolchain/usr/bin/clang-stat-cache /Applications/Xcode-27.0.0-Release.Candidate.app/Contents/Developer/Platforms/XROS.platform/Developer/SDKs/XROS27.0.sdk /Users/admin/builder/spi-builder-workspace/.derivedData/SDKStatCaches.noindex/xros27.0-24M361-e829b21a6f8c9b70876ba0858053c044735bd543db762f57723cac368afd1ce4.sdkstatcache
cd /Users/admin/builder/spi-builder-workspace/.swiftpm/xcode
/Applications/Xcode-27.0.0-Release.Candidate.app/Contents/Developer/Toolchains/XcodeDefault.xctoolchain/usr/bin/clang-stat-cache /Applications/Xcode-27.0.0-Release.Candidate.app/Contents/Developer/Platforms/XROS.platform/Developer/SDKs/XROS27.0.sdk -o /Users/admin/builder/spi-builder-workspace/.derivedData/SDKStatCaches.noindex/xros27.0-24M361-e829b21a6f8c9b70876ba0858053c044735bd543db762f57723cac368afd1ce4.sdkstatcache
SwiftDriver Hammer normal arm64 com.apple.xcode.tools.swift.compiler (in target 'Hammer' from project 'Hammer')
cd /Users/admin/builder/spi-builder-workspace/.swiftpm/xcode
builtin-SwiftDriver -- /Applications/Xcode-27.0.0-Release.Candidate.app/Contents/Developer/Toolchains/XcodeDefault.xctoolchain/usr/bin/swiftc -parse-as-library -module-name Hammer -Onone @/Users/admin/builder/spi-builder-workspace/.derivedData/Build/Intermediates.noindex/Hammer.build/Debug-xros/Hammer-t.build/Objects-normal/arm64/Hammer.SwiftFileList -DSWIFT_PACKAGE -DDEBUG -DSWIFT_MODULE_RESOURCE_BUNDLE_UNAVAILABLE -DXcode -plugin-path /Applications/Xcode-27.0.0-Release.Candidate.app/Contents/Developer/Toolchains/XcodeDefault.xctoolchain/usr/lib/swift/host/plugins/testing -enable-experimental-feature DebugDescriptionMacro -sdk /Applications/Xcode-27.0.0-Release.Candidate.app/Contents/Developer/Platforms/XROS.platform/Developer/SDKs/XROS27.0.sdk -target arm64-apple-xros1.0 -g -module-cache-path /Users/admin/builder/spi-builder-workspace/.derivedData/ModuleCache.noindex -Xfrontend -serialize-debugging-options -enable-testing -index-store-path /Users/admin/builder/spi-builder-workspace/.derivedData/Index.noindex/DataStore -Xcc -D_LIBCPP_HARDENING_MODE\=_LIBCPP_HARDENING_MODE_DEBUG -swift-version 5 -I /Users/admin/builder/spi-builder-workspace/.derivedData/Build/Products/Debug-xros -Isystem /Applications/Xcode-27.0.0-Release.Candidate.app/Contents/Developer/Platforms/XROS.platform/Developer/usr/lib -F /Users/admin/builder/spi-builder-workspace/.derivedData/Build/Products/Debug-xros -F /Applications/Xcode-27.0.0-Release.Candidate.app/Contents/Developer/Platforms/XROS.platform/Developer/Library/Frameworks -F /Applications/Xcode-27.0.0-Release.Candidate.app/Contents/Developer/Platforms/XROS.platform/Developer/SDKs/XROS27.0.sdk/Developer/Library/Frameworks -c -j10 -enable-batch-mode -incremental -Xcc -ivfsstatcache -Xcc /Users/admin/builder/spi-builder-workspace/.derivedData/SDKStatCaches.noindex/xros27.0-24M361-e829b21a6f8c9b70876ba0858053c044735bd543db762f57723cac368afd1ce4.sdkstatcache -output-file-map /Users/admin/builder/spi-builder-workspace/.derivedData/Build/Intermediates.noindex/Hammer.build/Debug-xros/Hammer-t.build/Objects-normal/arm64/Hammer-OutputFileMap.json -save-temps -no-color-diagnostics -explicit-module-build -module-cache-path /Users/admin/builder/spi-builder-workspace/.derivedData/Build/Intermediates.noindex/SwiftExplicitPrecompiledModules -clang-scanner-module-cache-path /Users/admin/builder/spi-builder-workspace/.derivedData/ModuleCache.noindex -sdk-module-cache-path /Users/admin/builder/spi-builder-workspace/.derivedData/SDKExplicitPrecompiledModules -emit-dependencies -emit-module -emit-module-path /Users/admin/builder/spi-builder-workspace/.derivedData/Build/Intermediates.noindex/Hammer.build/Debug-xros/Hammer-t.build/Objects-normal/arm64/Hammer.swiftmodule -serialize-diagnostics -dependency-scan-serialize-diagnostics-path /Users/admin/builder/spi-builder-workspace/.derivedData/Build/Intermediates.noindex/Hammer.build/Debug-xros/Hammer-t.build/Objects-normal/arm64/Hammer-dependency-scan.dia -validate-clang-modules-once -clang-build-session-file /Users/admin/builder/spi-builder-workspace/.derivedData/ModuleCache.noindex/Session.modulevalidation -Xcc -fmodules-prune-interval\=86400 -Xcc -fmodules-prune-after\=345600 -emit-const-values -const-gather-protocols-list /Users/admin/builder/spi-builder-workspace/.derivedData/Build/Intermediates.noindex/Hammer.build/Debug-xros/Hammer-t.build/Objects-normal/arm64/Hammer_const_extract_protocols.json -Xcc -I/Users/admin/builder/spi-builder-workspace/.derivedData/Build/Products/Debug-xros/include -Xcc -I/Users/admin/builder/spi-builder-workspace/.derivedData/Build/Intermediates.noindex/Hammer.build/Debug-xros/Hammer-t.build/DerivedSources-normal/arm64 -Xcc -I/Users/admin/builder/spi-builder-workspace/.derivedData/Build/Intermediates.noindex/Hammer.build/Debug-xros/Hammer-t.build/DerivedSources/arm64 -Xcc -I/Users/admin/builder/spi-builder-workspace/.derivedData/Build/Intermediates.noindex/Hammer.build/Debug-xros/Hammer-t.build/DerivedSources -Xcc -DSWIFT_PACKAGE -Xcc -DDEBUG\=1 -emit-objc-header -emit-objc-header-path /Users/admin/builder/spi-builder-workspace/.derivedData/Build/Intermediates.noindex/Hammer.build/Debug-xros/Hammer-t.build/Objects-normal/arm64/Hammer-Swift.h -working-directory /Users/admin/builder/spi-builder-workspace/.swiftpm/xcode -experimental-emit-module-separately -disable-cmo
SwiftCompile normal arm64 Compiling\ EventGenerator+Marker.swift,\ EventGenerator+Settings.swift /Users/admin/builder/spi-builder-workspace/Sources/Hammer/EventGenerator/EventGenerator+Marker.swift /Users/admin/builder/spi-builder-workspace/Sources/Hammer/EventGenerator/EventGenerator+Settings.swift (in target 'Hammer' from project 'Hammer')
SwiftCompile normal arm64 /Users/admin/builder/spi-builder-workspace/Sources/Hammer/EventGenerator/EventGenerator+Marker.swift (in target 'Hammer' from project 'Hammer')
cd /Users/admin/builder/spi-builder-workspace/.swiftpm/xcode
builtin-SwiftPerFileCompile EventGenerator+Marker.swift
SwiftCompile normal arm64 /Users/admin/builder/spi-builder-workspace/Sources/Hammer/EventGenerator/EventGenerator+Settings.swift (in target 'Hammer' from project 'Hammer')
cd /Users/admin/builder/spi-builder-workspace/.swiftpm/xcode
builtin-SwiftPerFileCompile EventGenerator+Settings.swift
SwiftCompile normal arm64 Compiling\ CoreGraphic+Extensions.swift,\ FrameTracker.swift /Users/admin/builder/spi-builder-workspace/Sources/Hammer/Utilties/CoreGraphic+Extensions.swift /Users/admin/builder/spi-builder-workspace/Sources/Hammer/Utilties/FrameTracker.swift (in target 'Hammer' from project 'Hammer')
SwiftCompile normal arm64 /Users/admin/builder/spi-builder-workspace/Sources/Hammer/Utilties/CoreGraphic+Extensions.swift (in target 'Hammer' from project 'Hammer')
cd /Users/admin/builder/spi-builder-workspace/.swiftpm/xcode
builtin-SwiftPerFileCompile CoreGraphic+Extensions.swift
SwiftCompile normal arm64 /Users/admin/builder/spi-builder-workspace/Sources/Hammer/Utilties/FrameTracker.swift (in target 'Hammer' from project 'Hammer')
cd /Users/admin/builder/spi-builder-workspace/.swiftpm/xcode
builtin-SwiftPerFileCompile FrameTracker.swift
SwiftCompile normal arm64 Compiling\ HammerError.swift,\ HammerWindow.swift /Users/admin/builder/spi-builder-workspace/Sources/Hammer/Utilties/HammerError.swift /Users/admin/builder/spi-builder-workspace/Sources/Hammer/Utilties/HammerWindow.swift (in target 'Hammer' from project 'Hammer')
/Users/admin/builder/spi-builder-workspace/Sources/Hammer/Utilties/HammerWindow.swift:16:27: error: 'UIScreen' is unavailable in visionOS
14 |
15 | init() {
16 | super.init(frame: UIScreen.main.bounds)
| `- error: 'UIScreen' is unavailable in visionOS
17 | self.rootViewController = self.hammerViewController
18 |
/Applications/Xcode-27.0.0-Release.Candidate.app/Contents/Developer/Platforms/XROS.platform/Developer/SDKs/XROS27.0.sdk/System/Library/Frameworks/UIKit.framework/Headers/UIScreen.h:54:12: note: 'UIScreen' has been explicitly marked unavailable here
52 |
53 | UIKIT_EXTERN API_AVAILABLE(ios(2.0)) API_UNAVAILABLE(visionos, watchos) NS_SWIFT_UI_ACTOR
54 | @interface UIScreen : NSObject <UITraitEnvironment>
| `- note: 'UIScreen' has been explicitly marked unavailable here
55 |
56 | @property(class, nonatomic, readonly) NSArray<UIScreen *> *screens API_DEPRECATED("Use UIApplication.shared.openSessions to find open sessions with scenes from other screens", ios(3.2, 16.0), visionos(1.0, 1.0)) API_UNAVAILABLE(watchos); // all screens currently attached to the device
/Users/admin/builder/spi-builder-workspace/Sources/Hammer/Utilties/HammerWindow.swift:143:34: error: 'screen' is unavailable in visionOS
141 | static var mainOrFirstConnectedScene: UIWindowScene? {
142 | let scenes = UIApplication.shared.connectedScenes.compactMap { $0 as? UIWindowScene }
143 | return scenes.first { $0.screen == UIScreen.main } ?? scenes.first
| `- error: 'screen' is unavailable in visionOS
144 | }
145 | }
/Applications/Xcode-27.0.0-Release.Candidate.app/Contents/Developer/Platforms/XROS.platform/Developer/SDKs/XROS27.0.sdk/System/Library/Frameworks/UIKit.framework/Headers/UIWindowScene.h:25:43: note: 'screen' has been explicitly marked unavailable here
23 |
24 | #pragma mark Geometry
25 | @property (nonatomic, readonly) UIScreen *screen API_UNAVAILABLE(visionos);
| `- note: 'screen' has been explicitly marked unavailable here
26 | @property (nonatomic, readonly) UIInterfaceOrientation interfaceOrientation API_DEPRECATED("Use effectiveGeometry.interfaceOrientation instead.", ios(13.0, 26.0), visionos(1.0, 26.0)) API_UNAVAILABLE(tvos);
27 | @property (nonatomic, readonly) id<UICoordinateSpace> coordinateSpace API_DEPRECATED("Use effectiveGeometry.coordinateSpace instead.", ios(13.0, 26.0), tvos(13.0, 26.0), visionos(1.0, 26.0));
SwiftCompile normal arm64 /Users/admin/builder/spi-builder-workspace/Sources/Hammer/Utilties/HammerError.swift (in target 'Hammer' from project 'Hammer')
cd /Users/admin/builder/spi-builder-workspace/.swiftpm/xcode
builtin-SwiftPerFileCompile HammerError.swift
SwiftCompile normal arm64 /Users/admin/builder/spi-builder-workspace/Sources/Hammer/Utilties/HammerWindow.swift (in target 'Hammer' from project 'Hammer')
cd /Users/admin/builder/spi-builder-workspace/.swiftpm/xcode
builtin-SwiftPerFileCompile HammerWindow.swift
SwiftCompile normal arm64 Compiling\ DebugVisualizerWindow.swift,\ EventGenerator+Hand.swift,\ FingerIndex.swift /Users/admin/builder/spi-builder-workspace/Sources/Hammer/DebugWindow/DebugVisualizerWindow.swift /Users/admin/builder/spi-builder-workspace/Sources/Hammer/EventGenerator/EventGenerator+Hand/EventGenerator+Hand.swift /Users/admin/builder/spi-builder-workspace/Sources/Hammer/EventGenerator/EventGenerator+Hand/FingerIndex.swift (in target 'Hammer' from project 'Hammer')
SwiftCompile normal arm64 /Users/admin/builder/spi-builder-workspace/Sources/Hammer/DebugWindow/DebugVisualizerWindow.swift (in target 'Hammer' from project 'Hammer')
cd /Users/admin/builder/spi-builder-workspace/.swiftpm/xcode
builtin-SwiftPerFileCompile DebugVisualizerWindow.swift
SwiftCompile normal arm64 /Users/admin/builder/spi-builder-workspace/Sources/Hammer/EventGenerator/EventGenerator+Hand/EventGenerator+Hand.swift (in target 'Hammer' from project 'Hammer')
cd /Users/admin/builder/spi-builder-workspace/.swiftpm/xcode
builtin-SwiftPerFileCompile EventGenerator+Hand.swift
SwiftCompile normal arm64 /Users/admin/builder/spi-builder-workspace/Sources/Hammer/EventGenerator/EventGenerator+Hand/FingerIndex.swift (in target 'Hammer' from project 'Hammer')
cd /Users/admin/builder/spi-builder-workspace/.swiftpm/xcode
builtin-SwiftPerFileCompile FingerIndex.swift
SwiftCompile normal arm64 Compiling\ Subviews.swift,\ TouchStorage.swift /Users/admin/builder/spi-builder-workspace/Sources/Hammer/Utilties/Subviews.swift /Users/admin/builder/spi-builder-workspace/Sources/Hammer/Utilties/TouchStorage.swift (in target 'Hammer' from project 'Hammer')
SwiftCompile normal arm64 /Users/admin/builder/spi-builder-workspace/Sources/Hammer/Utilties/Subviews.swift (in target 'Hammer' from project 'Hammer')
cd /Users/admin/builder/spi-builder-workspace/.swiftpm/xcode
builtin-SwiftPerFileCompile Subviews.swift
SwiftCompile normal arm64 /Users/admin/builder/spi-builder-workspace/Sources/Hammer/Utilties/TouchStorage.swift (in target 'Hammer' from project 'Hammer')
cd /Users/admin/builder/spi-builder-workspace/.swiftpm/xcode
builtin-SwiftPerFileCompile TouchStorage.swift
SwiftCompile normal arm64 Compiling\ UIKit+Extensions.swift,\ Waiting.swift /Users/admin/builder/spi-builder-workspace/Sources/Hammer/Utilties/UIKit+Extensions.swift /Users/admin/builder/spi-builder-workspace/Sources/Hammer/Utilties/Waiting.swift (in target 'Hammer' from project 'Hammer')
SwiftCompile normal arm64 /Users/admin/builder/spi-builder-workspace/Sources/Hammer/Utilties/UIKit+Extensions.swift (in target 'Hammer' from project 'Hammer')
cd /Users/admin/builder/spi-builder-workspace/.swiftpm/xcode
builtin-SwiftPerFileCompile UIKit+Extensions.swift
SwiftCompile normal arm64 /Users/admin/builder/spi-builder-workspace/Sources/Hammer/Utilties/Waiting.swift (in target 'Hammer' from project 'Hammer')
cd /Users/admin/builder/spi-builder-workspace/.swiftpm/xcode
builtin-SwiftPerFileCompile Waiting.swift
SwiftCompile normal arm64 Compiling\ EventGenerator.swift,\ HammerLocatable.swift /Users/admin/builder/spi-builder-workspace/Sources/Hammer/EventGenerator/EventGenerator.swift /Users/admin/builder/spi-builder-workspace/Sources/Hammer/EventGenerator/HammerLocatable.swift (in target 'Hammer' from project 'Hammer')
/Users/admin/builder/spi-builder-workspace/Sources/Hammer/EventGenerator/EventGenerator.swift:274:1: error: type 'UIApplication' does not conform to protocol 'UIApplicationDeprecated'
272 | }
273 |
274 | extension UIApplication: UIApplicationDeprecated {}
| `- error: type 'UIApplication' does not conform to protocol 'UIApplicationDeprecated'
275 |
SwiftCompile normal arm64 /Users/admin/builder/spi-builder-workspace/Sources/Hammer/EventGenerator/EventGenerator.swift (in target 'Hammer' from project 'Hammer')
cd /Users/admin/builder/spi-builder-workspace/.swiftpm/xcode
builtin-SwiftPerFileCompile EventGenerator.swift
SwiftCompile normal arm64 /Users/admin/builder/spi-builder-workspace/Sources/Hammer/EventGenerator/HammerLocatable.swift (in target 'Hammer' from project 'Hammer')
cd /Users/admin/builder/spi-builder-workspace/.swiftpm/xcode
builtin-SwiftPerFileCompile HammerLocatable.swift
SwiftCompile normal arm64 Compiling\ HandInfo.swift,\ EventGenerator+Keyboard.swift,\ KeyboardKey.swift /Users/admin/builder/spi-builder-workspace/Sources/Hammer/EventGenerator/EventGenerator+Hand/HandInfo.swift /Users/admin/builder/spi-builder-workspace/Sources/Hammer/EventGenerator/EventGenerator+Keyboard/EventGenerator+Keyboard.swift /Users/admin/builder/spi-builder-workspace/Sources/Hammer/EventGenerator/EventGenerator+Keyboard/KeyboardKey.swift (in target 'Hammer' from project 'Hammer')
SwiftCompile normal arm64 /Users/admin/builder/spi-builder-workspace/Sources/Hammer/EventGenerator/EventGenerator+Hand/HandInfo.swift (in target 'Hammer' from project 'Hammer')
cd /Users/admin/builder/spi-builder-workspace/.swiftpm/xcode
builtin-SwiftPerFileCompile HandInfo.swift
SwiftCompile normal arm64 /Users/admin/builder/spi-builder-workspace/Sources/Hammer/EventGenerator/EventGenerator+Keyboard/EventGenerator+Keyboard.swift (in target 'Hammer' from project 'Hammer')
cd /Users/admin/builder/spi-builder-workspace/.swiftpm/xcode
builtin-SwiftPerFileCompile EventGenerator+Keyboard.swift
SwiftCompile normal arm64 /Users/admin/builder/spi-builder-workspace/Sources/Hammer/EventGenerator/EventGenerator+Keyboard/KeyboardKey.swift (in target 'Hammer' from project 'Hammer')
cd /Users/admin/builder/spi-builder-workspace/.swiftpm/xcode
builtin-SwiftPerFileCompile KeyboardKey.swift
SwiftEmitModule normal arm64 Emitting\ module\ for\ Hammer (in target 'Hammer' from project 'Hammer')
/Users/admin/builder/spi-builder-workspace/Sources/Hammer/EventGenerator/EventGenerator.swift:274:1: error: type 'UIApplication' does not conform to protocol 'UIApplicationDeprecated'
272 | }
273 |
274 | extension UIApplication: UIApplicationDeprecated {}
| `- error: type 'UIApplication' does not conform to protocol 'UIApplicationDeprecated'
275 |
/Users/admin/builder/spi-builder-workspace/Sources/Hammer/EventGenerator/EventGenerator.swift:274:1: error: unavailable property 'isIgnoringInteractionEvents' was used to satisfy a requirement of protocol 'UIApplicationDeprecated'
269 | // Bypasses deprecation warning for `isIgnoringInteractionEvents`
270 | private protocol UIApplicationDeprecated {
271 | var isIgnoringInteractionEvents: Bool { get }
| `- note: requirement 'isIgnoringInteractionEvents' declared here
272 | }
273 |
274 | extension UIApplication: UIApplicationDeprecated {}
| `- error: unavailable property 'isIgnoringInteractionEvents' was used to satisfy a requirement of protocol 'UIApplicationDeprecated'
275 |
/Applications/Xcode-27.0.0-Release.Candidate.app/Contents/Developer/Platforms/XROS.platform/Developer/SDKs/XROS27.0.sdk/System/Library/Frameworks/UIKit.framework/Headers/UIApplication.h:93:73: note: 'isIgnoringInteractionEvents' declared here
91 | - (void)beginIgnoringInteractionEvents API_DEPRECATED("Use UIView's userInteractionEnabled property instead", ios(2.0, 13.0)) API_UNAVAILABLE(visionos, watchos); // nested. set should be set during animations & transitions to ignore touch and other events
92 | - (void)endIgnoringInteractionEvents API_DEPRECATED("Use UIView's userInteractionEnabled property instead", ios(2.0, 13.0)) API_UNAVAILABLE(watchos);
93 | @property(nonatomic, readonly, getter=isIgnoringInteractionEvents) BOOL ignoringInteractionEvents API_DEPRECATED("Use UIView's userInteractionEnabled property instead", ios(2.0, 13.0)) API_UNAVAILABLE(visionos, watchos); // returns YES if we are at least one deep in ignoring events
| `- note: 'isIgnoringInteractionEvents' declared here
94 |
95 | @property(nonatomic,getter=isIdleTimerDisabled) BOOL idleTimerDisabled; // default is NO
Failed frontend command:
/Applications/Xcode-27.0.0-Release.Candidate.app/Contents/Developer/Toolchains/XcodeDefault.xctoolchain/usr/bin/swift-frontend -frontend -emit-module -experimental-skip-non-inlinable-function-bodies-without-types /Users/admin/builder/spi-builder-workspace/Sources/Hammer/AppleInternal/AppleInternal+BackBoardServices.swift /Users/admin/builder/spi-builder-workspace/Sources/Hammer/AppleInternal/AppleInternal+IOHID.swift /Users/admin/builder/spi-builder-workspace/Sources/Hammer/AppleInternal/AppleInternal+UIKit.swift /Users/admin/builder/spi-builder-workspace/Sources/Hammer/DebugWindow/DebugVisualizerWindow.swift /Users/admin/builder/spi-builder-workspace/Sources/Hammer/EventGenerator/EventGenerator+Hand/EventGenerator+Hand.swift /Users/admin/builder/spi-builder-workspace/Sources/Hammer/EventGenerator/EventGenerator+Hand/FingerIndex.swift /Users/admin/builder/spi-builder-workspace/Sources/Hammer/EventGenerator/EventGenerator+Hand/HandInfo.swift /Users/admin/builder/spi-builder-workspace/Sources/Hammer/EventGenerator/EventGenerator+Keyboard/EventGenerator+Keyboard.swift /Users/admin/builder/spi-builder-workspace/Sources/Hammer/EventGenerator/EventGenerator+Keyboard/KeyboardKey.swift /Users/admin/builder/spi-builder-workspace/Sources/Hammer/EventGenerator/EventGenerator+Marker.swift /Users/admin/builder/spi-builder-workspace/Sources/Hammer/EventGenerator/EventGenerator+Settings.swift /Users/admin/builder/spi-builder-workspace/Sources/Hammer/EventGenerator/EventGenerator+Stylus/EventGenerator+Stylus.swift /Users/admin/builder/spi-builder-workspace/Sources/Hammer/EventGenerator/EventGenerator+Stylus/StylusInfo.swift /Users/admin/builder/spi-builder-workspace/Sources/Hammer/EventGenerator/EventGenerator.swift /Users/admin/builder/spi-builder-workspace/Sources/Hammer/EventGenerator/HammerLocatable.swift /Users/admin/builder/spi-builder-workspace/Sources/Hammer/Utilties/CoreGraphic+Extensions.swift /Users/admin/builder/spi-builder-workspace/Sources/Hammer/Utilties/FrameTracker.swift /Users/admin/builder/spi-builder-workspace/Sources/Hammer/Utilties/HammerError.swift /Users/admin/builder/spi-builder-workspace/Sources/Hammer/Utilties/HammerWindow.swift /Users/admin/builder/spi-builder-workspace/Sources/Hammer/Utilties/Subviews.swift /Users/admin/builder/spi-builder-workspace/Sources/Hammer/Utilties/TouchStorage.swift /Users/admin/builder/spi-builder-workspace/Sources/Hammer/Utilties/UIKit+Extensions.swift /Users/admin/builder/spi-builder-workspace/Sources/Hammer/Utilties/Waiting.swift -target arm64-apple-xros1.0 -disable-cross-import-overlay-search -swift-module-cross-import Darwin /Applications/Xcode-27.0.0-Release.Candidate.app/Contents/Developer/Platforms/XROS.platform/Developer/SDKs/XROS.sdk/usr/include/Darwin.swiftcrossimport/xlocale.swiftoverlay -load-resolved-plugin /Applications/Xcode-27.0.0-Release.Candidate.app/Contents/Developer/Platforms/XROS.platform/Developer/usr/lib/swift/host/plugins/libFoundationMacros.dylib\#/Applications/Xcode-27.0.0-Release.Candidate.app/Contents/Developer/Platforms/XROS.platform/Developer/usr/bin/swift-plugin-server\#FoundationMacros -load-resolved-plugin /Applications/Xcode-27.0.0-Release.Candidate.app/Contents/Developer/Platforms/XROS.platform/Developer/usr/lib/swift/host/plugins/libObservationMacros.dylib\#/Applications/Xcode-27.0.0-Release.Candidate.app/Contents/Developer/Platforms/XROS.platform/Developer/usr/bin/swift-plugin-server\#ObservationMacros -load-resolved-plugin /Applications/Xcode-27.0.0-Release.Candidate.app/Contents/Developer/Platforms/XROS.platform/Developer/usr/lib/swift/host/plugins/libPreviewsMacros.dylib\#/Applications/Xcode-27.0.0-Release.Candidate.app/Contents/Developer/Platforms/XROS.platform/Developer/usr/bin/swift-plugin-server\#PreviewsMacros -load-resolved-plugin /Applications/Xcode-27.0.0-Release.Candidate.app/Contents/Developer/Platforms/XROS.platform/Developer/usr/lib/swift/host/plugins/libSwiftMacros.dylib\#/Applications/Xcode-27.0.0-Release.Candidate.app/Contents/Developer/Platforms/XROS.platform/Developer/usr/bin/swift-plugin-server\#SwiftMacros -load-resolved-plugin /Applications/Xcode-27.0.0-Release.Candidate.app/Contents/Developer/Platforms/XROS.platform/Developer/usr/lib/swift/host/plugins/libSwiftUIMacros.dylib\#/Applications/Xcode-27.0.0-Release.Candidate.app/Contents/Developer/Platforms/XROS.platform/Developer/usr/bin/swift-plugin-server\#SwiftUIMacros -disable-implicit-swift-modules -Xcc -fno-implicit-modules -Xcc -fno-implicit-module-maps -explicit-swift-module-map-file /Users/admin/builder/spi-builder-workspace/.derivedData/Build/Intermediates.noindex/Hammer.build/Debug-xros/Hammer-t.build/Objects-normal/arm64/Hammer-dependencies-1.json -Xllvm -aarch64-use-tbi -enable-objc-interop -stack-check -sdk /Applications/Xcode-27.0.0-Release.Candidate.app/Contents/Developer/Platforms/XROS.platform/Developer/SDKs/XROS27.0.sdk -I /Users/admin/builder/spi-builder-workspace/.derivedData/Build/Products/Debug-xros -Isystem /Applications/Xcode-27.0.0-Release.Candidate.app/Contents/Developer/Platforms/XROS.platform/Developer/usr/lib -F /Users/admin/builder/spi-builder-workspace/.derivedData/Build/Products/Debug-xros -F /Applications/Xcode-27.0.0-Release.Candidate.app/Contents/Developer/Platforms/XROS.platform/Developer/Library/Frameworks -F /Applications/Xcode-27.0.0-Release.Candidate.app/Contents/Developer/Platforms/XROS.platform/Developer/SDKs/XROS27.0.sdk/Developer/Library/Frameworks -module-cache-path /Users/admin/builder/spi-builder-workspace/.derivedData/Build/Intermediates.noindex/SwiftExplicitPrecompiledModules -no-color-diagnostics -Xcc -fno-color-diagnostics -enable-testing -g -debug-info-format\=dwarf -dwarf-version\=4 -swift-version 5 -Onone -D SWIFT_PACKAGE -D DEBUG -D SWIFT_MODULE_RESOURCE_BUNDLE_UNAVAILABLE -D Xcode -serialize-debugging-options -enable-experimental-feature DebugDescriptionMacro -empty-abi-descriptor -validate-clang-modules-once -clang-build-session-file /Users/admin/builder/spi-builder-workspace/.derivedData/ModuleCache.noindex/Session.modulevalidation -Xcc -working-directory -Xcc /Users/admin/builder/spi-builder-workspace/.swiftpm/xcode -enable-anonymous-context-mangled-names -file-compilation-dir /Users/admin/builder/spi-builder-workspace/.swiftpm/xcode -Xcc -D_LIBCPP_HARDENING_MODE\=_LIBCPP_HARDENING_MODE_DEBUG -Xcc -ivfsstatcache -Xcc /Users/admin/builder/spi-builder-workspace/.derivedData/SDKStatCaches.noindex/xros27.0-24M361-e829b21a6f8c9b70876ba0858053c044735bd543db762f57723cac368afd1ce4.sdkstatcache -Xcc -fmodules-prune-interval\=86400 -Xcc -fmodules-prune-after\=345600 -Xcc -I/Users/admin/builder/spi-builder-workspace/.derivedData/Build/Products/Debug-xros/include -Xcc -I/Users/admin/builder/spi-builder-workspace/.derivedData/Build/Intermediates.noindex/Hammer.build/Debug-xros/Hammer-t.build/DerivedSources-normal/arm64 -Xcc -I/Users/admin/builder/spi-builder-workspace/.derivedData/Build/Intermediates.noindex/Hammer.build/Debug-xros/Hammer-t.build/DerivedSources/arm64 -Xcc -I/Users/admin/builder/spi-builder-workspace/.derivedData/Build/Intermediates.noindex/Hammer.build/Debug-xros/Hammer-t.build/DerivedSources -Xcc -DSWIFT_PACKAGE -Xcc -DDEBUG\=1 -no-auto-bridging-header-chaining -module-name Hammer -const-gather-protocols-file /Users/admin/builder/spi-builder-workspace/.derivedData/Build/Intermediates.noindex/Hammer.build/Debug-xros/Hammer-t.build/Objects-normal/arm64/Hammer_const_extract_protocols.json -disable-clang-spi -clang-target arm64-apple-xros27.0 -target-sdk-version 27.0 -target-sdk-name xros27.0 -in-process-plugin-server-path /Applications/Xcode-27.0.0-Release.Candidate.app/Contents/Developer/Toolchains/XcodeDefault.xctoolchain/usr/lib/swift/host/libSwiftInProcPluginServer.dylib -emit-module-doc-path /Users/admin/builder/spi-builder-workspace/.derivedData/Build/Intermediates.noindex/Hammer.build/Debug-xros/Hammer-t.build/Objects-normal/arm64/Hammer.swiftdoc -emit-module-source-info-path /Users/admin/builder/spi-builder-workspace/.derivedData/Build/Intermediates.noindex/Hammer.build/Debug-xros/Hammer-t.build/Objects-normal/arm64/Hammer.swiftsourceinfo -emit-objc-header-path /Users/admin/builder/spi-builder-workspace/.derivedData/Build/Intermediates.noindex/Hammer.build/Debug-xros/Hammer-t.build/Objects-normal/arm64/Hammer-Swift.h -serialize-diagnostics-path /Users/admin/builder/spi-builder-workspace/.derivedData/Build/Intermediates.noindex/Hammer.build/Debug-xros/Hammer-t.build/Objects-normal/arm64/Hammer-primary-emit-module.dia -emit-dependencies-path /Users/admin/builder/spi-builder-workspace/.derivedData/Build/Intermediates.noindex/Hammer.build/Debug-xros/Hammer-t.build/Objects-normal/arm64/Hammer-primary-emit-module.d -parse-as-library -o /Users/admin/builder/spi-builder-workspace/.derivedData/Build/Intermediates.noindex/Hammer.build/Debug-xros/Hammer-t.build/Objects-normal/arm64/Hammer.swiftmodule -emit-abi-descriptor-path /Users/admin/builder/spi-builder-workspace/.derivedData/Build/Intermediates.noindex/Hammer.build/Debug-xros/Hammer-t.build/Objects-normal/arm64/Hammer.abi.json
SwiftCompile normal arm64 (in target 'Hammer' from project 'Hammer')
cd /Users/admin/builder/spi-builder-workspace/.swiftpm/xcode
SwiftCompile normal arm64 Compiling\ AppleInternal+BackBoardServices.swift,\ AppleInternal+IOHID.swift,\ AppleInternal+UIKit.swift /Users/admin/builder/spi-builder-workspace/Sources/Hammer/AppleInternal/AppleInternal+BackBoardServices.swift /Users/admin/builder/spi-builder-workspace/Sources/Hammer/AppleInternal/AppleInternal+IOHID.swift /Users/admin/builder/spi-builder-workspace/Sources/Hammer/AppleInternal/AppleInternal+UIKit.swift (in target 'Hammer' from project 'Hammer')
SwiftCompile normal arm64 /Users/admin/builder/spi-builder-workspace/Sources/Hammer/AppleInternal/AppleInternal+BackBoardServices.swift (in target 'Hammer' from project 'Hammer')
cd /Users/admin/builder/spi-builder-workspace/.swiftpm/xcode
builtin-SwiftPerFileCompile AppleInternal+BackBoardServices.swift
SwiftCompile normal arm64 /Users/admin/builder/spi-builder-workspace/Sources/Hammer/AppleInternal/AppleInternal+IOHID.swift (in target 'Hammer' from project 'Hammer')
cd /Users/admin/builder/spi-builder-workspace/.swiftpm/xcode
builtin-SwiftPerFileCompile AppleInternal+IOHID.swift
SwiftCompile normal arm64 /Users/admin/builder/spi-builder-workspace/Sources/Hammer/AppleInternal/AppleInternal+UIKit.swift (in target 'Hammer' from project 'Hammer')
cd /Users/admin/builder/spi-builder-workspace/.swiftpm/xcode
builtin-SwiftPerFileCompile AppleInternal+UIKit.swift
SwiftCompile normal arm64 Compiling\ EventGenerator+Stylus.swift,\ StylusInfo.swift /Users/admin/builder/spi-builder-workspace/Sources/Hammer/EventGenerator/EventGenerator+Stylus/EventGenerator+Stylus.swift /Users/admin/builder/spi-builder-workspace/Sources/Hammer/EventGenerator/EventGenerator+Stylus/StylusInfo.swift (in target 'Hammer' from project 'Hammer')
SwiftCompile normal arm64 /Users/admin/builder/spi-builder-workspace/Sources/Hammer/EventGenerator/EventGenerator+Stylus/EventGenerator+Stylus.swift (in target 'Hammer' from project 'Hammer')
cd /Users/admin/builder/spi-builder-workspace/.swiftpm/xcode
builtin-SwiftPerFileCompile EventGenerator+Stylus.swift
SwiftCompile normal arm64 /Users/admin/builder/spi-builder-workspace/Sources/Hammer/EventGenerator/EventGenerator+Stylus/StylusInfo.swift (in target 'Hammer' from project 'Hammer')
cd /Users/admin/builder/spi-builder-workspace/.swiftpm/xcode
builtin-SwiftPerFileCompile StylusInfo.swift
PruneExplicitPrecompiledModules /Users/admin/builder/spi-builder-workspace/.derivedData/SDKExplicitPrecompiledModules
PruneExplicitPrecompiledModules /Users/admin/builder/spi-builder-workspace/.derivedData/Build/Intermediates.noindex/SwiftExplicitPrecompiledModules
PruneExplicitPrecompiledModules /Users/admin/builder/spi-builder-workspace/.derivedData/Build/Intermediates.noindex/ExplicitPrecompiledModules
2026-09-23 08:46:41.165 xcodebuild[767:4892] [MT] IDERunDestination: Supported platforms for the buildables in the current scheme is empty.
** BUILD FAILED **
The following build commands failed:
SwiftEmitModule normal arm64 Emitting\ module\ for\ Hammer (in target 'Hammer' from project 'Hammer')
SwiftCompile normal arm64 (in target 'Hammer' from project 'Hammer')
Building workspace Hammer with scheme Hammer
(3 failures)
BUILD FAILURE 6.4 visionOS