Build Information
Failed to build ChromaHash, reference master (e14667), with Swift 6.1 for iOS using Xcode 16.3 on 3 Oct 2026 08:03:32 UTC.
Build Command
No build command. This typically means the build failed at an early stage where we determine the build command.Build Log
========================================
RunAll
========================================
Builder version: 5.1.1
Interrupt handler set up.
========================================
Checkout
========================================
Clone URL: https://github.com/visualcommons/chromahash.git
Reference: master
Initialized empty Git repository in /Users/admin/builder/spi-builder-workspace/.git/
From https://github.com/visualcommons/chromahash
* branch master -> FETCH_HEAD
* [new branch] master -> origin/master
HEAD is now at e146676 fix(comparison): run verify:claims on spec/V0.8-DECISIONS.md edits, and re-sync EXPERIMENTS.md §11.13's scalefactor cell (#117)
Cloned https://github.com/visualcommons/chromahash.git
Revision (git rev-parse @):
e1466769973c6d85bc6a199b7792979f2175828b
SUCCESS checkout https://github.com/visualcommons/chromahash.git at master
========================================
Build
========================================
Selected platform: iOS
Swift version: 6.1
Building package at path: $PWD
https://github.com/visualcommons/chromahash.git
https://github.com/visualcommons/chromahash.git
error: invalid custom path 'swift/Sources/ChromaHashBindings' for target 'ChromaHashBindings'
Command line invocation:
/Applications/Xcode-16.3.0.app/Contents/Developer/usr/bin/xcodebuild -IDEClonedSourcePackagesDirPathOverride=/Users/admin/builder/spi-builder-workspace/.dependencies -resolvePackageDependencies
Resolve Package Graph
checksum of downloaded artifact of binary target 'chromahash_uniffiFFI' (f83add6a9ddac32d182148e7096a758650f6395a9af9b29cf6afe664ec823a63) does not match checksum specified by the manifest (0000000000000000000000000000000000000000000000000000000000000000)fatalError
Resolve Package Graph
checksum of downloaded artifact of binary target 'chromahash_uniffiFFI' (f83add6a9ddac32d182148e7096a758650f6395a9af9b29cf6afe664ec823a63) does not match checksum specified by the manifest (0000000000000000000000000000000000000000000000000000000000000000)fatalError
Resolved source packages:
spi-builder-workspace: (null)
2026-10-03 01:03:29.904 xcodebuild[525:3034] Writing error result bundle to /var/folders/5k/5yc19ymj0jqd5v0zvgfqz0xw0000gn/T/ResultBundle_2026-03-10_01-03-0029.xcresult
xcodebuild: error: Could not resolve package dependencies:
checksum of downloaded artifact of binary target 'chromahash_uniffiFFI' (f83add6a9ddac32d182148e7096a758650f6395a9af9b29cf6afe664ec823a63) does not match checksum specified by the manifest (0000000000000000000000000000000000000000000000000000000000000000)
fatalError
Command line invocation:
/Applications/Xcode-16.3.0.app/Contents/Developer/usr/bin/xcodebuild -IDEClonedSourcePackagesDirPathOverride=/Users/admin/builder/spi-builder-workspace/.dependencies -resolvePackageDependencies
Resolve Package Graph
checksum of downloaded artifact of binary target 'chromahash_uniffiFFI' (f83add6a9ddac32d182148e7096a758650f6395a9af9b29cf6afe664ec823a63) does not match checksum specified by the manifest (0000000000000000000000000000000000000000000000000000000000000000)fatalError
Resolve Package Graph
checksum of downloaded artifact of binary target 'chromahash_uniffiFFI' (f83add6a9ddac32d182148e7096a758650f6395a9af9b29cf6afe664ec823a63) does not match checksum specified by the manifest (0000000000000000000000000000000000000000000000000000000000000000)fatalError
Resolved source packages:
spi-builder-workspace: (null)
2026-10-03 01:03:32.812 xcodebuild[699:3879] Writing error result bundle to /var/folders/5k/5yc19ymj0jqd5v0zvgfqz0xw0000gn/T/ResultBundle_2026-03-10_01-03-0032.xcresult
xcodebuild: error: Could not resolve package dependencies:
checksum of downloaded artifact of binary target 'chromahash_uniffiFFI' (f83add6a9ddac32d182148e7096a758650f6395a9af9b29cf6afe664ec823a63) does not match checksum specified by the manifest (0000000000000000000000000000000000000000000000000000000000000000)
fatalError
BUILD FAILURE 6.1 iOS