Build Information
Failed to build SeamlessPay, reference main (006218), with Swift 6.4 for macOS (SPM) on 23 Sep 2026 20:34:58 UTC.
Build Command
env DEVELOPER_DIR=/Applications/Xcode-27.0.0-Release.Candidate.app xcrun swift build --arch arm64Build Log
========================================
RunAll
========================================
Builder version: 5.1.0
Interrupt handler set up.
========================================
Checkout
========================================
Clone URL: https://github.com/seamlesspay/seamlesspay-ios.git
Reference: main
Initialized empty Git repository in /Users/admin/builder/spi-builder-workspace/.git/
From https://github.com/seamlesspay/seamlesspay-ios
* branch main -> FETCH_HEAD
* [new branch] main -> origin/main
HEAD is now at 006218b chore: Remove unused card-field.gif image from the repository
Cloned https://github.com/seamlesspay/seamlesspay-ios.git
Revision (git rev-parse @):
006218bb99852599340c087ade4033f6d6eb539b
SUCCESS checkout https://github.com/seamlesspay/seamlesspay-ios.git at main
========================================
Build
========================================
Selected platform: macosSpm
Swift version: 6.4
Building package at path: $PWD
https://github.com/seamlesspay/seamlesspay-ios.git
Running build ...
env DEVELOPER_DIR=/Applications/Xcode-27.0.0-Release.Candidate.app xcrun swift build --arch arm64
Building for debugging...
[Pre-planning 1 / 125]
[Planning deferred tasks]
[53 / 200] SeamlessPay_SeamlessPayObjC
[156 / 200]
[167 / 201] SeamlessPay
error: /Users/admin/builder/spi-builder-workspace/ObjC/include/SPImageLibrary.h:11:9 'UIKit/UIKit.h' file not found
error: ScanDependencies /Users/admin/builder/spi-builder-workspace/.build/out/Intermediates.noindex/SeamlessPay.build/Debug/SeamlessPayObjC-t.build/Objects-normal/arm64/SPImageLibrary.o /Users/admin/builder/spi-builder-workspace/ObjC/include/SPImageLibrary.m normal arm64 objective-c com.apple.compilers.llvm.clang.1_0.compiler failed with a nonzero exit code. Command line: cd /Users/admin/builder
Using response file: /Users/admin/builder/spi-builder-workspace/.build/out/Intermediates.noindex/SeamlessPay.build/Debug/SeamlessPayObjC-t.build/Objects-normal/arm64/e6072d4f65d7061329687fe24e3d63a7-common-args.resp
builtin-ScanDependencies -o /Users/admin/builder/spi-builder-workspace/.build/out/Intermediates.noindex/SeamlessPay.build/Debug/SeamlessPayObjC-t.build/Objects-normal/arm64/SPImageLibrary.o.scan -- /Applications/Xcode-27.0.0-Release.Candidate.app/Contents/Developer/Toolchains/XcodeDefault.xctoolchain/usr/bin/clang -x objective-c -ivfsstatcache /Users/admin/builder/spi-builder-workspace/.build/out/SDKStatCaches.noindex/macosx27.0-26A425-80c5bbf1d171475443272936d42f90a36a22442a12e9d48fe1a705f55a1adfc4.sdkstatcache -target arm64-apple-macos12.0 -fmessage-length\=0 -fdiagnostics-show-note-include-stack -fmacro-backtrace-limit\=0 -fcolor-diagnostics -fmodules-prune-interval\=86400 -fmodules-prune-after\=345600 -fbuild-session-file\=/Users/admin/builder/spi-builder-workspace/.build/out/ModuleCache.noindex/Session.modulevalidation -fmodules-validate-once-per-build-session -Wnon-modular-include-in-framework-module -Werror\=non-modular-include-in-framework-module -Wno-trigraphs -Wno-missing-field-initializers -Wno-missing-prototypes -Wno-return-type -Wno-implicit-atomic-properties -Wno-objc-interface-ivars -Wno-arc-repeated-use-of-weak -Wno-missing-braces -Wparentheses -Wswitch -Wno-unused-function -Wno-unused-label -Wno-unused-parameter -Wno-unused-variable -Wunused-value -Wno-empty-body -Wno-uninitialized -Wno-unknown-pragmas -Wno-shadow -Wno-four-char-constants -Wno-conversion -Wno-constant-conversion -Wno-int-conversion -Wno-bool-conversion -Wno-enum-conversion -Wno-float-conversion -Wno-non-literal-null-conversion -Wno-objc-literal-conversion -Wshorten-64-to-32 -Wpointer-sign -Wno-newline-eof -Wno-selector -Wno-strict-selector-match -Wno-undeclared-selector -Wno-deprecated-implementations -Wno-implicit-fallthrough -isysroot /Applications/Xcode-27.0.0-Release.Candidate.app/Contents/Developer/Platforms/MacOSX.platform/Developer/SDKs/MacOSX27.0.sdk -fstrict-aliasing -Wprotocol -Wdeprecated-declarations -Wno-sign-conversion -Wno-infinite-recursion -Wno-comma -Wno-block-capture-autoreleasing -Wno-strict-prototypes -Wno-semicolon-before-method-body -index-store-path /Users/admin/builder/spi-builder-workspace/.build/out @/Users/admin/builder/spi-builder-workspace/.build/out/Intermediates.noindex/SeamlessPay.build/Debug/SeamlessPayObjC-t.build/Objects-normal/arm64/e6072d4f65d7061329687fe24e3d63a7-common-args.resp -include /Users/admin/builder/spi-builder-workspace/.build/out/Intermediates.noindex/SeamlessPay.build/Debug/SeamlessPayObjC-t.build/DerivedSources/resource_bundle_accessor.h -MMD -MT dependencies -MF /Users/admin/builder/spi-builder-workspace/.build/out/Intermediates.noindex/SeamlessPay.build/Debug/SeamlessPayObjC-t.build/Objects-normal/arm64/SPImageLibrary.d --serialize-diagnostics /Users/admin/builder/spi-builder-workspace/.build/out/Intermediates.noindex/SeamlessPay.build/Debug/SeamlessPayObjC-t.build/Objects-normal/arm64/SPImageLibrary.dia -c /Users/admin/builder/spi-builder-workspace/ObjC/include/SPImageLibrary.m -o /Users/admin/builder/spi-builder-workspace/.build/out/Intermediates.noindex/SeamlessPay.build/Debug/SeamlessPayObjC-t.build/Objects-normal/arm64/SPImageLibrary.o -index-unit-output-path /SeamlessPay.build/Debug/SeamlessPayObjC-t.build/Objects-normal/arm64/SPImageLibrary.o
error: /Users/admin/builder/spi-builder-workspace/ObjC/include/SPValidatedTextField.h:5:9 'UIKit/UIKit.h' file not found
error: ScanDependencies /Users/admin/builder/spi-builder-workspace/.build/out/Intermediates.noindex/SeamlessPay.build/Debug/SeamlessPayObjC-t.build/Objects-normal/arm64/SPValidatedTextField.o /Users/admin/builder/spi-builder-workspace/ObjC/include/SPValidatedTextField.m normal arm64 objective-c com.apple.compilers.llvm.clang.1_0.compiler failed with a nonzero exit code. Command line: cd /Users/admin/builder
Using response file: /Users/admin/builder/spi-builder-workspace/.build/out/Intermediates.noindex/SeamlessPay.build/Debug/SeamlessPayObjC-t.build/Objects-normal/arm64/e6072d4f65d7061329687fe24e3d63a7-common-args.resp
builtin-ScanDependencies -o /Users/admin/builder/spi-builder-workspace/.build/out/Intermediates.noindex/SeamlessPay.build/Debug/SeamlessPayObjC-t.build/Objects-normal/arm64/SPValidatedTextField.o.scan -- /Applications/Xcode-27.0.0-Release.Candidate.app/Contents/Developer/Toolchains/XcodeDefault.xctoolchain/usr/bin/clang -x objective-c -ivfsstatcache /Users/admin/builder/spi-builder-workspace/.build/out/SDKStatCaches.noindex/macosx27.0-26A425-80c5bbf1d171475443272936d42f90a36a22442a12e9d48fe1a705f55a1adfc4.sdkstatcache -target arm64-apple-macos12.0 -fmessage-length\=0 -fdiagnostics-show-note-include-stack -fmacro-backtrace-limit\=0 -fcolor-diagnostics -fmodules-prune-interval\=86400 -fmodules-prune-after\=345600 -fbuild-session-file\=/Users/admin/builder/spi-builder-workspace/.build/out/ModuleCache.noindex/Session.modulevalidation -fmodules-validate-once-per-build-session -Wnon-modular-include-in-framework-module -Werror\=non-modular-include-in-framework-module -Wno-trigraphs -Wno-missing-field-initializers -Wno-missing-prototypes -Wno-return-type -Wno-implicit-atomic-properties -Wno-objc-interface-ivars -Wno-arc-repeated-use-of-weak -Wno-missing-braces -Wparentheses -Wswitch -Wno-unused-function -Wno-unused-label -Wno-unused-parameter -Wno-unused-variable -Wunused-value -Wno-empty-body -Wno-uninitialized -Wno-unknown-pragmas -Wno-shadow -Wno-four-char-constants -Wno-conversion -Wno-constant-conversion -Wno-int-conversion -Wno-bool-conversion -Wno-enum-conversion -Wno-float-conversion -Wno-non-literal-null-conversion -Wno-objc-literal-conversion -Wshorten-64-to-32 -Wpointer-sign -Wno-newline-eof -Wno-selector -Wno-strict-selector-match -Wno-undeclared-selector -Wno-deprecated-implementations -Wno-implicit-fallthrough -isysroot /Applications/Xcode-27.0.0-Release.Candidate.app/Contents/Developer/Platforms/MacOSX.platform/Developer/SDKs/MacOSX27.0.sdk -fstrict-aliasing -Wprotocol -Wdeprecated-declarations -Wno-sign-conversion -Wno-infinite-recursion -Wno-comma -Wno-block-capture-autoreleasing -Wno-strict-prototypes -Wno-semicolon-before-method-body -index-store-path /Users/admin/builder/spi-builder-workspace/.build/out @/Users/admin/builder/spi-builder-workspace/.build/out/Intermediates.noindex/SeamlessPay.build/Debug/SeamlessPayObjC-t.build/Objects-normal/arm64/e6072d4f65d7061329687fe24e3d63a7-common-args.resp -include /Users/admin/builder/spi-builder-workspace/.build/out/Intermediates.noindex/SeamlessPay.build/Debug/SeamlessPayObjC-t.build/DerivedSources/resource_bundle_accessor.h -MMD -MT dependencies -MF /Users/admin/builder/spi-builder-workspace/.build/out/Intermediates.noindex/SeamlessPay.build/Debug/SeamlessPayObjC-t.build/Objects-normal/arm64/SPValidatedTextField.d --serialize-diagnostics /Users/admin/builder/spi-builder-workspace/.build/out/Intermediates.noindex/SeamlessPay.build/Debug/SeamlessPayObjC-t.build/Objects-normal/arm64/SPValidatedTextField.dia -c /Users/admin/builder/spi-builder-workspace/ObjC/include/SPValidatedTextField.m -o /Users/admin/builder/spi-builder-workspace/.build/out/Intermediates.noindex/SeamlessPay.build/Debug/SeamlessPayObjC-t.build/Objects-normal/arm64/SPValidatedTextField.o -index-unit-output-path /SeamlessPay.build/Debug/SeamlessPayObjC-t.build/Objects-normal/arm64/SPValidatedTextField.o
error: /Users/admin/builder/spi-builder-workspace/ObjC/include/SPFormTextField.h:8:9 'UIKit/UIKit.h' file not found
error: ScanDependencies /Users/admin/builder/spi-builder-workspace/.build/out/Intermediates.noindex/SeamlessPay.build/Debug/SeamlessPayObjC-t.build/Objects-normal/arm64/SPFormTextField.o /Users/admin/builder/spi-builder-workspace/ObjC/include/SPFormTextField.m normal arm64 objective-c com.apple.compilers.llvm.clang.1_0.compiler failed with a nonzero exit code. Command line: cd /Users/admin/builder
Using response file: /Users/admin/builder/spi-builder-workspace/.build/out/Intermediates.noindex/SeamlessPay.build/Debug/SeamlessPayObjC-t.build/Objects-normal/arm64/e6072d4f65d7061329687fe24e3d63a7-common-args.resp
builtin-ScanDependencies -o /Users/admin/builder/spi-builder-workspace/.build/out/Intermediates.noindex/SeamlessPay.build/Debug/SeamlessPayObjC-t.build/Objects-normal/arm64/SPFormTextField.o.scan -- /Applications/Xcode-27.0.0-Release.Candidate.app/Contents/Developer/Toolchains/XcodeDefault.xctoolchain/usr/bin/clang -x objective-c -ivfsstatcache /Users/admin/builder/spi-builder-workspace/.build/out/SDKStatCaches.noindex/macosx27.0-26A425-80c5bbf1d171475443272936d42f90a36a22442a12e9d48fe1a705f55a1adfc4.sdkstatcache -target arm64-apple-macos12.0 -fmessage-length\=0 -fdiagnostics-show-note-include-stack -fmacro-backtrace-limit\=0 -fcolor-diagnostics -fmodules-prune-interval\=86400 -fmodules-prune-after\=345600 -fbuild-session-file\=/Users/admin/builder/spi-builder-workspace/.build/out/ModuleCache.noindex/Session.modulevalidation -fmodules-validate-once-per-build-session -Wnon-modular-include-in-framework-module -Werror\=non-modular-include-in-framework-module -Wno-trigraphs -Wno-missing-field-initializers -Wno-missing-prototypes -Wno-return-type -Wno-implicit-atomic-properties -Wno-objc-interface-ivars -Wno-arc-repeated-use-of-weak -Wno-missing-braces -Wparentheses -Wswitch -Wno-unused-function -Wno-unused-label -Wno-unused-parameter -Wno-unused-variable -Wunused-value -Wno-empty-body -Wno-uninitialized -Wno-unknown-pragmas -Wno-shadow -Wno-four-char-constants -Wno-conversion -Wno-constant-conversion -Wno-int-conversion -Wno-bool-conversion -Wno-enum-conversion -Wno-float-conversion -Wno-non-literal-null-conversion -Wno-objc-literal-conversion -Wshorten-64-to-32 -Wpointer-sign -Wno-newline-eof -Wno-selector -Wno-strict-selector-match -Wno-undeclared-selector -Wno-deprecated-implementations -Wno-implicit-fallthrough -isysroot /Applications/Xcode-27.0.0-Release.Candidate.app/Contents/Developer/Platforms/MacOSX.platform/Developer/SDKs/MacOSX27.0.sdk -fstrict-aliasing -Wprotocol -Wdeprecated-declarations -Wno-sign-conversion -Wno-infinite-recursion -Wno-comma -Wno-block-capture-autoreleasing -Wno-strict-prototypes -Wno-semicolon-before-method-body -index-store-path /Users/admin/builder/spi-builder-workspace/.build/out @/Users/admin/builder/spi-builder-workspace/.build/out/Intermediates.noindex/SeamlessPay.build/Debug/SeamlessPayObjC-t.build/Objects-normal/arm64/e6072d4f65d7061329687fe24e3d63a7-common-args.resp -include /Users/admin/builder/spi-builder-workspace/.build/out/Intermediates.noindex/SeamlessPay.build/Debug/SeamlessPayObjC-t.build/DerivedSources/resource_bundle_accessor.h -MMD -MT dependencies -MF /Users/admin/builder/spi-builder-workspace/.build/out/Intermediates.noindex/SeamlessPay.build/Debug/SeamlessPayObjC-t.build/Objects-normal/arm64/SPFormTextField.d --serialize-diagnostics /Users/admin/builder/spi-builder-workspace/.build/out/Intermediates.noindex/SeamlessPay.build/Debug/SeamlessPayObjC-t.build/Objects-normal/arm64/SPFormTextField.dia -c /Users/admin/builder/spi-builder-workspace/ObjC/include/SPFormTextField.m -o /Users/admin/builder/spi-builder-workspace/.build/out/Intermediates.noindex/SeamlessPay.build/Debug/SeamlessPayObjC-t.build/Objects-normal/arm64/SPFormTextField.o -index-unit-output-path /SeamlessPay.build/Debug/SeamlessPayObjC-t.build/Objects-normal/arm64/SPFormTextField.o
error: clang dependency scanning failure: While building module 'SeamlessPayObjC' imported from module-include.input:1:
In file included from <module-includes>:1:
/Users/admin/builder/spi-builder-workspace/ObjC/include/CardFormDelegate.h:8:9: fatal error: 'UIKit/UIKit.h' file not found
module-include.input:1:4: fatal error: could not build module 'SeamlessPayObjC'
error: /Users/admin/builder/spi-builder-workspace/SeamlessPay/API/Utils/DeviceFingerprint.swift:8:8 unable to resolve module dependency: 'UIKit'
error: /Users/admin/builder/spi-builder-workspace/SeamlessPay/SeamlessPay+ExportedImports.swift:8:19 unable to resolve module dependency: 'SeamlessPayObjC'
error: clang dependency scanning failure: While building module 'SeamlessPayObjC' imported from module-include.input:1:
In file included from <module-includes>:1:
/Users/admin/builder/spi-builder-workspace/ObjC/include/CardFormDelegate.h:8:9: fatal error: 'UIKit/UIKit.h' file not found
module-include.input:1:4: fatal error: could not build module 'SeamlessPayObjC'
error: SwiftDriver SeamlessPay normal arm64 com.apple.xcode.tools.swift.compiler failed with a nonzero exit code. Command line: cd /Users/admin/builder
builtin-SwiftDriver -- /Applications/Xcode-27.0.0-Release.Candidate.app/Contents/Developer/Toolchains/XcodeDefault.xctoolchain/usr/bin/swiftc -parse-as-library -module-name SeamlessPay -Onone @/Users/admin/builder/spi-builder-workspace/.build/out/Intermediates.noindex/SeamlessPay.build/Debug/SeamlessPay-t.build/Objects-normal/arm64/SeamlessPay.SwiftFileList -DSWIFT_PACKAGE -DDEBUG -DSWIFT_MODULE_RESOURCE_BUNDLE_UNAVAILABLE -Xcc -fmodule-map-file\=/Users/admin/builder/spi-builder-workspace/.build/out/Intermediates.noindex/GeneratedModuleMaps/SeamlessPayObjC.modulemap -DXcode -plugin-path /Applications/Xcode-27.0.0-Release.Candidate.app/Contents/Developer/Toolchains/XcodeDefault.xctoolchain/usr/lib/swift/host/plugins/testing -enable-experimental-feature DebugDescriptionMacro -sdk /Applications/Xcode-27.0.0-Release.Candidate.app/Contents/Developer/Platforms/MacOSX.platform/Developer/SDKs/MacOSX27.0.sdk -target arm64-apple-macos12.0 -g -module-cache-path /Users/admin/builder/spi-builder-workspace/.build/out/ModuleCache.noindex -Xfrontend -serialize-debugging-options -enable-testing -index-store-path /Users/admin/builder/spi-builder-workspace/.build/out -Xcc -D_LIBCPP_HARDENING_MODE\=_LIBCPP_HARDENING_MODE_DEBUG -swift-version 5 -I /Users/admin/builder/spi-builder-workspace/.build/out/Products/Debug -Isystem /Applications/Xcode-27.0.0-Release.Candidate.app/Contents/Developer/Platforms/MacOSX.platform/Developer/usr/lib -F /Users/admin/builder/spi-builder-workspace/.build/out/Products/Debug/PackageFrameworks -F /Users/admin/builder/spi-builder-workspace/.build/out/Products/Debug -F /Applications/Xcode-27.0.0-Release.Candidate.app/Contents/Developer/Platforms/MacOSX.platform/Developer/Library/Frameworks -emit-localized-strings -emit-localized-strings-path /Users/admin/builder/spi-builder-workspace/.build/out/Intermediates.noindex/SeamlessPay.build/Debug/SeamlessPay-t.build/Objects-normal/arm64 -c -j10 -enable-batch-mode -incremental -Xcc -ivfsstatcache -Xcc /Users/admin/builder/spi-builder-workspace/.build/out/SDKStatCaches.noindex/macosx27.0-26A425-80c5bbf1d171475443272936d42f90a36a22442a12e9d48fe1a705f55a1adfc4.sdkstatcache -output-file-map /Users/admin/builder/spi-builder-workspace/.build/out/Intermediates.noindex/SeamlessPay.build/Debug/SeamlessPay-t.build/Objects-normal/arm64/SeamlessPay-OutputFileMap.json -save-temps -color-diagnostics -explicit-module-build -module-cache-path /Users/admin/builder/spi-builder-workspace/.build/out/Intermediates.noindex/SwiftExplicitPrecompiledModules -clang-scanner-module-cache-path /Users/admin/builder/spi-builder-workspace/.build/out/ModuleCache.noindex -sdk-module-cache-path /Users/admin/builder/spi-builder-workspace/.build/out/SDKExplicitPrecompiledModules -emit-dependencies -emit-module -emit-module-path /Users/admin/builder/spi-builder-workspace/.build/out/Intermediates.noindex/SeamlessPay.build/Debug/SeamlessPay-t.build/Objects-normal/arm64/SeamlessPay.swiftmodule -serialize-diagnostics -dependency-scan-serialize-diagnostics-path /Users/admin/builder/spi-builder-workspace/.build/out/Intermediates.noindex/SeamlessPay.build/Debug/SeamlessPay-t.build/Objects-normal/arm64/SeamlessPay-dependency-scan.dia -validate-clang-modules-once -clang-build-session-file /Users/admin/builder/spi-builder-workspace/.build/out/ModuleCache.noindex/Session.modulevalidation -Xcc -fmodules-prune-interval\=86400 -Xcc -fmodules-prune-after\=345600 -emit-const-values -const-gather-protocols-list /Users/admin/builder/spi-builder-workspace/.build/out/Intermediates.noindex/SeamlessPay.build/Debug/SeamlessPay-t.build/Objects-normal/arm64/SeamlessPay_const_extract_protocols.json -Xcc -I/Users/admin/builder/spi-builder-workspace/ObjC/include -Xcc -I/Users/admin/builder/spi-builder-workspace/.build/out/Products/Debug/include -Xcc -I/Users/admin/builder/spi-builder-workspace/.build/out/Intermediates.noindex/SeamlessPay.build/Debug/SeamlessPay-t.build/DerivedSources-normal/arm64 -Xcc -I/Users/admin/builder/spi-builder-workspace/.build/out/Intermediates.noindex/SeamlessPay.build/Debug/SeamlessPay-t.build/DerivedSources/arm64 -Xcc -I/Users/admin/builder/spi-builder-workspace/.build/out/Intermediates.noindex/SeamlessPay.build/Debug/SeamlessPay-t.build/DerivedSources -Xcc -DSWIFT_PACKAGE -Xcc -DDEBUG\=1 -emit-objc-header -emit-objc-header-path /Users/admin/builder/spi-builder-workspace/.build/out/Intermediates.noindex/SeamlessPay.build/Debug/SeamlessPay-t.build/Objects-normal/arm64/SeamlessPay-Swift.h -working-directory /Users/admin/builder -experimental-emit-module-separately -disable-cmo
error: Build failed
BUILD FAILURE 6.4 macosSpm