Build Information
Failed to build swift-art, reference v0.1.0 (472895), with Swift 6.4 for tvOS using Xcode 27.0 on 23 Sep 2026 19:04:37 UTC.
Build Command
env DEVELOPER_DIR=/Applications/Xcode-27.0.0-Release.Candidate.app xcrun xcodebuild -IDEClonedSourcePackagesDirPathOverride=$PWD/.dependencies -skipMacroValidation -skipPackagePluginValidation -derivedDataPath $PWD/.derivedData build -scheme swift-art-Package -destination generic/platform=tvOSBuild Log
========================================
RunAll
========================================
Builder version: 5.1.0
Interrupt handler set up.
========================================
Checkout
========================================
Clone URL: https://github.com/CorvidLabs/swift-art.git
Reference: v0.1.0
Initialized empty Git repository in /Users/admin/builder/spi-builder-workspace/.git/
From https://github.com/CorvidLabs/swift-art
* tag v0.1.0 -> FETCH_HEAD
HEAD is now at 4728954 docs: remove demo, update doc format
Cloned https://github.com/CorvidLabs/swift-art.git
Revision (git rev-parse @):
47289546952743095adc0b28140e600d05e4f05e
SUCCESS checkout https://github.com/CorvidLabs/swift-art.git at v0.1.0
========================================
Build
========================================
Selected platform: tvOS
Swift version: 6.4
Building package at path: $PWD
https://github.com/CorvidLabs/swift-art.git
Command line invocation:
/Applications/Xcode-27.0.0-Release.Candidate.app/Contents/Developer/usr/bin/xcodebuild -IDEClonedSourcePackagesDirPathOverride=/Users/admin/builder/spi-builder-workspace/.dependencies -resolvePackageDependencies
Resolve Package Graph
Fetching from https://github.com/swiftlang/swift-docc-plugin
Fetching from https://github.com/CorvidLabs/swift-color.git
Fetching from https://github.com/swiftlang/swift-docc-symbolkit
Creating working copy of package ‘swift-color’
Checking out 0.1.0 of package ‘swift-color’
Creating working copy of package ‘swift-docc-symbolkit’
Checking out 1.0.0 of package ‘swift-docc-symbolkit’
Creating working copy of package ‘swift-docc-plugin’
Checking out 1.5.0 of package ‘swift-docc-plugin’
Resolve Package Graph
Resolved source packages:
SwiftDocCPlugin: https://github.com/swiftlang/swift-docc-plugin @ 1.5.0
swift-art: /Users/admin/builder/spi-builder-workspace
swift-color: https://github.com/CorvidLabs/swift-color.git @ 0.1.0
SymbolKit: https://github.com/swiftlang/swift-docc-symbolkit @ 1.0.0
resolved source packages: SwiftDocCPlugin, swift-art, swift-color, SymbolKit
2026-09-23 15:03:06.442 xcodebuild[563:3050] [MT] IDERunDestination: Supported platforms for the buildables in the current scheme is empty.
{
"dependencies" : [
{
"identity" : "swift-color",
"requirement" : {
"range" : [
{
"lower_bound" : "0.1.0",
"upper_bound" : "1.0.0"
}
]
},
"type" : "sourceControl",
"url" : "https://github.com/CorvidLabs/swift-color.git"
},
{
"identity" : "swift-docc-plugin",
"requirement" : {
"range" : [
{
"lower_bound" : "1.4.3",
"upper_bound" : "2.0.0"
}
]
},
"type" : "sourceControl",
"url" : "https://github.com/swiftlang/swift-docc-plugin"
}
],
"manifest_display_name" : "swift-art",
"name" : "swift-art",
"path" : "/Users/admin/builder/spi-builder-workspace",
"platforms" : [
{
"name" : "ios",
"version" : "16.0"
},
{
"name" : "macos",
"version" : "13.0"
},
{
"name" : "tvos",
"version" : "16.0"
},
{
"name" : "watchos",
"version" : "9.0"
},
{
"name" : "visionos",
"version" : "1.0"
}
],
"products" : [
{
"name" : "Art",
"targets" : [
"Art"
],
"type" : {
"library" : [
"automatic"
]
}
},
{
"name" : "ArtUI",
"targets" : [
"ArtUI"
],
"type" : {
"library" : [
"automatic"
]
}
},
{
"name" : "ArtTerminal",
"targets" : [
"ArtTerminal"
],
"type" : {
"library" : [
"automatic"
]
}
}
],
"targets" : [
{
"c99name" : "ArtUITests",
"module_type" : "SwiftTarget",
"name" : "ArtUITests",
"path" : "Tests/ArtUITests",
"sources" : [
"ArtUITests.swift"
],
"target_dependencies" : [
"ArtUI"
],
"type" : "test"
},
{
"c99name" : "ArtUI",
"module_type" : "SwiftTarget",
"name" : "ArtUI",
"path" : "Sources/ArtUI",
"product_memberships" : [
"ArtUI"
],
"sources" : [
"ArtUI.swift",
"Core/ArtRenderConfiguration.swift",
"Core/ColorConversion.swift",
"Export/ImageExporter.swift",
"Views/CellularAutomataViews.swift",
"Views/FractalViews.swift",
"Views/GeometryViews.swift",
"Views/LSystemView.swift",
"Views/NoiseView.swift",
"Views/ParticleSystemView.swift"
],
"target_dependencies" : [
"Art"
],
"type" : "library"
},
{
"c99name" : "ArtTests",
"module_type" : "SwiftTarget",
"name" : "ArtTests",
"path" : "Tests/ArtTests",
"sources" : [
"ArtTests.swift",
"CellularAutomataTests.swift",
"ColorTests.swift",
"CoreTests.swift",
"FractalTests.swift",
"GeometryTests.swift",
"LSystemTests.swift",
"NoiseTests.swift",
"ParticleTests.swift"
],
"target_dependencies" : [
"Art"
],
"type" : "test"
},
{
"c99name" : "ArtTerminalTests",
"module_type" : "SwiftTarget",
"name" : "ArtTerminalTests",
"path" : "Tests/ArtTerminalTests",
"sources" : [
"ArtTerminalTests.swift"
],
"target_dependencies" : [
"ArtTerminal"
],
"type" : "test"
},
{
"c99name" : "ArtTerminal",
"module_type" : "SwiftTarget",
"name" : "ArtTerminal",
"path" : "Sources/ArtTerminal",
"product_memberships" : [
"ArtTerminal"
],
"sources" : [
"Animation/TerminalAnimator.swift",
"ArtTerminal.swift",
"Core/ASCIICanvas.swift",
"Core/ASCIIRenderable.swift",
"Renderers/CellularAutomataASCII.swift",
"Renderers/FractalASCII.swift",
"Renderers/LSystemASCII.swift",
"Renderers/NoiseASCII.swift"
],
"target_dependencies" : [
"Art"
],
"type" : "library"
},
{
"c99name" : "Art",
"module_type" : "SwiftTarget",
"name" : "Art",
"path" : "Sources/Art",
"product_dependencies" : [
"Color"
],
"product_memberships" : [
"Art",
"ArtUI",
"ArtTerminal"
],
"sources" : [
"CellularAutomata/ElementaryCA.swift",
"CellularAutomata/GameOfLife.swift",
"Color/Gradient.swift",
"Color/Harmony.swift",
"Color/Palette.swift",
"Core/ArtError.swift",
"Core/Color+Bridge.swift",
"Core/Color.swift",
"Core/Point.swift",
"Core/RandomSource.swift",
"Fractals/JuliaSet.swift",
"Fractals/KochCurve.swift",
"Fractals/Mandelbrot.swift",
"Fractals/Sierpinski.swift",
"Geometry/Polygon.swift",
"Geometry/Shapes.swift",
"Geometry/Subdivision.swift",
"Geometry/Tessellation.swift",
"Geometry/Voronoi.swift",
"LSystems/LSystem.swift",
"LSystems/Presets.swift",
"LSystems/Turtle.swift",
"Noise/FractalNoise.swift",
"Noise/NoiseGenerator.swift",
"Noise/PerlinNoise.swift",
"Noise/SimplexNoise.swift",
"Noise/WorleyNoise.swift",
"Particles/Emitter.swift",
"Particles/Force.swift",
"Particles/Particle.swift",
"Particles/ParticleSystem.swift"
],
"type" : "library"
}
],
"tools_version" : "6.0"
}
{
"workspace" : {
"name" : "swift-art",
"schemes" : [
"Art",
"ArtTerminal",
"ArtUI",
"swift-art-Package"
]
}
}
2026-09-23 15:03:50.412 xcodebuild[893:5217] [MT] IDERunDestination: Supported platforms for the buildables in the current scheme is empty.
Running build ...
env DEVELOPER_DIR=/Applications/Xcode-27.0.0-Release.Candidate.app xcrun xcodebuild -IDEClonedSourcePackagesDirPathOverride=$PWD/.dependencies -skipMacroValidation -skipPackagePluginValidation -derivedDataPath $PWD/.derivedData build -scheme swift-art-Package -destination generic/platform=tvOS
Command line invocation:
/Applications/Xcode-27.0.0-Release.Candidate.app/Contents/Developer/usr/bin/xcodebuild -IDEClonedSourcePackagesDirPathOverride=/Users/admin/builder/spi-builder-workspace/.dependencies -skipMacroValidation -skipPackagePluginValidation -derivedDataPath /Users/admin/builder/spi-builder-workspace/.derivedData build -scheme swift-art-Package -destination generic/platform=tvOS
Resolve Package Graph
Resolve Package Graph
Resolved source packages:
SwiftDocCPlugin: https://github.com/swiftlang/swift-docc-plugin @ 1.5.0
swift-color: https://github.com/CorvidLabs/swift-color.git @ 0.1.0
SymbolKit: https://github.com/swiftlang/swift-docc-symbolkit @ 1.0.0
swift-art: /Users/admin/builder/spi-builder-workspace
ComputePackagePrebuildTargetDependencyGraph
Prepare packages
CreateBuildRequest
SendProjectDescription
CreateBuildOperation
ComputeTargetDependencyGraph
note: Building targets in dependency order
note: Target dependency graph (8 targets)
Target 'ArtTerminal-product' in project 'swift-art'
➜ Explicit dependency on target 'ArtTerminal' in project 'swift-art'
➜ Explicit dependency on target 'Art' in project 'swift-art'
➜ Explicit dependency on target 'Color-product' in project 'swift-color'
Target 'ArtTerminal' in project 'swift-art'
➜ Explicit dependency on target 'Art' in project 'swift-art'
➜ Explicit dependency on target 'Color-product' in project 'swift-color'
Target 'ArtUI-product' in project 'swift-art'
➜ Explicit dependency on target 'ArtUI' in project 'swift-art'
➜ Explicit dependency on target 'Art' in project 'swift-art'
➜ Explicit dependency on target 'Color-product' in project 'swift-color'
Target 'ArtUI' in project 'swift-art'
➜ Explicit dependency on target 'Art' in project 'swift-art'
➜ Explicit dependency on target 'Color-product' in project 'swift-color'
Target 'Art-product' in project 'swift-art'
➜ Explicit dependency on target 'Art' in project 'swift-art'
➜ Explicit dependency on target 'Color-product' in project 'swift-color'
Target 'Art' in project 'swift-art'
➜ Explicit dependency on target 'Color-product' in project 'swift-color'
Target 'Color-product' in project 'swift-color'
➜ Explicit dependency on target 'Color' in project 'swift-color'
Target 'Color' in project 'swift-color' (no dependencies)
GatherProvisioningInputs
CreateBuildDescription
ExecuteExternalTool /Applications/Xcode-27.0.0-Release.Candidate.app/Contents/Developer/Toolchains/XcodeDefault.xctoolchain/usr/bin/swiftc --version
ExecuteExternalTool /Applications/Xcode-27.0.0-Release.Candidate.app/Contents/Developer/Toolchains/XcodeDefault.xctoolchain/usr/bin/clang -v -E -dM -isysroot /Applications/Xcode-27.0.0-Release.Candidate.app/Contents/Developer/Platforms/AppleTVOS.platform/Developer/SDKs/AppleTVOS27.0.sdk -x c -c /dev/null
ExecuteExternalTool /Applications/Xcode-27.0.0-Release.Candidate.app/Contents/Developer/Toolchains/XcodeDefault.xctoolchain/usr/bin/ld -version_details
Build description signature: bc815d8dc0af7a8d0327cb73d009ddee
Build description path: /Users/admin/builder/spi-builder-workspace/.derivedData/Build/Intermediates.noindex/XCBuildData/bc815d8dc0af7a8d0327cb73d009ddee.xcbuilddata
CreateBuildDirectory /Users/admin/builder/spi-builder-workspace/.derivedData/SDKExplicitPrecompiledModules
cd /Users/admin/builder/spi-builder-workspace/.swiftpm/xcode
builtin-create-build-directory /Users/admin/builder/spi-builder-workspace/.derivedData/SDKExplicitPrecompiledModules
CreateBuildDirectory /Users/admin/builder/spi-builder-workspace/.derivedData/CompilationCache.noindex
cd /Users/admin/builder/spi-builder-workspace/.swiftpm/xcode
builtin-create-build-directory /Users/admin/builder/spi-builder-workspace/.derivedData/CompilationCache.noindex
CreateBuildDirectory /Users/admin/builder/spi-builder-workspace/.derivedData/ModuleCache.noindex
cd /Users/admin/builder/spi-builder-workspace/.swiftpm/xcode
builtin-create-build-directory /Users/admin/builder/spi-builder-workspace/.derivedData/ModuleCache.noindex
ClangStatCache /Applications/Xcode-27.0.0-Release.Candidate.app/Contents/Developer/Toolchains/XcodeDefault.xctoolchain/usr/bin/clang-stat-cache /Applications/Xcode-27.0.0-Release.Candidate.app/Contents/Developer/Platforms/AppleTVOS.platform/Developer/SDKs/AppleTVOS27.0.sdk /Users/admin/builder/spi-builder-workspace/.derivedData/SDKStatCaches.noindex/appletvos27.0-24J360-e829b21a6f8c9b70876ba0858053c044b32bfd8d43560033f8d89884cdb90028.sdkstatcache
cd /Users/admin/builder/spi-builder-workspace/.swiftpm/xcode
/Applications/Xcode-27.0.0-Release.Candidate.app/Contents/Developer/Toolchains/XcodeDefault.xctoolchain/usr/bin/clang-stat-cache /Applications/Xcode-27.0.0-Release.Candidate.app/Contents/Developer/Platforms/AppleTVOS.platform/Developer/SDKs/AppleTVOS27.0.sdk -o /Users/admin/builder/spi-builder-workspace/.derivedData/SDKStatCaches.noindex/appletvos27.0-24J360-e829b21a6f8c9b70876ba0858053c044b32bfd8d43560033f8d89884cdb90028.sdkstatcache
CreateBuildDirectory /Users/admin/builder/spi-builder-workspace/.derivedData/Build/Products
cd /Users/admin/builder/spi-builder-workspace/.swiftpm/xcode
builtin-create-build-directory /Users/admin/builder/spi-builder-workspace/.derivedData/Build/Products
CreateBuildDirectory /Users/admin/builder/spi-builder-workspace/.derivedData/Build/Intermediates.noindex
cd /Users/admin/builder/spi-builder-workspace/.swiftpm/xcode
builtin-create-build-directory /Users/admin/builder/spi-builder-workspace/.derivedData/Build/Intermediates.noindex
CreateBuildDirectory /Users/admin/builder/spi-builder-workspace/.derivedData/Build/Intermediates.noindex/SwiftExplicitPrecompiledModules
cd /Users/admin/builder/spi-builder-workspace/.swiftpm/xcode
builtin-create-build-directory /Users/admin/builder/spi-builder-workspace/.derivedData/Build/Intermediates.noindex/SwiftExplicitPrecompiledModules
CreateBuildDirectory /Users/admin/builder/spi-builder-workspace/.derivedData/Build/Intermediates.noindex/PrecompiledHeaders
cd /Users/admin/builder/spi-builder-workspace/.swiftpm/xcode
builtin-create-build-directory /Users/admin/builder/spi-builder-workspace/.derivedData/Build/Intermediates.noindex/PrecompiledHeaders
CreateBuildDirectory /Users/admin/builder/spi-builder-workspace/.derivedData/Build/Intermediates.noindex/ExplicitPrecompiledModules
cd /Users/admin/builder/spi-builder-workspace/.swiftpm/xcode
builtin-create-build-directory /Users/admin/builder/spi-builder-workspace/.derivedData/Build/Intermediates.noindex/ExplicitPrecompiledModules
CreateBuildDirectory /Users/admin/builder/spi-builder-workspace/.derivedData/Build/Intermediates.noindex/EagerLinkingTBDs/Debug-appletvos
cd /Users/admin/builder/spi-builder-workspace/.swiftpm/xcode
builtin-create-build-directory /Users/admin/builder/spi-builder-workspace/.derivedData/Build/Intermediates.noindex/EagerLinkingTBDs/Debug-appletvos
CreateBuildDirectory /Users/admin/builder/spi-builder-workspace/.derivedData/Build/Products/Debug-appletvos
cd /Users/admin/builder/spi-builder-workspace/.swiftpm/xcode
builtin-create-build-directory /Users/admin/builder/spi-builder-workspace/.derivedData/Build/Products/Debug-appletvos
CreateBuildDirectory /Users/admin/builder/spi-builder-workspace/.derivedData/Build/Products/Debug-appletvos/PackageFrameworks
cd /Users/admin/builder/spi-builder-workspace/.swiftpm/xcode
builtin-create-build-directory /Users/admin/builder/spi-builder-workspace/.derivedData/Build/Products/Debug-appletvos/PackageFrameworks
WriteAuxiliaryFile /Users/admin/builder/spi-builder-workspace/.derivedData/Build/Intermediates.noindex/swift-color.build/Debug-appletvos/Color-t.build/Color.modulemap (in target 'Color' from project 'swift-color')
cd /Users/admin/builder/spi-builder-workspace/.dependencies/checkouts/swift-color
write-file /Users/admin/builder/spi-builder-workspace/.derivedData/Build/Intermediates.noindex/swift-color.build/Debug-appletvos/Color-t.build/Color.modulemap
WriteAuxiliaryFile /Users/admin/builder/spi-builder-workspace/.derivedData/Build/Intermediates.noindex/swift-color.build/Debug-appletvos/Color-t.build/Color.DependencyMetadataFileList (in target 'Color' from project 'swift-color')
cd /Users/admin/builder/spi-builder-workspace/.dependencies/checkouts/swift-color
write-file /Users/admin/builder/spi-builder-workspace/.derivedData/Build/Intermediates.noindex/swift-color.build/Debug-appletvos/Color-t.build/Color.DependencyMetadataFileList
WriteAuxiliaryFile /Users/admin/builder/spi-builder-workspace/.derivedData/Build/Intermediates.noindex/swift-color.build/Debug-appletvos/Color-t.build/Color.DependencyStaticMetadataFileList (in target 'Color' from project 'swift-color')
cd /Users/admin/builder/spi-builder-workspace/.dependencies/checkouts/swift-color
write-file /Users/admin/builder/spi-builder-workspace/.derivedData/Build/Intermediates.noindex/swift-color.build/Debug-appletvos/Color-t.build/Color.DependencyStaticMetadataFileList
WriteAuxiliaryFile /Users/admin/builder/spi-builder-workspace/.derivedData/Build/Intermediates.noindex/swift-color.build/Debug-appletvos/Color-t.build/Objects-normal/arm64/Color_const_extract_protocols.json (in target 'Color' from project 'swift-color')
cd /Users/admin/builder/spi-builder-workspace/.dependencies/checkouts/swift-color
write-file /Users/admin/builder/spi-builder-workspace/.derivedData/Build/Intermediates.noindex/swift-color.build/Debug-appletvos/Color-t.build/Objects-normal/arm64/Color_const_extract_protocols.json
WriteAuxiliaryFile /Users/admin/builder/spi-builder-workspace/.derivedData/Build/Intermediates.noindex/swift-color.build/Debug-appletvos/Color-t.build/Objects-normal/arm64/Color.SwiftConstValuesFileList (in target 'Color' from project 'swift-color')
cd /Users/admin/builder/spi-builder-workspace/.dependencies/checkouts/swift-color
write-file /Users/admin/builder/spi-builder-workspace/.derivedData/Build/Intermediates.noindex/swift-color.build/Debug-appletvos/Color-t.build/Objects-normal/arm64/Color.SwiftConstValuesFileList
WriteAuxiliaryFile /Users/admin/builder/spi-builder-workspace/.derivedData/Build/Intermediates.noindex/swift-color.build/Debug-appletvos/Color-t.build/Objects-normal/arm64/Color.LinkFileList (in target 'Color' from project 'swift-color')
cd /Users/admin/builder/spi-builder-workspace/.dependencies/checkouts/swift-color
write-file /Users/admin/builder/spi-builder-workspace/.derivedData/Build/Intermediates.noindex/swift-color.build/Debug-appletvos/Color-t.build/Objects-normal/arm64/Color.LinkFileList
WriteAuxiliaryFile /Users/admin/builder/spi-builder-workspace/.derivedData/Build/Intermediates.noindex/swift-color.build/Debug-appletvos/Color-t.build/Objects-normal/arm64/Color-OutputFileMap.json (in target 'Color' from project 'swift-color')
cd /Users/admin/builder/spi-builder-workspace/.dependencies/checkouts/swift-color
write-file /Users/admin/builder/spi-builder-workspace/.derivedData/Build/Intermediates.noindex/swift-color.build/Debug-appletvos/Color-t.build/Objects-normal/arm64/Color-OutputFileMap.json
WriteAuxiliaryFile /Users/admin/builder/spi-builder-workspace/.derivedData/Build/Intermediates.noindex/swift-color.build/Debug-appletvos/Color-t.build/Objects-normal/arm64/Color.SwiftFileList (in target 'Color' from project 'swift-color')
cd /Users/admin/builder/spi-builder-workspace/.dependencies/checkouts/swift-color
write-file /Users/admin/builder/spi-builder-workspace/.derivedData/Build/Intermediates.noindex/swift-color.build/Debug-appletvos/Color-t.build/Objects-normal/arm64/Color.SwiftFileList
Copy /Users/admin/builder/spi-builder-workspace/.derivedData/Build/Intermediates.noindex/GeneratedModuleMaps-appletvos/Color.modulemap /Users/admin/builder/spi-builder-workspace/.derivedData/Build/Intermediates.noindex/swift-color.build/Debug-appletvos/Color-t.build/Color.modulemap (in target 'Color' from project 'swift-color')
cd /Users/admin/builder/spi-builder-workspace/.dependencies/checkouts/swift-color
builtin-copy -exclude .DS_Store -exclude CVS -exclude .svn -exclude .git -exclude .hg -resolve-src-symlinks /Users/admin/builder/spi-builder-workspace/.derivedData/Build/Intermediates.noindex/swift-color.build/Debug-appletvos/Color-t.build/Color.modulemap /Users/admin/builder/spi-builder-workspace/.derivedData/Build/Intermediates.noindex/GeneratedModuleMaps-appletvos
WriteAuxiliaryFile /Users/admin/builder/spi-builder-workspace/.derivedData/Build/Intermediates.noindex/swift-art.build/Debug-appletvos/ArtUI-t.build/Objects-normal/arm64/ArtUI_const_extract_protocols.json (in target 'ArtUI' from project 'swift-art')
cd /Users/admin/builder/spi-builder-workspace
write-file /Users/admin/builder/spi-builder-workspace/.derivedData/Build/Intermediates.noindex/swift-art.build/Debug-appletvos/ArtUI-t.build/Objects-normal/arm64/ArtUI_const_extract_protocols.json
WriteAuxiliaryFile /Users/admin/builder/spi-builder-workspace/.derivedData/Build/Intermediates.noindex/swift-art.build/Debug-appletvos/ArtUI-t.build/Objects-normal/arm64/ArtUI.SwiftConstValuesFileList (in target 'ArtUI' from project 'swift-art')
cd /Users/admin/builder/spi-builder-workspace
write-file /Users/admin/builder/spi-builder-workspace/.derivedData/Build/Intermediates.noindex/swift-art.build/Debug-appletvos/ArtUI-t.build/Objects-normal/arm64/ArtUI.SwiftConstValuesFileList
WriteAuxiliaryFile /Users/admin/builder/spi-builder-workspace/.derivedData/Build/Intermediates.noindex/swift-art.build/Debug-appletvos/ArtUI-t.build/Objects-normal/arm64/ArtUI.SwiftFileList (in target 'ArtUI' from project 'swift-art')
cd /Users/admin/builder/spi-builder-workspace
write-file /Users/admin/builder/spi-builder-workspace/.derivedData/Build/Intermediates.noindex/swift-art.build/Debug-appletvos/ArtUI-t.build/Objects-normal/arm64/ArtUI.SwiftFileList
WriteAuxiliaryFile /Users/admin/builder/spi-builder-workspace/.derivedData/Build/Intermediates.noindex/swift-art.build/Debug-appletvos/ArtUI-t.build/Objects-normal/arm64/ArtUI.LinkFileList (in target 'ArtUI' from project 'swift-art')
cd /Users/admin/builder/spi-builder-workspace
write-file /Users/admin/builder/spi-builder-workspace/.derivedData/Build/Intermediates.noindex/swift-art.build/Debug-appletvos/ArtUI-t.build/Objects-normal/arm64/ArtUI.LinkFileList
WriteAuxiliaryFile /Users/admin/builder/spi-builder-workspace/.derivedData/Build/Intermediates.noindex/swift-art.build/Debug-appletvos/ArtUI-t.build/Objects-normal/arm64/ArtUI-OutputFileMap.json (in target 'ArtUI' from project 'swift-art')
cd /Users/admin/builder/spi-builder-workspace
write-file /Users/admin/builder/spi-builder-workspace/.derivedData/Build/Intermediates.noindex/swift-art.build/Debug-appletvos/ArtUI-t.build/Objects-normal/arm64/ArtUI-OutputFileMap.json
WriteAuxiliaryFile /Users/admin/builder/spi-builder-workspace/.derivedData/Build/Intermediates.noindex/swift-art.build/Debug-appletvos/ArtUI-t.build/ArtUI.modulemap (in target 'ArtUI' from project 'swift-art')
cd /Users/admin/builder/spi-builder-workspace
write-file /Users/admin/builder/spi-builder-workspace/.derivedData/Build/Intermediates.noindex/swift-art.build/Debug-appletvos/ArtUI-t.build/ArtUI.modulemap
WriteAuxiliaryFile /Users/admin/builder/spi-builder-workspace/.derivedData/Build/Intermediates.noindex/swift-art.build/Debug-appletvos/ArtUI-t.build/ArtUI.DependencyStaticMetadataFileList (in target 'ArtUI' from project 'swift-art')
cd /Users/admin/builder/spi-builder-workspace
write-file /Users/admin/builder/spi-builder-workspace/.derivedData/Build/Intermediates.noindex/swift-art.build/Debug-appletvos/ArtUI-t.build/ArtUI.DependencyStaticMetadataFileList
WriteAuxiliaryFile /Users/admin/builder/spi-builder-workspace/.derivedData/Build/Intermediates.noindex/swift-art.build/Debug-appletvos/ArtUI-t.build/ArtUI.DependencyMetadataFileList (in target 'ArtUI' from project 'swift-art')
cd /Users/admin/builder/spi-builder-workspace
write-file /Users/admin/builder/spi-builder-workspace/.derivedData/Build/Intermediates.noindex/swift-art.build/Debug-appletvos/ArtUI-t.build/ArtUI.DependencyMetadataFileList
WriteAuxiliaryFile /Users/admin/builder/spi-builder-workspace/.derivedData/Build/Intermediates.noindex/swift-art.build/Debug-appletvos/ArtTerminal-t.build/Objects-normal/arm64/ArtTerminal.SwiftFileList (in target 'ArtTerminal' from project 'swift-art')
cd /Users/admin/builder/spi-builder-workspace
write-file /Users/admin/builder/spi-builder-workspace/.derivedData/Build/Intermediates.noindex/swift-art.build/Debug-appletvos/ArtTerminal-t.build/Objects-normal/arm64/ArtTerminal.SwiftFileList
WriteAuxiliaryFile /Users/admin/builder/spi-builder-workspace/.derivedData/Build/Intermediates.noindex/swift-art.build/Debug-appletvos/ArtTerminal-t.build/Objects-normal/arm64/ArtTerminal_const_extract_protocols.json (in target 'ArtTerminal' from project 'swift-art')
cd /Users/admin/builder/spi-builder-workspace
write-file /Users/admin/builder/spi-builder-workspace/.derivedData/Build/Intermediates.noindex/swift-art.build/Debug-appletvos/ArtTerminal-t.build/Objects-normal/arm64/ArtTerminal_const_extract_protocols.json
WriteAuxiliaryFile /Users/admin/builder/spi-builder-workspace/.derivedData/Build/Intermediates.noindex/swift-art.build/Debug-appletvos/ArtTerminal-t.build/Objects-normal/arm64/ArtTerminal.SwiftConstValuesFileList (in target 'ArtTerminal' from project 'swift-art')
cd /Users/admin/builder/spi-builder-workspace
write-file /Users/admin/builder/spi-builder-workspace/.derivedData/Build/Intermediates.noindex/swift-art.build/Debug-appletvos/ArtTerminal-t.build/Objects-normal/arm64/ArtTerminal.SwiftConstValuesFileList
WriteAuxiliaryFile /Users/admin/builder/spi-builder-workspace/.derivedData/Build/Intermediates.noindex/swift-art.build/Debug-appletvos/ArtTerminal-t.build/Objects-normal/arm64/ArtTerminal.LinkFileList (in target 'ArtTerminal' from project 'swift-art')
cd /Users/admin/builder/spi-builder-workspace
write-file /Users/admin/builder/spi-builder-workspace/.derivedData/Build/Intermediates.noindex/swift-art.build/Debug-appletvos/ArtTerminal-t.build/Objects-normal/arm64/ArtTerminal.LinkFileList
WriteAuxiliaryFile /Users/admin/builder/spi-builder-workspace/.derivedData/Build/Intermediates.noindex/swift-art.build/Debug-appletvos/ArtTerminal-t.build/Objects-normal/arm64/ArtTerminal-OutputFileMap.json (in target 'ArtTerminal' from project 'swift-art')
cd /Users/admin/builder/spi-builder-workspace
write-file /Users/admin/builder/spi-builder-workspace/.derivedData/Build/Intermediates.noindex/swift-art.build/Debug-appletvos/ArtTerminal-t.build/Objects-normal/arm64/ArtTerminal-OutputFileMap.json
WriteAuxiliaryFile /Users/admin/builder/spi-builder-workspace/.derivedData/Build/Intermediates.noindex/swift-art.build/Debug-appletvos/ArtTerminal-t.build/ArtTerminal.modulemap (in target 'ArtTerminal' from project 'swift-art')
cd /Users/admin/builder/spi-builder-workspace
write-file /Users/admin/builder/spi-builder-workspace/.derivedData/Build/Intermediates.noindex/swift-art.build/Debug-appletvos/ArtTerminal-t.build/ArtTerminal.modulemap
WriteAuxiliaryFile /Users/admin/builder/spi-builder-workspace/.derivedData/Build/Intermediates.noindex/swift-art.build/Debug-appletvos/ArtTerminal-t.build/ArtTerminal.DependencyStaticMetadataFileList (in target 'ArtTerminal' from project 'swift-art')
cd /Users/admin/builder/spi-builder-workspace
write-file /Users/admin/builder/spi-builder-workspace/.derivedData/Build/Intermediates.noindex/swift-art.build/Debug-appletvos/ArtTerminal-t.build/ArtTerminal.DependencyStaticMetadataFileList
WriteAuxiliaryFile /Users/admin/builder/spi-builder-workspace/.derivedData/Build/Intermediates.noindex/swift-art.build/Debug-appletvos/ArtTerminal-t.build/ArtTerminal.DependencyMetadataFileList (in target 'ArtTerminal' from project 'swift-art')
cd /Users/admin/builder/spi-builder-workspace
write-file /Users/admin/builder/spi-builder-workspace/.derivedData/Build/Intermediates.noindex/swift-art.build/Debug-appletvos/ArtTerminal-t.build/ArtTerminal.DependencyMetadataFileList
Copy /Users/admin/builder/spi-builder-workspace/.derivedData/Build/Intermediates.noindex/GeneratedModuleMaps-appletvos/ArtUI.modulemap /Users/admin/builder/spi-builder-workspace/.derivedData/Build/Intermediates.noindex/swift-art.build/Debug-appletvos/ArtUI-t.build/ArtUI.modulemap (in target 'ArtUI' from project 'swift-art')
cd /Users/admin/builder/spi-builder-workspace
builtin-copy -exclude .DS_Store -exclude CVS -exclude .svn -exclude .git -exclude .hg -resolve-src-symlinks /Users/admin/builder/spi-builder-workspace/.derivedData/Build/Intermediates.noindex/swift-art.build/Debug-appletvos/ArtUI-t.build/ArtUI.modulemap /Users/admin/builder/spi-builder-workspace/.derivedData/Build/Intermediates.noindex/GeneratedModuleMaps-appletvos
WriteAuxiliaryFile /Users/admin/builder/spi-builder-workspace/.derivedData/Build/Intermediates.noindex/swift-art.build/Debug-appletvos/Art-t.build/Art.modulemap (in target 'Art' from project 'swift-art')
cd /Users/admin/builder/spi-builder-workspace
write-file /Users/admin/builder/spi-builder-workspace/.derivedData/Build/Intermediates.noindex/swift-art.build/Debug-appletvos/Art-t.build/Art.modulemap
WriteAuxiliaryFile /Users/admin/builder/spi-builder-workspace/.derivedData/Build/Intermediates.noindex/swift-art.build/Debug-appletvos/Art-t.build/Art.DependencyStaticMetadataFileList (in target 'Art' from project 'swift-art')
cd /Users/admin/builder/spi-builder-workspace
write-file /Users/admin/builder/spi-builder-workspace/.derivedData/Build/Intermediates.noindex/swift-art.build/Debug-appletvos/Art-t.build/Art.DependencyStaticMetadataFileList
WriteAuxiliaryFile /Users/admin/builder/spi-builder-workspace/.derivedData/Build/Intermediates.noindex/swift-art.build/Debug-appletvos/Art-t.build/Objects-normal/arm64/Art-OutputFileMap.json (in target 'Art' from project 'swift-art')
cd /Users/admin/builder/spi-builder-workspace
write-file /Users/admin/builder/spi-builder-workspace/.derivedData/Build/Intermediates.noindex/swift-art.build/Debug-appletvos/Art-t.build/Objects-normal/arm64/Art-OutputFileMap.json
WriteAuxiliaryFile /Users/admin/builder/spi-builder-workspace/.derivedData/Build/Intermediates.noindex/swift-art.build/Debug-appletvos/Art-t.build/Objects-normal/arm64/Art_const_extract_protocols.json (in target 'Art' from project 'swift-art')
cd /Users/admin/builder/spi-builder-workspace
write-file /Users/admin/builder/spi-builder-workspace/.derivedData/Build/Intermediates.noindex/swift-art.build/Debug-appletvos/Art-t.build/Objects-normal/arm64/Art_const_extract_protocols.json
WriteAuxiliaryFile /Users/admin/builder/spi-builder-workspace/.derivedData/Build/Intermediates.noindex/swift-art.build/Debug-appletvos/Art-t.build/Objects-normal/arm64/Art.SwiftConstValuesFileList (in target 'Art' from project 'swift-art')
cd /Users/admin/builder/spi-builder-workspace
write-file /Users/admin/builder/spi-builder-workspace/.derivedData/Build/Intermediates.noindex/swift-art.build/Debug-appletvos/Art-t.build/Objects-normal/arm64/Art.SwiftConstValuesFileList
WriteAuxiliaryFile /Users/admin/builder/spi-builder-workspace/.derivedData/Build/Intermediates.noindex/swift-art.build/Debug-appletvos/Art-t.build/Objects-normal/arm64/Art.SwiftFileList (in target 'Art' from project 'swift-art')
cd /Users/admin/builder/spi-builder-workspace
write-file /Users/admin/builder/spi-builder-workspace/.derivedData/Build/Intermediates.noindex/swift-art.build/Debug-appletvos/Art-t.build/Objects-normal/arm64/Art.SwiftFileList
WriteAuxiliaryFile /Users/admin/builder/spi-builder-workspace/.derivedData/Build/Intermediates.noindex/swift-art.build/Debug-appletvos/Art-t.build/Objects-normal/arm64/Art.LinkFileList (in target 'Art' from project 'swift-art')
cd /Users/admin/builder/spi-builder-workspace
write-file /Users/admin/builder/spi-builder-workspace/.derivedData/Build/Intermediates.noindex/swift-art.build/Debug-appletvos/Art-t.build/Objects-normal/arm64/Art.LinkFileList
Copy /Users/admin/builder/spi-builder-workspace/.derivedData/Build/Intermediates.noindex/GeneratedModuleMaps-appletvos/ArtTerminal.modulemap /Users/admin/builder/spi-builder-workspace/.derivedData/Build/Intermediates.noindex/swift-art.build/Debug-appletvos/ArtTerminal-t.build/ArtTerminal.modulemap (in target 'ArtTerminal' from project 'swift-art')
cd /Users/admin/builder/spi-builder-workspace
builtin-copy -exclude .DS_Store -exclude CVS -exclude .svn -exclude .git -exclude .hg -resolve-src-symlinks /Users/admin/builder/spi-builder-workspace/.derivedData/Build/Intermediates.noindex/swift-art.build/Debug-appletvos/ArtTerminal-t.build/ArtTerminal.modulemap /Users/admin/builder/spi-builder-workspace/.derivedData/Build/Intermediates.noindex/GeneratedModuleMaps-appletvos
WriteAuxiliaryFile /Users/admin/builder/spi-builder-workspace/.derivedData/Build/Intermediates.noindex/swift-art.build/Debug-appletvos/Art-t.build/Art.DependencyMetadataFileList (in target 'Art' from project 'swift-art')
cd /Users/admin/builder/spi-builder-workspace
write-file /Users/admin/builder/spi-builder-workspace/.derivedData/Build/Intermediates.noindex/swift-art.build/Debug-appletvos/Art-t.build/Art.DependencyMetadataFileList
Copy /Users/admin/builder/spi-builder-workspace/.derivedData/Build/Intermediates.noindex/GeneratedModuleMaps-appletvos/Art.modulemap /Users/admin/builder/spi-builder-workspace/.derivedData/Build/Intermediates.noindex/swift-art.build/Debug-appletvos/Art-t.build/Art.modulemap (in target 'Art' from project 'swift-art')
cd /Users/admin/builder/spi-builder-workspace
builtin-copy -exclude .DS_Store -exclude CVS -exclude .svn -exclude .git -exclude .hg -resolve-src-symlinks /Users/admin/builder/spi-builder-workspace/.derivedData/Build/Intermediates.noindex/swift-art.build/Debug-appletvos/Art-t.build/Art.modulemap /Users/admin/builder/spi-builder-workspace/.derivedData/Build/Intermediates.noindex/GeneratedModuleMaps-appletvos
SwiftDriver Color normal arm64 com.apple.xcode.tools.swift.compiler (in target 'Color' from project 'swift-color')
cd /Users/admin/builder/spi-builder-workspace/.swiftpm/xcode
builtin-SwiftDriver -- /Applications/Xcode-27.0.0-Release.Candidate.app/Contents/Developer/Toolchains/XcodeDefault.xctoolchain/usr/bin/swiftc -parse-as-library -module-name Color -Onone @/Users/admin/builder/spi-builder-workspace/.derivedData/Build/Intermediates.noindex/swift-color.build/Debug-appletvos/Color-t.build/Objects-normal/arm64/Color.SwiftFileList -DSWIFT_PACKAGE -DDEBUG -DSWIFT_MODULE_RESOURCE_BUNDLE_UNAVAILABLE -DXcode -plugin-path /Applications/Xcode-27.0.0-Release.Candidate.app/Contents/Developer/Toolchains/XcodeDefault.xctoolchain/usr/lib/swift/host/plugins/testing -enable-experimental-feature DebugDescriptionMacro -sdk /Applications/Xcode-27.0.0-Release.Candidate.app/Contents/Developer/Platforms/AppleTVOS.platform/Developer/SDKs/AppleTVOS27.0.sdk -target arm64-apple-tvos16.0 -g -module-cache-path /Users/admin/builder/spi-builder-workspace/.derivedData/ModuleCache.noindex -Xfrontend -serialize-debugging-options -profile-coverage-mapping -profile-generate -enable-testing -suppress-warnings -index-store-path /Users/admin/builder/spi-builder-workspace/.derivedData/Index.noindex/DataStore -Xcc -D_LIBCPP_HARDENING_MODE\=_LIBCPP_HARDENING_MODE_DEBUG -swift-version 6 -I /Users/admin/builder/spi-builder-workspace/.derivedData/Build/Products/Debug-appletvos -Isystem /Applications/Xcode-27.0.0-Release.Candidate.app/Contents/Developer/Platforms/AppleTVOS.platform/Developer/usr/lib -F /Users/admin/builder/spi-builder-workspace/.derivedData/Build/Products/Debug-appletvos -F /Applications/Xcode-27.0.0-Release.Candidate.app/Contents/Developer/Platforms/AppleTVOS.platform/Developer/Library/Frameworks -F /Applications/Xcode-27.0.0-Release.Candidate.app/Contents/Developer/Platforms/AppleTVOS.platform/Developer/SDKs/AppleTVOS27.0.sdk/Developer/Library/Frameworks -c -j10 -enable-batch-mode -incremental -Xcc -ivfsstatcache -Xcc /Users/admin/builder/spi-builder-workspace/.derivedData/SDKStatCaches.noindex/appletvos27.0-24J360-e829b21a6f8c9b70876ba0858053c044b32bfd8d43560033f8d89884cdb90028.sdkstatcache -output-file-map /Users/admin/builder/spi-builder-workspace/.derivedData/Build/Intermediates.noindex/swift-color.build/Debug-appletvos/Color-t.build/Objects-normal/arm64/Color-OutputFileMap.json -save-temps -no-color-diagnostics -explicit-module-build -module-cache-path /Users/admin/builder/spi-builder-workspace/.derivedData/Build/Intermediates.noindex/SwiftExplicitPrecompiledModules -clang-scanner-module-cache-path /Users/admin/builder/spi-builder-workspace/.derivedData/ModuleCache.noindex -sdk-module-cache-path /Users/admin/builder/spi-builder-workspace/.derivedData/SDKExplicitPrecompiledModules -emit-dependencies -emit-module -emit-module-path /Users/admin/builder/spi-builder-workspace/.derivedData/Build/Intermediates.noindex/swift-color.build/Debug-appletvos/Color-t.build/Objects-normal/arm64/Color.swiftmodule -serialize-diagnostics -dependency-scan-serialize-diagnostics-path /Users/admin/builder/spi-builder-workspace/.derivedData/Build/Intermediates.noindex/swift-color.build/Debug-appletvos/Color-t.build/Objects-normal/arm64/Color-dependency-scan.dia -user-module-version 0.1.0 -validate-clang-modules-once -clang-build-session-file /Users/admin/builder/spi-builder-workspace/.derivedData/ModuleCache.noindex/Session.modulevalidation -Xcc -fmodules-prune-interval\=86400 -Xcc -fmodules-prune-after\=345600 -package-name swift_color -emit-const-values -const-gather-protocols-list /Users/admin/builder/spi-builder-workspace/.derivedData/Build/Intermediates.noindex/swift-color.build/Debug-appletvos/Color-t.build/Objects-normal/arm64/Color_const_extract_protocols.json -Xcc -I/Users/admin/builder/spi-builder-workspace/.derivedData/Build/Products/Debug-appletvos/include -Xcc -I/Users/admin/builder/spi-builder-workspace/.derivedData/Build/Intermediates.noindex/swift-color.build/Debug-appletvos/Color-t.build/DerivedSources-normal/arm64 -Xcc -I/Users/admin/builder/spi-builder-workspace/.derivedData/Build/Intermediates.noindex/swift-color.build/Debug-appletvos/Color-t.build/DerivedSources/arm64 -Xcc -I/Users/admin/builder/spi-builder-workspace/.derivedData/Build/Intermediates.noindex/swift-color.build/Debug-appletvos/Color-t.build/DerivedSources -Xcc -DSWIFT_PACKAGE -Xcc -DDEBUG\=1 -emit-objc-header -emit-objc-header-path /Users/admin/builder/spi-builder-workspace/.derivedData/Build/Intermediates.noindex/swift-color.build/Debug-appletvos/Color-t.build/Objects-normal/arm64/Color-Swift.h -working-directory /Users/admin/builder/spi-builder-workspace/.swiftpm/xcode -experimental-emit-module-separately -disable-cmo
SwiftExplicitDependencyGeneratePcm arm64 /Users/admin/builder/spi-builder-workspace/.derivedData/SDKExplicitPrecompiledModules/_AvailabilityInternal-99L1JVU5TYE8S0FGGB7E09QQS.pcm
SwiftExplicitDependencyGeneratePcm arm64 /Users/admin/builder/spi-builder-workspace/.derivedData/SDKExplicitPrecompiledModules/SwiftShims-73G9EXEO9PVWB6PL1BR4TAJ0B.pcm
SwiftExplicitDependencyGeneratePcm arm64 /Users/admin/builder/spi-builder-workspace/.derivedData/SDKExplicitPrecompiledModules/_Builtin_stddef-1MAO6P3OSQFGZFQEPM31XXNSS.pcm
SwiftExplicitDependencyGeneratePcm arm64 /Users/admin/builder/spi-builder-workspace/.derivedData/SDKExplicitPrecompiledModules/_SwiftConcurrencyShims-3HZGHPZQL3GY71QUHDRB0P39S.pcm
SwiftExplicitDependencyGeneratePcm arm64 /Users/admin/builder/spi-builder-workspace/.derivedData/SDKExplicitPrecompiledModules/_Builtin_float-3RF4B70MBHPP952AX3GNZ8W3H.pcm
SwiftExplicitDependencyGeneratePcm arm64 /Users/admin/builder/spi-builder-workspace/.derivedData/SDKExplicitPrecompiledModules/ptrauth-EMKXYE8GN9BK4M3ODSTVDUJU2.pcm
SwiftExplicitDependencyGeneratePcm arm64 /Users/admin/builder/spi-builder-workspace/.derivedData/SDKExplicitPrecompiledModules/ptrcheck-BA65H1NXYZJ0BLLWO9HZOAZ6Y.pcm
SwiftExplicitDependencyGeneratePcm arm64 /Users/admin/builder/spi-builder-workspace/.derivedData/SDKExplicitPrecompiledModules/_Builtin_stdarg-719DH4G2R3NRP3HRX5HE8WX08.pcm
SwiftExplicitDependencyGeneratePcm arm64 /Users/admin/builder/spi-builder-workspace/.derivedData/SDKExplicitPrecompiledModules/_Builtin_stdbool-4UUPXTY52W6RPSB0N2WGGLTJT.pcm
SwiftExplicitDependencyGeneratePcm arm64 /Users/admin/builder/spi-builder-workspace/.derivedData/SDKExplicitPrecompiledModules/_DarwinFoundation1-90NUFDXQ765U5FR62173FT21A.pcm
SwiftExplicitDependencyGeneratePcm arm64 /Users/admin/builder/spi-builder-workspace/.derivedData/SDKExplicitPrecompiledModules/_DarwinFoundation2-EPKSYG5WMVE7WSPFQB4C0UC59.pcm
SwiftExplicitDependencyGeneratePcm arm64 /Users/admin/builder/spi-builder-workspace/.derivedData/SDKExplicitPrecompiledModules/_Builtin_limits-3JICJWOCEYXXXNXAMEJBF6UQN.pcm
SwiftExplicitDependencyGeneratePcm arm64 /Users/admin/builder/spi-builder-workspace/.derivedData/SDKExplicitPrecompiledModules/string_h-B6D36UOVIZC2Y0YE3KEZLZAP6.pcm
SwiftExplicitDependencyGeneratePcm arm64 /Users/admin/builder/spi-builder-workspace/.derivedData/SDKExplicitPrecompiledModules/sys_types-CATSGLJDZ8UZUMKHO6M4I4PJT.pcm
SwiftExplicitDependencyGeneratePcm arm64 /Users/admin/builder/spi-builder-workspace/.derivedData/SDKExplicitPrecompiledModules/_Builtin_stdint-A8OKY0NXO26BZ4GWYKP79TKL9.pcm
SwiftExplicitDependencyGeneratePcm arm64 /Users/admin/builder/spi-builder-workspace/.derivedData/SDKExplicitPrecompiledModules/_DarwinFoundation3-63L5I5VCGX6CLI6HI7OWUXJN6.pcm
SwiftExplicitDependencyGeneratePcm arm64 /Users/admin/builder/spi-builder-workspace/.derivedData/SDKExplicitPrecompiledModules/_Builtin_inttypes-80RS02PM2X81SP8N0Q7X05540.pcm
SwiftExplicitDependencyGeneratePcm arm64 /Users/admin/builder/spi-builder-workspace/.derivedData/SDKExplicitPrecompiledModules/Darwin-1VTILT8KA42CNDAUB0H1FM7MC.pcm
SwiftExplicitDependencyGeneratePcm arm64 /Users/admin/builder/spi-builder-workspace/.derivedData/SDKExplicitPrecompiledModules/ObjectiveC-CC0BYHG21IQMMT48PGDNSK7G6.pcm
SwiftExplicitDependencyGeneratePcm arm64 /Users/admin/builder/spi-builder-workspace/.derivedData/SDKExplicitPrecompiledModules/os_object-1TJLDNS7X3UT7Y5TM4QQ2RN6G.pcm
SwiftExplicitDependencyGeneratePcm arm64 /Users/admin/builder/spi-builder-workspace/.derivedData/SDKExplicitPrecompiledModules/os_workgroup-E61GF9E8FAHZGKXVOV9QHUD27.pcm
SwiftExplicitDependencyGeneratePcm arm64 /Users/admin/builder/spi-builder-workspace/.derivedData/SDKExplicitPrecompiledModules/Dispatch-F564M6B2H1RRD83XZ8EBWFSHE.pcm
SwiftExplicitDependencyGeneratePcm arm64 /Users/admin/builder/spi-builder-workspace/.derivedData/SDKExplicitPrecompiledModules/XPC-2WVXL0UION0MYZOZAJZC6DUXD.pcm
SwiftExplicitDependencyGeneratePcm arm64 /Users/admin/builder/spi-builder-workspace/.derivedData/SDKExplicitPrecompiledModules/CoreFoundation-A4LOYEEJIFQKOPZRDOG9M3N2K.pcm
SwiftExplicitDependencyGeneratePcm arm64 /Users/admin/builder/spi-builder-workspace/.derivedData/SDKExplicitPrecompiledModules/Security-6KU6X9W8QDIJW83JUF0DRES83.pcm
SwiftExplicitDependencyGeneratePcm arm64 /Users/admin/builder/spi-builder-workspace/.derivedData/SDKExplicitPrecompiledModules/CFNetwork-8S7XZ5SI3TWM2JOZPDZPRY8W9.pcm
SwiftExplicitDependencyGeneratePcm arm64 /Users/admin/builder/spi-builder-workspace/.derivedData/SDKExplicitPrecompiledModules/Foundation-1AS5K10MY6XENLLR2NDUCKYTM.pcm
SwiftEmitModule normal arm64 Emitting\ module\ for\ Color (in target 'Color' from project 'swift-color')
SwiftCompile normal arm64 (in target 'Color' from project 'swift-color')
cd /Users/admin/builder/spi-builder-workspace/.swiftpm/xcode
SwiftCompile normal arm64 Compiling\ Color+Manipulation.swift /Users/admin/builder/spi-builder-workspace/.dependencies/checkouts/swift-color/Sources/Color/Color+Manipulation.swift (in target 'Color' from project 'swift-color')
SwiftCompile normal arm64 /Users/admin/builder/spi-builder-workspace/.dependencies/checkouts/swift-color/Sources/Color/Color+Manipulation.swift (in target 'Color' from project 'swift-color')
cd /Users/admin/builder/spi-builder-workspace/.swiftpm/xcode
builtin-SwiftPerFileCompile Color+Manipulation.swift
SwiftCompile normal arm64 Compiling\ NamedColor.swift /Users/admin/builder/spi-builder-workspace/.dependencies/checkouts/swift-color/Sources/Color/NamedColor.swift (in target 'Color' from project 'swift-color')
SwiftCompile normal arm64 /Users/admin/builder/spi-builder-workspace/.dependencies/checkouts/swift-color/Sources/Color/NamedColor.swift (in target 'Color' from project 'swift-color')
cd /Users/admin/builder/spi-builder-workspace/.swiftpm/xcode
builtin-SwiftPerFileCompile NamedColor.swift
SwiftCompile normal arm64 Compiling\ Color+Accessibility.swift /Users/admin/builder/spi-builder-workspace/.dependencies/checkouts/swift-color/Sources/Color/Color+Accessibility.swift (in target 'Color' from project 'swift-color')
SwiftCompile normal arm64 /Users/admin/builder/spi-builder-workspace/.dependencies/checkouts/swift-color/Sources/Color/Color+Accessibility.swift (in target 'Color' from project 'swift-color')
cd /Users/admin/builder/spi-builder-workspace/.swiftpm/xcode
builtin-SwiftPerFileCompile Color+Accessibility.swift
SwiftCompile normal arm64 Compiling\ Color+Hex.swift /Users/admin/builder/spi-builder-workspace/.dependencies/checkouts/swift-color/Sources/Color/Color+Hex.swift (in target 'Color' from project 'swift-color')
SwiftCompile normal arm64 /Users/admin/builder/spi-builder-workspace/.dependencies/checkouts/swift-color/Sources/Color/Color+Hex.swift (in target 'Color' from project 'swift-color')
cd /Users/admin/builder/spi-builder-workspace/.swiftpm/xcode
builtin-SwiftPerFileCompile Color+Hex.swift
SwiftCompile normal arm64 Compiling\ Color+LAB.swift /Users/admin/builder/spi-builder-workspace/.dependencies/checkouts/swift-color/Sources/Color/Color+LAB.swift (in target 'Color' from project 'swift-color')
SwiftCompile normal arm64 /Users/admin/builder/spi-builder-workspace/.dependencies/checkouts/swift-color/Sources/Color/Color+LAB.swift (in target 'Color' from project 'swift-color')
cd /Users/admin/builder/spi-builder-workspace/.swiftpm/xcode
builtin-SwiftPerFileCompile Color+LAB.swift
SwiftCompile normal arm64 Compiling\ Color+Palette.swift /Users/admin/builder/spi-builder-workspace/.dependencies/checkouts/swift-color/Sources/Color/Color+Palette.swift (in target 'Color' from project 'swift-color')
SwiftCompile normal arm64 /Users/admin/builder/spi-builder-workspace/.dependencies/checkouts/swift-color/Sources/Color/Color+Palette.swift (in target 'Color' from project 'swift-color')
cd /Users/admin/builder/spi-builder-workspace/.swiftpm/xcode
builtin-SwiftPerFileCompile Color+Palette.swift
SwiftCompile normal arm64 Compiling\ Color+HSV.swift /Users/admin/builder/spi-builder-workspace/.dependencies/checkouts/swift-color/Sources/Color/Color+HSV.swift (in target 'Color' from project 'swift-color')
SwiftCompile normal arm64 /Users/admin/builder/spi-builder-workspace/.dependencies/checkouts/swift-color/Sources/Color/Color+HSV.swift (in target 'Color' from project 'swift-color')
cd /Users/admin/builder/spi-builder-workspace/.swiftpm/xcode
builtin-SwiftPerFileCompile Color+HSV.swift
SwiftCompile normal arm64 Compiling\ Color.swift /Users/admin/builder/spi-builder-workspace/.dependencies/checkouts/swift-color/Sources/Color/Color.swift (in target 'Color' from project 'swift-color')
SwiftCompile normal arm64 /Users/admin/builder/spi-builder-workspace/.dependencies/checkouts/swift-color/Sources/Color/Color.swift (in target 'Color' from project 'swift-color')
cd /Users/admin/builder/spi-builder-workspace/.swiftpm/xcode
builtin-SwiftPerFileCompile Color.swift
SwiftCompile normal arm64 Compiling\ Color+HSL.swift /Users/admin/builder/spi-builder-workspace/.dependencies/checkouts/swift-color/Sources/Color/Color+HSL.swift (in target 'Color' from project 'swift-color')
SwiftCompile normal arm64 /Users/admin/builder/spi-builder-workspace/.dependencies/checkouts/swift-color/Sources/Color/Color+HSL.swift (in target 'Color' from project 'swift-color')
cd /Users/admin/builder/spi-builder-workspace/.swiftpm/xcode
builtin-SwiftPerFileCompile Color+HSL.swift
SwiftDriverJobDiscovery normal arm64 Emitting module for Color (in target 'Color' from project 'swift-color')
SwiftDriver\ Compilation\ Requirements Color normal arm64 com.apple.xcode.tools.swift.compiler (in target 'Color' from project 'swift-color')
cd /Users/admin/builder/spi-builder-workspace/.swiftpm/xcode
builtin-Swift-Compilation-Requirements -- /Applications/Xcode-27.0.0-Release.Candidate.app/Contents/Developer/Toolchains/XcodeDefault.xctoolchain/usr/bin/swiftc -parse-as-library -module-name Color -Onone @/Users/admin/builder/spi-builder-workspace/.derivedData/Build/Intermediates.noindex/swift-color.build/Debug-appletvos/Color-t.build/Objects-normal/arm64/Color.SwiftFileList -DSWIFT_PACKAGE -DDEBUG -DSWIFT_MODULE_RESOURCE_BUNDLE_UNAVAILABLE -DXcode -plugin-path /Applications/Xcode-27.0.0-Release.Candidate.app/Contents/Developer/Toolchains/XcodeDefault.xctoolchain/usr/lib/swift/host/plugins/testing -enable-experimental-feature DebugDescriptionMacro -sdk /Applications/Xcode-27.0.0-Release.Candidate.app/Contents/Developer/Platforms/AppleTVOS.platform/Developer/SDKs/AppleTVOS27.0.sdk -target arm64-apple-tvos16.0 -g -module-cache-path /Users/admin/builder/spi-builder-workspace/.derivedData/ModuleCache.noindex -Xfrontend -serialize-debugging-options -profile-coverage-mapping -profile-generate -enable-testing -suppress-warnings -index-store-path /Users/admin/builder/spi-builder-workspace/.derivedData/Index.noindex/DataStore -Xcc -D_LIBCPP_HARDENING_MODE\=_LIBCPP_HARDENING_MODE_DEBUG -swift-version 6 -I /Users/admin/builder/spi-builder-workspace/.derivedData/Build/Products/Debug-appletvos -Isystem /Applications/Xcode-27.0.0-Release.Candidate.app/Contents/Developer/Platforms/AppleTVOS.platform/Developer/usr/lib -F /Users/admin/builder/spi-builder-workspace/.derivedData/Build/Products/Debug-appletvos -F /Applications/Xcode-27.0.0-Release.Candidate.app/Contents/Developer/Platforms/AppleTVOS.platform/Developer/Library/Frameworks -F /Applications/Xcode-27.0.0-Release.Candidate.app/Contents/Developer/Platforms/AppleTVOS.platform/Developer/SDKs/AppleTVOS27.0.sdk/Developer/Library/Frameworks -c -j10 -enable-batch-mode -incremental -Xcc -ivfsstatcache -Xcc /Users/admin/builder/spi-builder-workspace/.derivedData/SDKStatCaches.noindex/appletvos27.0-24J360-e829b21a6f8c9b70876ba0858053c044b32bfd8d43560033f8d89884cdb90028.sdkstatcache -output-file-map /Users/admin/builder/spi-builder-workspace/.derivedData/Build/Intermediates.noindex/swift-color.build/Debug-appletvos/Color-t.build/Objects-normal/arm64/Color-OutputFileMap.json -save-temps -no-color-diagnostics -explicit-module-build -module-cache-path /Users/admin/builder/spi-builder-workspace/.derivedData/Build/Intermediates.noindex/SwiftExplicitPrecompiledModules -clang-scanner-module-cache-path /Users/admin/builder/spi-builder-workspace/.derivedData/ModuleCache.noindex -sdk-module-cache-path /Users/admin/builder/spi-builder-workspace/.derivedData/SDKExplicitPrecompiledModules -emit-dependencies -emit-module -emit-module-path /Users/admin/builder/spi-builder-workspace/.derivedData/Build/Intermediates.noindex/swift-color.build/Debug-appletvos/Color-t.build/Objects-normal/arm64/Color.swiftmodule -serialize-diagnostics -dependency-scan-serialize-diagnostics-path /Users/admin/builder/spi-builder-workspace/.derivedData/Build/Intermediates.noindex/swift-color.build/Debug-appletvos/Color-t.build/Objects-normal/arm64/Color-dependency-scan.dia -user-module-version 0.1.0 -validate-clang-modules-once -clang-build-session-file /Users/admin/builder/spi-builder-workspace/.derivedData/ModuleCache.noindex/Session.modulevalidation -Xcc -fmodules-prune-interval\=86400 -Xcc -fmodules-prune-after\=345600 -package-name swift_color -emit-const-values -const-gather-protocols-list /Users/admin/builder/spi-builder-workspace/.derivedData/Build/Intermediates.noindex/swift-color.build/Debug-appletvos/Color-t.build/Objects-normal/arm64/Color_const_extract_protocols.json -Xcc -I/Users/admin/builder/spi-builder-workspace/.derivedData/Build/Products/Debug-appletvos/include -Xcc -I/Users/admin/builder/spi-builder-workspace/.derivedData/Build/Intermediates.noindex/swift-color.build/Debug-appletvos/Color-t.build/DerivedSources-normal/arm64 -Xcc -I/Users/admin/builder/spi-builder-workspace/.derivedData/Build/Intermediates.noindex/swift-color.build/Debug-appletvos/Color-t.build/DerivedSources/arm64 -Xcc -I/Users/admin/builder/spi-builder-workspace/.derivedData/Build/Intermediates.noindex/swift-color.build/Debug-appletvos/Color-t.build/DerivedSources -Xcc -DSWIFT_PACKAGE -Xcc -DDEBUG\=1 -emit-objc-header -emit-objc-header-path /Users/admin/builder/spi-builder-workspace/.derivedData/Build/Intermediates.noindex/swift-color.build/Debug-appletvos/Color-t.build/Objects-normal/arm64/Color-Swift.h -working-directory /Users/admin/builder/spi-builder-workspace/.swiftpm/xcode -experimental-emit-module-separately -disable-cmo
SwiftMergeGeneratedHeaders /Users/admin/builder/spi-builder-workspace/.derivedData/Build/Intermediates.noindex/GeneratedModuleMaps-appletvos/Color-Swift.h /Users/admin/builder/spi-builder-workspace/.derivedData/Build/Intermediates.noindex/swift-color.build/Debug-appletvos/Color-t.build/Objects-normal/arm64/Color-Swift.h (in target 'Color' from project 'swift-color')
cd /Users/admin/builder/spi-builder-workspace/.dependencies/checkouts/swift-color
builtin-swiftHeaderTool -arch arm64 /Users/admin/builder/spi-builder-workspace/.derivedData/Build/Intermediates.noindex/swift-color.build/Debug-appletvos/Color-t.build/Objects-normal/arm64/Color-Swift.h -o /Users/admin/builder/spi-builder-workspace/.derivedData/Build/Intermediates.noindex/GeneratedModuleMaps-appletvos/Color-Swift.h
Copy /Users/admin/builder/spi-builder-workspace/.derivedData/Build/Products/Debug-appletvos/Color.swiftmodule/arm64-apple-tvos.swiftmodule /Users/admin/builder/spi-builder-workspace/.derivedData/Build/Intermediates.noindex/swift-color.build/Debug-appletvos/Color-t.build/Objects-normal/arm64/Color.swiftmodule (in target 'Color' from project 'swift-color')
cd /Users/admin/builder/spi-builder-workspace/.dependencies/checkouts/swift-color
builtin-copy -exclude .DS_Store -exclude CVS -exclude .svn -exclude .git -exclude .hg -resolve-src-symlinks -rename /Users/admin/builder/spi-builder-workspace/.derivedData/Build/Intermediates.noindex/swift-color.build/Debug-appletvos/Color-t.build/Objects-normal/arm64/Color.swiftmodule /Users/admin/builder/spi-builder-workspace/.derivedData/Build/Products/Debug-appletvos/Color.swiftmodule/arm64-apple-tvos.swiftmodule
Copy /Users/admin/builder/spi-builder-workspace/.derivedData/Build/Products/Debug-appletvos/Color.swiftmodule/arm64-apple-tvos.swiftdoc /Users/admin/builder/spi-builder-workspace/.derivedData/Build/Intermediates.noindex/swift-color.build/Debug-appletvos/Color-t.build/Objects-normal/arm64/Color.swiftdoc (in target 'Color' from project 'swift-color')
cd /Users/admin/builder/spi-builder-workspace/.dependencies/checkouts/swift-color
builtin-copy -exclude .DS_Store -exclude CVS -exclude .svn -exclude .git -exclude .hg -resolve-src-symlinks -rename /Users/admin/builder/spi-builder-workspace/.derivedData/Build/Intermediates.noindex/swift-color.build/Debug-appletvos/Color-t.build/Objects-normal/arm64/Color.swiftdoc /Users/admin/builder/spi-builder-workspace/.derivedData/Build/Products/Debug-appletvos/Color.swiftmodule/arm64-apple-tvos.swiftdoc
Copy /Users/admin/builder/spi-builder-workspace/.derivedData/Build/Products/Debug-appletvos/Color.swiftmodule/arm64-apple-tvos.abi.json /Users/admin/builder/spi-builder-workspace/.derivedData/Build/Intermediates.noindex/swift-color.build/Debug-appletvos/Color-t.build/Objects-normal/arm64/Color.abi.json (in target 'Color' from project 'swift-color')
cd /Users/admin/builder/spi-builder-workspace/.dependencies/checkouts/swift-color
builtin-copy -exclude .DS_Store -exclude CVS -exclude .svn -exclude .git -exclude .hg -resolve-src-symlinks -rename /Users/admin/builder/spi-builder-workspace/.derivedData/Build/Intermediates.noindex/swift-color.build/Debug-appletvos/Color-t.build/Objects-normal/arm64/Color.abi.json /Users/admin/builder/spi-builder-workspace/.derivedData/Build/Products/Debug-appletvos/Color.swiftmodule/arm64-apple-tvos.abi.json
Copy /Users/admin/builder/spi-builder-workspace/.derivedData/Build/Products/Debug-appletvos/Color.swiftmodule/Project/arm64-apple-tvos.swiftsourceinfo /Users/admin/builder/spi-builder-workspace/.derivedData/Build/Intermediates.noindex/swift-color.build/Debug-appletvos/Color-t.build/Objects-normal/arm64/Color.swiftsourceinfo (in target 'Color' from project 'swift-color')
cd /Users/admin/builder/spi-builder-workspace/.dependencies/checkouts/swift-color
builtin-copy -exclude .DS_Store -exclude CVS -exclude .svn -exclude .git -exclude .hg -resolve-src-symlinks -rename /Users/admin/builder/spi-builder-workspace/.derivedData/Build/Intermediates.noindex/swift-color.build/Debug-appletvos/Color-t.build/Objects-normal/arm64/Color.swiftsourceinfo /Users/admin/builder/spi-builder-workspace/.derivedData/Build/Products/Debug-appletvos/Color.swiftmodule/Project/arm64-apple-tvos.swiftsourceinfo
SwiftDriver Art normal arm64 com.apple.xcode.tools.swift.compiler (in target 'Art' from project 'swift-art')
cd /Users/admin/builder/spi-builder-workspace/.swiftpm/xcode
builtin-SwiftDriver -- /Applications/Xcode-27.0.0-Release.Candidate.app/Contents/Developer/Toolchains/XcodeDefault.xctoolchain/usr/bin/swiftc -parse-as-library -module-name Art -Onone @/Users/admin/builder/spi-builder-workspace/.derivedData/Build/Intermediates.noindex/swift-art.build/Debug-appletvos/Art-t.build/Objects-normal/arm64/Art.SwiftFileList -DSWIFT_PACKAGE -DDEBUG -DSWIFT_MODULE_RESOURCE_BUNDLE_UNAVAILABLE -DXcode -plugin-path /Applications/Xcode-27.0.0-Release.Candidate.app/Contents/Developer/Toolchains/XcodeDefault.xctoolchain/usr/lib/swift/host/plugins/testing -enable-experimental-feature DebugDescriptionMacro -sdk /Applications/Xcode-27.0.0-Release.Candidate.app/Contents/Developer/Platforms/AppleTVOS.platform/Developer/SDKs/AppleTVOS27.0.sdk -target arm64-apple-tvos16.0 -g -module-cache-path /Users/admin/builder/spi-builder-workspace/.derivedData/ModuleCache.noindex -Xfrontend -serialize-debugging-options -profile-coverage-mapping -profile-generate -enable-testing -index-store-path /Users/admin/builder/spi-builder-workspace/.derivedData/Index.noindex/DataStore -Xcc -D_LIBCPP_HARDENING_MODE\=_LIBCPP_HARDENING_MODE_DEBUG -swift-version 6 -I /Users/admin/builder/spi-builder-workspace/.derivedData/Build/Products/Debug-appletvos -Isystem /Applications/Xcode-27.0.0-Release.Candidate.app/Contents/Developer/Platforms/AppleTVOS.platform/Developer/usr/lib -F /Users/admin/builder/spi-builder-workspace/.derivedData/Build/Products/Debug-appletvos/PackageFrameworks -F /Users/admin/builder/spi-builder-workspace/.derivedData/Build/Products/Debug-appletvos -F /Applications/Xcode-27.0.0-Release.Candidate.app/Contents/Developer/Platforms/AppleTVOS.platform/Developer/Library/Frameworks -F /Applications/Xcode-27.0.0-Release.Candidate.app/Contents/Developer/Platforms/AppleTVOS.platform/Developer/SDKs/AppleTVOS27.0.sdk/Developer/Library/Frameworks -c -j10 -enable-batch-mode -incremental -Xcc -ivfsstatcache -Xcc /Users/admin/builder/spi-builder-workspace/.derivedData/SDKStatCaches.noindex/appletvos27.0-24J360-e829b21a6f8c9b70876ba0858053c044b32bfd8d43560033f8d89884cdb90028.sdkstatcache -output-file-map /Users/admin/builder/spi-builder-workspace/.derivedData/Build/Intermediates.noindex/swift-art.build/Debug-appletvos/Art-t.build/Objects-normal/arm64/Art-OutputFileMap.json -save-temps -no-color-diagnostics -explicit-module-build -module-cache-path /Users/admin/builder/spi-builder-workspace/.derivedData/Build/Intermediates.noindex/SwiftExplicitPrecompiledModules -clang-scanner-module-cache-path /Users/admin/builder/spi-builder-workspace/.derivedData/ModuleCache.noindex -sdk-module-cache-path /Users/admin/builder/spi-builder-workspace/.derivedData/SDKExplicitPrecompiledModules -emit-dependencies -emit-module -emit-module-path /Users/admin/builder/spi-builder-workspace/.derivedData/Build/Intermediates.noindex/swift-art.build/Debug-appletvos/Art-t.build/Objects-normal/arm64/Art.swiftmodule -serialize-diagnostics -dependency-scan-serialize-diagnostics-path /Users/admin/builder/spi-builder-workspace/.derivedData/Build/Intermediates.noindex/swift-art.build/Debug-appletvos/Art-t.build/Objects-normal/arm64/Art-dependency-scan.dia -validate-clang-modules-once -clang-build-session-file /Users/admin/builder/spi-builder-workspace/.derivedData/ModuleCache.noindex/Session.modulevalidation -Xcc -fmodules-prune-interval\=86400 -Xcc -fmodules-prune-after\=345600 -package-name spi_builder_workspace -emit-const-values -const-gather-protocols-list /Users/admin/builder/spi-builder-workspace/.derivedData/Build/Intermediates.noindex/swift-art.build/Debug-appletvos/Art-t.build/Objects-normal/arm64/Art_const_extract_protocols.json -Xcc -I/Users/admin/builder/spi-builder-workspace/.derivedData/Build/Products/Debug-appletvos/include -Xcc -I/Users/admin/builder/spi-builder-workspace/.derivedData/Build/Intermediates.noindex/swift-art.build/Debug-appletvos/Art-t.build/DerivedSources-normal/arm64 -Xcc -I/Users/admin/builder/spi-builder-workspace/.derivedData/Build/Intermediates.noindex/swift-art.build/Debug-appletvos/Art-t.build/DerivedSources/arm64 -Xcc -I/Users/admin/builder/spi-builder-workspace/.derivedData/Build/Intermediates.noindex/swift-art.build/Debug-appletvos/Art-t.build/DerivedSources -Xcc -DSWIFT_PACKAGE -Xcc -DDEBUG\=1 -emit-objc-header -emit-objc-header-path /Users/admin/builder/spi-builder-workspace/.derivedData/Build/Intermediates.noindex/swift-art.build/Debug-appletvos/Art-t.build/Objects-normal/arm64/Art-Swift.h -working-directory /Users/admin/builder/spi-builder-workspace/.swiftpm/xcode -experimental-emit-module-separately -disable-cmo
SwiftEmitModule normal arm64 Emitting\ module\ for\ Art (in target 'Art' from project 'swift-art')
SwiftCompile normal arm64 (in target 'Art' from project 'swift-art')
cd /Users/admin/builder/spi-builder-workspace/.swiftpm/xcode
SwiftCompile normal arm64 Compiling\ LSystem.swift,\ Presets.swift,\ Turtle.swift /Users/admin/builder/spi-builder-workspace/Sources/Art/LSystems/LSystem.swift /Users/admin/builder/spi-builder-workspace/Sources/Art/LSystems/Presets.swift /Users/admin/builder/spi-builder-workspace/Sources/Art/LSystems/Turtle.swift (in target 'Art' from project 'swift-art')
SwiftCompile normal arm64 /Users/admin/builder/spi-builder-workspace/Sources/Art/LSystems/LSystem.swift (in target 'Art' from project 'swift-art')
cd /Users/admin/builder/spi-builder-workspace/.swiftpm/xcode
builtin-SwiftPerFileCompile LSystem.swift
SwiftCompile normal arm64 /Users/admin/builder/spi-builder-workspace/Sources/Art/LSystems/Presets.swift (in target 'Art' from project 'swift-art')
cd /Users/admin/builder/spi-builder-workspace/.swiftpm/xcode
builtin-SwiftPerFileCompile Presets.swift
SwiftCompile normal arm64 /Users/admin/builder/spi-builder-workspace/Sources/Art/LSystems/Turtle.swift (in target 'Art' from project 'swift-art')
cd /Users/admin/builder/spi-builder-workspace/.swiftpm/xcode
builtin-SwiftPerFileCompile Turtle.swift
SwiftDriverJobDiscovery normal arm64 Compiling NamedColor.swift (in target 'Color' from project 'swift-color')
SwiftCompile normal arm64 Compiling\ FractalNoise.swift,\ NoiseGenerator.swift,\ PerlinNoise.swift /Users/admin/builder/spi-builder-workspace/Sources/Art/Noise/FractalNoise.swift /Users/admin/builder/spi-builder-workspace/Sources/Art/Noise/NoiseGenerator.swift /Users/admin/builder/spi-builder-workspace/Sources/Art/Noise/PerlinNoise.swift (in target 'Art' from project 'swift-art')
SwiftCompile normal arm64 /Users/admin/builder/spi-builder-workspace/Sources/Art/Noise/FractalNoise.swift (in target 'Art' from project 'swift-art')
cd /Users/admin/builder/spi-builder-workspace/.swiftpm/xcode
builtin-SwiftPerFileCompile FractalNoise.swift
SwiftCompile normal arm64 /Users/admin/builder/spi-builder-workspace/Sources/Art/Noise/NoiseGenerator.swift (in target 'Art' from project 'swift-art')
cd /Users/admin/builder/spi-builder-workspace/.swiftpm/xcode
builtin-SwiftPerFileCompile NoiseGenerator.swift
SwiftCompile normal arm64 /Users/admin/builder/spi-builder-workspace/Sources/Art/Noise/PerlinNoise.swift (in target 'Art' from project 'swift-art')
cd /Users/admin/builder/spi-builder-workspace/.swiftpm/xcode
builtin-SwiftPerFileCompile PerlinNoise.swift
SwiftDriverJobDiscovery normal arm64 Compiling Color.swift (in target 'Color' from project 'swift-color')
SwiftCompile normal arm64 Compiling\ Force.swift,\ Particle.swift,\ ParticleSystem.swift /Users/admin/builder/spi-builder-workspace/Sources/Art/Particles/Force.swift /Users/admin/builder/spi-builder-workspace/Sources/Art/Particles/Particle.swift /Users/admin/builder/spi-builder-workspace/Sources/Art/Particles/ParticleSystem.swift (in target 'Art' from project 'swift-art')
SwiftCompile normal arm64 /Users/admin/builder/spi-builder-workspace/Sources/Art/Particles/Force.swift (in target 'Art' from project 'swift-art')
cd /Users/admin/builder/spi-builder-workspace/.swiftpm/xcode
builtin-SwiftPerFileCompile Force.swift
SwiftCompile normal arm64 /Users/admin/builder/spi-builder-workspace/Sources/Art/Particles/Particle.swift (in target 'Art' from project 'swift-art')
cd /Users/admin/builder/spi-builder-workspace/.swiftpm/xcode
builtin-SwiftPerFileCompile Particle.swift
SwiftCompile normal arm64 /Users/admin/builder/spi-builder-workspace/Sources/Art/Particles/ParticleSystem.swift (in target 'Art' from project 'swift-art')
cd /Users/admin/builder/spi-builder-workspace/.swiftpm/xcode
builtin-SwiftPerFileCompile ParticleSystem.swift
SwiftDriverJobDiscovery normal arm64 Emitting module for Art (in target 'Art' from project 'swift-art')
SwiftDriver\ Compilation\ Requirements Art normal arm64 com.apple.xcode.tools.swift.compiler (in target 'Art' from project 'swift-art')
cd /Users/admin/builder/spi-builder-workspace/.swiftpm/xcode
builtin-Swift-Compilation-Requirements -- /Applications/Xcode-27.0.0-Release.Candidate.app/Contents/Developer/Toolchains/XcodeDefault.xctoolchain/usr/bin/swiftc -parse-as-library -module-name Art -Onone @/Users/admin/builder/spi-builder-workspace/.derivedData/Build/Intermediates.noindex/swift-art.build/Debug-appletvos/Art-t.build/Objects-normal/arm64/Art.SwiftFileList -DSWIFT_PACKAGE -DDEBUG -DSWIFT_MODULE_RESOURCE_BUNDLE_UNAVAILABLE -DXcode -plugin-path /Applications/Xcode-27.0.0-Release.Candidate.app/Contents/Developer/Toolchains/XcodeDefault.xctoolchain/usr/lib/swift/host/plugins/testing -enable-experimental-feature DebugDescriptionMacro -sdk /Applications/Xcode-27.0.0-Release.Candidate.app/Contents/Developer/Platforms/AppleTVOS.platform/Developer/SDKs/AppleTVOS27.0.sdk -target arm64-apple-tvos16.0 -g -module-cache-path /Users/admin/builder/spi-builder-workspace/.derivedData/ModuleCache.noindex -Xfrontend -serialize-debugging-options -profile-coverage-mapping -profile-generate -enable-testing -index-store-path /Users/admin/builder/spi-builder-workspace/.derivedData/Index.noindex/DataStore -Xcc -D_LIBCPP_HARDENING_MODE\=_LIBCPP_HARDENING_MODE_DEBUG -swift-version 6 -I /Users/admin/builder/spi-builder-workspace/.derivedData/Build/Products/Debug-appletvos -Isystem /Applications/Xcode-27.0.0-Release.Candidate.app/Contents/Developer/Platforms/AppleTVOS.platform/Developer/usr/lib -F /Users/admin/builder/spi-builder-workspace/.derivedData/Build/Products/Debug-appletvos/PackageFrameworks -F /Users/admin/builder/spi-builder-workspace/.derivedData/Build/Products/Debug-appletvos -F /Applications/Xcode-27.0.0-Release.Candidate.app/Contents/Developer/Platforms/AppleTVOS.platform/Developer/Library/Frameworks -F /Applications/Xcode-27.0.0-Release.Candidate.app/Contents/Developer/Platforms/AppleTVOS.platform/Developer/SDKs/AppleTVOS27.0.sdk/Developer/Library/Frameworks -c -j10 -enable-batch-mode -incremental -Xcc -ivfsstatcache -Xcc /Users/admin/builder/spi-builder-workspace/.derivedData/SDKStatCaches.noindex/appletvos27.0-24J360-e829b21a6f8c9b70876ba0858053c044b32bfd8d43560033f8d89884cdb90028.sdkstatcache -output-file-map /Users/admin/builder/spi-builder-workspace/.derivedData/Build/Intermediates.noindex/swift-art.build/Debug-appletvos/Art-t.build/Objects-normal/arm64/Art-OutputFileMap.json -save-temps -no-color-diagnostics -explicit-module-build -module-cache-path /Users/admin/builder/spi-builder-workspace/.derivedData/Build/Intermediates.noindex/SwiftExplicitPrecompiledModules -clang-scanner-module-cache-path /Users/admin/builder/spi-builder-workspace/.derivedData/ModuleCache.noindex -sdk-module-cache-path /Users/admin/builder/spi-builder-workspace/.derivedData/SDKExplicitPrecompiledModules -emit-dependencies -emit-module -emit-module-path /Users/admin/builder/spi-builder-workspace/.derivedData/Build/Intermediates.noindex/swift-art.build/Debug-appletvos/Art-t.build/Objects-normal/arm64/Art.swiftmodule -serialize-diagnostics -dependency-scan-serialize-diagnostics-path /Users/admin/builder/spi-builder-workspace/.derivedData/Build/Intermediates.noindex/swift-art.build/Debug-appletvos/Art-t.build/Objects-normal/arm64/Art-dependency-scan.dia -validate-clang-modules-once -clang-build-session-file /Users/admin/builder/spi-builder-workspace/.derivedData/ModuleCache.noindex/Session.modulevalidation -Xcc -fmodules-prune-interval\=86400 -Xcc -fmodules-prune-after\=345600 -package-name spi_builder_workspace -emit-const-values -const-gather-protocols-list /Users/admin/builder/spi-builder-workspace/.derivedData/Build/Intermediates.noindex/swift-art.build/Debug-appletvos/Art-t.build/Objects-normal/arm64/Art_const_extract_protocols.json -Xcc -I/Users/admin/builder/spi-builder-workspace/.derivedData/Build/Products/Debug-appletvos/include -Xcc -I/Users/admin/builder/spi-builder-workspace/.derivedData/Build/Intermediates.noindex/swift-art.build/Debug-appletvos/Art-t.build/DerivedSources-normal/arm64 -Xcc -I/Users/admin/builder/spi-builder-workspace/.derivedData/Build/Intermediates.noindex/swift-art.build/Debug-appletvos/Art-t.build/DerivedSources/arm64 -Xcc -I/Users/admin/builder/spi-builder-workspace/.derivedData/Build/Intermediates.noindex/swift-art.build/Debug-appletvos/Art-t.build/DerivedSources -Xcc -DSWIFT_PACKAGE -Xcc -DDEBUG\=1 -emit-objc-header -emit-objc-header-path /Users/admin/builder/spi-builder-workspace/.derivedData/Build/Intermediates.noindex/swift-art.build/Debug-appletvos/Art-t.build/Objects-normal/arm64/Art-Swift.h -working-directory /Users/admin/builder/spi-builder-workspace/.swiftpm/xcode -experimental-emit-module-separately -disable-cmo
SwiftDriverJobDiscovery normal arm64 Compiling FractalNoise.swift, NoiseGenerator.swift, PerlinNoise.swift (in target 'Art' from project 'swift-art')
SwiftCompile normal arm64 Compiling\ SimplexNoise.swift,\ WorleyNoise.swift,\ Emitter.swift /Users/admin/builder/spi-builder-workspace/Sources/Art/Noise/SimplexNoise.swift /Users/admin/builder/spi-builder-workspace/Sources/Art/Noise/WorleyNoise.swift /Users/admin/builder/spi-builder-workspace/Sources/Art/Particles/Emitter.swift (in target 'Art' from project 'swift-art')
SwiftCompile normal arm64 /Users/admin/builder/spi-builder-workspace/Sources/Art/Noise/SimplexNoise.swift (in target 'Art' from project 'swift-art')
cd /Users/admin/builder/spi-builder-workspace/.swiftpm/xcode
builtin-SwiftPerFileCompile SimplexNoise.swift
SwiftCompile normal arm64 /Users/admin/builder/spi-builder-workspace/Sources/Art/Noise/WorleyNoise.swift (in target 'Art' from project 'swift-art')
cd /Users/admin/builder/spi-builder-workspace/.swiftpm/xcode
builtin-SwiftPerFileCompile WorleyNoise.swift
SwiftCompile normal arm64 /Users/admin/builder/spi-builder-workspace/Sources/Art/Particles/Emitter.swift (in target 'Art' from project 'swift-art')
cd /Users/admin/builder/spi-builder-workspace/.swiftpm/xcode
builtin-SwiftPerFileCompile Emitter.swift
SwiftCompile normal arm64 Compiling\ Color.swift,\ Point.swift,\ RandomSource.swift /Users/admin/builder/spi-builder-workspace/Sources/Art/Core/Color.swift /Users/admin/builder/spi-builder-workspace/Sources/Art/Core/Point.swift /Users/admin/builder/spi-builder-workspace/Sources/Art/Core/RandomSource.swift (in target 'Art' from project 'swift-art')
SwiftCompile normal arm64 /Users/admin/builder/spi-builder-workspace/Sources/Art/Core/Color.swift (in target 'Art' from project 'swift-art')
cd /Users/admin/builder/spi-builder-workspace/.swiftpm/xcode
builtin-SwiftPerFileCompile Color.swift
SwiftCompile normal arm64 /Users/admin/builder/spi-builder-workspace/Sources/Art/Core/Point.swift (in target 'Art' from project 'swift-art')
cd /Users/admin/builder/spi-builder-workspace/.swiftpm/xcode
builtin-SwiftPerFileCompile Point.swift
SwiftCompile normal arm64 /Users/admin/builder/spi-builder-workspace/Sources/Art/Core/RandomSource.swift (in target 'Art' from project 'swift-art')
cd /Users/admin/builder/spi-builder-workspace/.swiftpm/xcode
builtin-SwiftPerFileCompile RandomSource.swift
SwiftCompile normal arm64 Compiling\ ElementaryCA.swift,\ GameOfLife.swift,\ Gradient.swift,\ Harmony.swift /Users/admin/builder/spi-builder-workspace/Sources/Art/CellularAutomata/ElementaryCA.swift /Users/admin/builder/spi-builder-workspace/Sources/Art/CellularAutomata/GameOfLife.swift /Users/admin/builder/spi-builder-workspace/Sources/Art/Color/Gradient.swift /Users/admin/builder/spi-builder-workspace/Sources/Art/Color/Harmony.swift (in target 'Art' from project 'swift-art')
SwiftCompile normal arm64 /Users/admin/builder/spi-builder-workspace/Sources/Art/CellularAutomata/ElementaryCA.swift (in target 'Art' from project 'swift-art')
cd /Users/admin/builder/spi-builder-workspace/.swiftpm/xcode
builtin-SwiftPerFileCompile ElementaryCA.swift
SwiftCompile normal arm64 /Users/admin/builder/spi-builder-workspace/Sources/Art/CellularAutomata/GameOfLife.swift (in target 'Art' from project 'swift-art')
cd /Users/admin/builder/spi-builder-workspace/.swiftpm/xcode
builtin-SwiftPerFileCompile GameOfLife.swift
SwiftCompile normal arm64 /Users/admin/builder/spi-builder-workspace/Sources/Art/Color/Gradient.swift (in target 'Art' from project 'swift-art')
cd /Users/admin/builder/spi-builder-workspace/.swiftpm/xcode
builtin-SwiftPerFileCompile Gradient.swift
SwiftCompile normal arm64 /Users/admin/builder/spi-builder-workspace/Sources/Art/Color/Harmony.swift (in target 'Art' from project 'swift-art')
cd /Users/admin/builder/spi-builder-workspace/.swiftpm/xcode
builtin-SwiftPerFileCompile Harmony.swift
SwiftDriverJobDiscovery normal arm64 Compiling Force.swift, Particle.swift, ParticleSystem.swift (in target 'Art' from project 'swift-art')
SwiftDriverJobDiscovery normal arm64 Compiling LSystem.swift, Presets.swift, Turtle.swift (in target 'Art' from project 'swift-art')
SwiftMergeGeneratedHeaders /Users/admin/builder/spi-builder-workspace/.derivedData/Build/Intermediates.noindex/GeneratedModuleMaps-appletvos/Art-Swift.h /Users/admin/builder/spi-builder-workspace/.derivedData/Build/Intermediates.noindex/swift-art.build/Debug-appletvos/Art-t.build/Objects-normal/arm64/Art-Swift.h (in target 'Art' from project 'swift-art')
cd /Users/admin/builder/spi-builder-workspace
builtin-swiftHeaderTool -arch arm64 /Users/admin/builder/spi-builder-workspace/.derivedData/Build/Intermediates.noindex/swift-art.build/Debug-appletvos/Art-t.build/Objects-normal/arm64/Art-Swift.h -o /Users/admin/builder/spi-builder-workspace/.derivedData/Build/Intermediates.noindex/GeneratedModuleMaps-appletvos/Art-Swift.h
SwiftDriverJobDiscovery normal arm64 Compiling Color+Accessibility.swift (in target 'Color' from project 'swift-color')
SwiftCompile normal arm64 Compiling\ Palette.swift,\ ArtError.swift,\ Color+Bridge.swift /Users/admin/builder/spi-builder-workspace/Sources/Art/Color/Palette.swift /Users/admin/builder/spi-builder-workspace/Sources/Art/Core/ArtError.swift /Users/admin/builder/spi-builder-workspace/Sources/Art/Core/Color+Bridge.swift (in target 'Art' from project 'swift-art')
SwiftCompile normal arm64 /Users/admin/builder/spi-builder-workspace/Sources/Art/Color/Palette.swift (in target 'Art' from project 'swift-art')
cd /Users/admin/builder/spi-builder-workspace/.swiftpm/xcode
builtin-SwiftPerFileCompile Palette.swift
SwiftCompile normal arm64 /Users/admin/builder/spi-builder-workspace/Sources/Art/Core/ArtError.swift (in target 'Art' from project 'swift-art')
cd /Users/admin/builder/spi-builder-workspace/.swiftpm/xcode
builtin-SwiftPerFileCompile ArtError.swift
SwiftCompile normal arm64 /Users/admin/builder/spi-builder-workspace/Sources/Art/Core/Color+Bridge.swift (in target 'Art' from project 'swift-art')
cd /Users/admin/builder/spi-builder-workspace/.swiftpm/xcode
builtin-SwiftPerFileCompile Color+Bridge.swift
SwiftCompile normal arm64 Compiling\ JuliaSet.swift,\ KochCurve.swift,\ Mandelbrot.swift /Users/admin/builder/spi-builder-workspace/Sources/Art/Fractals/JuliaSet.swift /Users/admin/builder/spi-builder-workspace/Sources/Art/Fractals/KochCurve.swift /Users/admin/builder/spi-builder-workspace/Sources/Art/Fractals/Mandelbrot.swift (in target 'Art' from project 'swift-art')
SwiftCompile normal arm64 /Users/admin/builder/spi-builder-workspace/Sources/Art/Fractals/JuliaSet.swift (in target 'Art' from project 'swift-art')
cd /Users/admin/builder/spi-builder-workspace/.swiftpm/xcode
builtin-SwiftPerFileCompile JuliaSet.swift
SwiftCompile normal arm64 /Users/admin/builder/spi-builder-workspace/Sources/Art/Fractals/KochCurve.swift (in target 'Art' from project 'swift-art')
cd /Users/admin/builder/spi-builder-workspace/.swiftpm/xcode
builtin-SwiftPerFileCompile KochCurve.swift
SwiftCompile normal arm64 /Users/admin/builder/spi-builder-workspace/Sources/Art/Fractals/Mandelbrot.swift (in target 'Art' from project 'swift-art')
cd /Users/admin/builder/spi-builder-workspace/.swiftpm/xcode
builtin-SwiftPerFileCompile Mandelbrot.swift
SwiftCompile normal arm64 Compiling\ Subdivision.swift,\ Tessellation.swift,\ Voronoi.swift /Users/admin/builder/spi-builder-workspace/Sources/Art/Geometry/Subdivision.swift /Users/admin/builder/spi-builder-workspace/Sources/Art/Geometry/Tessellation.swift /Users/admin/builder/spi-builder-workspace/Sources/Art/Geometry/Voronoi.swift (in target 'Art' from project 'swift-art')
SwiftCompile normal arm64 /Users/admin/builder/spi-builder-workspace/Sources/Art/Geometry/Subdivision.swift (in target 'Art' from project 'swift-art')
cd /Users/admin/builder/spi-builder-workspace/.swiftpm/xcode
builtin-SwiftPerFileCompile Subdivision.swift
SwiftCompile normal arm64 /Users/admin/builder/spi-builder-workspace/Sources/Art/Geometry/Tessellation.swift (in target 'Art' from project 'swift-art')
cd /Users/admin/builder/spi-builder-workspace/.swiftpm/xcode
builtin-SwiftPerFileCompile Tessellation.swift
SwiftCompile normal arm64 /Users/admin/builder/spi-builder-workspace/Sources/Art/Geometry/Voronoi.swift (in target 'Art' from project 'swift-art')
cd /Users/admin/builder/spi-builder-workspace/.swiftpm/xcode
builtin-SwiftPerFileCompile Voronoi.swift
SwiftCompile normal arm64 Compiling\ Sierpinski.swift,\ Polygon.swift,\ Shapes.swift /Users/admin/builder/spi-builder-workspace/Sources/Art/Fractals/Sierpinski.swift /Users/admin/builder/spi-builder-workspace/Sources/Art/Geometry/Polygon.swift /Users/admin/builder/spi-builder-workspace/Sources/Art/Geometry/Shapes.swift (in target 'Art' from project 'swift-art')
SwiftCompile normal arm64 /Users/admin/builder/spi-builder-workspace/Sources/Art/Fractals/Sierpinski.swift (in target 'Art' from project 'swift-art')
cd /Users/admin/builder/spi-builder-workspace/.swiftpm/xcode
builtin-SwiftPerFileCompile Sierpinski.swift
SwiftCompile normal arm64 /Users/admin/builder/spi-builder-workspace/Sources/Art/Geometry/Polygon.swift (in target 'Art' from project 'swift-art')
cd /Users/admin/builder/spi-builder-workspace/.swiftpm/xcode
builtin-SwiftPerFileCompile Polygon.swift
SwiftCompile normal arm64 /Users/admin/builder/spi-builder-workspace/Sources/Art/Geometry/Shapes.swift (in target 'Art' from project 'swift-art')
cd /Users/admin/builder/spi-builder-workspace/.swiftpm/xcode
builtin-SwiftPerFileCompile Shapes.swift
SwiftDriverJobDiscovery normal arm64 Compiling Color+HSV.swift (in target 'Color' from project 'swift-color')
Copy /Users/admin/builder/spi-builder-workspace/.derivedData/Build/Products/Debug-appletvos/Art.swiftmodule/arm64-apple-tvos.swiftmodule /Users/admin/builder/spi-builder-workspace/.derivedData/Build/Intermediates.noindex/swift-art.build/Debug-appletvos/Art-t.build/Objects-normal/arm64/Art.swiftmodule (in target 'Art' from project 'swift-art')
cd /Users/admin/builder/spi-builder-workspace
builtin-copy -exclude .DS_Store -exclude CVS -exclude .svn -exclude .git -exclude .hg -resolve-src-symlinks -rename /Users/admin/builder/spi-builder-workspace/.derivedData/Build/Intermediates.noindex/swift-art.build/Debug-appletvos/Art-t.build/Objects-normal/arm64/Art.swiftmodule /Users/admin/builder/spi-builder-workspace/.derivedData/Build/Products/Debug-appletvos/Art.swiftmodule/arm64-apple-tvos.swiftmodule
SwiftDriverJobDiscovery normal arm64 Compiling Color+Manipulation.swift (in target 'Color' from project 'swift-color')
SwiftDriverJobDiscovery normal arm64 Compiling Color+HSL.swift (in target 'Color' from project 'swift-color')
SwiftDriverJobDiscovery normal arm64 Compiling Color+LAB.swift (in target 'Color' from project 'swift-color')
Copy /Users/admin/builder/spi-builder-workspace/.derivedData/Build/Products/Debug-appletvos/Art.swiftmodule/arm64-apple-tvos.swiftdoc /Users/admin/builder/spi-builder-workspace/.derivedData/Build/Intermediates.noindex/swift-art.build/Debug-appletvos/Art-t.build/Objects-normal/arm64/Art.swiftdoc (in target 'Art' from project 'swift-art')
cd /Users/admin/builder/spi-builder-workspace
builtin-copy -exclude .DS_Store -exclude CVS -exclude .svn -exclude .git -exclude .hg -resolve-src-symlinks -rename /Users/admin/builder/spi-builder-workspace/.derivedData/Build/Intermediates.noindex/swift-art.build/Debug-appletvos/Art-t.build/Objects-normal/arm64/Art.swiftdoc /Users/admin/builder/spi-builder-workspace/.derivedData/Build/Products/Debug-appletvos/Art.swiftmodule/arm64-apple-tvos.swiftdoc
Copy /Users/admin/builder/spi-builder-workspace/.derivedData/Build/Products/Debug-appletvos/Art.swiftmodule/arm64-apple-tvos.abi.json /Users/admin/builder/spi-builder-workspace/.derivedData/Build/Intermediates.noindex/swift-art.build/Debug-appletvos/Art-t.build/Objects-normal/arm64/Art.abi.json (in target 'Art' from project 'swift-art')
cd /Users/admin/builder/spi-builder-workspace
builtin-copy -exclude .DS_Store -exclude CVS -exclude .svn -exclude .git -exclude .hg -resolve-src-symlinks -rename /Users/admin/builder/spi-builder-workspace/.derivedData/Build/Intermediates.noindex/swift-art.build/Debug-appletvos/Art-t.build/Objects-normal/arm64/Art.abi.json /Users/admin/builder/spi-builder-workspace/.derivedData/Build/Products/Debug-appletvos/Art.swiftmodule/arm64-apple-tvos.abi.json
SwiftDriverJobDiscovery normal arm64 Compiling Color+Palette.swift (in target 'Color' from project 'swift-color')
Copy /Users/admin/builder/spi-builder-workspace/.derivedData/Build/Products/Debug-appletvos/Art.swiftmodule/Project/arm64-apple-tvos.swiftsourceinfo /Users/admin/builder/spi-builder-workspace/.derivedData/Build/Intermediates.noindex/swift-art.build/Debug-appletvos/Art-t.build/Objects-normal/arm64/Art.swiftsourceinfo (in target 'Art' from project 'swift-art')
cd /Users/admin/builder/spi-builder-workspace
builtin-copy -exclude .DS_Store -exclude CVS -exclude .svn -exclude .git -exclude .hg -resolve-src-symlinks -rename /Users/admin/builder/spi-builder-workspace/.derivedData/Build/Intermediates.noindex/swift-art.build/Debug-appletvos/Art-t.build/Objects-normal/arm64/Art.swiftsourceinfo /Users/admin/builder/spi-builder-workspace/.derivedData/Build/Products/Debug-appletvos/Art.swiftmodule/Project/arm64-apple-tvos.swiftsourceinfo
SwiftDriverJobDiscovery normal arm64 Compiling Color+Hex.swift (in target 'Color' from project 'swift-color')
SwiftDriver\ Compilation Color normal arm64 com.apple.xcode.tools.swift.compiler (in target 'Color' from project 'swift-color')
cd /Users/admin/builder/spi-builder-workspace/.swiftpm/xcode
builtin-Swift-Compilation -- /Applications/Xcode-27.0.0-Release.Candidate.app/Contents/Developer/Toolchains/XcodeDefault.xctoolchain/usr/bin/swiftc -parse-as-library -module-name Color -Onone @/Users/admin/builder/spi-builder-workspace/.derivedData/Build/Intermediates.noindex/swift-color.build/Debug-appletvos/Color-t.build/Objects-normal/arm64/Color.SwiftFileList -DSWIFT_PACKAGE -DDEBUG -DSWIFT_MODULE_RESOURCE_BUNDLE_UNAVAILABLE -DXcode -plugin-path /Applications/Xcode-27.0.0-Release.Candidate.app/Contents/Developer/Toolchains/XcodeDefault.xctoolchain/usr/lib/swift/host/plugins/testing -enable-experimental-feature DebugDescriptionMacro -sdk /Applications/Xcode-27.0.0-Release.Candidate.app/Contents/Developer/Platforms/AppleTVOS.platform/Developer/SDKs/AppleTVOS27.0.sdk -target arm64-apple-tvos16.0 -g -module-cache-path /Users/admin/builder/spi-builder-workspace/.derivedData/ModuleCache.noindex -Xfrontend -serialize-debugging-options -profile-coverage-mapping -profile-generate -enable-testing -suppress-warnings -index-store-path /Users/admin/builder/spi-builder-workspace/.derivedData/Index.noindex/DataStore -Xcc -D_LIBCPP_HARDENING_MODE\=_LIBCPP_HARDENING_MODE_DEBUG -swift-version 6 -I /Users/admin/builder/spi-builder-workspace/.derivedData/Build/Products/Debug-appletvos -Isystem /Applications/Xcode-27.0.0-Release.Candidate.app/Contents/Developer/Platforms/AppleTVOS.platform/Developer/usr/lib -F /Users/admin/builder/spi-builder-workspace/.derivedData/Build/Products/Debug-appletvos -F /Applications/Xcode-27.0.0-Release.Candidate.app/Contents/Developer/Platforms/AppleTVOS.platform/Developer/Library/Frameworks -F /Applications/Xcode-27.0.0-Release.Candidate.app/Contents/Developer/Platforms/AppleTVOS.platform/Developer/SDKs/AppleTVOS27.0.sdk/Developer/Library/Frameworks -c -j10 -enable-batch-mode -incremental -Xcc -ivfsstatcache -Xcc /Users/admin/builder/spi-builder-workspace/.derivedData/SDKStatCaches.noindex/appletvos27.0-24J360-e829b21a6f8c9b70876ba0858053c044b32bfd8d43560033f8d89884cdb90028.sdkstatcache -output-file-map /Users/admin/builder/spi-builder-workspace/.derivedData/Build/Intermediates.noindex/swift-color.build/Debug-appletvos/Color-t.build/Objects-normal/arm64/Color-OutputFileMap.json -save-temps -no-color-diagnostics -explicit-module-build -module-cache-path /Users/admin/builder/spi-builder-workspace/.derivedData/Build/Intermediates.noindex/SwiftExplicitPrecompiledModules -clang-scanner-module-cache-path /Users/admin/builder/spi-builder-workspace/.derivedData/ModuleCache.noindex -sdk-module-cache-path /Users/admin/builder/spi-builder-workspace/.derivedData/SDKExplicitPrecompiledModules -emit-dependencies -emit-module -emit-module-path /Users/admin/builder/spi-builder-workspace/.derivedData/Build/Intermediates.noindex/swift-color.build/Debug-appletvos/Color-t.build/Objects-normal/arm64/Color.swiftmodule -serialize-diagnostics -dependency-scan-serialize-diagnostics-path /Users/admin/builder/spi-builder-workspace/.derivedData/Build/Intermediates.noindex/swift-color.build/Debug-appletvos/Color-t.build/Objects-normal/arm64/Color-dependency-scan.dia -user-module-version 0.1.0 -validate-clang-modules-once -clang-build-session-file /Users/admin/builder/spi-builder-workspace/.derivedData/ModuleCache.noindex/Session.modulevalidation -Xcc -fmodules-prune-interval\=86400 -Xcc -fmodules-prune-after\=345600 -package-name swift_color -emit-const-values -const-gather-protocols-list /Users/admin/builder/spi-builder-workspace/.derivedData/Build/Intermediates.noindex/swift-color.build/Debug-appletvos/Color-t.build/Objects-normal/arm64/Color_const_extract_protocols.json -Xcc -I/Users/admin/builder/spi-builder-workspace/.derivedData/Build/Products/Debug-appletvos/include -Xcc -I/Users/admin/builder/spi-builder-workspace/.derivedData/Build/Intermediates.noindex/swift-color.build/Debug-appletvos/Color-t.build/DerivedSources-normal/arm64 -Xcc -I/Users/admin/builder/spi-builder-workspace/.derivedData/Build/Intermediates.noindex/swift-color.build/Debug-appletvos/Color-t.build/DerivedSources/arm64 -Xcc -I/Users/admin/builder/spi-builder-workspace/.derivedData/Build/Intermediates.noindex/swift-color.build/Debug-appletvos/Color-t.build/DerivedSources -Xcc -DSWIFT_PACKAGE -Xcc -DDEBUG\=1 -emit-objc-header -emit-objc-header-path /Users/admin/builder/spi-builder-workspace/.derivedData/Build/Intermediates.noindex/swift-color.build/Debug-appletvos/Color-t.build/Objects-normal/arm64/Color-Swift.h -working-directory /Users/admin/builder/spi-builder-workspace/.swiftpm/xcode -experimental-emit-module-separately -disable-cmo
Ld /Users/admin/builder/spi-builder-workspace/.derivedData/Build/Products/Debug-appletvos/Color.o normal (in target 'Color' from project 'swift-color')
cd /Users/admin/builder/spi-builder-workspace/.dependencies/checkouts/swift-color
/Applications/Xcode-27.0.0-Release.Candidate.app/Contents/Developer/Toolchains/XcodeDefault.xctoolchain/usr/bin/clang -Xlinker -reproducible -target arm64-apple-tvos16.0 -r -isysroot /Applications/Xcode-27.0.0-Release.Candidate.app/Contents/Developer/Platforms/AppleTVOS.platform/Developer/SDKs/AppleTVOS27.0.sdk -O0 -w -Xlinker -no_warn_duplicate_libraries -F/Users/admin/builder/spi-builder-workspace/.derivedData/Build/Intermediates.noindex/EagerLinkingTBDs/Debug-appletvos -F/Users/admin/builder/spi-builder-workspace/.derivedData/Build/Products/Debug-appletvos -iframework /Applications/Xcode-27.0.0-Release.Candidate.app/Contents/Developer/Platforms/AppleTVOS.platform/Developer/Library/Frameworks -iframework /Applications/Xcode-27.0.0-Release.Candidate.app/Contents/Developer/Platforms/AppleTVOS.platform/Developer/SDKs/AppleTVOS27.0.sdk/Developer/Library/Frameworks -filelist /Users/admin/builder/spi-builder-workspace/.derivedData/Build/Intermediates.noindex/swift-color.build/Debug-appletvos/Color-t.build/Objects-normal/arm64/Color.LinkFileList -nostdlib -Xlinker -object_path_lto -Xlinker /Users/admin/builder/spi-builder-workspace/.derivedData/Build/Intermediates.noindex/swift-color.build/Debug-appletvos/Color-t.build/Objects-normal/arm64/Color_lto.o -Xlinker -no_deduplicate -Xlinker -debug_variant -Xlinker -dependency_info -Xlinker /Users/admin/builder/spi-builder-workspace/.derivedData/Build/Intermediates.noindex/swift-color.build/Debug-appletvos/Color-t.build/Objects-normal/arm64/Color_dependency_info.dat -fobjc-link-runtime -L/Applications/Xcode-27.0.0-Release.Candidate.app/Contents/Developer/Toolchains/XcodeDefault.xctoolchain/usr/lib/swift/appletvos -L/usr/lib/swift -Xlinker -add_ast_path -Xlinker /Users/admin/builder/spi-builder-workspace/.derivedData/Build/Intermediates.noindex/swift-color.build/Debug-appletvos/Color-t.build/Objects-normal/arm64/Color.swiftmodule -o /Users/admin/builder/spi-builder-workspace/.derivedData/Build/Products/Debug-appletvos/Color.o
SwiftDriver ArtUI normal arm64 com.apple.xcode.tools.swift.compiler (in target 'ArtUI' from project 'swift-art')
cd /Users/admin/builder/spi-builder-workspace/.swiftpm/xcode
builtin-SwiftDriver -- /Applications/Xcode-27.0.0-Release.Candidate.app/Contents/Developer/Toolchains/XcodeDefault.xctoolchain/usr/bin/swiftc -parse-as-library -module-name ArtUI -Onone @/Users/admin/builder/spi-builder-workspace/.derivedData/Build/Intermediates.noindex/swift-art.build/Debug-appletvos/ArtUI-t.build/Objects-normal/arm64/ArtUI.SwiftFileList -DSWIFT_PACKAGE -DDEBUG -DSWIFT_MODULE_RESOURCE_BUNDLE_UNAVAILABLE -DXcode -plugin-path /Applications/Xcode-27.0.0-Release.Candidate.app/Contents/Developer/Toolchains/XcodeDefault.xctoolchain/usr/lib/swift/host/plugins/testing -enable-experimental-feature DebugDescriptionMacro -sdk /Applications/Xcode-27.0.0-Release.Candidate.app/Contents/Developer/Platforms/AppleTVOS.platform/Developer/SDKs/AppleTVOS27.0.sdk -target arm64-apple-tvos16.0 -g -module-cache-path /Users/admin/builder/spi-builder-workspace/.derivedData/ModuleCache.noindex -Xfrontend -serialize-debugging-options -profile-coverage-mapping -profile-generate -enable-testing -index-store-path /Users/admin/builder/spi-builder-workspace/.derivedData/Index.noindex/DataStore -Xcc -D_LIBCPP_HARDENING_MODE\=_LIBCPP_HARDENING_MODE_DEBUG -swift-version 6 -I /Users/admin/builder/spi-builder-workspace/.derivedData/Build/Products/Debug-appletvos -Isystem /Applications/Xcode-27.0.0-Release.Candidate.app/Contents/Developer/Platforms/AppleTVOS.platform/Developer/usr/lib -F /Users/admin/builder/spi-builder-workspace/.derivedData/Build/Products/Debug-appletvos/PackageFrameworks -F /Users/admin/builder/spi-builder-workspace/.derivedData/Build/Products/Debug-appletvos -F /Applications/Xcode-27.0.0-Release.Candidate.app/Contents/Developer/Platforms/AppleTVOS.platform/Developer/Library/Frameworks -F /Applications/Xcode-27.0.0-Release.Candidate.app/Contents/Developer/Platforms/AppleTVOS.platform/Developer/SDKs/AppleTVOS27.0.sdk/Developer/Library/Frameworks -c -j10 -enable-batch-mode -incremental -Xcc -ivfsstatcache -Xcc /Users/admin/builder/spi-builder-workspace/.derivedData/SDKStatCaches.noindex/appletvos27.0-24J360-e829b21a6f8c9b70876ba0858053c044b32bfd8d43560033f8d89884cdb90028.sdkstatcache -output-file-map /Users/admin/builder/spi-builder-workspace/.derivedData/Build/Intermediates.noindex/swift-art.build/Debug-appletvos/ArtUI-t.build/Objects-normal/arm64/ArtUI-OutputFileMap.json -save-temps -no-color-diagnostics -explicit-module-build -module-cache-path /Users/admin/builder/spi-builder-workspace/.derivedData/Build/Intermediates.noindex/SwiftExplicitPrecompiledModules -clang-scanner-module-cache-path /Users/admin/builder/spi-builder-workspace/.derivedData/ModuleCache.noindex -sdk-module-cache-path /Users/admin/builder/spi-builder-workspace/.derivedData/SDKExplicitPrecompiledModules -emit-dependencies -emit-module -emit-module-path /Users/admin/builder/spi-builder-workspace/.derivedData/Build/Intermediates.noindex/swift-art.build/Debug-appletvos/ArtUI-t.build/Objects-normal/arm64/ArtUI.swiftmodule -serialize-diagnostics -dependency-scan-serialize-diagnostics-path /Users/admin/builder/spi-builder-workspace/.derivedData/Build/Intermediates.noindex/swift-art.build/Debug-appletvos/ArtUI-t.build/Objects-normal/arm64/ArtUI-dependency-scan.dia -validate-clang-modules-once -clang-build-session-file /Users/admin/builder/spi-builder-workspace/.derivedData/ModuleCache.noindex/Session.modulevalidation -Xcc -fmodules-prune-interval\=86400 -Xcc -fmodules-prune-after\=345600 -package-name spi_builder_workspace -emit-const-values -const-gather-protocols-list /Users/admin/builder/spi-builder-workspace/.derivedData/Build/Intermediates.noindex/swift-art.build/Debug-appletvos/ArtUI-t.build/Objects-normal/arm64/ArtUI_const_extract_protocols.json -Xcc -I/Users/admin/builder/spi-builder-workspace/.derivedData/Build/Products/Debug-appletvos/include -Xcc -I/Users/admin/builder/spi-builder-workspace/.derivedData/Build/Intermediates.noindex/swift-art.build/Debug-appletvos/ArtUI-t.build/DerivedSources-normal/arm64 -Xcc -I/Users/admin/builder/spi-builder-workspace/.derivedData/Build/Intermediates.noindex/swift-art.build/Debug-appletvos/ArtUI-t.build/DerivedSources/arm64 -Xcc -I/Users/admin/builder/spi-builder-workspace/.derivedData/Build/Intermediates.noindex/swift-art.build/Debug-appletvos/ArtUI-t.build/DerivedSources -Xcc -DSWIFT_PACKAGE -Xcc -DDEBUG\=1 -emit-objc-header -emit-objc-header-path /Users/admin/builder/spi-builder-workspace/.derivedData/Build/Intermediates.noindex/swift-art.build/Debug-appletvos/ArtUI-t.build/Objects-normal/arm64/ArtUI-Swift.h -working-directory /Users/admin/builder/spi-builder-workspace/.swiftpm/xcode -experimental-emit-module-separately -disable-cmo
SwiftDriver ArtTerminal normal arm64 com.apple.xcode.tools.swift.compiler (in target 'ArtTerminal' from project 'swift-art')
cd /Users/admin/builder/spi-builder-workspace/.swiftpm/xcode
builtin-SwiftDriver -- /Applications/Xcode-27.0.0-Release.Candidate.app/Contents/Developer/Toolchains/XcodeDefault.xctoolchain/usr/bin/swiftc -parse-as-library -module-name ArtTerminal -Onone @/Users/admin/builder/spi-builder-workspace/.derivedData/Build/Intermediates.noindex/swift-art.build/Debug-appletvos/ArtTerminal-t.build/Objects-normal/arm64/ArtTerminal.SwiftFileList -DSWIFT_PACKAGE -DDEBUG -DSWIFT_MODULE_RESOURCE_BUNDLE_UNAVAILABLE -DXcode -plugin-path /Applications/Xcode-27.0.0-Release.Candidate.app/Contents/Developer/Toolchains/XcodeDefault.xctoolchain/usr/lib/swift/host/plugins/testing -enable-experimental-feature DebugDescriptionMacro -sdk /Applications/Xcode-27.0.0-Release.Candidate.app/Contents/Developer/Platforms/AppleTVOS.platform/Developer/SDKs/AppleTVOS27.0.sdk -target arm64-apple-tvos16.0 -g -module-cache-path /Users/admin/builder/spi-builder-workspace/.derivedData/ModuleCache.noindex -Xfrontend -serialize-debugging-options -profile-coverage-mapping -profile-generate -enable-testing -index-store-path /Users/admin/builder/spi-builder-workspace/.derivedData/Index.noindex/DataStore -Xcc -D_LIBCPP_HARDENING_MODE\=_LIBCPP_HARDENING_MODE_DEBUG -swift-version 6 -I /Users/admin/builder/spi-builder-workspace/.derivedData/Build/Products/Debug-appletvos -Isystem /Applications/Xcode-27.0.0-Release.Candidate.app/Contents/Developer/Platforms/AppleTVOS.platform/Developer/usr/lib -F /Users/admin/builder/spi-builder-workspace/.derivedData/Build/Products/Debug-appletvos/PackageFrameworks -F /Users/admin/builder/spi-builder-workspace/.derivedData/Build/Products/Debug-appletvos -F /Applications/Xcode-27.0.0-Release.Candidate.app/Contents/Developer/Platforms/AppleTVOS.platform/Developer/Library/Frameworks -F /Applications/Xcode-27.0.0-Release.Candidate.app/Contents/Developer/Platforms/AppleTVOS.platform/Developer/SDKs/AppleTVOS27.0.sdk/Developer/Library/Frameworks -c -j10 -enable-batch-mode -incremental -Xcc -ivfsstatcache -Xcc /Users/admin/builder/spi-builder-workspace/.derivedData/SDKStatCaches.noindex/appletvos27.0-24J360-e829b21a6f8c9b70876ba0858053c044b32bfd8d43560033f8d89884cdb90028.sdkstatcache -output-file-map /Users/admin/builder/spi-builder-workspace/.derivedData/Build/Intermediates.noindex/swift-art.build/Debug-appletvos/ArtTerminal-t.build/Objects-normal/arm64/ArtTerminal-OutputFileMap.json -save-temps -no-color-diagnostics -explicit-module-build -module-cache-path /Users/admin/builder/spi-builder-workspace/.derivedData/Build/Intermediates.noindex/SwiftExplicitPrecompiledModules -clang-scanner-module-cache-path /Users/admin/builder/spi-builder-workspace/.derivedData/ModuleCache.noindex -sdk-module-cache-path /Users/admin/builder/spi-builder-workspace/.derivedData/SDKExplicitPrecompiledModules -emit-dependencies -emit-module -emit-module-path /Users/admin/builder/spi-builder-workspace/.derivedData/Build/Intermediates.noindex/swift-art.build/Debug-appletvos/ArtTerminal-t.build/Objects-normal/arm64/ArtTerminal.swiftmodule -serialize-diagnostics -dependency-scan-serialize-diagnostics-path /Users/admin/builder/spi-builder-workspace/.derivedData/Build/Intermediates.noindex/swift-art.build/Debug-appletvos/ArtTerminal-t.build/Objects-normal/arm64/ArtTerminal-dependency-scan.dia -validate-clang-modules-once -clang-build-session-file /Users/admin/builder/spi-builder-workspace/.derivedData/ModuleCache.noindex/Session.modulevalidation -Xcc -fmodules-prune-interval\=86400 -Xcc -fmodules-prune-after\=345600 -package-name spi_builder_workspace -emit-const-values -const-gather-protocols-list /Users/admin/builder/spi-builder-workspace/.derivedData/Build/Intermediates.noindex/swift-art.build/Debug-appletvos/ArtTerminal-t.build/Objects-normal/arm64/ArtTerminal_const_extract_protocols.json -Xcc -I/Users/admin/builder/spi-builder-workspace/.derivedData/Build/Products/Debug-appletvos/include -Xcc -I/Users/admin/builder/spi-builder-workspace/.derivedData/Build/Intermediates.noindex/swift-art.build/Debug-appletvos/ArtTerminal-t.build/DerivedSources-normal/arm64 -Xcc -I/Users/admin/builder/spi-builder-workspace/.derivedData/Build/Intermediates.noindex/swift-art.build/Debug-appletvos/ArtTerminal-t.build/DerivedSources/arm64 -Xcc -I/Users/admin/builder/spi-builder-workspace/.derivedData/Build/Intermediates.noindex/swift-art.build/Debug-appletvos/ArtTerminal-t.build/DerivedSources -Xcc -DSWIFT_PACKAGE -Xcc -DDEBUG\=1 -emit-objc-header -emit-objc-header-path /Users/admin/builder/spi-builder-workspace/.derivedData/Build/Intermediates.noindex/swift-art.build/Debug-appletvos/ArtTerminal-t.build/Objects-normal/arm64/ArtTerminal-Swift.h -working-directory /Users/admin/builder/spi-builder-workspace/.swiftpm/xcode -experimental-emit-module-separately -disable-cmo
ExtractAppIntentsMetadata (in target 'Color' from project 'swift-color')
cd /Users/admin/builder/spi-builder-workspace/.dependencies/checkouts/swift-color
/Applications/Xcode-27.0.0-Release.Candidate.app/Contents/Developer/Toolchains/XcodeDefault.xctoolchain/usr/bin/appintentsmetadataprocessor --toolchain-dir /var/run/com.apple.security.cryptexd/mnt/com.apple.MobileAsset.MetalToolchain-v27.1.266.1.DXOe9n/Metal.xctoolchain --module-name Color --sdk-root /Applications/Xcode-27.0.0-Release.Candidate.app/Contents/Developer/Platforms/AppleTVOS.platform/Developer/SDKs/AppleTVOS27.0.sdk --xcode-version 27A266a --platform-family tvOS --deployment-target 16.0 --bundle-identifier swift-color.Color --output /Users/admin/builder/spi-builder-workspace/.derivedData/Build/Products/Debug-appletvos/Color.appintents --target-triple arm64-apple-tvos16.0 --binary-file /Users/admin/builder/spi-builder-workspace/.derivedData/Build/Products/Debug-appletvos/Color.o --dependency-file /Users/admin/builder/spi-builder-workspace/.derivedData/Build/Intermediates.noindex/swift-color.build/Debug-appletvos/Color-t.build/Objects-normal/arm64/Color_dependency_info.dat --stringsdata-file /Users/admin/builder/spi-builder-workspace/.derivedData/Build/Intermediates.noindex/swift-color.build/Debug-appletvos/Color-t.build/Objects-normal/arm64/ExtractedAppShortcutsMetadata.stringsdata --source-file-list /Users/admin/builder/spi-builder-workspace/.derivedData/Build/Intermediates.noindex/swift-color.build/Debug-appletvos/Color-t.build/Objects-normal/arm64/Color.SwiftFileList --metadata-file-list /Users/admin/builder/spi-builder-workspace/.derivedData/Build/Intermediates.noindex/swift-color.build/Debug-appletvos/Color-t.build/Color.DependencyMetadataFileList --static-metadata-file-list /Users/admin/builder/spi-builder-workspace/.derivedData/Build/Intermediates.noindex/swift-color.build/Debug-appletvos/Color-t.build/Color.DependencyStaticMetadataFileList --swift-const-vals-list /Users/admin/builder/spi-builder-workspace/.derivedData/Build/Intermediates.noindex/swift-color.build/Debug-appletvos/Color-t.build/Objects-normal/arm64/Color.SwiftConstValuesFileList --force --compile-time-extraction --deployment-aware-processing --no-app-shortcuts-localization
2026-09-23 15:04:10.927 appintentsmetadataprocessor[1133:6687] Starting appintentsmetadataprocessor export
2026-09-23 15:04:11.053 appintentsmetadataprocessor[1133:6687] Extracted no relevant App Intents symbols, skipping writing output
SwiftEmitModule normal arm64 Emitting\ module\ for\ ArtTerminal (in target 'ArtTerminal' from project 'swift-art')
SwiftCompile normal arm64 (in target 'ArtTerminal' from project 'swift-art')
cd /Users/admin/builder/spi-builder-workspace/.swiftpm/xcode
SwiftCompile normal arm64 Compiling\ ASCIIRenderable.swift /Users/admin/builder/spi-builder-workspace/Sources/ArtTerminal/Core/ASCIIRenderable.swift (in target 'ArtTerminal' from project 'swift-art')
SwiftCompile normal arm64 /Users/admin/builder/spi-builder-workspace/Sources/ArtTerminal/Core/ASCIIRenderable.swift (in target 'ArtTerminal' from project 'swift-art')
cd /Users/admin/builder/spi-builder-workspace/.swiftpm/xcode
builtin-SwiftPerFileCompile ASCIIRenderable.swift
SwiftCompile normal arm64 Compiling\ FractalASCII.swift /Users/admin/builder/spi-builder-workspace/Sources/ArtTerminal/Renderers/FractalASCII.swift (in target 'ArtTerminal' from project 'swift-art')
SwiftCompile normal arm64 /Users/admin/builder/spi-builder-workspace/Sources/ArtTerminal/Renderers/FractalASCII.swift (in target 'ArtTerminal' from project 'swift-art')
cd /Users/admin/builder/spi-builder-workspace/.swiftpm/xcode
builtin-SwiftPerFileCompile FractalASCII.swift
SwiftDriverJobDiscovery normal arm64 Compiling Palette.swift, ArtError.swift, Color+Bridge.swift (in target 'Art' from project 'swift-art')
SwiftCompile normal arm64 Compiling\ CellularAutomataASCII.swift /Users/admin/builder/spi-builder-workspace/Sources/ArtTerminal/Renderers/CellularAutomataASCII.swift (in target 'ArtTerminal' from project 'swift-art')
SwiftCompile normal arm64 /Users/admin/builder/spi-builder-workspace/Sources/ArtTerminal/Renderers/CellularAutomataASCII.swift (in target 'ArtTerminal' from project 'swift-art')
cd /Users/admin/builder/spi-builder-workspace/.swiftpm/xcode
builtin-SwiftPerFileCompile CellularAutomataASCII.swift
SwiftDriverJobDiscovery normal arm64 Emitting module for ArtTerminal (in target 'ArtTerminal' from project 'swift-art')
SwiftDriver\ Compilation\ Requirements ArtTerminal normal arm64 com.apple.xcode.tools.swift.compiler (in target 'ArtTerminal' from project 'swift-art')
cd /Users/admin/builder/spi-builder-workspace/.swiftpm/xcode
builtin-Swift-Compilation-Requirements -- /Applications/Xcode-27.0.0-Release.Candidate.app/Contents/Developer/Toolchains/XcodeDefault.xctoolchain/usr/bin/swiftc -parse-as-library -module-name ArtTerminal -Onone @/Users/admin/builder/spi-builder-workspace/.derivedData/Build/Intermediates.noindex/swift-art.build/Debug-appletvos/ArtTerminal-t.build/Objects-normal/arm64/ArtTerminal.SwiftFileList -DSWIFT_PACKAGE -DDEBUG -DSWIFT_MODULE_RESOURCE_BUNDLE_UNAVAILABLE -DXcode -plugin-path /Applications/Xcode-27.0.0-Release.Candidate.app/Contents/Developer/Toolchains/XcodeDefault.xctoolchain/usr/lib/swift/host/plugins/testing -enable-experimental-feature DebugDescriptionMacro -sdk /Applications/Xcode-27.0.0-Release.Candidate.app/Contents/Developer/Platforms/AppleTVOS.platform/Developer/SDKs/AppleTVOS27.0.sdk -target arm64-apple-tvos16.0 -g -module-cache-path /Users/admin/builder/spi-builder-workspace/.derivedData/ModuleCache.noindex -Xfrontend -serialize-debugging-options -profile-coverage-mapping -profile-generate -enable-testing -index-store-path /Users/admin/builder/spi-builder-workspace/.derivedData/Index.noindex/DataStore -Xcc -D_LIBCPP_HARDENING_MODE\=_LIBCPP_HARDENING_MODE_DEBUG -swift-version 6 -I /Users/admin/builder/spi-builder-workspace/.derivedData/Build/Products/Debug-appletvos -Isystem /Applications/Xcode-27.0.0-Release.Candidate.app/Contents/Developer/Platforms/AppleTVOS.platform/Developer/usr/lib -F /Users/admin/builder/spi-builder-workspace/.derivedData/Build/Products/Debug-appletvos/PackageFrameworks -F /Users/admin/builder/spi-builder-workspace/.derivedData/Build/Products/Debug-appletvos -F /Applications/Xcode-27.0.0-Release.Candidate.app/Contents/Developer/Platforms/AppleTVOS.platform/Developer/Library/Frameworks -F /Applications/Xcode-27.0.0-Release.Candidate.app/Contents/Developer/Platforms/AppleTVOS.platform/Developer/SDKs/AppleTVOS27.0.sdk/Developer/Library/Frameworks -c -j10 -enable-batch-mode -incremental -Xcc -ivfsstatcache -Xcc /Users/admin/builder/spi-builder-workspace/.derivedData/SDKStatCaches.noindex/appletvos27.0-24J360-e829b21a6f8c9b70876ba0858053c044b32bfd8d43560033f8d89884cdb90028.sdkstatcache -output-file-map /Users/admin/builder/spi-builder-workspace/.derivedData/Build/Intermediates.noindex/swift-art.build/Debug-appletvos/ArtTerminal-t.build/Objects-normal/arm64/ArtTerminal-OutputFileMap.json -save-temps -no-color-diagnostics -explicit-module-build -module-cache-path /Users/admin/builder/spi-builder-workspace/.derivedData/Build/Intermediates.noindex/SwiftExplicitPrecompiledModules -clang-scanner-module-cache-path /Users/admin/builder/spi-builder-workspace/.derivedData/ModuleCache.noindex -sdk-module-cache-path /Users/admin/builder/spi-builder-workspace/.derivedData/SDKExplicitPrecompiledModules -emit-dependencies -emit-module -emit-module-path /Users/admin/builder/spi-builder-workspace/.derivedData/Build/Intermediates.noindex/swift-art.build/Debug-appletvos/ArtTerminal-t.build/Objects-normal/arm64/ArtTerminal.swiftmodule -serialize-diagnostics -dependency-scan-serialize-diagnostics-path /Users/admin/builder/spi-builder-workspace/.derivedData/Build/Intermediates.noindex/swift-art.build/Debug-appletvos/ArtTerminal-t.build/Objects-normal/arm64/ArtTerminal-dependency-scan.dia -validate-clang-modules-once -clang-build-session-file /Users/admin/builder/spi-builder-workspace/.derivedData/ModuleCache.noindex/Session.modulevalidation -Xcc -fmodules-prune-interval\=86400 -Xcc -fmodules-prune-after\=345600 -package-name spi_builder_workspace -emit-const-values -const-gather-protocols-list /Users/admin/builder/spi-builder-workspace/.derivedData/Build/Intermediates.noindex/swift-art.build/Debug-appletvos/ArtTerminal-t.build/Objects-normal/arm64/ArtTerminal_const_extract_protocols.json -Xcc -I/Users/admin/builder/spi-builder-workspace/.derivedData/Build/Products/Debug-appletvos/include -Xcc -I/Users/admin/builder/spi-builder-workspace/.derivedData/Build/Intermediates.noindex/swift-art.build/Debug-appletvos/ArtTerminal-t.build/DerivedSources-normal/arm64 -Xcc -I/Users/admin/builder/spi-builder-workspace/.derivedData/Build/Intermediates.noindex/swift-art.build/Debug-appletvos/ArtTerminal-t.build/DerivedSources/arm64 -Xcc -I/Users/admin/builder/spi-builder-workspace/.derivedData/Build/Intermediates.noindex/swift-art.build/Debug-appletvos/ArtTerminal-t.build/DerivedSources -Xcc -DSWIFT_PACKAGE -Xcc -DDEBUG\=1 -emit-objc-header -emit-objc-header-path /Users/admin/builder/spi-builder-workspace/.derivedData/Build/Intermediates.noindex/swift-art.build/Debug-appletvos/ArtTerminal-t.build/Objects-normal/arm64/ArtTerminal-Swift.h -working-directory /Users/admin/builder/spi-builder-workspace/.swiftpm/xcode -experimental-emit-module-separately -disable-cmo
SwiftDriverJobDiscovery normal arm64 Compiling JuliaSet.swift, KochCurve.swift, Mandelbrot.swift (in target 'Art' from project 'swift-art')
SwiftCompile normal arm64 Compiling\ TerminalAnimator.swift /Users/admin/builder/spi-builder-workspace/Sources/ArtTerminal/Animation/TerminalAnimator.swift (in target 'ArtTerminal' from project 'swift-art')
SwiftCompile normal arm64 /Users/admin/builder/spi-builder-workspace/Sources/ArtTerminal/Animation/TerminalAnimator.swift (in target 'ArtTerminal' from project 'swift-art')
cd /Users/admin/builder/spi-builder-workspace/.swiftpm/xcode
builtin-SwiftPerFileCompile TerminalAnimator.swift
SwiftMergeGeneratedHeaders /Users/admin/builder/spi-builder-workspace/.derivedData/Build/Intermediates.noindex/GeneratedModuleMaps-appletvos/ArtTerminal-Swift.h /Users/admin/builder/spi-builder-workspace/.derivedData/Build/Intermediates.noindex/swift-art.build/Debug-appletvos/ArtTerminal-t.build/Objects-normal/arm64/ArtTerminal-Swift.h (in target 'ArtTerminal' from project 'swift-art')
cd /Users/admin/builder/spi-builder-workspace
builtin-swiftHeaderTool -arch arm64 /Users/admin/builder/spi-builder-workspace/.derivedData/Build/Intermediates.noindex/swift-art.build/Debug-appletvos/ArtTerminal-t.build/Objects-normal/arm64/ArtTerminal-Swift.h -o /Users/admin/builder/spi-builder-workspace/.derivedData/Build/Intermediates.noindex/GeneratedModuleMaps-appletvos/ArtTerminal-Swift.h
SwiftDriverJobDiscovery normal arm64 Compiling ASCIIRenderable.swift (in target 'ArtTerminal' from project 'swift-art')
Copy /Users/admin/builder/spi-builder-workspace/.derivedData/Build/Products/Debug-appletvos/ArtTerminal.swiftmodule/arm64-apple-tvos.swiftmodule /Users/admin/builder/spi-builder-workspace/.derivedData/Build/Intermediates.noindex/swift-art.build/Debug-appletvos/ArtTerminal-t.build/Objects-normal/arm64/ArtTerminal.swiftmodule (in target 'ArtTerminal' from project 'swift-art')
cd /Users/admin/builder/spi-builder-workspace
builtin-copy -exclude .DS_Store -exclude CVS -exclude .svn -exclude .git -exclude .hg -resolve-src-symlinks -rename /Users/admin/builder/spi-builder-workspace/.derivedData/Build/Intermediates.noindex/swift-art.build/Debug-appletvos/ArtTerminal-t.build/Objects-normal/arm64/ArtTerminal.swiftmodule /Users/admin/builder/spi-builder-workspace/.derivedData/Build/Products/Debug-appletvos/ArtTerminal.swiftmodule/arm64-apple-tvos.swiftmodule
Copy /Users/admin/builder/spi-builder-workspace/.derivedData/Build/Products/Debug-appletvos/ArtTerminal.swiftmodule/arm64-apple-tvos.swiftdoc /Users/admin/builder/spi-builder-workspace/.derivedData/Build/Intermediates.noindex/swift-art.build/Debug-appletvos/ArtTerminal-t.build/Objects-normal/arm64/ArtTerminal.swiftdoc (in target 'ArtTerminal' from project 'swift-art')
cd /Users/admin/builder/spi-builder-workspace
builtin-copy -exclude .DS_Store -exclude CVS -exclude .svn -exclude .git -exclude .hg -resolve-src-symlinks -rename /Users/admin/builder/spi-builder-workspace/.derivedData/Build/Intermediates.noindex/swift-art.build/Debug-appletvos/ArtTerminal-t.build/Objects-normal/arm64/ArtTerminal.swiftdoc /Users/admin/builder/spi-builder-workspace/.derivedData/Build/Products/Debug-appletvos/ArtTerminal.swiftmodule/arm64-apple-tvos.swiftdoc
Copy /Users/admin/builder/spi-builder-workspace/.derivedData/Build/Products/Debug-appletvos/ArtTerminal.swiftmodule/arm64-apple-tvos.abi.json /Users/admin/builder/spi-builder-workspace/.derivedData/Build/Intermediates.noindex/swift-art.build/Debug-appletvos/ArtTerminal-t.build/Objects-normal/arm64/ArtTerminal.abi.json (in target 'ArtTerminal' from project 'swift-art')
cd /Users/admin/builder/spi-builder-workspace
builtin-copy -exclude .DS_Store -exclude CVS -exclude .svn -exclude .git -exclude .hg -resolve-src-symlinks -rename /Users/admin/builder/spi-builder-workspace/.derivedData/Build/Intermediates.noindex/swift-art.build/Debug-appletvos/ArtTerminal-t.build/Objects-normal/arm64/ArtTerminal.abi.json /Users/admin/builder/spi-builder-workspace/.derivedData/Build/Products/Debug-appletvos/ArtTerminal.swiftmodule/arm64-apple-tvos.abi.json
Copy /Users/admin/builder/spi-builder-workspace/.derivedData/Build/Products/Debug-appletvos/ArtTerminal.swiftmodule/Project/arm64-apple-tvos.swiftsourceinfo /Users/admin/builder/spi-builder-workspace/.derivedData/Build/Intermediates.noindex/swift-art.build/Debug-appletvos/ArtTerminal-t.build/Objects-normal/arm64/ArtTerminal.swiftsourceinfo (in target 'ArtTerminal' from project 'swift-art')
cd /Users/admin/builder/spi-builder-workspace
builtin-copy -exclude .DS_Store -exclude CVS -exclude .svn -exclude .git -exclude .hg -resolve-src-symlinks -rename /Users/admin/builder/spi-builder-workspace/.derivedData/Build/Intermediates.noindex/swift-art.build/Debug-appletvos/ArtTerminal-t.build/Objects-normal/arm64/ArtTerminal.swiftsourceinfo /Users/admin/builder/spi-builder-workspace/.derivedData/Build/Products/Debug-appletvos/ArtTerminal.swiftmodule/Project/arm64-apple-tvos.swiftsourceinfo
SwiftCompile normal arm64 Compiling\ NoiseASCII.swift /Users/admin/builder/spi-builder-workspace/Sources/ArtTerminal/Renderers/NoiseASCII.swift (in target 'ArtTerminal' from project 'swift-art')
SwiftCompile normal arm64 /Users/admin/builder/spi-builder-workspace/Sources/ArtTerminal/Renderers/NoiseASCII.swift (in target 'ArtTerminal' from project 'swift-art')
cd /Users/admin/builder/spi-builder-workspace/.swiftpm/xcode
builtin-SwiftPerFileCompile NoiseASCII.swift
SwiftDriverJobDiscovery normal arm64 Compiling CellularAutomataASCII.swift (in target 'ArtTerminal' from project 'swift-art')
SwiftCompile normal arm64 Compiling\ LSystemASCII.swift /Users/admin/builder/spi-builder-workspace/Sources/ArtTerminal/Renderers/LSystemASCII.swift (in target 'ArtTerminal' from project 'swift-art')
SwiftCompile normal arm64 /Users/admin/builder/spi-builder-workspace/Sources/ArtTerminal/Renderers/LSystemASCII.swift (in target 'ArtTerminal' from project 'swift-art')
cd /Users/admin/builder/spi-builder-workspace/.swiftpm/xcode
builtin-SwiftPerFileCompile LSystemASCII.swift
SwiftDriverJobDiscovery normal arm64 Compiling FractalASCII.swift (in target 'ArtTerminal' from project 'swift-art')
SwiftCompile normal arm64 Compiling\ ASCIICanvas.swift /Users/admin/builder/spi-builder-workspace/Sources/ArtTerminal/Core/ASCIICanvas.swift (in target 'ArtTerminal' from project 'swift-art')
SwiftCompile normal arm64 /Users/admin/builder/spi-builder-workspace/Sources/ArtTerminal/Core/ASCIICanvas.swift (in target 'ArtTerminal' from project 'swift-art')
cd /Users/admin/builder/spi-builder-workspace/.swiftpm/xcode
builtin-SwiftPerFileCompile ASCIICanvas.swift
SwiftDriverJobDiscovery normal arm64 Compiling Subdivision.swift, Tessellation.swift, Voronoi.swift (in target 'Art' from project 'swift-art')
SwiftCompile normal arm64 Compiling\ ArtTerminal.swift /Users/admin/builder/spi-builder-workspace/Sources/ArtTerminal/ArtTerminal.swift (in target 'ArtTerminal' from project 'swift-art')
SwiftCompile normal arm64 /Users/admin/builder/spi-builder-workspace/Sources/ArtTerminal/ArtTerminal.swift (in target 'ArtTerminal' from project 'swift-art')
cd /Users/admin/builder/spi-builder-workspace/.swiftpm/xcode
builtin-SwiftPerFileCompile ArtTerminal.swift
SwiftDriverJobDiscovery normal arm64 Compiling NoiseASCII.swift (in target 'ArtTerminal' from project 'swift-art')
SwiftDriverJobDiscovery normal arm64 Compiling Sierpinski.swift, Polygon.swift, Shapes.swift (in target 'Art' from project 'swift-art')
SwiftDriverJobDiscovery normal arm64 Compiling SimplexNoise.swift, WorleyNoise.swift, Emitter.swift (in target 'Art' from project 'swift-art')
SwiftDriverJobDiscovery normal arm64 Compiling TerminalAnimator.swift (in target 'ArtTerminal' from project 'swift-art')
SwiftDriverJobDiscovery normal arm64 Compiling ArtTerminal.swift (in target 'ArtTerminal' from project 'swift-art')
SwiftDriverJobDiscovery normal arm64 Compiling ElementaryCA.swift, GameOfLife.swift, Gradient.swift, Harmony.swift (in target 'Art' from project 'swift-art')
SwiftDriverJobDiscovery normal arm64 Compiling Color.swift, Point.swift, RandomSource.swift (in target 'Art' from project 'swift-art')
SwiftDriver\ Compilation Art normal arm64 com.apple.xcode.tools.swift.compiler (in target 'Art' from project 'swift-art')
cd /Users/admin/builder/spi-builder-workspace/.swiftpm/xcode
builtin-Swift-Compilation -- /Applications/Xcode-27.0.0-Release.Candidate.app/Contents/Developer/Toolchains/XcodeDefault.xctoolchain/usr/bin/swiftc -parse-as-library -module-name Art -Onone @/Users/admin/builder/spi-builder-workspace/.derivedData/Build/Intermediates.noindex/swift-art.build/Debug-appletvos/Art-t.build/Objects-normal/arm64/Art.SwiftFileList -DSWIFT_PACKAGE -DDEBUG -DSWIFT_MODULE_RESOURCE_BUNDLE_UNAVAILABLE -DXcode -plugin-path /Applications/Xcode-27.0.0-Release.Candidate.app/Contents/Developer/Toolchains/XcodeDefault.xctoolchain/usr/lib/swift/host/plugins/testing -enable-experimental-feature DebugDescriptionMacro -sdk /Applications/Xcode-27.0.0-Release.Candidate.app/Contents/Developer/Platforms/AppleTVOS.platform/Developer/SDKs/AppleTVOS27.0.sdk -target arm64-apple-tvos16.0 -g -module-cache-path /Users/admin/builder/spi-builder-workspace/.derivedData/ModuleCache.noindex -Xfrontend -serialize-debugging-options -profile-coverage-mapping -profile-generate -enable-testing -index-store-path /Users/admin/builder/spi-builder-workspace/.derivedData/Index.noindex/DataStore -Xcc -D_LIBCPP_HARDENING_MODE\=_LIBCPP_HARDENING_MODE_DEBUG -swift-version 6 -I /Users/admin/builder/spi-builder-workspace/.derivedData/Build/Products/Debug-appletvos -Isystem /Applications/Xcode-27.0.0-Release.Candidate.app/Contents/Developer/Platforms/AppleTVOS.platform/Developer/usr/lib -F /Users/admin/builder/spi-builder-workspace/.derivedData/Build/Products/Debug-appletvos/PackageFrameworks -F /Users/admin/builder/spi-builder-workspace/.derivedData/Build/Products/Debug-appletvos -F /Applications/Xcode-27.0.0-Release.Candidate.app/Contents/Developer/Platforms/AppleTVOS.platform/Developer/Library/Frameworks -F /Applications/Xcode-27.0.0-Release.Candidate.app/Contents/Developer/Platforms/AppleTVOS.platform/Developer/SDKs/AppleTVOS27.0.sdk/Developer/Library/Frameworks -c -j10 -enable-batch-mode -incremental -Xcc -ivfsstatcache -Xcc /Users/admin/builder/spi-builder-workspace/.derivedData/SDKStatCaches.noindex/appletvos27.0-24J360-e829b21a6f8c9b70876ba0858053c044b32bfd8d43560033f8d89884cdb90028.sdkstatcache -output-file-map /Users/admin/builder/spi-builder-workspace/.derivedData/Build/Intermediates.noindex/swift-art.build/Debug-appletvos/Art-t.build/Objects-normal/arm64/Art-OutputFileMap.json -save-temps -no-color-diagnostics -explicit-module-build -module-cache-path /Users/admin/builder/spi-builder-workspace/.derivedData/Build/Intermediates.noindex/SwiftExplicitPrecompiledModules -clang-scanner-module-cache-path /Users/admin/builder/spi-builder-workspace/.derivedData/ModuleCache.noindex -sdk-module-cache-path /Users/admin/builder/spi-builder-workspace/.derivedData/SDKExplicitPrecompiledModules -emit-dependencies -emit-module -emit-module-path /Users/admin/builder/spi-builder-workspace/.derivedData/Build/Intermediates.noindex/swift-art.build/Debug-appletvos/Art-t.build/Objects-normal/arm64/Art.swiftmodule -serialize-diagnostics -dependency-scan-serialize-diagnostics-path /Users/admin/builder/spi-builder-workspace/.derivedData/Build/Intermediates.noindex/swift-art.build/Debug-appletvos/Art-t.build/Objects-normal/arm64/Art-dependency-scan.dia -validate-clang-modules-once -clang-build-session-file /Users/admin/builder/spi-builder-workspace/.derivedData/ModuleCache.noindex/Session.modulevalidation -Xcc -fmodules-prune-interval\=86400 -Xcc -fmodules-prune-after\=345600 -package-name spi_builder_workspace -emit-const-values -const-gather-protocols-list /Users/admin/builder/spi-builder-workspace/.derivedData/Build/Intermediates.noindex/swift-art.build/Debug-appletvos/Art-t.build/Objects-normal/arm64/Art_const_extract_protocols.json -Xcc -I/Users/admin/builder/spi-builder-workspace/.derivedData/Build/Products/Debug-appletvos/include -Xcc -I/Users/admin/builder/spi-builder-workspace/.derivedData/Build/Intermediates.noindex/swift-art.build/Debug-appletvos/Art-t.build/DerivedSources-normal/arm64 -Xcc -I/Users/admin/builder/spi-builder-workspace/.derivedData/Build/Intermediates.noindex/swift-art.build/Debug-appletvos/Art-t.build/DerivedSources/arm64 -Xcc -I/Users/admin/builder/spi-builder-workspace/.derivedData/Build/Intermediates.noindex/swift-art.build/Debug-appletvos/Art-t.build/DerivedSources -Xcc -DSWIFT_PACKAGE -Xcc -DDEBUG\=1 -emit-objc-header -emit-objc-header-path /Users/admin/builder/spi-builder-workspace/.derivedData/Build/Intermediates.noindex/swift-art.build/Debug-appletvos/Art-t.build/Objects-normal/arm64/Art-Swift.h -working-directory /Users/admin/builder/spi-builder-workspace/.swiftpm/xcode -experimental-emit-module-separately -disable-cmo
Ld /Users/admin/builder/spi-builder-workspace/.derivedData/Build/Products/Debug-appletvos/Art.o normal (in target 'Art' from project 'swift-art')
cd /Users/admin/builder/spi-builder-workspace
/Applications/Xcode-27.0.0-Release.Candidate.app/Contents/Developer/Toolchains/XcodeDefault.xctoolchain/usr/bin/clang -Xlinker -reproducible -target arm64-apple-tvos16.0 -r -isysroot /Applications/Xcode-27.0.0-Release.Candidate.app/Contents/Developer/Platforms/AppleTVOS.platform/Developer/SDKs/AppleTVOS27.0.sdk -O0 -Xlinker -no_warn_duplicate_libraries -F/Users/admin/builder/spi-builder-workspace/.derivedData/Build/Intermediates.noindex/EagerLinkingTBDs/Debug-appletvos -F/Users/admin/builder/spi-builder-workspace/.derivedData/Build/Products/Debug-appletvos/PackageFrameworks -F/Users/admin/builder/spi-builder-workspace/.derivedData/Build/Products/Debug-appletvos -iframework /Applications/Xcode-27.0.0-Release.Candidate.app/Contents/Developer/Platforms/AppleTVOS.platform/Developer/Library/Frameworks -iframework /Applications/Xcode-27.0.0-Release.Candidate.app/Contents/Developer/Platforms/AppleTVOS.platform/Developer/SDKs/AppleTVOS27.0.sdk/Developer/Library/Frameworks -filelist /Users/admin/builder/spi-builder-workspace/.derivedData/Build/Intermediates.noindex/swift-art.build/Debug-appletvos/Art-t.build/Objects-normal/arm64/Art.LinkFileList -nostdlib -Xlinker -object_path_lto -Xlinker /Users/admin/builder/spi-builder-workspace/.derivedData/Build/Intermediates.noindex/swift-art.build/Debug-appletvos/Art-t.build/Objects-normal/arm64/Art_lto.o -Xlinker -no_deduplicate -Xlinker -debug_variant -Xlinker -dependency_info -Xlinker /Users/admin/builder/spi-builder-workspace/.derivedData/Build/Intermediates.noindex/swift-art.build/Debug-appletvos/Art-t.build/Objects-normal/arm64/Art_dependency_info.dat -fobjc-link-runtime -L/Applications/Xcode-27.0.0-Release.Candidate.app/Contents/Developer/Toolchains/XcodeDefault.xctoolchain/usr/lib/swift/appletvos -L/usr/lib/swift -Xlinker -add_ast_path -Xlinker /Users/admin/builder/spi-builder-workspace/.derivedData/Build/Intermediates.noindex/swift-art.build/Debug-appletvos/Art-t.build/Objects-normal/arm64/Art.swiftmodule -o /Users/admin/builder/spi-builder-workspace/.derivedData/Build/Products/Debug-appletvos/Art.o
ExtractAppIntentsMetadata (in target 'Art' from project 'swift-art')
cd /Users/admin/builder/spi-builder-workspace
/Applications/Xcode-27.0.0-Release.Candidate.app/Contents/Developer/Toolchains/XcodeDefault.xctoolchain/usr/bin/appintentsmetadataprocessor --toolchain-dir /var/run/com.apple.security.cryptexd/mnt/com.apple.MobileAsset.MetalToolchain-v27.1.266.1.DXOe9n/Metal.xctoolchain --module-name Art --sdk-root /Applications/Xcode-27.0.0-Release.Candidate.app/Contents/Developer/Platforms/AppleTVOS.platform/Developer/SDKs/AppleTVOS27.0.sdk --xcode-version 27A266a --platform-family tvOS --deployment-target 16.0 --bundle-identifier spi-builder-workspace.Art --output /Users/admin/builder/spi-builder-workspace/.derivedData/Build/Products/Debug-appletvos/Art.appintents --target-triple arm64-apple-tvos16.0 --binary-file /Users/admin/builder/spi-builder-workspace/.derivedData/Build/Products/Debug-appletvos/Art.o --dependency-file /Users/admin/builder/spi-builder-workspace/.derivedData/Build/Intermediates.noindex/swift-art.build/Debug-appletvos/Art-t.build/Objects-normal/arm64/Art_dependency_info.dat --stringsdata-file /Users/admin/builder/spi-builder-workspace/.derivedData/Build/Intermediates.noindex/swift-art.build/Debug-appletvos/Art-t.build/Objects-normal/arm64/ExtractedAppShortcutsMetadata.stringsdata --source-file-list /Users/admin/builder/spi-builder-workspace/.derivedData/Build/Intermediates.noindex/swift-art.build/Debug-appletvos/Art-t.build/Objects-normal/arm64/Art.SwiftFileList --metadata-file-list /Users/admin/builder/spi-builder-workspace/.derivedData/Build/Intermediates.noindex/swift-art.build/Debug-appletvos/Art-t.build/Art.DependencyMetadataFileList --static-metadata-file-list /Users/admin/builder/spi-builder-workspace/.derivedData/Build/Intermediates.noindex/swift-art.build/Debug-appletvos/Art-t.build/Art.DependencyStaticMetadataFileList --swift-const-vals-list /Users/admin/builder/spi-builder-workspace/.derivedData/Build/Intermediates.noindex/swift-art.build/Debug-appletvos/Art-t.build/Objects-normal/arm64/Art.SwiftConstValuesFileList --force --compile-time-extraction --deployment-aware-processing --no-app-shortcuts-localization
2026-09-23 15:04:11.488 appintentsmetadataprocessor[1145:6857] Starting appintentsmetadataprocessor export
2026-09-23 15:04:11.552 appintentsmetadataprocessor[1145:6857] Extracted no relevant App Intents symbols, skipping writing output
SwiftDriverJobDiscovery normal arm64 Compiling LSystemASCII.swift (in target 'ArtTerminal' from project 'swift-art')
SwiftDriverJobDiscovery normal arm64 Compiling ASCIICanvas.swift (in target 'ArtTerminal' from project 'swift-art')
SwiftDriver\ Compilation ArtTerminal normal arm64 com.apple.xcode.tools.swift.compiler (in target 'ArtTerminal' from project 'swift-art')
cd /Users/admin/builder/spi-builder-workspace/.swiftpm/xcode
builtin-Swift-Compilation -- /Applications/Xcode-27.0.0-Release.Candidate.app/Contents/Developer/Toolchains/XcodeDefault.xctoolchain/usr/bin/swiftc -parse-as-library -module-name ArtTerminal -Onone @/Users/admin/builder/spi-builder-workspace/.derivedData/Build/Intermediates.noindex/swift-art.build/Debug-appletvos/ArtTerminal-t.build/Objects-normal/arm64/ArtTerminal.SwiftFileList -DSWIFT_PACKAGE -DDEBUG -DSWIFT_MODULE_RESOURCE_BUNDLE_UNAVAILABLE -DXcode -plugin-path /Applications/Xcode-27.0.0-Release.Candidate.app/Contents/Developer/Toolchains/XcodeDefault.xctoolchain/usr/lib/swift/host/plugins/testing -enable-experimental-feature DebugDescriptionMacro -sdk /Applications/Xcode-27.0.0-Release.Candidate.app/Contents/Developer/Platforms/AppleTVOS.platform/Developer/SDKs/AppleTVOS27.0.sdk -target arm64-apple-tvos16.0 -g -module-cache-path /Users/admin/builder/spi-builder-workspace/.derivedData/ModuleCache.noindex -Xfrontend -serialize-debugging-options -profile-coverage-mapping -profile-generate -enable-testing -index-store-path /Users/admin/builder/spi-builder-workspace/.derivedData/Index.noindex/DataStore -Xcc -D_LIBCPP_HARDENING_MODE\=_LIBCPP_HARDENING_MODE_DEBUG -swift-version 6 -I /Users/admin/builder/spi-builder-workspace/.derivedData/Build/Products/Debug-appletvos -Isystem /Applications/Xcode-27.0.0-Release.Candidate.app/Contents/Developer/Platforms/AppleTVOS.platform/Developer/usr/lib -F /Users/admin/builder/spi-builder-workspace/.derivedData/Build/Products/Debug-appletvos/PackageFrameworks -F /Users/admin/builder/spi-builder-workspace/.derivedData/Build/Products/Debug-appletvos -F /Applications/Xcode-27.0.0-Release.Candidate.app/Contents/Developer/Platforms/AppleTVOS.platform/Developer/Library/Frameworks -F /Applications/Xcode-27.0.0-Release.Candidate.app/Contents/Developer/Platforms/AppleTVOS.platform/Developer/SDKs/AppleTVOS27.0.sdk/Developer/Library/Frameworks -c -j10 -enable-batch-mode -incremental -Xcc -ivfsstatcache -Xcc /Users/admin/builder/spi-builder-workspace/.derivedData/SDKStatCaches.noindex/appletvos27.0-24J360-e829b21a6f8c9b70876ba0858053c044b32bfd8d43560033f8d89884cdb90028.sdkstatcache -output-file-map /Users/admin/builder/spi-builder-workspace/.derivedData/Build/Intermediates.noindex/swift-art.build/Debug-appletvos/ArtTerminal-t.build/Objects-normal/arm64/ArtTerminal-OutputFileMap.json -save-temps -no-color-diagnostics -explicit-module-build -module-cache-path /Users/admin/builder/spi-builder-workspace/.derivedData/Build/Intermediates.noindex/SwiftExplicitPrecompiledModules -clang-scanner-module-cache-path /Users/admin/builder/spi-builder-workspace/.derivedData/ModuleCache.noindex -sdk-module-cache-path /Users/admin/builder/spi-builder-workspace/.derivedData/SDKExplicitPrecompiledModules -emit-dependencies -emit-module -emit-module-path /Users/admin/builder/spi-builder-workspace/.derivedData/Build/Intermediates.noindex/swift-art.build/Debug-appletvos/ArtTerminal-t.build/Objects-normal/arm64/ArtTerminal.swiftmodule -serialize-diagnostics -dependency-scan-serialize-diagnostics-path /Users/admin/builder/spi-builder-workspace/.derivedData/Build/Intermediates.noindex/swift-art.build/Debug-appletvos/ArtTerminal-t.build/Objects-normal/arm64/ArtTerminal-dependency-scan.dia -validate-clang-modules-once -clang-build-session-file /Users/admin/builder/spi-builder-workspace/.derivedData/ModuleCache.noindex/Session.modulevalidation -Xcc -fmodules-prune-interval\=86400 -Xcc -fmodules-prune-after\=345600 -package-name spi_builder_workspace -emit-const-values -const-gather-protocols-list /Users/admin/builder/spi-builder-workspace/.derivedData/Build/Intermediates.noindex/swift-art.build/Debug-appletvos/ArtTerminal-t.build/Objects-normal/arm64/ArtTerminal_const_extract_protocols.json -Xcc -I/Users/admin/builder/spi-builder-workspace/.derivedData/Build/Products/Debug-appletvos/include -Xcc -I/Users/admin/builder/spi-builder-workspace/.derivedData/Build/Intermediates.noindex/swift-art.build/Debug-appletvos/ArtTerminal-t.build/DerivedSources-normal/arm64 -Xcc -I/Users/admin/builder/spi-builder-workspace/.derivedData/Build/Intermediates.noindex/swift-art.build/Debug-appletvos/ArtTerminal-t.build/DerivedSources/arm64 -Xcc -I/Users/admin/builder/spi-builder-workspace/.derivedData/Build/Intermediates.noindex/swift-art.build/Debug-appletvos/ArtTerminal-t.build/DerivedSources -Xcc -DSWIFT_PACKAGE -Xcc -DDEBUG\=1 -emit-objc-header -emit-objc-header-path /Users/admin/builder/spi-builder-workspace/.derivedData/Build/Intermediates.noindex/swift-art.build/Debug-appletvos/ArtTerminal-t.build/Objects-normal/arm64/ArtTerminal-Swift.h -working-directory /Users/admin/builder/spi-builder-workspace/.swiftpm/xcode -experimental-emit-module-separately -disable-cmo
SwiftExplicitDependencyGeneratePcm arm64 /Users/admin/builder/spi-builder-workspace/.derivedData/SDKExplicitPrecompiledModules/CoreAudioTypes-3D575H9KXE9GWSK6ZWEWBV9TM.pcm
SwiftExplicitDependencyGeneratePcm arm64 /Users/admin/builder/spi-builder-workspace/.derivedData/SDKExplicitPrecompiledModules/_Builtin_intrinsics-AQDFY8KQQX9Z38C6EI15S53EQ.pcm
SwiftExplicitDependencyGeneratePcm arm64 /Users/admin/builder/spi-builder-workspace/.derivedData/SDKExplicitPrecompiledModules/UniformTypeIdentifiers-DQ77M7R0D7VCBK0YUO3VHCRB1.pcm
SwiftExplicitDependencyGeneratePcm arm64 /Users/admin/builder/spi-builder-workspace/.derivedData/SDKExplicitPrecompiledModules/CoreGraphics-D8Y0X4J52BHG7HHUQLTX6SXE1.pcm
SwiftExplicitDependencyGeneratePcm arm64 /Users/admin/builder/spi-builder-workspace/.derivedData/SDKExplicitPrecompiledModules/_Builtin_tgmath-320K271Z6IM134IWIB7S3LTD.pcm
SwiftExplicitDependencyGeneratePcm arm64 /Users/admin/builder/spi-builder-workspace/.derivedData/SDKExplicitPrecompiledModules/CoreData-3R0N6HKKQMVS32U7KOKR14383.pcm
SwiftExplicitDependencyGeneratePcm arm64 /Users/admin/builder/spi-builder-workspace/.derivedData/SDKExplicitPrecompiledModules/IOSurface-DEQULTJ8SC21O986FDCNTM8FX.pcm
SwiftExplicitDependencyGeneratePcm arm64 /Users/admin/builder/spi-builder-workspace/.derivedData/SDKExplicitPrecompiledModules/UserNotifications-AKH3GC0FQWUK55FNTW4WEMFQE.pcm
SwiftExplicitDependencyGeneratePcm arm64 /Users/admin/builder/spi-builder-workspace/.derivedData/SDKExplicitPrecompiledModules/UIUtilities-9NQVCWATNLLVY125LB74695HY.pcm
SwiftExplicitDependencyGeneratePcm arm64 /Users/admin/builder/spi-builder-workspace/.derivedData/SDKExplicitPrecompiledModules/Symbols-9TNA7JIKOEYVTYC7A16HCS4Z8.pcm
SwiftExplicitDependencyGeneratePcm arm64 /Users/admin/builder/spi-builder-workspace/.derivedData/SDKExplicitPrecompiledModules/_LocationEssentials-2OY9351FRBO717MIULOKMYA9E.pcm
SwiftExplicitDependencyGeneratePcm arm64 /Users/admin/builder/spi-builder-workspace/.derivedData/SDKExplicitPrecompiledModules/DataDetection-9IX0C1MAX33MS6TCZDSNKXEO8.pcm
SwiftExplicitDependencyGeneratePcm arm64 /Users/admin/builder/spi-builder-workspace/.derivedData/SDKExplicitPrecompiledModules/MachO-A5KLTMTLJD1DPHEYPZHUSRJ4O.pcm
SwiftExplicitDependencyGeneratePcm arm64 /Users/admin/builder/spi-builder-workspace/.derivedData/SDKExplicitPrecompiledModules/DeveloperToolsSupport-CJV8SY9BXJUTONPFWMLQEGTXA.pcm
SwiftExplicitDependencyGeneratePcm arm64 /Users/admin/builder/spi-builder-workspace/.derivedData/SDKExplicitPrecompiledModules/Metal-52GB3RCZ6A2WEZ7RWCXV2WL0N.pcm
SwiftExplicitDependencyGeneratePcm arm64 /Users/admin/builder/spi-builder-workspace/.derivedData/SDKExplicitPrecompiledModules/OpenGLES-6Y33D4DDPO1R82EJXT1SIGNPS.pcm
SwiftExplicitDependencyGeneratePcm arm64 /Users/admin/builder/spi-builder-workspace/.derivedData/SDKExplicitPrecompiledModules/CoreAudio-46JNU59TK6U76A9ILN06CT9NS.pcm
SwiftExplicitDependencyGeneratePcm arm64 /Users/admin/builder/spi-builder-workspace/.derivedData/SDKExplicitPrecompiledModules/CoreTransferable-84B3V3M9DHRIQERK179SSQO5U.pcm
SwiftExplicitDependencyGeneratePcm arm64 /Users/admin/builder/spi-builder-workspace/.derivedData/SDKExplicitPrecompiledModules/ImageIO-48DA7ET77Q34HPZP9CPHI9VS4.pcm
SwiftExplicitDependencyGeneratePcm arm64 /Users/admin/builder/spi-builder-workspace/.derivedData/SDKExplicitPrecompiledModules/Accessibility-EAPB6A95K5V0S27QNKR6ATG7F.pcm
SwiftExplicitDependencyGeneratePcm arm64 /Users/admin/builder/spi-builder-workspace/.derivedData/SDKExplicitPrecompiledModules/_Builtin_stdatomic-71DQV8BR56LNANL900GGEC9KO.pcm
SwiftExplicitDependencyGeneratePcm arm64 /Users/admin/builder/spi-builder-workspace/.derivedData/SDKExplicitPrecompiledModules/CoreText-E0GG8D3D527TJX7D2QEHFQLM2.pcm
SwiftExplicitDependencyGeneratePcm arm64 /Users/admin/builder/spi-builder-workspace/.derivedData/SDKExplicitPrecompiledModules/CoreLocation-6939X9DMB2SA43P0TYB7Z14Z5.pcm
Ld /Users/admin/builder/spi-builder-workspace/.derivedData/Build/Products/Debug-appletvos/ArtTerminal.o normal (in target 'ArtTerminal' from project 'swift-art')
cd /Users/admin/builder/spi-builder-workspace
/Applications/Xcode-27.0.0-Release.Candidate.app/Contents/Developer/Toolchains/XcodeDefault.xctoolchain/usr/bin/clang -Xlinker -reproducible -target arm64-apple-tvos16.0 -r -isysroot /Applications/Xcode-27.0.0-Release.Candidate.app/Contents/Developer/Platforms/AppleTVOS.platform/Developer/SDKs/AppleTVOS27.0.sdk -O0 -Xlinker -no_warn_duplicate_libraries -F/Users/admin/builder/spi-builder-workspace/.derivedData/Build/Intermediates.noindex/EagerLinkingTBDs/Debug-appletvos -F/Users/admin/builder/spi-builder-workspace/.derivedData/Build/Products/Debug-appletvos/PackageFrameworks -F/Users/admin/builder/spi-builder-workspace/.derivedData/Build/Products/Debug-appletvos -iframework /Applications/Xcode-27.0.0-Release.Candidate.app/Contents/Developer/Platforms/AppleTVOS.platform/Developer/Library/Frameworks -iframework /Applications/Xcode-27.0.0-Release.Candidate.app/Contents/Developer/Platforms/AppleTVOS.platform/Developer/SDKs/AppleTVOS27.0.sdk/Developer/Library/Frameworks -filelist /Users/admin/builder/spi-builder-workspace/.derivedData/Build/Intermediates.noindex/swift-art.build/Debug-appletvos/ArtTerminal-t.build/Objects-normal/arm64/ArtTerminal.LinkFileList -nostdlib -Xlinker -object_path_lto -Xlinker /Users/admin/builder/spi-builder-workspace/.derivedData/Build/Intermediates.noindex/swift-art.build/Debug-appletvos/ArtTerminal-t.build/Objects-normal/arm64/ArtTerminal_lto.o -Xlinker -no_deduplicate -Xlinker -debug_variant -Xlinker -dependency_info -Xlinker /Users/admin/builder/spi-builder-workspace/.derivedData/Build/Intermediates.noindex/swift-art.build/Debug-appletvos/ArtTerminal-t.build/Objects-normal/arm64/ArtTerminal_dependency_info.dat -fobjc-link-runtime -L/Applications/Xcode-27.0.0-Release.Candidate.app/Contents/Developer/Toolchains/XcodeDefault.xctoolchain/usr/lib/swift/appletvos -L/usr/lib/swift -Xlinker -add_ast_path -Xlinker /Users/admin/builder/spi-builder-workspace/.derivedData/Build/Intermediates.noindex/swift-art.build/Debug-appletvos/ArtTerminal-t.build/Objects-normal/arm64/ArtTerminal.swiftmodule -o /Users/admin/builder/spi-builder-workspace/.derivedData/Build/Products/Debug-appletvos/ArtTerminal.o
ExtractAppIntentsMetadata (in target 'ArtTerminal' from project 'swift-art')
cd /Users/admin/builder/spi-builder-workspace
/Applications/Xcode-27.0.0-Release.Candidate.app/Contents/Developer/Toolchains/XcodeDefault.xctoolchain/usr/bin/appintentsmetadataprocessor --toolchain-dir /var/run/com.apple.security.cryptexd/mnt/com.apple.MobileAsset.MetalToolchain-v27.1.266.1.DXOe9n/Metal.xctoolchain --module-name ArtTerminal --sdk-root /Applications/Xcode-27.0.0-Release.Candidate.app/Contents/Developer/Platforms/AppleTVOS.platform/Developer/SDKs/AppleTVOS27.0.sdk --xcode-version 27A266a --platform-family tvOS --deployment-target 16.0 --bundle-identifier spi-builder-workspace.ArtTerminal --output /Users/admin/builder/spi-builder-workspace/.derivedData/Build/Products/Debug-appletvos/ArtTerminal.appintents --target-triple arm64-apple-tvos16.0 --binary-file /Users/admin/builder/spi-builder-workspace/.derivedData/Build/Products/Debug-appletvos/ArtTerminal.o --dependency-file /Users/admin/builder/spi-builder-workspace/.derivedData/Build/Intermediates.noindex/swift-art.build/Debug-appletvos/ArtTerminal-t.build/Objects-normal/arm64/ArtTerminal_dependency_info.dat --stringsdata-file /Users/admin/builder/spi-builder-workspace/.derivedData/Build/Intermediates.noindex/swift-art.build/Debug-appletvos/ArtTerminal-t.build/Objects-normal/arm64/ExtractedAppShortcutsMetadata.stringsdata --source-file-list /Users/admin/builder/spi-builder-workspace/.derivedData/Build/Intermediates.noindex/swift-art.build/Debug-appletvos/ArtTerminal-t.build/Objects-normal/arm64/ArtTerminal.SwiftFileList --metadata-file-list /Users/admin/builder/spi-builder-workspace/.derivedData/Build/Intermediates.noindex/swift-art.build/Debug-appletvos/ArtTerminal-t.build/ArtTerminal.DependencyMetadataFileList --static-metadata-file-list /Users/admin/builder/spi-builder-workspace/.derivedData/Build/Intermediates.noindex/swift-art.build/Debug-appletvos/ArtTerminal-t.build/ArtTerminal.DependencyStaticMetadataFileList --swift-const-vals-list /Users/admin/builder/spi-builder-workspace/.derivedData/Build/Intermediates.noindex/swift-art.build/Debug-appletvos/ArtTerminal-t.build/Objects-normal/arm64/ArtTerminal.SwiftConstValuesFileList --force --compile-time-extraction --deployment-aware-processing --no-app-shortcuts-localization
2026-09-23 15:04:11.776 appintentsmetadataprocessor[1171:6917] Starting appintentsmetadataprocessor export
2026-09-23 15:04:11.847 appintentsmetadataprocessor[1171:6917] Extracted no relevant App Intents symbols, skipping writing output
SwiftExplicitDependencyGeneratePcm arm64 /Users/admin/builder/spi-builder-workspace/.derivedData/SDKExplicitPrecompiledModules/os-4NLIUP5HHN7FW5ML70YLEU8QE.pcm
SwiftExplicitDependencyGeneratePcm arm64 /Users/admin/builder/spi-builder-workspace/.derivedData/SDKExplicitPrecompiledModules/simd-D50CDGAQRFNF5E2BA2UWCCHLJ.pcm
SwiftExplicitDependencyGeneratePcm arm64 /Users/admin/builder/spi-builder-workspace/.derivedData/SDKExplicitPrecompiledModules/OSLog-1UX1YGRJSIOEO9YC3MNFFD818.pcm
SwiftExplicitDependencyGeneratePcm arm64 /Users/admin/builder/spi-builder-workspace/.derivedData/SDKExplicitPrecompiledModules/CoreVideo-5G4VAY32QMJB00PUALI6188LK.pcm
SwiftExplicitDependencyGeneratePcm arm64 /Users/admin/builder/spi-builder-workspace/.derivedData/SDKExplicitPrecompiledModules/QuartzCore-DSNZZA81DYNK4OK1ANRR6HM7G.pcm
SwiftExplicitDependencyGeneratePcm arm64 /Users/admin/builder/spi-builder-workspace/.derivedData/SDKExplicitPrecompiledModules/CoreImage-ATUQ374FIDJPA1DF5BLR644CG.pcm
SwiftExplicitDependencyGeneratePcm arm64 /Users/admin/builder/spi-builder-workspace/.derivedData/SDKExplicitPrecompiledModules/CoreMedia-43BPYBY7ZACBDCUTAJXJFLTBP.pcm
SwiftExplicitDependencyGeneratePcm arm64 /Users/admin/builder/spi-builder-workspace/.derivedData/SDKExplicitPrecompiledModules/SwiftUICore-7SJQ9GB90ACGZV5NB09LFJIRX.pcm
SwiftExplicitDependencyGeneratePcm arm64 /Users/admin/builder/spi-builder-workspace/.derivedData/SDKExplicitPrecompiledModules/UIKit-42T2ZGON9LDZUXRIAUKELQ554.pcm
SwiftExplicitDependencyGeneratePcm arm64 /Users/admin/builder/spi-builder-workspace/.derivedData/SDKExplicitPrecompiledModules/Spatial-2KZFBWN278VTZL619Y96SAJC9.pcm
SwiftExplicitDependencyGeneratePcm arm64 /Users/admin/builder/spi-builder-workspace/.derivedData/SDKExplicitPrecompiledModules/SwiftUI-B634212FU5XQXG1OEBY2WYYH3.pcm
SwiftCompile normal arm64 Compiling\ FractalViews.swift /Users/admin/builder/spi-builder-workspace/Sources/ArtUI/Views/FractalViews.swift (in target 'ArtUI' from project 'swift-art')
SwiftCompile normal arm64 /Users/admin/builder/spi-builder-workspace/Sources/ArtUI/Views/FractalViews.swift (in target 'ArtUI' from project 'swift-art')
cd /Users/admin/builder/spi-builder-workspace/.swiftpm/xcode
builtin-SwiftPerFileCompile FractalViews.swift
SwiftEmitModule normal arm64 Emitting\ module\ for\ ArtUI (in target 'ArtUI' from project 'swift-art')
SwiftCompile normal arm64 (in target 'ArtUI' from project 'swift-art')
cd /Users/admin/builder/spi-builder-workspace/.swiftpm/xcode
SwiftCompile normal arm64 Compiling\ LSystemView.swift /Users/admin/builder/spi-builder-workspace/Sources/ArtUI/Views/LSystemView.swift (in target 'ArtUI' from project 'swift-art')
SwiftCompile normal arm64 /Users/admin/builder/spi-builder-workspace/Sources/ArtUI/Views/LSystemView.swift (in target 'ArtUI' from project 'swift-art')
cd /Users/admin/builder/spi-builder-workspace/.swiftpm/xcode
builtin-SwiftPerFileCompile LSystemView.swift
SwiftCompile normal arm64 Compiling\ GeometryViews.swift /Users/admin/builder/spi-builder-workspace/Sources/ArtUI/Views/GeometryViews.swift (in target 'ArtUI' from project 'swift-art')
SwiftCompile normal arm64 /Users/admin/builder/spi-builder-workspace/Sources/ArtUI/Views/GeometryViews.swift (in target 'ArtUI' from project 'swift-art')
cd /Users/admin/builder/spi-builder-workspace/.swiftpm/xcode
builtin-SwiftPerFileCompile GeometryViews.swift
SwiftCompile normal arm64 Compiling\ ImageExporter.swift /Users/admin/builder/spi-builder-workspace/Sources/ArtUI/Export/ImageExporter.swift (in target 'ArtUI' from project 'swift-art')
SwiftCompile normal arm64 /Users/admin/builder/spi-builder-workspace/Sources/ArtUI/Export/ImageExporter.swift (in target 'ArtUI' from project 'swift-art')
cd /Users/admin/builder/spi-builder-workspace/.swiftpm/xcode
builtin-SwiftPerFileCompile ImageExporter.swift
SwiftCompile normal arm64 Compiling\ ColorConversion.swift /Users/admin/builder/spi-builder-workspace/Sources/ArtUI/Core/ColorConversion.swift (in target 'ArtUI' from project 'swift-art')
SwiftCompile normal arm64 /Users/admin/builder/spi-builder-workspace/Sources/ArtUI/Core/ColorConversion.swift (in target 'ArtUI' from project 'swift-art')
cd /Users/admin/builder/spi-builder-workspace/.swiftpm/xcode
builtin-SwiftPerFileCompile ColorConversion.swift
SwiftCompile normal arm64 Compiling\ ParticleSystemView.swift /Users/admin/builder/spi-builder-workspace/Sources/ArtUI/Views/ParticleSystemView.swift (in target 'ArtUI' from project 'swift-art')
SwiftCompile normal arm64 /Users/admin/builder/spi-builder-workspace/Sources/ArtUI/Views/ParticleSystemView.swift (in target 'ArtUI' from project 'swift-art')
cd /Users/admin/builder/spi-builder-workspace/.swiftpm/xcode
builtin-SwiftPerFileCompile ParticleSystemView.swift
SwiftCompile normal arm64 Compiling\ NoiseView.swift /Users/admin/builder/spi-builder-workspace/Sources/ArtUI/Views/NoiseView.swift (in target 'ArtUI' from project 'swift-art')
SwiftCompile normal arm64 /Users/admin/builder/spi-builder-workspace/Sources/ArtUI/Views/NoiseView.swift (in target 'ArtUI' from project 'swift-art')
cd /Users/admin/builder/spi-builder-workspace/.swiftpm/xcode
builtin-SwiftPerFileCompile NoiseView.swift
SwiftCompile normal arm64 Compiling\ CellularAutomataViews.swift /Users/admin/builder/spi-builder-workspace/Sources/ArtUI/Views/CellularAutomataViews.swift (in target 'ArtUI' from project 'swift-art')
/Users/admin/builder/spi-builder-workspace/Sources/ArtUI/Views/CellularAutomataViews.swift:80:13: error: 'DragGesture' is unavailable in tvOS
78 | )
79 | .gesture(
80 | DragGesture(minimumDistance: 0)
| `- error: 'DragGesture' is unavailable in tvOS
81 | .onChanged { value in
82 | let x = Int(value.location.x / cellSize)
SwiftUI.DragGesture:3:42: note: 'DragGesture' has been explicitly marked unavailable here
1 | @available(iOS 13.0, macOS 10.15, watchOS 6.0, *)
2 | @available(tvOS, unavailable)
3 | @MainActor @preconcurrency public struct DragGesture : Gesture, ~Sendable {
| `- note: 'DragGesture' has been explicitly marked unavailable here
4 | public struct Value : Equatable, Sendable {
5 | public var time: Date
/Users/admin/builder/spi-builder-workspace/Sources/ArtUI/Views/CellularAutomataViews.swift:80:13: error: 'init(minimumDistance:coordinateSpace:)' is unavailable in tvOS
78 | )
79 | .gesture(
80 | DragGesture(minimumDistance: 0)
| `- error: 'init(minimumDistance:coordinateSpace:)' is unavailable in tvOS
81 | .onChanged { value in
82 | let x = Int(value.location.x / cellSize)
SwiftUI.DragGesture.init:4:37: note: 'init(minimumDistance:coordinateSpace:)' has been explicitly marked unavailable here
2 | @available(iOS 17.0, macOS 14.0, watchOS 10.0, *)
3 | @available(tvOS, unavailable)
4 | @MainActor @preconcurrency public init(minimumDistance: CGFloat = 10, coordinateSpace: some CoordinateSpaceProtocol = .local)}
| `- note: 'init(minimumDistance:coordinateSpace:)' has been explicitly marked unavailable here
5 |
Failed frontend command:
/Applications/Xcode-27.0.0-Release.Candidate.app/Contents/Developer/Toolchains/XcodeDefault.xctoolchain/usr/bin/swift-frontend -frontend -c /Users/admin/builder/spi-builder-workspace/Sources/ArtUI/ArtUI.swift /Users/admin/builder/spi-builder-workspace/Sources/ArtUI/Core/ArtRenderConfiguration.swift /Users/admin/builder/spi-builder-workspace/Sources/ArtUI/Core/ColorConversion.swift /Users/admin/builder/spi-builder-workspace/Sources/ArtUI/Export/ImageExporter.swift -primary-file /Users/admin/builder/spi-builder-workspace/Sources/ArtUI/Views/CellularAutomataViews.swift /Users/admin/builder/spi-builder-workspace/Sources/ArtUI/Views/FractalViews.swift /Users/admin/builder/spi-builder-workspace/Sources/ArtUI/Views/GeometryViews.swift /Users/admin/builder/spi-builder-workspace/Sources/ArtUI/Views/LSystemView.swift /Users/admin/builder/spi-builder-workspace/Sources/ArtUI/Views/NoiseView.swift /Users/admin/builder/spi-builder-workspace/Sources/ArtUI/Views/ParticleSystemView.swift -emit-dependencies-path /Users/admin/builder/spi-builder-workspace/.derivedData/Build/Intermediates.noindex/swift-art.build/Debug-appletvos/ArtUI-t.build/Objects-normal/arm64/CellularAutomataViews.d -emit-const-values-path /Users/admin/builder/spi-builder-workspace/.derivedData/Build/Intermediates.noindex/swift-art.build/Debug-appletvos/ArtUI-t.build/Objects-normal/arm64/CellularAutomataViews.swiftconstvalues -emit-reference-dependencies-path /Users/admin/builder/spi-builder-workspace/.derivedData/Build/Intermediates.noindex/swift-art.build/Debug-appletvos/ArtUI-t.build/Objects-normal/arm64/CellularAutomataViews.swiftdeps -serialize-diagnostics-path /Users/admin/builder/spi-builder-workspace/.derivedData/Build/Intermediates.noindex/swift-art.build/Debug-appletvos/ArtUI-t.build/Objects-normal/arm64/CellularAutomataViews.dia -target arm64-apple-tvos16.0 -module-can-import-version UIKit 9127.0.84.1 9127.0.84 -disable-cross-import-overlay-search -load-resolved-plugin /Applications/Xcode-27.0.0-Release.Candidate.app/Contents/Developer/Platforms/AppleTVOS.platform/Developer/usr/lib/swift/host/plugins/libFoundationMacros.dylib\#/Applications/Xcode-27.0.0-Release.Candidate.app/Contents/Developer/Platforms/AppleTVOS.platform/Developer/usr/bin/swift-plugin-server\#FoundationMacros -load-resolved-plugin /Applications/Xcode-27.0.0-Release.Candidate.app/Contents/Developer/Platforms/AppleTVOS.platform/Developer/usr/lib/swift/host/plugins/libObservationMacros.dylib\#/Applications/Xcode-27.0.0-Release.Candidate.app/Contents/Developer/Platforms/AppleTVOS.platform/Developer/usr/bin/swift-plugin-server\#ObservationMacros -load-resolved-plugin /Applications/Xcode-27.0.0-Release.Candidate.app/Contents/Developer/Platforms/AppleTVOS.platform/Developer/usr/lib/swift/host/plugins/libPreviewsMacros.dylib\#/Applications/Xcode-27.0.0-Release.Candidate.app/Contents/Developer/Platforms/AppleTVOS.platform/Developer/usr/bin/swift-plugin-server\#PreviewsMacros -load-resolved-plugin /Applications/Xcode-27.0.0-Release.Candidate.app/Contents/Developer/Platforms/AppleTVOS.platform/Developer/usr/lib/swift/host/plugins/libSwiftMacros.dylib\#/Applications/Xcode-27.0.0-Release.Candidate.app/Contents/Developer/Platforms/AppleTVOS.platform/Developer/usr/bin/swift-plugin-server\#SwiftMacros -load-resolved-plugin /Applications/Xcode-27.0.0-Release.Candidate.app/Contents/Developer/Platforms/AppleTVOS.platform/Developer/usr/lib/swift/host/plugins/libSwiftUIMacros.dylib\#/Applications/Xcode-27.0.0-Release.Candidate.app/Contents/Developer/Platforms/AppleTVOS.platform/Developer/usr/bin/swift-plugin-server\#SwiftUIMacros -disable-implicit-swift-modules -Xcc -fno-implicit-modules -Xcc -fno-implicit-module-maps -explicit-swift-module-map-file /Users/admin/builder/spi-builder-workspace/.derivedData/Build/Intermediates.noindex/swift-art.build/Debug-appletvos/ArtUI-t.build/Objects-normal/arm64/ArtUI-dependencies-1.json -Xllvm -aarch64-use-tbi -enable-objc-interop -stack-check -sdk /Applications/Xcode-27.0.0-Release.Candidate.app/Contents/Developer/Platforms/AppleTVOS.platform/Developer/SDKs/AppleTVOS27.0.sdk -I /Users/admin/builder/spi-builder-workspace/.derivedData/Build/Products/Debug-appletvos -Isystem /Applications/Xcode-27.0.0-Release.Candidate.app/Contents/Developer/Platforms/AppleTVOS.platform/Developer/usr/lib -F /Users/admin/builder/spi-builder-workspace/.derivedData/Build/Products/Debug-appletvos/PackageFrameworks -F /Users/admin/builder/spi-builder-workspace/.derivedData/Build/Products/Debug-appletvos -F /Applications/Xcode-27.0.0-Release.Candidate.app/Contents/Developer/Platforms/AppleTVOS.platform/Developer/Library/Frameworks -F /Applications/Xcode-27.0.0-Release.Candidate.app/Contents/Developer/Platforms/AppleTVOS.platform/Developer/SDKs/AppleTVOS27.0.sdk/Developer/Library/Frameworks -module-cache-path /Users/admin/builder/spi-builder-workspace/.derivedData/Build/Intermediates.noindex/SwiftExplicitPrecompiledModules -no-color-diagnostics -Xcc -fno-color-diagnostics -enable-testing -g -debug-info-format\=dwarf -dwarf-version\=4 -profile-generate -profile-coverage-mapping -swift-version 6 -Onone -D SWIFT_PACKAGE -D DEBUG -D SWIFT_MODULE_RESOURCE_BUNDLE_UNAVAILABLE -D Xcode -serialize-debugging-options -enable-experimental-feature DebugDescriptionMacro -empty-abi-descriptor -validate-clang-modules-once -clang-build-session-file /Users/admin/builder/spi-builder-workspace/.derivedData/ModuleCache.noindex/Session.modulevalidation -Xcc -working-directory -Xcc /Users/admin/builder/spi-builder-workspace/.swiftpm/xcode -enable-anonymous-context-mangled-names -file-compilation-dir /Users/admin/builder/spi-builder-workspace/.swiftpm/xcode -Xcc -D_LIBCPP_HARDENING_MODE\=_LIBCPP_HARDENING_MODE_DEBUG -Xcc -ivfsstatcache -Xcc /Users/admin/builder/spi-builder-workspace/.derivedData/SDKStatCaches.noindex/appletvos27.0-24J360-e829b21a6f8c9b70876ba0858053c044b32bfd8d43560033f8d89884cdb90028.sdkstatcache -Xcc -fmodules-prune-interval\=86400 -Xcc -fmodules-prune-after\=345600 -Xcc -I/Users/admin/builder/spi-builder-workspace/.derivedData/Build/Products/Debug-appletvos/include -Xcc -I/Users/admin/builder/spi-builder-workspace/.derivedData/Build/Intermediates.noindex/swift-art.build/Debug-appletvos/ArtUI-t.build/DerivedSources-normal/arm64 -Xcc -I/Users/admin/builder/spi-builder-workspace/.derivedData/Build/Intermediates.noindex/swift-art.build/Debug-appletvos/ArtUI-t.build/DerivedSources/arm64 -Xcc -I/Users/admin/builder/spi-builder-workspace/.derivedData/Build/Intermediates.noindex/swift-art.build/Debug-appletvos/ArtUI-t.build/DerivedSources -Xcc -DSWIFT_PACKAGE -Xcc -DDEBUG\=1 -no-auto-bridging-header-chaining -module-name ArtUI -package-name spi_builder_workspace -const-gather-protocols-file /Users/admin/builder/spi-builder-workspace/.derivedData/Build/Intermediates.noindex/swift-art.build/Debug-appletvos/ArtUI-t.build/Objects-normal/arm64/ArtUI_const_extract_protocols.json -disable-clang-spi -clang-target arm64-apple-tvos27.0 -target-sdk-version 27.0 -target-sdk-name appletvos27.0 -in-process-plugin-server-path /Applications/Xcode-27.0.0-Release.Candidate.app/Contents/Developer/Toolchains/XcodeDefault.xctoolchain/usr/lib/swift/host/libSwiftInProcPluginServer.dylib -parse-as-library -o /Users/admin/builder/spi-builder-workspace/.derivedData/Build/Intermediates.noindex/swift-art.build/Debug-appletvos/ArtUI-t.build/Objects-normal/arm64/CellularAutomataViews.o -debug-module-path /Users/admin/builder/spi-builder-workspace/.derivedData/Build/Intermediates.noindex/swift-art.build/Debug-appletvos/ArtUI-t.build/Objects-normal/arm64/ArtUI.swiftmodule -index-unit-output-path /swift-art.build/Debug-appletvos/ArtUI-t.build/Objects-normal/arm64/CellularAutomataViews.o -index-store-path /Users/admin/builder/spi-builder-workspace/.derivedData/Index.noindex/DataStore -index-system-modules
SwiftCompile normal arm64 /Users/admin/builder/spi-builder-workspace/Sources/ArtUI/Views/CellularAutomataViews.swift (in target 'ArtUI' from project 'swift-art')
cd /Users/admin/builder/spi-builder-workspace/.swiftpm/xcode
builtin-SwiftPerFileCompile CellularAutomataViews.swift
SwiftCompile normal arm64 Compiling\ ArtUI.swift /Users/admin/builder/spi-builder-workspace/Sources/ArtUI/ArtUI.swift (in target 'ArtUI' from project 'swift-art')
SwiftCompile normal arm64 /Users/admin/builder/spi-builder-workspace/Sources/ArtUI/ArtUI.swift (in target 'ArtUI' from project 'swift-art')
cd /Users/admin/builder/spi-builder-workspace/.swiftpm/xcode
builtin-SwiftPerFileCompile ArtUI.swift
SwiftCompile normal arm64 Compiling\ ArtRenderConfiguration.swift /Users/admin/builder/spi-builder-workspace/Sources/ArtUI/Core/ArtRenderConfiguration.swift (in target 'ArtUI' from project 'swift-art')
SwiftCompile normal arm64 /Users/admin/builder/spi-builder-workspace/Sources/ArtUI/Core/ArtRenderConfiguration.swift (in target 'ArtUI' from project 'swift-art')
cd /Users/admin/builder/spi-builder-workspace/.swiftpm/xcode
builtin-SwiftPerFileCompile ArtRenderConfiguration.swift
SwiftDriverJobDiscovery normal arm64 Emitting module for ArtUI (in target 'ArtUI' from project 'swift-art')
SwiftDriver\ Compilation\ Requirements ArtUI normal arm64 com.apple.xcode.tools.swift.compiler (in target 'ArtUI' from project 'swift-art')
cd /Users/admin/builder/spi-builder-workspace/.swiftpm/xcode
builtin-Swift-Compilation-Requirements -- /Applications/Xcode-27.0.0-Release.Candidate.app/Contents/Developer/Toolchains/XcodeDefault.xctoolchain/usr/bin/swiftc -parse-as-library -module-name ArtUI -Onone @/Users/admin/builder/spi-builder-workspace/.derivedData/Build/Intermediates.noindex/swift-art.build/Debug-appletvos/ArtUI-t.build/Objects-normal/arm64/ArtUI.SwiftFileList -DSWIFT_PACKAGE -DDEBUG -DSWIFT_MODULE_RESOURCE_BUNDLE_UNAVAILABLE -DXcode -plugin-path /Applications/Xcode-27.0.0-Release.Candidate.app/Contents/Developer/Toolchains/XcodeDefault.xctoolchain/usr/lib/swift/host/plugins/testing -enable-experimental-feature DebugDescriptionMacro -sdk /Applications/Xcode-27.0.0-Release.Candidate.app/Contents/Developer/Platforms/AppleTVOS.platform/Developer/SDKs/AppleTVOS27.0.sdk -target arm64-apple-tvos16.0 -g -module-cache-path /Users/admin/builder/spi-builder-workspace/.derivedData/ModuleCache.noindex -Xfrontend -serialize-debugging-options -profile-coverage-mapping -profile-generate -enable-testing -index-store-path /Users/admin/builder/spi-builder-workspace/.derivedData/Index.noindex/DataStore -Xcc -D_LIBCPP_HARDENING_MODE\=_LIBCPP_HARDENING_MODE_DEBUG -swift-version 6 -I /Users/admin/builder/spi-builder-workspace/.derivedData/Build/Products/Debug-appletvos -Isystem /Applications/Xcode-27.0.0-Release.Candidate.app/Contents/Developer/Platforms/AppleTVOS.platform/Developer/usr/lib -F /Users/admin/builder/spi-builder-workspace/.derivedData/Build/Products/Debug-appletvos/PackageFrameworks -F /Users/admin/builder/spi-builder-workspace/.derivedData/Build/Products/Debug-appletvos -F /Applications/Xcode-27.0.0-Release.Candidate.app/Contents/Developer/Platforms/AppleTVOS.platform/Developer/Library/Frameworks -F /Applications/Xcode-27.0.0-Release.Candidate.app/Contents/Developer/Platforms/AppleTVOS.platform/Developer/SDKs/AppleTVOS27.0.sdk/Developer/Library/Frameworks -c -j10 -enable-batch-mode -incremental -Xcc -ivfsstatcache -Xcc /Users/admin/builder/spi-builder-workspace/.derivedData/SDKStatCaches.noindex/appletvos27.0-24J360-e829b21a6f8c9b70876ba0858053c044b32bfd8d43560033f8d89884cdb90028.sdkstatcache -output-file-map /Users/admin/builder/spi-builder-workspace/.derivedData/Build/Intermediates.noindex/swift-art.build/Debug-appletvos/ArtUI-t.build/Objects-normal/arm64/ArtUI-OutputFileMap.json -save-temps -no-color-diagnostics -explicit-module-build -module-cache-path /Users/admin/builder/spi-builder-workspace/.derivedData/Build/Intermediates.noindex/SwiftExplicitPrecompiledModules -clang-scanner-module-cache-path /Users/admin/builder/spi-builder-workspace/.derivedData/ModuleCache.noindex -sdk-module-cache-path /Users/admin/builder/spi-builder-workspace/.derivedData/SDKExplicitPrecompiledModules -emit-dependencies -emit-module -emit-module-path /Users/admin/builder/spi-builder-workspace/.derivedData/Build/Intermediates.noindex/swift-art.build/Debug-appletvos/ArtUI-t.build/Objects-normal/arm64/ArtUI.swiftmodule -serialize-diagnostics -dependency-scan-serialize-diagnostics-path /Users/admin/builder/spi-builder-workspace/.derivedData/Build/Intermediates.noindex/swift-art.build/Debug-appletvos/ArtUI-t.build/Objects-normal/arm64/ArtUI-dependency-scan.dia -validate-clang-modules-once -clang-build-session-file /Users/admin/builder/spi-builder-workspace/.derivedData/ModuleCache.noindex/Session.modulevalidation -Xcc -fmodules-prune-interval\=86400 -Xcc -fmodules-prune-after\=345600 -package-name spi_builder_workspace -emit-const-values -const-gather-protocols-list /Users/admin/builder/spi-builder-workspace/.derivedData/Build/Intermediates.noindex/swift-art.build/Debug-appletvos/ArtUI-t.build/Objects-normal/arm64/ArtUI_const_extract_protocols.json -Xcc -I/Users/admin/builder/spi-builder-workspace/.derivedData/Build/Products/Debug-appletvos/include -Xcc -I/Users/admin/builder/spi-builder-workspace/.derivedData/Build/Intermediates.noindex/swift-art.build/Debug-appletvos/ArtUI-t.build/DerivedSources-normal/arm64 -Xcc -I/Users/admin/builder/spi-builder-workspace/.derivedData/Build/Intermediates.noindex/swift-art.build/Debug-appletvos/ArtUI-t.build/DerivedSources/arm64 -Xcc -I/Users/admin/builder/spi-builder-workspace/.derivedData/Build/Intermediates.noindex/swift-art.build/Debug-appletvos/ArtUI-t.build/DerivedSources -Xcc -DSWIFT_PACKAGE -Xcc -DDEBUG\=1 -emit-objc-header -emit-objc-header-path /Users/admin/builder/spi-builder-workspace/.derivedData/Build/Intermediates.noindex/swift-art.build/Debug-appletvos/ArtUI-t.build/Objects-normal/arm64/ArtUI-Swift.h -working-directory /Users/admin/builder/spi-builder-workspace/.swiftpm/xcode -experimental-emit-module-separately -disable-cmo
SwiftDriverJobDiscovery normal arm64 Compiling ArtUI.swift (in target 'ArtUI' from project 'swift-art')
PruneExplicitPrecompiledModules /Users/admin/builder/spi-builder-workspace/.derivedData/SDKExplicitPrecompiledModules
PruneExplicitPrecompiledModules /Users/admin/builder/spi-builder-workspace/.derivedData/Build/Intermediates.noindex/ExplicitPrecompiledModules
PruneExplicitPrecompiledModules /Users/admin/builder/spi-builder-workspace/.derivedData/Build/Intermediates.noindex/SwiftExplicitPrecompiledModules
2026-09-23 15:03:59.343 xcodebuild[944:5581] [MT] IDERunDestination: Supported platforms for the buildables in the current scheme is empty.
** BUILD FAILED **
The following build commands failed:
SwiftCompile normal arm64 Compiling\ CellularAutomataViews.swift /Users/admin/builder/spi-builder-workspace/Sources/ArtUI/Views/CellularAutomataViews.swift (in target 'ArtUI' from project 'swift-art')
SwiftCompile normal arm64 /Users/admin/builder/spi-builder-workspace/Sources/ArtUI/Views/CellularAutomataViews.swift (in target 'ArtUI' from project 'swift-art')
Building workspace swift-art with scheme swift-art-Package
(3 failures)
Command line invocation:
/Applications/Xcode-27.0.0-Release.Candidate.app/Contents/Developer/usr/bin/xcodebuild -IDEClonedSourcePackagesDirPathOverride=/Users/admin/builder/spi-builder-workspace/.dependencies -resolvePackageDependencies
Resolve Package Graph
Resolved source packages:
swift-art: /Users/admin/builder/spi-builder-workspace
swift-color: https://github.com/CorvidLabs/swift-color.git @ 0.1.0
SymbolKit: https://github.com/swiftlang/swift-docc-symbolkit @ 1.0.0
SwiftDocCPlugin: https://github.com/swiftlang/swift-docc-plugin @ 1.5.0
resolved source packages: swift-art, swift-color, SymbolKit, SwiftDocCPlugin
2026-09-23 15:04:22.299 xcodebuild[1196:7017] [MT] IDERunDestination: Supported platforms for the buildables in the current scheme is empty.
{
"dependencies" : [
{
"identity" : "swift-color",
"requirement" : {
"range" : [
{
"lower_bound" : "0.1.0",
"upper_bound" : "1.0.0"
}
]
},
"type" : "sourceControl",
"url" : "https://github.com/CorvidLabs/swift-color.git"
},
{
"identity" : "swift-docc-plugin",
"requirement" : {
"range" : [
{
"lower_bound" : "1.4.3",
"upper_bound" : "2.0.0"
}
]
},
"type" : "sourceControl",
"url" : "https://github.com/swiftlang/swift-docc-plugin"
}
],
"manifest_display_name" : "swift-art",
"name" : "swift-art",
"path" : "/Users/admin/builder/spi-builder-workspace",
"platforms" : [
{
"name" : "ios",
"version" : "16.0"
},
{
"name" : "macos",
"version" : "13.0"
},
{
"name" : "tvos",
"version" : "16.0"
},
{
"name" : "watchos",
"version" : "9.0"
},
{
"name" : "visionos",
"version" : "1.0"
}
],
"products" : [
{
"name" : "Art",
"targets" : [
"Art"
],
"type" : {
"library" : [
"automatic"
]
}
},
{
"name" : "ArtUI",
"targets" : [
"ArtUI"
],
"type" : {
"library" : [
"automatic"
]
}
},
{
"name" : "ArtTerminal",
"targets" : [
"ArtTerminal"
],
"type" : {
"library" : [
"automatic"
]
}
}
],
"targets" : [
{
"c99name" : "ArtUITests",
"module_type" : "SwiftTarget",
"name" : "ArtUITests",
"path" : "Tests/ArtUITests",
"sources" : [
"ArtUITests.swift"
],
"target_dependencies" : [
"ArtUI"
],
"type" : "test"
},
{
"c99name" : "ArtUI",
"module_type" : "SwiftTarget",
"name" : "ArtUI",
"path" : "Sources/ArtUI",
"product_memberships" : [
"ArtUI"
],
"sources" : [
"ArtUI.swift",
"Core/ArtRenderConfiguration.swift",
"Core/ColorConversion.swift",
"Export/ImageExporter.swift",
"Views/CellularAutomataViews.swift",
"Views/FractalViews.swift",
"Views/GeometryViews.swift",
"Views/LSystemView.swift",
"Views/NoiseView.swift",
"Views/ParticleSystemView.swift"
],
"target_dependencies" : [
"Art"
],
"type" : "library"
},
{
"c99name" : "ArtTests",
"module_type" : "SwiftTarget",
"name" : "ArtTests",
"path" : "Tests/ArtTests",
"sources" : [
"ArtTests.swift",
"CellularAutomataTests.swift",
"ColorTests.swift",
"CoreTests.swift",
"FractalTests.swift",
"GeometryTests.swift",
"LSystemTests.swift",
"NoiseTests.swift",
"ParticleTests.swift"
],
"target_dependencies" : [
"Art"
],
"type" : "test"
},
{
"c99name" : "ArtTerminalTests",
"module_type" : "SwiftTarget",
"name" : "ArtTerminalTests",
"path" : "Tests/ArtTerminalTests",
"sources" : [
"ArtTerminalTests.swift"
],
"target_dependencies" : [
"ArtTerminal"
],
"type" : "test"
},
{
"c99name" : "ArtTerminal",
"module_type" : "SwiftTarget",
"name" : "ArtTerminal",
"path" : "Sources/ArtTerminal",
"product_memberships" : [
"ArtTerminal"
],
"sources" : [
"Animation/TerminalAnimator.swift",
"ArtTerminal.swift",
"Core/ASCIICanvas.swift",
"Core/ASCIIRenderable.swift",
"Renderers/CellularAutomataASCII.swift",
"Renderers/FractalASCII.swift",
"Renderers/LSystemASCII.swift",
"Renderers/NoiseASCII.swift"
],
"target_dependencies" : [
"Art"
],
"type" : "library"
},
{
"c99name" : "Art",
"module_type" : "SwiftTarget",
"name" : "Art",
"path" : "Sources/Art",
"product_dependencies" : [
"Color"
],
"product_memberships" : [
"Art",
"ArtUI",
"ArtTerminal"
],
"sources" : [
"CellularAutomata/ElementaryCA.swift",
"CellularAutomata/GameOfLife.swift",
"Color/Gradient.swift",
"Color/Harmony.swift",
"Color/Palette.swift",
"Core/ArtError.swift",
"Core/Color+Bridge.swift",
"Core/Color.swift",
"Core/Point.swift",
"Core/RandomSource.swift",
"Fractals/JuliaSet.swift",
"Fractals/KochCurve.swift",
"Fractals/Mandelbrot.swift",
"Fractals/Sierpinski.swift",
"Geometry/Polygon.swift",
"Geometry/Shapes.swift",
"Geometry/Subdivision.swift",
"Geometry/Tessellation.swift",
"Geometry/Voronoi.swift",
"LSystems/LSystem.swift",
"LSystems/Presets.swift",
"LSystems/Turtle.swift",
"Noise/FractalNoise.swift",
"Noise/NoiseGenerator.swift",
"Noise/PerlinNoise.swift",
"Noise/SimplexNoise.swift",
"Noise/WorleyNoise.swift",
"Particles/Emitter.swift",
"Particles/Force.swift",
"Particles/Particle.swift",
"Particles/ParticleSystem.swift"
],
"type" : "library"
}
],
"tools_version" : "6.0"
}
{
"workspace" : {
"name" : "swift-art",
"schemes" : [
"Art",
"ArtTerminal",
"ArtUI",
"swift-art-Package"
]
}
}
2026-09-23 15:04:29.284 xcodebuild[1254:7401] [MT] IDERunDestination: Supported platforms for the buildables in the current scheme is empty.
Running build ...
env DEVELOPER_DIR=/Applications/Xcode-27.0.0-Release.Candidate.app xcrun xcodebuild -IDEClonedSourcePackagesDirPathOverride=$PWD/.dependencies -skipMacroValidation -skipPackagePluginValidation -derivedDataPath $PWD/.derivedData build -scheme swift-art-Package -destination generic/platform=tvOS
Command line invocation:
/Applications/Xcode-27.0.0-Release.Candidate.app/Contents/Developer/usr/bin/xcodebuild -IDEClonedSourcePackagesDirPathOverride=/Users/admin/builder/spi-builder-workspace/.dependencies -skipMacroValidation -skipPackagePluginValidation -derivedDataPath /Users/admin/builder/spi-builder-workspace/.derivedData build -scheme swift-art-Package -destination generic/platform=tvOS
Resolve Package Graph
Resolved source packages:
SwiftDocCPlugin: https://github.com/swiftlang/swift-docc-plugin @ 1.5.0
swift-color: https://github.com/CorvidLabs/swift-color.git @ 0.1.0
SymbolKit: https://github.com/swiftlang/swift-docc-symbolkit @ 1.0.0
swift-art: /Users/admin/builder/spi-builder-workspace
ComputePackagePrebuildTargetDependencyGraph
Prepare packages
CreateBuildRequest
SendProjectDescription
CreateBuildOperation
ComputeTargetDependencyGraph
note: Building targets in dependency order
note: Target dependency graph (8 targets)
Target 'ArtTerminal-product' in project 'swift-art'
➜ Explicit dependency on target 'ArtTerminal' in project 'swift-art'
➜ Explicit dependency on target 'Art' in project 'swift-art'
➜ Explicit dependency on target 'Color-product' in project 'swift-color'
Target 'ArtTerminal' in project 'swift-art'
➜ Explicit dependency on target 'Art' in project 'swift-art'
➜ Explicit dependency on target 'Color-product' in project 'swift-color'
Target 'ArtUI-product' in project 'swift-art'
➜ Explicit dependency on target 'ArtUI' in project 'swift-art'
➜ Explicit dependency on target 'Art' in project 'swift-art'
➜ Explicit dependency on target 'Color-product' in project 'swift-color'
Target 'ArtUI' in project 'swift-art'
➜ Explicit dependency on target 'Art' in project 'swift-art'
➜ Explicit dependency on target 'Color-product' in project 'swift-color'
Target 'Art-product' in project 'swift-art'
➜ Explicit dependency on target 'Art' in project 'swift-art'
➜ Explicit dependency on target 'Color-product' in project 'swift-color'
Target 'Art' in project 'swift-art'
➜ Explicit dependency on target 'Color-product' in project 'swift-color'
Target 'Color-product' in project 'swift-color'
➜ Explicit dependency on target 'Color' in project 'swift-color'
Target 'Color' in project 'swift-color' (no dependencies)
GatherProvisioningInputs
CreateBuildDescription
ClangStatCache /Applications/Xcode-27.0.0-Release.Candidate.app/Contents/Developer/Toolchains/XcodeDefault.xctoolchain/usr/bin/clang-stat-cache /Applications/Xcode-27.0.0-Release.Candidate.app/Contents/Developer/Platforms/AppleTVOS.platform/Developer/SDKs/AppleTVOS27.0.sdk /Users/admin/builder/spi-builder-workspace/.derivedData/SDKStatCaches.noindex/appletvos27.0-24J360-e829b21a6f8c9b70876ba0858053c044b32bfd8d43560033f8d89884cdb90028.sdkstatcache
cd /Users/admin/builder/spi-builder-workspace/.swiftpm/xcode
/Applications/Xcode-27.0.0-Release.Candidate.app/Contents/Developer/Toolchains/XcodeDefault.xctoolchain/usr/bin/clang-stat-cache /Applications/Xcode-27.0.0-Release.Candidate.app/Contents/Developer/Platforms/AppleTVOS.platform/Developer/SDKs/AppleTVOS27.0.sdk -o /Users/admin/builder/spi-builder-workspace/.derivedData/SDKStatCaches.noindex/appletvos27.0-24J360-e829b21a6f8c9b70876ba0858053c044b32bfd8d43560033f8d89884cdb90028.sdkstatcache
SwiftDriver ArtUI normal arm64 com.apple.xcode.tools.swift.compiler (in target 'ArtUI' from project 'swift-art')
cd /Users/admin/builder/spi-builder-workspace/.swiftpm/xcode
builtin-SwiftDriver -- /Applications/Xcode-27.0.0-Release.Candidate.app/Contents/Developer/Toolchains/XcodeDefault.xctoolchain/usr/bin/swiftc -parse-as-library -module-name ArtUI -Onone @/Users/admin/builder/spi-builder-workspace/.derivedData/Build/Intermediates.noindex/swift-art.build/Debug-appletvos/ArtUI-t.build/Objects-normal/arm64/ArtUI.SwiftFileList -DSWIFT_PACKAGE -DDEBUG -DSWIFT_MODULE_RESOURCE_BUNDLE_UNAVAILABLE -DXcode -plugin-path /Applications/Xcode-27.0.0-Release.Candidate.app/Contents/Developer/Toolchains/XcodeDefault.xctoolchain/usr/lib/swift/host/plugins/testing -enable-experimental-feature DebugDescriptionMacro -sdk /Applications/Xcode-27.0.0-Release.Candidate.app/Contents/Developer/Platforms/AppleTVOS.platform/Developer/SDKs/AppleTVOS27.0.sdk -target arm64-apple-tvos16.0 -g -module-cache-path /Users/admin/builder/spi-builder-workspace/.derivedData/ModuleCache.noindex -Xfrontend -serialize-debugging-options -profile-coverage-mapping -profile-generate -enable-testing -index-store-path /Users/admin/builder/spi-builder-workspace/.derivedData/Index.noindex/DataStore -Xcc -D_LIBCPP_HARDENING_MODE\=_LIBCPP_HARDENING_MODE_DEBUG -swift-version 6 -I /Users/admin/builder/spi-builder-workspace/.derivedData/Build/Products/Debug-appletvos -Isystem /Applications/Xcode-27.0.0-Release.Candidate.app/Contents/Developer/Platforms/AppleTVOS.platform/Developer/usr/lib -F /Users/admin/builder/spi-builder-workspace/.derivedData/Build/Products/Debug-appletvos/PackageFrameworks -F /Users/admin/builder/spi-builder-workspace/.derivedData/Build/Products/Debug-appletvos -F /Applications/Xcode-27.0.0-Release.Candidate.app/Contents/Developer/Platforms/AppleTVOS.platform/Developer/Library/Frameworks -F /Applications/Xcode-27.0.0-Release.Candidate.app/Contents/Developer/Platforms/AppleTVOS.platform/Developer/SDKs/AppleTVOS27.0.sdk/Developer/Library/Frameworks -c -j10 -enable-batch-mode -incremental -Xcc -ivfsstatcache -Xcc /Users/admin/builder/spi-builder-workspace/.derivedData/SDKStatCaches.noindex/appletvos27.0-24J360-e829b21a6f8c9b70876ba0858053c044b32bfd8d43560033f8d89884cdb90028.sdkstatcache -output-file-map /Users/admin/builder/spi-builder-workspace/.derivedData/Build/Intermediates.noindex/swift-art.build/Debug-appletvos/ArtUI-t.build/Objects-normal/arm64/ArtUI-OutputFileMap.json -save-temps -no-color-diagnostics -explicit-module-build -module-cache-path /Users/admin/builder/spi-builder-workspace/.derivedData/Build/Intermediates.noindex/SwiftExplicitPrecompiledModules -clang-scanner-module-cache-path /Users/admin/builder/spi-builder-workspace/.derivedData/ModuleCache.noindex -sdk-module-cache-path /Users/admin/builder/spi-builder-workspace/.derivedData/SDKExplicitPrecompiledModules -emit-dependencies -emit-module -emit-module-path /Users/admin/builder/spi-builder-workspace/.derivedData/Build/Intermediates.noindex/swift-art.build/Debug-appletvos/ArtUI-t.build/Objects-normal/arm64/ArtUI.swiftmodule -serialize-diagnostics -dependency-scan-serialize-diagnostics-path /Users/admin/builder/spi-builder-workspace/.derivedData/Build/Intermediates.noindex/swift-art.build/Debug-appletvos/ArtUI-t.build/Objects-normal/arm64/ArtUI-dependency-scan.dia -validate-clang-modules-once -clang-build-session-file /Users/admin/builder/spi-builder-workspace/.derivedData/ModuleCache.noindex/Session.modulevalidation -Xcc -fmodules-prune-interval\=86400 -Xcc -fmodules-prune-after\=345600 -package-name spi_builder_workspace -emit-const-values -const-gather-protocols-list /Users/admin/builder/spi-builder-workspace/.derivedData/Build/Intermediates.noindex/swift-art.build/Debug-appletvos/ArtUI-t.build/Objects-normal/arm64/ArtUI_const_extract_protocols.json -Xcc -I/Users/admin/builder/spi-builder-workspace/.derivedData/Build/Products/Debug-appletvos/include -Xcc -I/Users/admin/builder/spi-builder-workspace/.derivedData/Build/Intermediates.noindex/swift-art.build/Debug-appletvos/ArtUI-t.build/DerivedSources-normal/arm64 -Xcc -I/Users/admin/builder/spi-builder-workspace/.derivedData/Build/Intermediates.noindex/swift-art.build/Debug-appletvos/ArtUI-t.build/DerivedSources/arm64 -Xcc -I/Users/admin/builder/spi-builder-workspace/.derivedData/Build/Intermediates.noindex/swift-art.build/Debug-appletvos/ArtUI-t.build/DerivedSources -Xcc -DSWIFT_PACKAGE -Xcc -DDEBUG\=1 -emit-objc-header -emit-objc-header-path /Users/admin/builder/spi-builder-workspace/.derivedData/Build/Intermediates.noindex/swift-art.build/Debug-appletvos/ArtUI-t.build/Objects-normal/arm64/ArtUI-Swift.h -working-directory /Users/admin/builder/spi-builder-workspace/.swiftpm/xcode -experimental-emit-module-separately -disable-cmo
SwiftEmitModule normal arm64 Emitting\ module\ for\ ArtUI (in target 'ArtUI' from project 'swift-art')
SwiftCompile normal arm64 (in target 'ArtUI' from project 'swift-art')
cd /Users/admin/builder/spi-builder-workspace/.swiftpm/xcode
SwiftCompile normal arm64 Compiling\ ArtRenderConfiguration.swift /Users/admin/builder/spi-builder-workspace/Sources/ArtUI/Core/ArtRenderConfiguration.swift (in target 'ArtUI' from project 'swift-art')
SwiftCompile normal arm64 /Users/admin/builder/spi-builder-workspace/Sources/ArtUI/Core/ArtRenderConfiguration.swift (in target 'ArtUI' from project 'swift-art')
cd /Users/admin/builder/spi-builder-workspace/.swiftpm/xcode
builtin-SwiftPerFileCompile ArtRenderConfiguration.swift
SwiftCompile normal arm64 Compiling\ CellularAutomataViews.swift /Users/admin/builder/spi-builder-workspace/Sources/ArtUI/Views/CellularAutomataViews.swift (in target 'ArtUI' from project 'swift-art')
/Users/admin/builder/spi-builder-workspace/Sources/ArtUI/Views/CellularAutomataViews.swift:80:13: error: 'DragGesture' is unavailable in tvOS
78 | )
79 | .gesture(
80 | DragGesture(minimumDistance: 0)
| `- error: 'DragGesture' is unavailable in tvOS
81 | .onChanged { value in
82 | let x = Int(value.location.x / cellSize)
SwiftUI.DragGesture:3:42: note: 'DragGesture' has been explicitly marked unavailable here
1 | @available(iOS 13.0, macOS 10.15, watchOS 6.0, *)
2 | @available(tvOS, unavailable)
3 | @MainActor @preconcurrency public struct DragGesture : Gesture, ~Sendable {
| `- note: 'DragGesture' has been explicitly marked unavailable here
4 | public struct Value : Equatable, Sendable {
5 | public var time: Date
/Users/admin/builder/spi-builder-workspace/Sources/ArtUI/Views/CellularAutomataViews.swift:80:13: error: 'init(minimumDistance:coordinateSpace:)' is unavailable in tvOS
78 | )
79 | .gesture(
80 | DragGesture(minimumDistance: 0)
| `- error: 'init(minimumDistance:coordinateSpace:)' is unavailable in tvOS
81 | .onChanged { value in
82 | let x = Int(value.location.x / cellSize)
SwiftUI.DragGesture.init:4:37: note: 'init(minimumDistance:coordinateSpace:)' has been explicitly marked unavailable here
2 | @available(iOS 17.0, macOS 14.0, watchOS 10.0, *)
3 | @available(tvOS, unavailable)
4 | @MainActor @preconcurrency public init(minimumDistance: CGFloat = 10, coordinateSpace: some CoordinateSpaceProtocol = .local)}
| `- note: 'init(minimumDistance:coordinateSpace:)' has been explicitly marked unavailable here
5 |
Failed frontend command:
/Applications/Xcode-27.0.0-Release.Candidate.app/Contents/Developer/Toolchains/XcodeDefault.xctoolchain/usr/bin/swift-frontend -frontend -c /Users/admin/builder/spi-builder-workspace/Sources/ArtUI/ArtUI.swift /Users/admin/builder/spi-builder-workspace/Sources/ArtUI/Core/ArtRenderConfiguration.swift /Users/admin/builder/spi-builder-workspace/Sources/ArtUI/Core/ColorConversion.swift /Users/admin/builder/spi-builder-workspace/Sources/ArtUI/Export/ImageExporter.swift -primary-file /Users/admin/builder/spi-builder-workspace/Sources/ArtUI/Views/CellularAutomataViews.swift /Users/admin/builder/spi-builder-workspace/Sources/ArtUI/Views/FractalViews.swift /Users/admin/builder/spi-builder-workspace/Sources/ArtUI/Views/GeometryViews.swift /Users/admin/builder/spi-builder-workspace/Sources/ArtUI/Views/LSystemView.swift /Users/admin/builder/spi-builder-workspace/Sources/ArtUI/Views/NoiseView.swift /Users/admin/builder/spi-builder-workspace/Sources/ArtUI/Views/ParticleSystemView.swift -emit-dependencies-path /Users/admin/builder/spi-builder-workspace/.derivedData/Build/Intermediates.noindex/swift-art.build/Debug-appletvos/ArtUI-t.build/Objects-normal/arm64/CellularAutomataViews.d -emit-const-values-path /Users/admin/builder/spi-builder-workspace/.derivedData/Build/Intermediates.noindex/swift-art.build/Debug-appletvos/ArtUI-t.build/Objects-normal/arm64/CellularAutomataViews.swiftconstvalues -emit-reference-dependencies-path /Users/admin/builder/spi-builder-workspace/.derivedData/Build/Intermediates.noindex/swift-art.build/Debug-appletvos/ArtUI-t.build/Objects-normal/arm64/CellularAutomataViews.swiftdeps -serialize-diagnostics-path /Users/admin/builder/spi-builder-workspace/.derivedData/Build/Intermediates.noindex/swift-art.build/Debug-appletvos/ArtUI-t.build/Objects-normal/arm64/CellularAutomataViews.dia -target arm64-apple-tvos16.0 -module-can-import-version UIKit 9127.0.84.1 9127.0.84 -disable-cross-import-overlay-search -load-resolved-plugin /Applications/Xcode-27.0.0-Release.Candidate.app/Contents/Developer/Platforms/AppleTVOS.platform/Developer/usr/lib/swift/host/plugins/libFoundationMacros.dylib\#/Applications/Xcode-27.0.0-Release.Candidate.app/Contents/Developer/Platforms/AppleTVOS.platform/Developer/usr/bin/swift-plugin-server\#FoundationMacros -load-resolved-plugin /Applications/Xcode-27.0.0-Release.Candidate.app/Contents/Developer/Platforms/AppleTVOS.platform/Developer/usr/lib/swift/host/plugins/libObservationMacros.dylib\#/Applications/Xcode-27.0.0-Release.Candidate.app/Contents/Developer/Platforms/AppleTVOS.platform/Developer/usr/bin/swift-plugin-server\#ObservationMacros -load-resolved-plugin /Applications/Xcode-27.0.0-Release.Candidate.app/Contents/Developer/Platforms/AppleTVOS.platform/Developer/usr/lib/swift/host/plugins/libPreviewsMacros.dylib\#/Applications/Xcode-27.0.0-Release.Candidate.app/Contents/Developer/Platforms/AppleTVOS.platform/Developer/usr/bin/swift-plugin-server\#PreviewsMacros -load-resolved-plugin /Applications/Xcode-27.0.0-Release.Candidate.app/Contents/Developer/Platforms/AppleTVOS.platform/Developer/usr/lib/swift/host/plugins/libSwiftMacros.dylib\#/Applications/Xcode-27.0.0-Release.Candidate.app/Contents/Developer/Platforms/AppleTVOS.platform/Developer/usr/bin/swift-plugin-server\#SwiftMacros -load-resolved-plugin /Applications/Xcode-27.0.0-Release.Candidate.app/Contents/Developer/Platforms/AppleTVOS.platform/Developer/usr/lib/swift/host/plugins/libSwiftUIMacros.dylib\#/Applications/Xcode-27.0.0-Release.Candidate.app/Contents/Developer/Platforms/AppleTVOS.platform/Developer/usr/bin/swift-plugin-server\#SwiftUIMacros -disable-implicit-swift-modules -Xcc -fno-implicit-modules -Xcc -fno-implicit-module-maps -explicit-swift-module-map-file /Users/admin/builder/spi-builder-workspace/.derivedData/Build/Intermediates.noindex/swift-art.build/Debug-appletvos/ArtUI-t.build/Objects-normal/arm64/ArtUI-dependencies-1.json -Xllvm -aarch64-use-tbi -enable-objc-interop -stack-check -sdk /Applications/Xcode-27.0.0-Release.Candidate.app/Contents/Developer/Platforms/AppleTVOS.platform/Developer/SDKs/AppleTVOS27.0.sdk -I /Users/admin/builder/spi-builder-workspace/.derivedData/Build/Products/Debug-appletvos -Isystem /Applications/Xcode-27.0.0-Release.Candidate.app/Contents/Developer/Platforms/AppleTVOS.platform/Developer/usr/lib -F /Users/admin/builder/spi-builder-workspace/.derivedData/Build/Products/Debug-appletvos/PackageFrameworks -F /Users/admin/builder/spi-builder-workspace/.derivedData/Build/Products/Debug-appletvos -F /Applications/Xcode-27.0.0-Release.Candidate.app/Contents/Developer/Platforms/AppleTVOS.platform/Developer/Library/Frameworks -F /Applications/Xcode-27.0.0-Release.Candidate.app/Contents/Developer/Platforms/AppleTVOS.platform/Developer/SDKs/AppleTVOS27.0.sdk/Developer/Library/Frameworks -module-cache-path /Users/admin/builder/spi-builder-workspace/.derivedData/Build/Intermediates.noindex/SwiftExplicitPrecompiledModules -no-color-diagnostics -Xcc -fno-color-diagnostics -enable-testing -g -debug-info-format\=dwarf -dwarf-version\=4 -profile-generate -profile-coverage-mapping -swift-version 6 -Onone -D SWIFT_PACKAGE -D DEBUG -D SWIFT_MODULE_RESOURCE_BUNDLE_UNAVAILABLE -D Xcode -serialize-debugging-options -enable-experimental-feature DebugDescriptionMacro -empty-abi-descriptor -validate-clang-modules-once -clang-build-session-file /Users/admin/builder/spi-builder-workspace/.derivedData/ModuleCache.noindex/Session.modulevalidation -Xcc -working-directory -Xcc /Users/admin/builder/spi-builder-workspace/.swiftpm/xcode -enable-anonymous-context-mangled-names -file-compilation-dir /Users/admin/builder/spi-builder-workspace/.swiftpm/xcode -Xcc -D_LIBCPP_HARDENING_MODE\=_LIBCPP_HARDENING_MODE_DEBUG -Xcc -ivfsstatcache -Xcc /Users/admin/builder/spi-builder-workspace/.derivedData/SDKStatCaches.noindex/appletvos27.0-24J360-e829b21a6f8c9b70876ba0858053c044b32bfd8d43560033f8d89884cdb90028.sdkstatcache -Xcc -fmodules-prune-interval\=86400 -Xcc -fmodules-prune-after\=345600 -Xcc -I/Users/admin/builder/spi-builder-workspace/.derivedData/Build/Products/Debug-appletvos/include -Xcc -I/Users/admin/builder/spi-builder-workspace/.derivedData/Build/Intermediates.noindex/swift-art.build/Debug-appletvos/ArtUI-t.build/DerivedSources-normal/arm64 -Xcc -I/Users/admin/builder/spi-builder-workspace/.derivedData/Build/Intermediates.noindex/swift-art.build/Debug-appletvos/ArtUI-t.build/DerivedSources/arm64 -Xcc -I/Users/admin/builder/spi-builder-workspace/.derivedData/Build/Intermediates.noindex/swift-art.build/Debug-appletvos/ArtUI-t.build/DerivedSources -Xcc -DSWIFT_PACKAGE -Xcc -DDEBUG\=1 -no-auto-bridging-header-chaining -module-name ArtUI -package-name spi_builder_workspace -const-gather-protocols-file /Users/admin/builder/spi-builder-workspace/.derivedData/Build/Intermediates.noindex/swift-art.build/Debug-appletvos/ArtUI-t.build/Objects-normal/arm64/ArtUI_const_extract_protocols.json -disable-clang-spi -clang-target arm64-apple-tvos27.0 -target-sdk-version 27.0 -target-sdk-name appletvos27.0 -in-process-plugin-server-path /Applications/Xcode-27.0.0-Release.Candidate.app/Contents/Developer/Toolchains/XcodeDefault.xctoolchain/usr/lib/swift/host/libSwiftInProcPluginServer.dylib -parse-as-library -o /Users/admin/builder/spi-builder-workspace/.derivedData/Build/Intermediates.noindex/swift-art.build/Debug-appletvos/ArtUI-t.build/Objects-normal/arm64/CellularAutomataViews.o -debug-module-path /Users/admin/builder/spi-builder-workspace/.derivedData/Build/Intermediates.noindex/swift-art.build/Debug-appletvos/ArtUI-t.build/Objects-normal/arm64/ArtUI.swiftmodule -index-unit-output-path /swift-art.build/Debug-appletvos/ArtUI-t.build/Objects-normal/arm64/CellularAutomataViews.o -index-store-path /Users/admin/builder/spi-builder-workspace/.derivedData/Index.noindex/DataStore -index-system-modules
SwiftCompile normal arm64 /Users/admin/builder/spi-builder-workspace/Sources/ArtUI/Views/CellularAutomataViews.swift (in target 'ArtUI' from project 'swift-art')
cd /Users/admin/builder/spi-builder-workspace/.swiftpm/xcode
builtin-SwiftPerFileCompile CellularAutomataViews.swift
SwiftCompile normal arm64 Compiling\ GeometryViews.swift /Users/admin/builder/spi-builder-workspace/Sources/ArtUI/Views/GeometryViews.swift (in target 'ArtUI' from project 'swift-art')
SwiftCompile normal arm64 /Users/admin/builder/spi-builder-workspace/Sources/ArtUI/Views/GeometryViews.swift (in target 'ArtUI' from project 'swift-art')
cd /Users/admin/builder/spi-builder-workspace/.swiftpm/xcode
builtin-SwiftPerFileCompile GeometryViews.swift
SwiftCompile normal arm64 Compiling\ ImageExporter.swift /Users/admin/builder/spi-builder-workspace/Sources/ArtUI/Export/ImageExporter.swift (in target 'ArtUI' from project 'swift-art')
SwiftCompile normal arm64 /Users/admin/builder/spi-builder-workspace/Sources/ArtUI/Export/ImageExporter.swift (in target 'ArtUI' from project 'swift-art')
cd /Users/admin/builder/spi-builder-workspace/.swiftpm/xcode
builtin-SwiftPerFileCompile ImageExporter.swift
SwiftCompile normal arm64 Compiling\ LSystemView.swift /Users/admin/builder/spi-builder-workspace/Sources/ArtUI/Views/LSystemView.swift (in target 'ArtUI' from project 'swift-art')
SwiftCompile normal arm64 /Users/admin/builder/spi-builder-workspace/Sources/ArtUI/Views/LSystemView.swift (in target 'ArtUI' from project 'swift-art')
cd /Users/admin/builder/spi-builder-workspace/.swiftpm/xcode
builtin-SwiftPerFileCompile LSystemView.swift
SwiftCompile normal arm64 Compiling\ ColorConversion.swift /Users/admin/builder/spi-builder-workspace/Sources/ArtUI/Core/ColorConversion.swift (in target 'ArtUI' from project 'swift-art')
SwiftCompile normal arm64 /Users/admin/builder/spi-builder-workspace/Sources/ArtUI/Core/ColorConversion.swift (in target 'ArtUI' from project 'swift-art')
cd /Users/admin/builder/spi-builder-workspace/.swiftpm/xcode
builtin-SwiftPerFileCompile ColorConversion.swift
SwiftCompile normal arm64 Compiling\ NoiseView.swift /Users/admin/builder/spi-builder-workspace/Sources/ArtUI/Views/NoiseView.swift (in target 'ArtUI' from project 'swift-art')
SwiftCompile normal arm64 /Users/admin/builder/spi-builder-workspace/Sources/ArtUI/Views/NoiseView.swift (in target 'ArtUI' from project 'swift-art')
cd /Users/admin/builder/spi-builder-workspace/.swiftpm/xcode
builtin-SwiftPerFileCompile NoiseView.swift
SwiftCompile normal arm64 Compiling\ ParticleSystemView.swift /Users/admin/builder/spi-builder-workspace/Sources/ArtUI/Views/ParticleSystemView.swift (in target 'ArtUI' from project 'swift-art')
SwiftCompile normal arm64 /Users/admin/builder/spi-builder-workspace/Sources/ArtUI/Views/ParticleSystemView.swift (in target 'ArtUI' from project 'swift-art')
cd /Users/admin/builder/spi-builder-workspace/.swiftpm/xcode
builtin-SwiftPerFileCompile ParticleSystemView.swift
SwiftCompile normal arm64 Compiling\ FractalViews.swift /Users/admin/builder/spi-builder-workspace/Sources/ArtUI/Views/FractalViews.swift (in target 'ArtUI' from project 'swift-art')
SwiftCompile normal arm64 /Users/admin/builder/spi-builder-workspace/Sources/ArtUI/Views/FractalViews.swift (in target 'ArtUI' from project 'swift-art')
cd /Users/admin/builder/spi-builder-workspace/.swiftpm/xcode
builtin-SwiftPerFileCompile FractalViews.swift
SwiftDriverJobDiscovery normal arm64 Compiling ArtRenderConfiguration.swift (in target 'ArtUI' from project 'swift-art')
SwiftDriverJobDiscovery normal arm64 Compiling ColorConversion.swift (in target 'ArtUI' from project 'swift-art')
SwiftDriverJobDiscovery normal arm64 Compiling ImageExporter.swift (in target 'ArtUI' from project 'swift-art')
PruneExplicitPrecompiledModules /Users/admin/builder/spi-builder-workspace/.derivedData/SDKExplicitPrecompiledModules
PruneExplicitPrecompiledModules /Users/admin/builder/spi-builder-workspace/.derivedData/Build/Intermediates.noindex/SwiftExplicitPrecompiledModules
PruneExplicitPrecompiledModules /Users/admin/builder/spi-builder-workspace/.derivedData/Build/Intermediates.noindex/ExplicitPrecompiledModules
2026-09-23 15:04:36.075 xcodebuild[1305:7756] [MT] IDERunDestination: Supported platforms for the buildables in the current scheme is empty.
** BUILD FAILED **
The following build commands failed:
SwiftCompile normal arm64 Compiling\ CellularAutomataViews.swift /Users/admin/builder/spi-builder-workspace/Sources/ArtUI/Views/CellularAutomataViews.swift (in target 'ArtUI' from project 'swift-art')
SwiftCompile normal arm64 /Users/admin/builder/spi-builder-workspace/Sources/ArtUI/Views/CellularAutomataViews.swift (in target 'ArtUI' from project 'swift-art')
Building workspace swift-art with scheme swift-art-Package
(3 failures)
BUILD FAILURE 6.4 tvOS