Build Information
Failed to build SentencePieceKit, reference 1.1.0 (4a9658), with Swift 6.4 for tvOS using Xcode 27.0 on 24 Sep 2026 05:29:32 UTC.
Build Command
env DEVELOPER_DIR=/Applications/Xcode-27.0.0-Release.Candidate.app xcrun xcodebuild -IDEClonedSourcePackagesDirPathOverride=$PWD/.dependencies -skipMacroValidation -skipPackagePluginValidation -derivedDataPath $PWD/.derivedData build -scheme SentencePieceKit -destination generic/platform=tvOSBuild Log
========================================
RunAll
========================================
Builder version: 5.1.0
Interrupt handler set up.
========================================
Checkout
========================================
Clone URL: https://github.com/spencer0124/SentencePieceKit.git
Reference: 1.1.0
Initialized empty Git repository in /Users/admin/builder/spi-builder-workspace/.git/
From https://github.com/spencer0124/SentencePieceKit
* tag 1.1.0 -> FETCH_HEAD
HEAD is now at 4a9658c Refactor: Remove async wrappers, rename tokenizeSync to tokenize
Cloned https://github.com/spencer0124/SentencePieceKit.git
Revision (git rev-parse @):
4a9658ca599e67e090b8f587aeacf54bf09400f6
SUCCESS checkout https://github.com/spencer0124/SentencePieceKit.git at 1.1.0
========================================
Build
========================================
Selected platform: tvOS
Swift version: 6.4
Building package at path: $PWD
https://github.com/spencer0124/SentencePieceKit.git
Command line invocation:
/Applications/Xcode-27.0.0-Release.Candidate.app/Contents/Developer/usr/bin/xcodebuild -IDEClonedSourcePackagesDirPathOverride=/Users/admin/builder/spi-builder-workspace/.dependencies -resolvePackageDependencies
Resolve Package Graph
Resolve Package Graph
Resolved source packages:
SentencePieceKit: /Users/admin/builder/spi-builder-workspace
resolved source packages: SentencePieceKit
2026-09-24 01:28:53.850 xcodebuild[566:3063] [MT] IDERunDestination: Supported platforms for the buildables in the current scheme is empty.
{
"dependencies" : [
],
"manifest_display_name" : "SentencePieceKit",
"name" : "SentencePieceKit",
"path" : "/Users/admin/builder/spi-builder-workspace",
"platforms" : [
{
"name" : "ios",
"version" : "13.0"
},
{
"name" : "macos",
"version" : "11.0"
},
{
"name" : "watchos",
"version" : "4.0"
}
],
"products" : [
{
"name" : "SentencePieceKit",
"targets" : [
"SentencePieceKit"
],
"type" : {
"library" : [
"automatic"
]
}
}
],
"targets" : [
{
"c99name" : "sentencepiece",
"module_type" : "BinaryTarget",
"name" : "sentencepiece",
"path" : "sentencepiece.xcframework",
"product_memberships" : [
"SentencePieceKit"
],
"sources" : [
],
"type" : "binary"
},
{
"c99name" : "SentencePieceKitTests",
"module_type" : "SwiftTarget",
"name" : "SentencePieceKitTests",
"path" : "Tests/SentencePieceKitTests",
"sources" : [
"SentencePieceKitTests.swift"
],
"target_dependencies" : [
"SentencePieceKit"
],
"type" : "test"
},
{
"c99name" : "SentencePieceKit",
"module_type" : "SwiftTarget",
"name" : "SentencePieceKit",
"path" : "Sources/SentencePieceKit",
"product_memberships" : [
"SentencePieceKit"
],
"sources" : [
"SentencePieceKit.swift"
],
"target_dependencies" : [
"SentencePieceBridge"
],
"type" : "library"
},
{
"c99name" : "SentencePieceBridge",
"module_type" : "ClangTarget",
"name" : "SentencePieceBridge",
"path" : "Sources/SentencePieceBridge",
"product_memberships" : [
"SentencePieceKit"
],
"sources" : [
"SentencePieceBridge.mm"
],
"target_dependencies" : [
"sentencepiece"
],
"type" : "library"
}
],
"tools_version" : "5.9"
}
warning: 'spi-builder-workspace': /Users/admin/builder/spi-builder-workspace/Package.swift:9:19: warning: 'v4' is deprecated: watchOS 9.0 is the oldest supported version [#DeprecatedDeclaration]
7 | .iOS(.v13),
8 | .macOS(.v11),
9 | .watchOS(.v4)
| `- warning: 'v4' is deprecated: watchOS 9.0 is the oldest supported version [#DeprecatedDeclaration]
10 | ],
11 | products: [
[#DeprecatedDeclaration]: <https://docs.swift.org/compiler/documentation/diagnostics/deprecated-declaration>
{
"workspace" : {
"name" : "SentencePieceKit",
"schemes" : [
"SentencePieceKit"
]
}
}
2026-09-24 01:29:25.935 xcodebuild[664:3878] [MT] IDERunDestination: Supported platforms for the buildables in the current scheme is empty.
Running build ...
env DEVELOPER_DIR=/Applications/Xcode-27.0.0-Release.Candidate.app xcrun xcodebuild -IDEClonedSourcePackagesDirPathOverride=$PWD/.dependencies -skipMacroValidation -skipPackagePluginValidation -derivedDataPath $PWD/.derivedData build -scheme SentencePieceKit -destination generic/platform=tvOS
Command line invocation:
/Applications/Xcode-27.0.0-Release.Candidate.app/Contents/Developer/usr/bin/xcodebuild -IDEClonedSourcePackagesDirPathOverride=/Users/admin/builder/spi-builder-workspace/.dependencies -skipMacroValidation -skipPackagePluginValidation -derivedDataPath /Users/admin/builder/spi-builder-workspace/.derivedData build -scheme SentencePieceKit -destination generic/platform=tvOS
Resolve Package Graph
Resolved source packages:
SentencePieceKit: /Users/admin/builder/spi-builder-workspace
ComputePackagePrebuildTargetDependencyGraph
Prepare packages
CreateBuildRequest
SendProjectDescription
CreateBuildOperation
ComputeTargetDependencyGraph
note: Building targets in dependency order
note: Target dependency graph (3 targets)
Target 'SentencePieceKit-product' in project 'SentencePieceKit'
➜ Explicit dependency on target 'SentencePieceKit' in project 'SentencePieceKit'
➜ Explicit dependency on target 'SentencePieceBridge' in project 'SentencePieceKit'
Target 'SentencePieceKit' in project 'SentencePieceKit'
➜ Explicit dependency on target 'SentencePieceBridge' in project 'SentencePieceKit'
Target 'SentencePieceBridge' in project 'SentencePieceKit' (no dependencies)
GatherProvisioningInputs
CreateBuildDescription
ExecuteExternalTool /Applications/Xcode-27.0.0-Release.Candidate.app/Contents/Developer/Toolchains/XcodeDefault.xctoolchain/usr/bin/clang -v -E -dM -isysroot /Applications/Xcode-27.0.0-Release.Candidate.app/Contents/Developer/Platforms/AppleTVOS.platform/Developer/SDKs/AppleTVOS27.0.sdk -x c -c /dev/null
ExecuteExternalTool /Applications/Xcode-27.0.0-Release.Candidate.app/Contents/Developer/Toolchains/XcodeDefault.xctoolchain/usr/bin/clang -v -E -dM -arch arm64 -isysroot /Applications/Xcode-27.0.0-Release.Candidate.app/Contents/Developer/Platforms/AppleTVOS.platform/Developer/SDKs/AppleTVOS27.0.sdk -x objective-c++ -c /dev/null
ExecuteExternalTool /Applications/Xcode-27.0.0-Release.Candidate.app/Contents/Developer/Toolchains/XcodeDefault.xctoolchain/usr/bin/swiftc --version
ExecuteExternalTool /Applications/Xcode-27.0.0-Release.Candidate.app/Contents/Developer/Toolchains/XcodeDefault.xctoolchain/usr/bin/clang -v -E -dM -arch arm64 -isysroot /Applications/Xcode-27.0.0-Release.Candidate.app/Contents/Developer/Platforms/AppleTVOS.platform/Developer/SDKs/AppleTVOS27.0.sdk -x c -c /dev/null
ExecuteExternalTool /Applications/Xcode-27.0.0-Release.Candidate.app/Contents/Developer/Toolchains/XcodeDefault.xctoolchain/usr/bin/ld -version_details
Build description signature: 8677312bff97cf656b5a6b2d7b6efda8
Build description path: /Users/admin/builder/spi-builder-workspace/.derivedData/Build/Intermediates.noindex/XCBuildData/8677312bff97cf656b5a6b2d7b6efda8.xcbuilddata
/Users/admin/builder/spi-builder-workspace/sentencepiece.xcframework:1:1: error: While building for tvOS, no library for this platform was found in '/Users/admin/builder/spi-builder-workspace/sentencepiece.xcframework'. (in target 'SentencePieceKit-product' from project 'SentencePieceKit')
/Users/admin/builder/spi-builder-workspace/sentencepiece.xcframework:1:1: error: While building for tvOS, no library for this platform was found in '/Users/admin/builder/spi-builder-workspace/sentencepiece.xcframework'. (in target 'SentencePieceKit' from project 'SentencePieceKit')
/Users/admin/builder/spi-builder-workspace/sentencepiece.xcframework:1:1: error: While building for tvOS, no library for this platform was found in '/Users/admin/builder/spi-builder-workspace/sentencepiece.xcframework'. (in target 'SentencePieceBridge' from project 'SentencePieceKit')
2026-09-24 01:29:27.499 xcodebuild[665:3923] [MT] IDERunDestination: Supported platforms for the buildables in the current scheme is empty.
** BUILD FAILED **
The following build commands failed:
Building workspace SentencePieceKit with scheme SentencePieceKit
(1 failure)
Command line invocation:
/Applications/Xcode-27.0.0-Release.Candidate.app/Contents/Developer/usr/bin/xcodebuild -IDEClonedSourcePackagesDirPathOverride=/Users/admin/builder/spi-builder-workspace/.dependencies -resolvePackageDependencies
Resolve Package Graph
Resolved source packages:
SentencePieceKit: /Users/admin/builder/spi-builder-workspace
resolved source packages: SentencePieceKit
2026-09-24 01:29:29.334 xcodebuild[684:4046] [MT] IDERunDestination: Supported platforms for the buildables in the current scheme is empty.
{
"dependencies" : [
],
"manifest_display_name" : "SentencePieceKit",
"name" : "SentencePieceKit",
"path" : "/Users/admin/builder/spi-builder-workspace",
"platforms" : [
{
"name" : "ios",
"version" : "13.0"
},
{
"name" : "macos",
"version" : "11.0"
},
{
"name" : "watchos",
"version" : "4.0"
}
],
"products" : [
{
"name" : "SentencePieceKit",
"targets" : [
"SentencePieceKit"
],
"type" : {
"library" : [
"automatic"
]
}
}
],
"targets" : [
{
"c99name" : "sentencepiece",
"module_type" : "BinaryTarget",
"name" : "sentencepiece",
"path" : "sentencepiece.xcframework",
"product_memberships" : [
"SentencePieceKit"
],
"sources" : [
],
"type" : "binary"
},
{
"c99name" : "SentencePieceKitTests",
"module_type" : "SwiftTarget",
"name" : "SentencePieceKitTests",
"path" : "Tests/SentencePieceKitTests",
"sources" : [
"SentencePieceKitTests.swift"
],
"target_dependencies" : [
"SentencePieceKit"
],
"type" : "test"
},
{
"c99name" : "SentencePieceKit",
"module_type" : "SwiftTarget",
"name" : "SentencePieceKit",
"path" : "Sources/SentencePieceKit",
"product_memberships" : [
"SentencePieceKit"
],
"sources" : [
"SentencePieceKit.swift"
],
"target_dependencies" : [
"SentencePieceBridge"
],
"type" : "library"
},
{
"c99name" : "SentencePieceBridge",
"module_type" : "ClangTarget",
"name" : "SentencePieceBridge",
"path" : "Sources/SentencePieceBridge",
"product_memberships" : [
"SentencePieceKit"
],
"sources" : [
"SentencePieceBridge.mm"
],
"target_dependencies" : [
"sentencepiece"
],
"type" : "library"
}
],
"tools_version" : "5.9"
}
{
"workspace" : {
"name" : "SentencePieceKit",
"schemes" : [
"SentencePieceKit"
]
}
}
2026-09-24 01:29:30.566 xcodebuild[720:4319] [MT] IDERunDestination: Supported platforms for the buildables in the current scheme is empty.
Running build ...
env DEVELOPER_DIR=/Applications/Xcode-27.0.0-Release.Candidate.app xcrun xcodebuild -IDEClonedSourcePackagesDirPathOverride=$PWD/.dependencies -skipMacroValidation -skipPackagePluginValidation -derivedDataPath $PWD/.derivedData build -scheme SentencePieceKit -destination generic/platform=tvOS
Command line invocation:
/Applications/Xcode-27.0.0-Release.Candidate.app/Contents/Developer/usr/bin/xcodebuild -IDEClonedSourcePackagesDirPathOverride=/Users/admin/builder/spi-builder-workspace/.dependencies -skipMacroValidation -skipPackagePluginValidation -derivedDataPath /Users/admin/builder/spi-builder-workspace/.derivedData build -scheme SentencePieceKit -destination generic/platform=tvOS
Resolve Package Graph
Resolved source packages:
SentencePieceKit: /Users/admin/builder/spi-builder-workspace
ComputePackagePrebuildTargetDependencyGraph
Prepare packages
CreateBuildRequest
SendProjectDescription
CreateBuildOperation
ComputeTargetDependencyGraph
note: Building targets in dependency order
note: Target dependency graph (3 targets)
Target 'SentencePieceKit-product' in project 'SentencePieceKit'
➜ Explicit dependency on target 'SentencePieceKit' in project 'SentencePieceKit'
➜ Explicit dependency on target 'SentencePieceBridge' in project 'SentencePieceKit'
Target 'SentencePieceKit' in project 'SentencePieceKit'
➜ Explicit dependency on target 'SentencePieceBridge' in project 'SentencePieceKit'
Target 'SentencePieceBridge' in project 'SentencePieceKit' (no dependencies)
GatherProvisioningInputs
CreateBuildDescription
/Users/admin/builder/spi-builder-workspace/sentencepiece.xcframework:1:1: error: While building for tvOS, no library for this platform was found in '/Users/admin/builder/spi-builder-workspace/sentencepiece.xcframework'. (in target 'SentencePieceKit' from project 'SentencePieceKit')
/Users/admin/builder/spi-builder-workspace/sentencepiece.xcframework:1:1: error: While building for tvOS, no library for this platform was found in '/Users/admin/builder/spi-builder-workspace/sentencepiece.xcframework'. (in target 'SentencePieceKit-product' from project 'SentencePieceKit')
/Users/admin/builder/spi-builder-workspace/sentencepiece.xcframework:1:1: error: While building for tvOS, no library for this platform was found in '/Users/admin/builder/spi-builder-workspace/sentencepiece.xcframework'. (in target 'SentencePieceBridge' from project 'SentencePieceKit')
2026-09-24 01:29:31.547 xcodebuild[721:4345] [MT] IDERunDestination: Supported platforms for the buildables in the current scheme is empty.
** BUILD FAILED **
The following build commands failed:
Building workspace SentencePieceKit with scheme SentencePieceKit
(1 failure)
BUILD FAILURE 6.4 tvOS