Build Information
Failed to build Prephirences, reference 5.4.1 (3a4207), with Swift 6.4 for visionOS using Xcode 27.0 on 19 Sep 2026 14:47:39 UTC.
Build Command
env DEVELOPER_DIR=/Applications/Xcode-27.0.0-Release.Candidate.app xcrun xcodebuild -IDEClonedSourcePackagesDirPathOverride=$PWD/.dependencies -skipMacroValidation -skipPackagePluginValidation -derivedDataPath $PWD/.derivedData build -scheme Prephirences -destination generic/platform=xrOSBuild Log
========================================
RunAll
========================================
Builder version: 5.1.0
Interrupt handler set up.
========================================
Checkout
========================================
Clone URL: https://github.com/phimage/Prephirences.git
Reference: 5.4.1
Initialized empty Git repository in /Users/admin/builder/spi-builder-workspace/.git/
From https://github.com/phimage/Prephirences
* tag 5.4.1 -> FETCH_HEAD
HEAD is now at 3a42074 Add missing file about Codable in all target Update Xcode files
Cloned https://github.com/phimage/Prephirences.git
Revision (git rev-parse @):
3a42074d540c09018cd0699eced43905847a2381
SUCCESS checkout https://github.com/phimage/Prephirences.git at 5.4.1
========================================
Build
========================================
Selected platform: visionOS
Swift version: 6.4
Building package at path: $PWD
https://github.com/phimage/Prephirences.git
Command line invocation:
/Applications/Xcode-27.0.0-Release.Candidate.app/Contents/Developer/usr/bin/xcodebuild -IDEClonedSourcePackagesDirPathOverride=/Users/admin/builder/spi-builder-workspace/.dependencies -resolvePackageDependencies
resolved source packages:
{
"dependencies" : [
],
"manifest_display_name" : "Prephirences",
"name" : "Prephirences",
"path" : "/Users/admin/builder/spi-builder-workspace",
"platforms" : [
{
"name" : "macos",
"version" : "10.11"
},
{
"name" : "ios",
"version" : "9.0"
},
{
"name" : "tvos",
"version" : "9.0"
},
{
"name" : "watchos",
"version" : "3.0"
}
],
"products" : [
{
"name" : "Prephirences",
"targets" : [
"Prephirences"
],
"type" : {
"library" : [
"automatic"
]
}
}
],
"swift_languages_versions" : [
"5"
],
"targets" : [
{
"c99name" : "PrephirencesTests",
"module_type" : "SwiftTarget",
"name" : "PrephirencesTests",
"path" : "Tests",
"sources" : [
"KeychainTests.swift",
"PrephirencesTests.swift"
],
"target_dependencies" : [
"Prephirences"
],
"type" : "test"
},
{
"c99name" : "Prephirences",
"module_type" : "SwiftTarget",
"name" : "Prephirences",
"path" : "Sources",
"product_memberships" : [
"Prephirences"
],
"sources" : [
"Bundle.swift",
"CoreData/ManagedObjectPreferences.swift",
"DictionaryPreferences.swift",
"KeychainPreferences.swift",
"Keys/PropertyListKeys.swift",
"Keys/UserDefaultsKeys.swift",
"NSCachePreferences.swift",
"NSCoder+Prephirences.swift",
"NSHTTPCookieStorage+Prephirences.swift",
"NSUbiquitousKeyValueStore+Prephirences.swift",
"PatternPreferences.swift",
"Plist.swift",
"Preference.swift",
"PreferenceOperators.swift",
"PreferenceTransformation.swift",
"PreferencesController.swift",
"PreferencesOperators.swift",
"PreferencesType.swift",
"Prephirencable.swift",
"PrephirenceType+Codable.swift",
"Prephirences.swift",
"RawRepresentableKey/RawRepresentable+Prephirences.swift",
"ReflectingPreferences.swift",
"UserDefaults+Prephirences.swift",
"UserDefaults/UserDefaults+Adds.swift"
],
"type" : "library"
}
],
"tools_version" : "5.5"
}
{
"project" : {
"configurations" : [
"Debug",
"Release"
],
"name" : "Prephirences",
"schemes" : [
"PrephirencesiOS",
"PrephirencesMac",
"PrephirencesTvOS",
"PrephirencesWatchOS"
],
"targets" : [
"PrephirencesiOS",
"PrephirencesMac",
"PrephirencesWatchOS",
"PrephirencesTvOS",
"PrephirencesiOSTests",
"PrephirencesMacTests"
]
}
}
{
"workspace" : {
"name" : "Prephirences",
"schemes" : [
"Prephirences"
]
}
}
2026-09-19 10:47:28.975 xcodebuild[674:4108] [MT] IDERunDestination: Supported platforms for the buildables in the current scheme is empty.
Running build ...
env DEVELOPER_DIR=/Applications/Xcode-27.0.0-Release.Candidate.app xcrun xcodebuild -IDEClonedSourcePackagesDirPathOverride=$PWD/.dependencies -skipMacroValidation -skipPackagePluginValidation -derivedDataPath $PWD/.derivedData build -scheme Prephirences -destination generic/platform=xrOS
Command line invocation:
/Applications/Xcode-27.0.0-Release.Candidate.app/Contents/Developer/usr/bin/xcodebuild -IDEClonedSourcePackagesDirPathOverride=/Users/admin/builder/spi-builder-workspace/.dependencies -skipMacroValidation -skipPackagePluginValidation -derivedDataPath /Users/admin/builder/spi-builder-workspace/.derivedData build -scheme Prephirences -destination generic/platform=xrOS
Resolve Package Graph
Resolved source packages:
Prephirences: /Users/admin/builder/spi-builder-workspace
ComputePackagePrebuildTargetDependencyGraph
Prepare packages
CreateBuildRequest
SendProjectDescription
CreateBuildOperation
ComputeTargetDependencyGraph
note: Building targets in dependency order
note: Target dependency graph (2 targets)
Target 'Prephirences-product' in project 'Prephirences'
➜ Explicit dependency on target 'Prephirences' in project 'Prephirences'
Target 'Prephirences' in project 'Prephirences' (no dependencies)
GatherProvisioningInputs
CreateBuildDescription
ExecuteExternalTool /Applications/Xcode-27.0.0-Release.Candidate.app/Contents/Developer/Toolchains/XcodeDefault.xctoolchain/usr/bin/clang -v -E -dM -isysroot /Applications/Xcode-27.0.0-Release.Candidate.app/Contents/Developer/Platforms/XROS.platform/Developer/SDKs/XROS27.0.sdk -x c -c /dev/null
ExecuteExternalTool /Applications/Xcode-27.0.0-Release.Candidate.app/Contents/Developer/Toolchains/XcodeDefault.xctoolchain/usr/bin/swiftc --version
ExecuteExternalTool /Applications/Xcode-27.0.0-Release.Candidate.app/Contents/Developer/Toolchains/XcodeDefault.xctoolchain/usr/bin/ld -version_details
Build description signature: 1807eb6c6608f6bd403a2b06ca34b345
Build description path: /Users/admin/builder/spi-builder-workspace/.derivedData/Build/Intermediates.noindex/XCBuildData/1807eb6c6608f6bd403a2b06ca34b345.xcbuilddata
CreateBuildDirectory /Users/admin/builder/spi-builder-workspace/.derivedData/SDKExplicitPrecompiledModules
cd /Users/admin/builder/spi-builder-workspace/.swiftpm/xcode
builtin-create-build-directory /Users/admin/builder/spi-builder-workspace/.derivedData/SDKExplicitPrecompiledModules
CreateBuildDirectory /Users/admin/builder/spi-builder-workspace/.derivedData/ModuleCache.noindex
cd /Users/admin/builder/spi-builder-workspace/.swiftpm/xcode
builtin-create-build-directory /Users/admin/builder/spi-builder-workspace/.derivedData/ModuleCache.noindex
CreateBuildDirectory /Users/admin/builder/spi-builder-workspace/.derivedData/CompilationCache.noindex
cd /Users/admin/builder/spi-builder-workspace/.swiftpm/xcode
builtin-create-build-directory /Users/admin/builder/spi-builder-workspace/.derivedData/CompilationCache.noindex
ClangStatCache /Applications/Xcode-27.0.0-Release.Candidate.app/Contents/Developer/Toolchains/XcodeDefault.xctoolchain/usr/bin/clang-stat-cache /Applications/Xcode-27.0.0-Release.Candidate.app/Contents/Developer/Platforms/XROS.platform/Developer/SDKs/XROS27.0.sdk /Users/admin/builder/spi-builder-workspace/.derivedData/SDKStatCaches.noindex/xros27.0-24M361-e829b21a6f8c9b70876ba0858053c044735bd543db762f57723cac368afd1ce4.sdkstatcache
cd /Users/admin/builder/spi-builder-workspace/.swiftpm/xcode
/Applications/Xcode-27.0.0-Release.Candidate.app/Contents/Developer/Toolchains/XcodeDefault.xctoolchain/usr/bin/clang-stat-cache /Applications/Xcode-27.0.0-Release.Candidate.app/Contents/Developer/Platforms/XROS.platform/Developer/SDKs/XROS27.0.sdk -o /Users/admin/builder/spi-builder-workspace/.derivedData/SDKStatCaches.noindex/xros27.0-24M361-e829b21a6f8c9b70876ba0858053c044735bd543db762f57723cac368afd1ce4.sdkstatcache
CreateBuildDirectory /Users/admin/builder/spi-builder-workspace/.derivedData/Build/Products
cd /Users/admin/builder/spi-builder-workspace/.swiftpm/xcode
builtin-create-build-directory /Users/admin/builder/spi-builder-workspace/.derivedData/Build/Products
CreateBuildDirectory /Users/admin/builder/spi-builder-workspace/.derivedData/Build/Intermediates.noindex
cd /Users/admin/builder/spi-builder-workspace/.swiftpm/xcode
builtin-create-build-directory /Users/admin/builder/spi-builder-workspace/.derivedData/Build/Intermediates.noindex
CreateBuildDirectory /Users/admin/builder/spi-builder-workspace/.derivedData/Build/Intermediates.noindex/SwiftExplicitPrecompiledModules
cd /Users/admin/builder/spi-builder-workspace/.swiftpm/xcode
builtin-create-build-directory /Users/admin/builder/spi-builder-workspace/.derivedData/Build/Intermediates.noindex/SwiftExplicitPrecompiledModules
CreateBuildDirectory /Users/admin/builder/spi-builder-workspace/.derivedData/Build/Intermediates.noindex/PrecompiledHeaders
cd /Users/admin/builder/spi-builder-workspace/.swiftpm/xcode
builtin-create-build-directory /Users/admin/builder/spi-builder-workspace/.derivedData/Build/Intermediates.noindex/PrecompiledHeaders
CreateBuildDirectory /Users/admin/builder/spi-builder-workspace/.derivedData/Build/Intermediates.noindex/ExplicitPrecompiledModules
cd /Users/admin/builder/spi-builder-workspace/.swiftpm/xcode
builtin-create-build-directory /Users/admin/builder/spi-builder-workspace/.derivedData/Build/Intermediates.noindex/ExplicitPrecompiledModules
CreateBuildDirectory /Users/admin/builder/spi-builder-workspace/.derivedData/Build/Intermediates.noindex/EagerLinkingTBDs/Debug-xros
cd /Users/admin/builder/spi-builder-workspace/.swiftpm/xcode
builtin-create-build-directory /Users/admin/builder/spi-builder-workspace/.derivedData/Build/Intermediates.noindex/EagerLinkingTBDs/Debug-xros
CreateBuildDirectory /Users/admin/builder/spi-builder-workspace/.derivedData/Build/Products/Debug-xros
cd /Users/admin/builder/spi-builder-workspace/.swiftpm/xcode
builtin-create-build-directory /Users/admin/builder/spi-builder-workspace/.derivedData/Build/Products/Debug-xros
CreateBuildDirectory /Users/admin/builder/spi-builder-workspace/.derivedData/Build/Products/Debug-xros/PackageFrameworks
cd /Users/admin/builder/spi-builder-workspace/.swiftpm/xcode
builtin-create-build-directory /Users/admin/builder/spi-builder-workspace/.derivedData/Build/Products/Debug-xros/PackageFrameworks
WriteAuxiliaryFile /Users/admin/builder/spi-builder-workspace/.derivedData/Build/Intermediates.noindex/Prephirences.build/Debug-xros/Prephirences-t.build/Prephirences.modulemap (in target 'Prephirences' from project 'Prephirences')
cd /Users/admin/builder/spi-builder-workspace
write-file /Users/admin/builder/spi-builder-workspace/.derivedData/Build/Intermediates.noindex/Prephirences.build/Debug-xros/Prephirences-t.build/Prephirences.modulemap
WriteAuxiliaryFile /Users/admin/builder/spi-builder-workspace/.derivedData/Build/Intermediates.noindex/Prephirences.build/Debug-xros/Prephirences-t.build/Prephirences.DependencyMetadataFileList (in target 'Prephirences' from project 'Prephirences')
cd /Users/admin/builder/spi-builder-workspace
write-file /Users/admin/builder/spi-builder-workspace/.derivedData/Build/Intermediates.noindex/Prephirences.build/Debug-xros/Prephirences-t.build/Prephirences.DependencyMetadataFileList
WriteAuxiliaryFile /Users/admin/builder/spi-builder-workspace/.derivedData/Build/Intermediates.noindex/Prephirences.build/Debug-xros/Prephirences-t.build/Prephirences.DependencyStaticMetadataFileList (in target 'Prephirences' from project 'Prephirences')
cd /Users/admin/builder/spi-builder-workspace
write-file /Users/admin/builder/spi-builder-workspace/.derivedData/Build/Intermediates.noindex/Prephirences.build/Debug-xros/Prephirences-t.build/Prephirences.DependencyStaticMetadataFileList
WriteAuxiliaryFile /Users/admin/builder/spi-builder-workspace/.derivedData/Build/Intermediates.noindex/Prephirences.build/Debug-xros/Prephirences-t.build/Objects-normal/arm64/Prephirences.LinkFileList (in target 'Prephirences' from project 'Prephirences')
cd /Users/admin/builder/spi-builder-workspace
write-file /Users/admin/builder/spi-builder-workspace/.derivedData/Build/Intermediates.noindex/Prephirences.build/Debug-xros/Prephirences-t.build/Objects-normal/arm64/Prephirences.LinkFileList
WriteAuxiliaryFile /Users/admin/builder/spi-builder-workspace/.derivedData/Build/Intermediates.noindex/Prephirences.build/Debug-xros/Prephirences-t.build/Objects-normal/arm64/Prephirences.SwiftConstValuesFileList (in target 'Prephirences' from project 'Prephirences')
cd /Users/admin/builder/spi-builder-workspace
write-file /Users/admin/builder/spi-builder-workspace/.derivedData/Build/Intermediates.noindex/Prephirences.build/Debug-xros/Prephirences-t.build/Objects-normal/arm64/Prephirences.SwiftConstValuesFileList
WriteAuxiliaryFile /Users/admin/builder/spi-builder-workspace/.derivedData/Build/Intermediates.noindex/Prephirences.build/Debug-xros/Prephirences-t.build/Objects-normal/arm64/Prephirences_const_extract_protocols.json (in target 'Prephirences' from project 'Prephirences')
cd /Users/admin/builder/spi-builder-workspace
write-file /Users/admin/builder/spi-builder-workspace/.derivedData/Build/Intermediates.noindex/Prephirences.build/Debug-xros/Prephirences-t.build/Objects-normal/arm64/Prephirences_const_extract_protocols.json
WriteAuxiliaryFile /Users/admin/builder/spi-builder-workspace/.derivedData/Build/Intermediates.noindex/Prephirences.build/Debug-xros/Prephirences-t.build/Objects-normal/arm64/Prephirences.SwiftFileList (in target 'Prephirences' from project 'Prephirences')
cd /Users/admin/builder/spi-builder-workspace
write-file /Users/admin/builder/spi-builder-workspace/.derivedData/Build/Intermediates.noindex/Prephirences.build/Debug-xros/Prephirences-t.build/Objects-normal/arm64/Prephirences.SwiftFileList
WriteAuxiliaryFile /Users/admin/builder/spi-builder-workspace/.derivedData/Build/Intermediates.noindex/Prephirences.build/Debug-xros/Prephirences-t.build/Objects-normal/arm64/Prephirences-OutputFileMap.json (in target 'Prephirences' from project 'Prephirences')
cd /Users/admin/builder/spi-builder-workspace
write-file /Users/admin/builder/spi-builder-workspace/.derivedData/Build/Intermediates.noindex/Prephirences.build/Debug-xros/Prephirences-t.build/Objects-normal/arm64/Prephirences-OutputFileMap.json
Copy /Users/admin/builder/spi-builder-workspace/.derivedData/Build/Intermediates.noindex/GeneratedModuleMaps-xros/Prephirences.modulemap /Users/admin/builder/spi-builder-workspace/.derivedData/Build/Intermediates.noindex/Prephirences.build/Debug-xros/Prephirences-t.build/Prephirences.modulemap (in target 'Prephirences' from project 'Prephirences')
cd /Users/admin/builder/spi-builder-workspace
builtin-copy -exclude .DS_Store -exclude CVS -exclude .svn -exclude .git -exclude .hg -resolve-src-symlinks /Users/admin/builder/spi-builder-workspace/.derivedData/Build/Intermediates.noindex/Prephirences.build/Debug-xros/Prephirences-t.build/Prephirences.modulemap /Users/admin/builder/spi-builder-workspace/.derivedData/Build/Intermediates.noindex/GeneratedModuleMaps-xros
SwiftDriver Prephirences normal arm64 com.apple.xcode.tools.swift.compiler (in target 'Prephirences' from project 'Prephirences')
cd /Users/admin/builder/spi-builder-workspace/.swiftpm/xcode
builtin-SwiftDriver -- /Applications/Xcode-27.0.0-Release.Candidate.app/Contents/Developer/Toolchains/XcodeDefault.xctoolchain/usr/bin/swiftc -parse-as-library -module-name Prephirences -Onone @/Users/admin/builder/spi-builder-workspace/.derivedData/Build/Intermediates.noindex/Prephirences.build/Debug-xros/Prephirences-t.build/Objects-normal/arm64/Prephirences.SwiftFileList -DSWIFT_PACKAGE -DDEBUG -DSWIFT_MODULE_RESOURCE_BUNDLE_UNAVAILABLE -DXcode -plugin-path /Applications/Xcode-27.0.0-Release.Candidate.app/Contents/Developer/Toolchains/XcodeDefault.xctoolchain/usr/lib/swift/host/plugins/testing -enable-experimental-feature DebugDescriptionMacro -sdk /Applications/Xcode-27.0.0-Release.Candidate.app/Contents/Developer/Platforms/XROS.platform/Developer/SDKs/XROS27.0.sdk -target arm64-apple-xros1.0 -g -module-cache-path /Users/admin/builder/spi-builder-workspace/.derivedData/ModuleCache.noindex -Xfrontend -serialize-debugging-options -profile-coverage-mapping -profile-generate -enable-testing -index-store-path /Users/admin/builder/spi-builder-workspace/.derivedData/Index.noindex/DataStore -Xcc -D_LIBCPP_HARDENING_MODE\=_LIBCPP_HARDENING_MODE_DEBUG -swift-version 5 -I /Users/admin/builder/spi-builder-workspace/.derivedData/Build/Products/Debug-xros -Isystem /Applications/Xcode-27.0.0-Release.Candidate.app/Contents/Developer/Platforms/XROS.platform/Developer/usr/lib -F /Users/admin/builder/spi-builder-workspace/.derivedData/Build/Products/Debug-xros -F /Applications/Xcode-27.0.0-Release.Candidate.app/Contents/Developer/Platforms/XROS.platform/Developer/Library/Frameworks -F /Applications/Xcode-27.0.0-Release.Candidate.app/Contents/Developer/Platforms/XROS.platform/Developer/SDKs/XROS27.0.sdk/Developer/Library/Frameworks -c -j10 -enable-batch-mode -incremental -Xcc -ivfsstatcache -Xcc /Users/admin/builder/spi-builder-workspace/.derivedData/SDKStatCaches.noindex/xros27.0-24M361-e829b21a6f8c9b70876ba0858053c044735bd543db762f57723cac368afd1ce4.sdkstatcache -output-file-map /Users/admin/builder/spi-builder-workspace/.derivedData/Build/Intermediates.noindex/Prephirences.build/Debug-xros/Prephirences-t.build/Objects-normal/arm64/Prephirences-OutputFileMap.json -save-temps -no-color-diagnostics -explicit-module-build -module-cache-path /Users/admin/builder/spi-builder-workspace/.derivedData/Build/Intermediates.noindex/SwiftExplicitPrecompiledModules -clang-scanner-module-cache-path /Users/admin/builder/spi-builder-workspace/.derivedData/ModuleCache.noindex -sdk-module-cache-path /Users/admin/builder/spi-builder-workspace/.derivedData/SDKExplicitPrecompiledModules -emit-dependencies -emit-module -emit-module-path /Users/admin/builder/spi-builder-workspace/.derivedData/Build/Intermediates.noindex/Prephirences.build/Debug-xros/Prephirences-t.build/Objects-normal/arm64/Prephirences.swiftmodule -serialize-diagnostics -dependency-scan-serialize-diagnostics-path /Users/admin/builder/spi-builder-workspace/.derivedData/Build/Intermediates.noindex/Prephirences.build/Debug-xros/Prephirences-t.build/Objects-normal/arm64/Prephirences-dependency-scan.dia -validate-clang-modules-once -clang-build-session-file /Users/admin/builder/spi-builder-workspace/.derivedData/ModuleCache.noindex/Session.modulevalidation -Xcc -fmodules-prune-interval\=86400 -Xcc -fmodules-prune-after\=345600 -emit-const-values -const-gather-protocols-list /Users/admin/builder/spi-builder-workspace/.derivedData/Build/Intermediates.noindex/Prephirences.build/Debug-xros/Prephirences-t.build/Objects-normal/arm64/Prephirences_const_extract_protocols.json -Xcc -I/Users/admin/builder/spi-builder-workspace/.derivedData/Build/Products/Debug-xros/include -Xcc -I/Users/admin/builder/spi-builder-workspace/.derivedData/Build/Intermediates.noindex/Prephirences.build/Debug-xros/Prephirences-t.build/DerivedSources-normal/arm64 -Xcc -I/Users/admin/builder/spi-builder-workspace/.derivedData/Build/Intermediates.noindex/Prephirences.build/Debug-xros/Prephirences-t.build/DerivedSources/arm64 -Xcc -I/Users/admin/builder/spi-builder-workspace/.derivedData/Build/Intermediates.noindex/Prephirences.build/Debug-xros/Prephirences-t.build/DerivedSources -Xcc -DSWIFT_PACKAGE -Xcc -DDEBUG\=1 -emit-objc-header -emit-objc-header-path /Users/admin/builder/spi-builder-workspace/.derivedData/Build/Intermediates.noindex/Prephirences.build/Debug-xros/Prephirences-t.build/Objects-normal/arm64/Prephirences-Swift.h -working-directory /Users/admin/builder/spi-builder-workspace/.swiftpm/xcode -experimental-emit-module-separately -disable-cmo
SwiftExplicitDependencyGeneratePcm arm64 /Users/admin/builder/spi-builder-workspace/.derivedData/SDKExplicitPrecompiledModules/_SwiftConcurrencyShims-C8XHKSHX96D5YYALNM4W70Z0O.pcm
SwiftExplicitDependencyGeneratePcm arm64 /Users/admin/builder/spi-builder-workspace/.derivedData/SDKExplicitPrecompiledModules/_Builtin_float-6WKHNW5S40U2QGHXXGETUDIRA.pcm
SwiftExplicitDependencyGeneratePcm arm64 /Users/admin/builder/spi-builder-workspace/.derivedData/SDKExplicitPrecompiledModules/_Builtin_stdarg-CDA349K2K4US766844K8E0PVA.pcm
SwiftExplicitDependencyGeneratePcm arm64 /Users/admin/builder/spi-builder-workspace/.derivedData/SDKExplicitPrecompiledModules/_AvailabilityInternal-1Q8IQP6M38UWSGZ95UCEY2M44.pcm
SwiftExplicitDependencyGeneratePcm arm64 /Users/admin/builder/spi-builder-workspace/.derivedData/SDKExplicitPrecompiledModules/ptrauth-1WBA714DZSVUL5JQDJ08CLKZ.pcm
SwiftExplicitDependencyGeneratePcm arm64 /Users/admin/builder/spi-builder-workspace/.derivedData/SDKExplicitPrecompiledModules/_Builtin_stdbool-5BU2ADS7JXQMYENKQHW9X8XOU.pcm
SwiftExplicitDependencyGeneratePcm arm64 /Users/admin/builder/spi-builder-workspace/.derivedData/SDKExplicitPrecompiledModules/_Builtin_stddef-5NQ9Z1GV07GBSRQGAQCGXGVRI.pcm
SwiftExplicitDependencyGeneratePcm arm64 /Users/admin/builder/spi-builder-workspace/.derivedData/SDKExplicitPrecompiledModules/SwiftShims-CI4H5RO9IYFFWQ2COB512Q2S9.pcm
SwiftExplicitDependencyGeneratePcm arm64 /Users/admin/builder/spi-builder-workspace/.derivedData/SDKExplicitPrecompiledModules/ptrcheck-BXA97MNLI4BB0HF5I8MJE403D.pcm
SwiftExplicitDependencyGeneratePcm arm64 /Users/admin/builder/spi-builder-workspace/.derivedData/SDKExplicitPrecompiledModules/_DarwinFoundation1-5RGRVV2TZ6WC4WZW5IXF8NQ04.pcm
SwiftExplicitDependencyGeneratePcm arm64 /Users/admin/builder/spi-builder-workspace/.derivedData/SDKExplicitPrecompiledModules/_Builtin_limits-425JDMN5HPM3D0UEI8LEHP6NM.pcm
SwiftExplicitDependencyGeneratePcm arm64 /Users/admin/builder/spi-builder-workspace/.derivedData/SDKExplicitPrecompiledModules/_DarwinFoundation2-ENTECK156YEWITZRRBTOCE4KR.pcm
SwiftExplicitDependencyGeneratePcm arm64 /Users/admin/builder/spi-builder-workspace/.derivedData/SDKExplicitPrecompiledModules/_Builtin_stdint-8OR6T47OOYJA90ZBO3N1USDE.pcm
SwiftExplicitDependencyGeneratePcm arm64 /Users/admin/builder/spi-builder-workspace/.derivedData/SDKExplicitPrecompiledModules/sys_types-AYM0BHR77VKMWZCO2T0XGV2HF.pcm
SwiftExplicitDependencyGeneratePcm arm64 /Users/admin/builder/spi-builder-workspace/.derivedData/SDKExplicitPrecompiledModules/string_h-2GT67HHHHK5CF1V1S31LH0PU2.pcm
SwiftExplicitDependencyGeneratePcm arm64 /Users/admin/builder/spi-builder-workspace/.derivedData/SDKExplicitPrecompiledModules/_Builtin_stdatomic-1VUZPM79PNCAHXVBERD53WRSF.pcm
SwiftExplicitDependencyGeneratePcm arm64 /Users/admin/builder/spi-builder-workspace/.derivedData/SDKExplicitPrecompiledModules/_DarwinFoundation3-9ZHN6JKBS40BBA81RQMV8H0IC.pcm
SwiftExplicitDependencyGeneratePcm arm64 /Users/admin/builder/spi-builder-workspace/.derivedData/SDKExplicitPrecompiledModules/_Builtin_inttypes-11B64KJD36B3YOHBR1BBXBJY8.pcm
SwiftExplicitDependencyGeneratePcm arm64 /Users/admin/builder/spi-builder-workspace/.derivedData/SDKExplicitPrecompiledModules/Darwin-60P5LVNQO3ESRRM5DCJ05PFNK.pcm
SwiftExplicitDependencyGeneratePcm arm64 /Users/admin/builder/spi-builder-workspace/.derivedData/SDKExplicitPrecompiledModules/MachO-3XTHY7HWV6RF3KXKYQVHUBUXK.pcm
SwiftExplicitDependencyGeneratePcm arm64 /Users/admin/builder/spi-builder-workspace/.derivedData/SDKExplicitPrecompiledModules/ObjectiveC-26TIBFYCEJZVP216ZZAU1X8KN.pcm
SwiftExplicitDependencyGeneratePcm arm64 /Users/admin/builder/spi-builder-workspace/.derivedData/SDKExplicitPrecompiledModules/os_object-692CJ8BG6RE5H04487EJJOVXW.pcm
SwiftExplicitDependencyGeneratePcm arm64 /Users/admin/builder/spi-builder-workspace/.derivedData/SDKExplicitPrecompiledModules/os_workgroup-4U1VXMWIZD80E7PRUQF2G7P9X.pcm
SwiftExplicitDependencyGeneratePcm arm64 /Users/admin/builder/spi-builder-workspace/.derivedData/SDKExplicitPrecompiledModules/Dispatch-CLT3466HKC22GCKAWSCNG0H7T.pcm
SwiftExplicitDependencyGeneratePcm arm64 /Users/admin/builder/spi-builder-workspace/.derivedData/SDKExplicitPrecompiledModules/CoreFoundation-AVLTZVCXBU2TO75JCN4AGU8XJ.pcm
SwiftExplicitDependencyGeneratePcm arm64 /Users/admin/builder/spi-builder-workspace/.derivedData/SDKExplicitPrecompiledModules/XPC-EP5EU7FNGP4VOA3EDM18P1KHO.pcm
SwiftExplicitDependencyGeneratePcm arm64 /Users/admin/builder/spi-builder-workspace/.derivedData/SDKExplicitPrecompiledModules/os-1004XEJ3IXOOAU0KL58SM3D0K.pcm
SwiftExplicitDependencyGeneratePcm arm64 /Users/admin/builder/spi-builder-workspace/.derivedData/SDKExplicitPrecompiledModules/Security-8TH2M8WJIQMET4SADWX0N8372.pcm
SwiftExplicitDependencyGeneratePcm arm64 /Users/admin/builder/spi-builder-workspace/.derivedData/SDKExplicitPrecompiledModules/CoreGraphics-BFUJ177R223UT2ZI327ZTZY91.pcm
SwiftExplicitDependencyGeneratePcm arm64 /Users/admin/builder/spi-builder-workspace/.derivedData/SDKExplicitPrecompiledModules/CFNetwork-5MI70N1VLDQSWTX4COWLMSIRO.pcm
SwiftExplicitDependencyGeneratePcm arm64 /Users/admin/builder/spi-builder-workspace/.derivedData/SDKExplicitPrecompiledModules/Foundation-8GON1KVEKRN3NOQI8RETBRWJP.pcm
SwiftExplicitDependencyGeneratePcm arm64 /Users/admin/builder/spi-builder-workspace/.derivedData/SDKExplicitPrecompiledModules/CoreData-73N6Z547OZUEZ8ADGEC6XRHWN.pcm
SwiftEmitModule normal arm64 Emitting\ module\ for\ Prephirences (in target 'Prephirences' from project 'Prephirences')
/Users/admin/builder/spi-builder-workspace/Sources/KeychainPreferences.swift:123:43: warning: 'kSecUseAuthenticationUIAllow' was deprecated in visionOS 1.0: Instead of kSecUseAuthenticationUI, use kSecUseAuthenticationContext and set LAContext.interactionNotAllowed property [#DeprecatedDeclaration]
121 | // swiftlint:disable:next type_name
122 | struct UI {
123 | static let allow = String(kSecUseAuthenticationUIAllow)
| `- warning: 'kSecUseAuthenticationUIAllow' was deprecated in visionOS 1.0: Instead of kSecUseAuthenticationUI, use kSecUseAuthenticationContext and set LAContext.interactionNotAllowed property [#DeprecatedDeclaration]
124 | static let fail = String(kSecUseAuthenticationUIFail)
125 | static let skip = String(kSecUseAuthenticationUISkip)
/Users/admin/builder/spi-builder-workspace/Sources/KeychainPreferences.swift:124:42: warning: 'kSecUseAuthenticationUIFail' was deprecated in visionOS 1.0: Instead of kSecUseAuthenticationUI, use kSecUseAuthenticationContext and set LAContext.interactionNotAllowed property [#DeprecatedDeclaration]
122 | struct UI {
123 | static let allow = String(kSecUseAuthenticationUIAllow)
124 | static let fail = String(kSecUseAuthenticationUIFail)
| `- warning: 'kSecUseAuthenticationUIFail' was deprecated in visionOS 1.0: Instead of kSecUseAuthenticationUI, use kSecUseAuthenticationContext and set LAContext.interactionNotAllowed property [#DeprecatedDeclaration]
125 | static let skip = String(kSecUseAuthenticationUISkip)
126 | }
/Users/admin/builder/spi-builder-workspace/Sources/KeychainPreferences.swift:130:40: warning: 'kSecUseOperationPrompt' was deprecated in visionOS 1.0: Use kSecUseAuthenticationContext and set LAContext.localizedReason property [#DeprecatedDeclaration]
128 |
129 | struct Operation {
130 | static let prompt = String(kSecUseOperationPrompt)
| `- warning: 'kSecUseOperationPrompt' was deprecated in visionOS 1.0: Use kSecUseAuthenticationContext and set LAContext.localizedReason property [#DeprecatedDeclaration]
131 | }
132 | }
/Users/admin/builder/spi-builder-workspace/Sources/PreferenceOperators.swift:87:27: warning: generic parameter 'T' shadows generic parameter from outer scope with the same name; this is an error in the Swift 6 language mode
85 | }
86 | extension Preference {
87 | static func operation<T>(_ left: Preference<T>, _ right: Preference<T>, _ op: (T, T) -> T) -> T? {
| `- warning: generic parameter 'T' shadows generic parameter from outer scope with the same name; this is an error in the Swift 6 language mode
88 | if let leftValue = left.value {
89 | if let rightValue = right.value {
/Users/admin/builder/spi-builder-workspace/Sources/Preference.swift:32:23: note: 'T' previously declared here
30 | /// A preference value extracted from a PreferencesType for a specific key
31 | @propertyWrapper
32 | open class Preference<T> {
| `- note: 'T' previously declared here
33 |
34 | var preferences: PreferencesType
/Users/admin/builder/spi-builder-workspace/Sources/UserDefaults/UserDefaults+Adds.swift:45:21: error: cannot find type 'Color' in scope
43 | #endif
44 |
45 | func set(color: Color, forKey aKey: String) {
| `- error: cannot find type 'Color' in scope
46 | let theData = NSKeyedArchiver.archivedData(withRootObject: color)
47 | self.set(theData, forKey: aKey)
/Users/admin/builder/spi-builder-workspace/Sources/UserDefaults/UserDefaults+Adds.swift:50:40: error: cannot find type 'Color' in scope
48 | }
49 |
50 | func color(forKey aKey: String) -> Color? {
| `- error: cannot find type 'Color' in scope
51 | if let theData = self.data(forKey: aKey), let color = NSKeyedUnarchiver.unarchiveObject(with: theData) as? Color {
52 | return color
[#DeprecatedDeclaration]: <https://docs.swift.org/compiler/documentation/diagnostics/deprecated-declaration>
Failed frontend command:
SwiftCompile normal arm64 (in target 'Prephirences' from project 'Prephirences')
cd /Users/admin/builder/spi-builder-workspace/.swiftpm/xcode
/Applications/Xcode-27.0.0-Release.Candidate.app/Contents/Developer/Toolchains/XcodeDefault.xctoolchain/usr/bin/swift-frontend -frontend -emit-module -experimental-skip-non-inlinable-function-bodies-without-types /Users/admin/builder/spi-builder-workspace/Sources/Bundle.swift /Users/admin/builder/spi-builder-workspace/Sources/CoreData/ManagedObjectPreferences.swift /Users/admin/builder/spi-builder-workspace/Sources/DictionaryPreferences.swift /Users/admin/builder/spi-builder-workspace/Sources/KeychainPreferences.swift /Users/admin/builder/spi-builder-workspace/Sources/Keys/PropertyListKeys.swift /Users/admin/builder/spi-builder-workspace/Sources/Keys/UserDefaultsKeys.swift /Users/admin/builder/spi-builder-workspace/Sources/NSCachePreferences.swift /Users/admin/builder/spi-builder-workspace/Sources/NSCoder+Prephirences.swift /Users/admin/builder/spi-builder-workspace/Sources/NSHTTPCookieStorage+Prephirences.swift /Users/admin/builder/spi-builder-workspace/Sources/NSUbiquitousKeyValueStore+Prephirences.swift /Users/admin/builder/spi-builder-workspace/Sources/PatternPreferences.swift /Users/admin/builder/spi-builder-workspace/Sources/Plist.swift /Users/admin/builder/spi-builder-workspace/Sources/Preference.swift /Users/admin/builder/spi-builder-workspace/Sources/PreferenceOperators.swift /Users/admin/builder/spi-builder-workspace/Sources/PreferenceTransformation.swift /Users/admin/builder/spi-builder-workspace/Sources/PreferencesController.swift /Users/admin/builder/spi-builder-workspace/Sources/PreferencesOperators.swift /Users/admin/builder/spi-builder-workspace/Sources/PreferencesType.swift /Users/admin/builder/spi-builder-workspace/Sources/Prephirencable.swift /Users/admin/builder/spi-builder-workspace/Sources/PrephirenceType+Codable.swift /Users/admin/builder/spi-builder-workspace/Sources/Prephirences.swift /Users/admin/builder/spi-builder-workspace/Sources/RawRepresentableKey/RawRepresentable+Prephirences.swift /Users/admin/builder/spi-builder-workspace/Sources/ReflectingPreferences.swift /Users/admin/builder/spi-builder-workspace/Sources/UserDefaults+Prephirences.swift /Users/admin/builder/spi-builder-workspace/Sources/UserDefaults/UserDefaults+Adds.swift -target arm64-apple-xros1.0 -disable-cross-import-overlay-search -swift-module-cross-import CoreData /Applications/Xcode-27.0.0-Release.Candidate.app/Contents/Developer/Platforms/XROS.platform/Developer/SDKs/XROS.sdk/System/Library/Frameworks/CoreData.framework/Modules/CoreData.swiftcrossimport/CloudKit.swiftoverlay -swift-module-cross-import CoreData /Applications/Xcode-27.0.0-Release.Candidate.app/Contents/Developer/Platforms/XROS.platform/Developer/SDKs/XROS27.0.sdk/System/Library/Frameworks/CoreData.framework/Modules/CoreData.swiftcrossimport/CloudKit.swiftoverlay -swift-module-cross-import Darwin /Applications/Xcode-27.0.0-Release.Candidate.app/Contents/Developer/Platforms/XROS.platform/Developer/SDKs/XROS.sdk/usr/include/Darwin.swiftcrossimport/xlocale.swiftoverlay -load-resolved-plugin /Applications/Xcode-27.0.0-Release.Candidate.app/Contents/Developer/Platforms/XROS.platform/Developer/usr/lib/swift/host/plugins/libFoundationMacros.dylib\#/Applications/Xcode-27.0.0-Release.Candidate.app/Contents/Developer/Platforms/XROS.platform/Developer/usr/bin/swift-plugin-server\#FoundationMacros -load-resolved-plugin /Applications/Xcode-27.0.0-Release.Candidate.app/Contents/Developer/Platforms/XROS.platform/Developer/usr/lib/swift/host/plugins/libObservationMacros.dylib\#/Applications/Xcode-27.0.0-Release.Candidate.app/Contents/Developer/Platforms/XROS.platform/Developer/usr/bin/swift-plugin-server\#ObservationMacros -load-resolved-plugin /Applications/Xcode-27.0.0-Release.Candidate.app/Contents/Developer/Platforms/XROS.platform/Developer/usr/lib/swift/host/plugins/libSwiftMacros.dylib\#/Applications/Xcode-27.0.0-Release.Candidate.app/Contents/Developer/Platforms/XROS.platform/Developer/usr/bin/swift-plugin-server\#SwiftMacros -disable-implicit-swift-modules -Xcc -fno-implicit-modules -Xcc -fno-implicit-module-maps -explicit-swift-module-map-file /Users/admin/builder/spi-builder-workspace/.derivedData/Build/Intermediates.noindex/Prephirences.build/Debug-xros/Prephirences-t.build/Objects-normal/arm64/Prephirences-dependencies-1.json -Xllvm -aarch64-use-tbi -enable-objc-interop -stack-check -sdk /Applications/Xcode-27.0.0-Release.Candidate.app/Contents/Developer/Platforms/XROS.platform/Developer/SDKs/XROS27.0.sdk -I /Users/admin/builder/spi-builder-workspace/.derivedData/Build/Products/Debug-xros -Isystem /Applications/Xcode-27.0.0-Release.Candidate.app/Contents/Developer/Platforms/XROS.platform/Developer/usr/lib -F /Users/admin/builder/spi-builder-workspace/.derivedData/Build/Products/Debug-xros -F /Applications/Xcode-27.0.0-Release.Candidate.app/Contents/Developer/Platforms/XROS.platform/Developer/Library/Frameworks -F /Applications/Xcode-27.0.0-Release.Candidate.app/Contents/Developer/Platforms/XROS.platform/Developer/SDKs/XROS27.0.sdk/Developer/Library/Frameworks -module-cache-path /Users/admin/builder/spi-builder-workspace/.derivedData/Build/Intermediates.noindex/SwiftExplicitPrecompiledModules -no-color-diagnostics -Xcc -fno-color-diagnostics -enable-testing -g -debug-info-format\=dwarf -dwarf-version\=4 -profile-generate -profile-coverage-mapping -swift-version 5 -Onone -D SWIFT_PACKAGE -D DEBUG -D SWIFT_MODULE_RESOURCE_BUNDLE_UNAVAILABLE -D Xcode -serialize-debugging-options -enable-experimental-feature DebugDescriptionMacro -empty-abi-descriptor -validate-clang-modules-once -clang-build-session-file /Users/admin/builder/spi-builder-workspace/.derivedData/ModuleCache.noindex/Session.modulevalidation -Xcc -working-directory -Xcc /Users/admin/builder/spi-builder-workspace/.swiftpm/xcode -enable-anonymous-context-mangled-names -file-compilation-dir /Users/admin/builder/spi-builder-workspace/.swiftpm/xcode -Xcc -D_LIBCPP_HARDENING_MODE\=_LIBCPP_HARDENING_MODE_DEBUG -Xcc -ivfsstatcache -Xcc /Users/admin/builder/spi-builder-workspace/.derivedData/SDKStatCaches.noindex/xros27.0-24M361-e829b21a6f8c9b70876ba0858053c044735bd543db762f57723cac368afd1ce4.sdkstatcache -Xcc -fmodules-prune-interval\=86400 -Xcc -fmodules-prune-after\=345600 -Xcc -I/Users/admin/builder/spi-builder-workspace/.derivedData/Build/Products/Debug-xros/include -Xcc -I/Users/admin/builder/spi-builder-workspace/.derivedData/Build/Intermediates.noindex/Prephirences.build/Debug-xros/Prephirences-t.build/DerivedSources-normal/arm64 -Xcc -I/Users/admin/builder/spi-builder-workspace/.derivedData/Build/Intermediates.noindex/Prephirences.build/Debug-xros/Prephirences-t.build/DerivedSources/arm64 -Xcc -I/Users/admin/builder/spi-builder-workspace/.derivedData/Build/Intermediates.noindex/Prephirences.build/Debug-xros/Prephirences-t.build/DerivedSources -Xcc -DSWIFT_PACKAGE -Xcc -DDEBUG\=1 -no-auto-bridging-header-chaining -module-name Prephirences -const-gather-protocols-file /Users/admin/builder/spi-builder-workspace/.derivedData/Build/Intermediates.noindex/Prephirences.build/Debug-xros/Prephirences-t.build/Objects-normal/arm64/Prephirences_const_extract_protocols.json -disable-clang-spi -clang-target arm64-apple-xros27.0 -target-sdk-version 27.0 -target-sdk-name xros27.0 -in-process-plugin-server-path /Applications/Xcode-27.0.0-Release.Candidate.app/Contents/Developer/Toolchains/XcodeDefault.xctoolchain/usr/lib/swift/host/libSwiftInProcPluginServer.dylib -emit-module-doc-path /Users/admin/builder/spi-builder-workspace/.derivedData/Build/Intermediates.noindex/Prephirences.build/Debug-xros/Prephirences-t.build/Objects-normal/arm64/Prephirences.swiftdoc -emit-module-source-info-path /Users/admin/builder/spi-builder-workspace/.derivedData/Build/Intermediates.noindex/Prephirences.build/Debug-xros/Prephirences-t.build/Objects-normal/arm64/Prephirences.swiftsourceinfo -emit-objc-header-path /Users/admin/builder/spi-builder-workspace/.derivedData/Build/Intermediates.noindex/Prephirences.build/Debug-xros/Prephirences-t.build/Objects-normal/arm64/Prephirences-Swift.h -serialize-diagnostics-path /Users/admin/builder/spi-builder-workspace/.derivedData/Build/Intermediates.noindex/Prephirences.build/Debug-xros/Prephirences-t.build/Objects-normal/arm64/Prephirences-primary-emit-module.dia -emit-dependencies-path /Users/admin/builder/spi-builder-workspace/.derivedData/Build/Intermediates.noindex/Prephirences.build/Debug-xros/Prephirences-t.build/Objects-normal/arm64/Prephirences-primary-emit-module.d -parse-as-library -o /Users/admin/builder/spi-builder-workspace/.derivedData/Build/Intermediates.noindex/Prephirences.build/Debug-xros/Prephirences-t.build/Objects-normal/arm64/Prephirences.swiftmodule -emit-abi-descriptor-path /Users/admin/builder/spi-builder-workspace/.derivedData/Build/Intermediates.noindex/Prephirences.build/Debug-xros/Prephirences-t.build/Objects-normal/arm64/Prephirences.abi.json
SwiftCompile normal arm64 Compiling\ NSUbiquitousKeyValueStore+Prephirences.swift,\ PatternPreferences.swift,\ Plist.swift /Users/admin/builder/spi-builder-workspace/Sources/NSUbiquitousKeyValueStore+Prephirences.swift /Users/admin/builder/spi-builder-workspace/Sources/PatternPreferences.swift /Users/admin/builder/spi-builder-workspace/Sources/Plist.swift (in target 'Prephirences' from project 'Prephirences')
SwiftCompile normal arm64 /Users/admin/builder/spi-builder-workspace/Sources/NSUbiquitousKeyValueStore+Prephirences.swift (in target 'Prephirences' from project 'Prephirences')
cd /Users/admin/builder/spi-builder-workspace/.swiftpm/xcode
builtin-SwiftPerFileCompile NSUbiquitousKeyValueStore+Prephirences.swift
SwiftCompile normal arm64 /Users/admin/builder/spi-builder-workspace/Sources/PatternPreferences.swift (in target 'Prephirences' from project 'Prephirences')
cd /Users/admin/builder/spi-builder-workspace/.swiftpm/xcode
builtin-SwiftPerFileCompile PatternPreferences.swift
SwiftCompile normal arm64 /Users/admin/builder/spi-builder-workspace/Sources/Plist.swift (in target 'Prephirences' from project 'Prephirences')
cd /Users/admin/builder/spi-builder-workspace/.swiftpm/xcode
builtin-SwiftPerFileCompile Plist.swift
/Users/admin/builder/spi-builder-workspace/Sources/NSUbiquitousKeyValueStore+Prephirences.swift:75:80: error: cannot find 'options' in scope
73 |
74 | do {
75 | let url = try (NSURL(resolvingBookmarkData: bookData, options: options, relativeTo: nil, bookmarkDataIsStale: &isStale) as URL)
| `- error: cannot find 'options' in scope
76 | set(url, forKey: key)
77 | return url
SwiftCompile normal arm64 Compiling\ UserDefaults+Prephirences.swift,\ UserDefaults+Adds.swift /Users/admin/builder/spi-builder-workspace/Sources/UserDefaults+Prephirences.swift /Users/admin/builder/spi-builder-workspace/Sources/UserDefaults/UserDefaults+Adds.swift (in target 'Prephirences' from project 'Prephirences')
/Users/admin/builder/spi-builder-workspace/Sources/UserDefaults/UserDefaults+Adds.swift:45:21: error: cannot find type 'Color' in scope
43 | #endif
44 |
45 | func set(color: Color, forKey aKey: String) {
| `- error: cannot find type 'Color' in scope
46 | let theData = NSKeyedArchiver.archivedData(withRootObject: color)
47 | self.set(theData, forKey: aKey)
/Users/admin/builder/spi-builder-workspace/Sources/UserDefaults/UserDefaults+Adds.swift:50:40: error: cannot find type 'Color' in scope
48 | }
49 |
50 | func color(forKey aKey: String) -> Color? {
| `- error: cannot find type 'Color' in scope
51 | if let theData = self.data(forKey: aKey), let color = NSKeyedUnarchiver.unarchiveObject(with: theData) as? Color {
52 | return color
/Users/admin/builder/spi-builder-workspace/Sources/UserDefaults/UserDefaults+Adds.swift:51:116: error: cannot find type 'Color' in scope
49 |
50 | func color(forKey aKey: String) -> Color? {
51 | if let theData = self.data(forKey: aKey), let color = NSKeyedUnarchiver.unarchiveObject(with: theData) as? Color {
| `- error: cannot find type 'Color' in scope
52 | return color
53 | }
/Users/admin/builder/spi-builder-workspace/Sources/UserDefaults/UserDefaults+Adds.swift:59:28: error: no exact matches in call to subscript
57 | func cgRect(forKey key: PreferenceKey) -> CGRect? {
58 | if let string = self.string(forKey: key) {
59 | return NSCoder.cgRect(for: string)
| `- error: no exact matches in call to subscript
60 | }
61 | return nil
/Users/admin/builder/spi-builder-workspace/Sources/PreferencesType.swift:155:5: note: found this candidate
96 |
97 | #if swift(>=5.1)
98 | subscript(dynamicMember key: PreferenceKey) -> PreferenceObject? {
| `- note: found this candidate
99 | return object(forKey: key)
100 | }
:
153 |
154 | #if swift(>=5.1)
155 | subscript(dynamicMember key: PreferenceKey) -> PreferenceObject? {
| `- note: found this candidate
156 | get {
157 | return self.object(forKey: key)
/Users/admin/builder/spi-builder-workspace/Sources/UserDefaults/UserDefaults+Adds.swift:65:32: error: extraneous argument label 'for:' in call
63 |
64 | @nonobjc func set(_ value: CGRect, forKey key: PreferenceKey) {
65 | self.set(NSCoder.string(for: value), forKey: key)
| `- error: extraneous argument label 'for:' in call
66 | }
67 |
/Users/admin/builder/spi-builder-workspace/Sources/UserDefaults/UserDefaults+Adds.swift:65:38: error: cannot convert value of type 'CGRect' to expected argument type 'NSCoder'
63 |
64 | @nonobjc func set(_ value: CGRect, forKey key: PreferenceKey) {
65 | self.set(NSCoder.string(for: value), forKey: key)
| `- error: cannot convert value of type 'CGRect' to expected argument type 'NSCoder'
66 | }
67 |
/Users/admin/builder/spi-builder-workspace/Sources/UserDefaults/UserDefaults+Adds.swift:70:28: error: no exact matches in call to subscript
68 | func cgSize(forKey key: PreferenceKey) -> CGSize? {
69 | if let string = self.string(forKey: key) {
70 | return NSCoder.cgSize(for: string)
| `- error: no exact matches in call to subscript
71 | }
72 | return nil
/Users/admin/builder/spi-builder-workspace/Sources/PreferencesType.swift:155:5: note: found this candidate
96 |
97 | #if swift(>=5.1)
98 | subscript(dynamicMember key: PreferenceKey) -> PreferenceObject? {
| `- note: found this candidate
99 | return object(forKey: key)
100 | }
:
153 |
154 | #if swift(>=5.1)
155 | subscript(dynamicMember key: PreferenceKey) -> PreferenceObject? {
| `- note: found this candidate
156 | get {
157 | return self.object(forKey: key)
/Users/admin/builder/spi-builder-workspace/Sources/UserDefaults/UserDefaults+Adds.swift:76:32: error: extraneous argument label 'for:' in call
74 |
75 | @nonobjc func set(_ value: CGSize, forKey key: PreferenceKey) {
76 | self.set(NSCoder.string(for: value), forKey: key)
| `- error: extraneous argument label 'for:' in call
77 | }
78 |
/Users/admin/builder/spi-builder-workspace/Sources/UserDefaults/UserDefaults+Adds.swift:76:38: error: cannot convert value of type 'CGSize' to expected argument type 'NSCoder'
74 |
75 | @nonobjc func set(_ value: CGSize, forKey key: PreferenceKey) {
76 | self.set(NSCoder.string(for: value), forKey: key)
| `- error: cannot convert value of type 'CGSize' to expected argument type 'NSCoder'
77 | }
78 |
/Users/admin/builder/spi-builder-workspace/Sources/UserDefaults/UserDefaults+Adds.swift:81:28: error: no exact matches in call to subscript
79 | func cgPoint(forKey key: PreferenceKey) -> CGPoint? {
80 | if let string = self.string(forKey: key) {
81 | return NSCoder.cgPoint(for: string)
| `- error: no exact matches in call to subscript
82 | }
83 | return nil
/Users/admin/builder/spi-builder-workspace/Sources/PreferencesType.swift:155:5: note: found this candidate
96 |
97 | #if swift(>=5.1)
98 | subscript(dynamicMember key: PreferenceKey) -> PreferenceObject? {
| `- note: found this candidate
99 | return object(forKey: key)
100 | }
:
153 |
154 | #if swift(>=5.1)
155 | subscript(dynamicMember key: PreferenceKey) -> PreferenceObject? {
| `- note: found this candidate
156 | get {
157 | return self.object(forKey: key)
/Users/admin/builder/spi-builder-workspace/Sources/UserDefaults/UserDefaults+Adds.swift:87:32: error: extraneous argument label 'for:' in call
85 |
86 | @nonobjc func set(_ value: CGPoint, forKey key: PreferenceKey) {
87 | self.set(NSCoder.string(for: value), forKey: key)
| `- error: extraneous argument label 'for:' in call
88 | }
89 |
SwiftCompile normal arm64 /Users/admin/builder/spi-builder-workspace/Sources/UserDefaults+Prephirences.swift (in target 'Prephirences' from project 'Prephirences')
cd /Users/admin/builder/spi-builder-workspace/.swiftpm/xcode
builtin-SwiftPerFileCompile UserDefaults+Prephirences.swift
SwiftCompile normal arm64 /Users/admin/builder/spi-builder-workspace/Sources/UserDefaults/UserDefaults+Adds.swift (in target 'Prephirences' from project 'Prephirences')
cd /Users/admin/builder/spi-builder-workspace/.swiftpm/xcode
builtin-SwiftPerFileCompile UserDefaults+Adds.swift
SwiftCompile normal arm64 Compiling\ Bundle.swift,\ ManagedObjectPreferences.swift,\ DictionaryPreferences.swift /Users/admin/builder/spi-builder-workspace/Sources/Bundle.swift /Users/admin/builder/spi-builder-workspace/Sources/CoreData/ManagedObjectPreferences.swift /Users/admin/builder/spi-builder-workspace/Sources/DictionaryPreferences.swift (in target 'Prephirences' from project 'Prephirences')
SwiftCompile normal arm64 /Users/admin/builder/spi-builder-workspace/Sources/Bundle.swift (in target 'Prephirences' from project 'Prephirences')
cd /Users/admin/builder/spi-builder-workspace/.swiftpm/xcode
builtin-SwiftPerFileCompile Bundle.swift
SwiftCompile normal arm64 /Users/admin/builder/spi-builder-workspace/Sources/CoreData/ManagedObjectPreferences.swift (in target 'Prephirences' from project 'Prephirences')
cd /Users/admin/builder/spi-builder-workspace/.swiftpm/xcode
builtin-SwiftPerFileCompile ManagedObjectPreferences.swift
SwiftCompile normal arm64 /Users/admin/builder/spi-builder-workspace/Sources/DictionaryPreferences.swift (in target 'Prephirences' from project 'Prephirences')
cd /Users/admin/builder/spi-builder-workspace/.swiftpm/xcode
builtin-SwiftPerFileCompile DictionaryPreferences.swift
SwiftCompile normal arm64 Compiling\ Preference.swift,\ PreferenceOperators.swift,\ PreferenceTransformation.swift /Users/admin/builder/spi-builder-workspace/Sources/Preference.swift /Users/admin/builder/spi-builder-workspace/Sources/PreferenceOperators.swift /Users/admin/builder/spi-builder-workspace/Sources/PreferenceTransformation.swift (in target 'Prephirences' from project 'Prephirences')
SwiftCompile normal arm64 /Users/admin/builder/spi-builder-workspace/Sources/Preference.swift (in target 'Prephirences' from project 'Prephirences')
cd /Users/admin/builder/spi-builder-workspace/.swiftpm/xcode
builtin-SwiftPerFileCompile Preference.swift
SwiftCompile normal arm64 /Users/admin/builder/spi-builder-workspace/Sources/PreferenceOperators.swift (in target 'Prephirences' from project 'Prephirences')
cd /Users/admin/builder/spi-builder-workspace/.swiftpm/xcode
builtin-SwiftPerFileCompile PreferenceOperators.swift
SwiftCompile normal arm64 /Users/admin/builder/spi-builder-workspace/Sources/PreferenceTransformation.swift (in target 'Prephirences' from project 'Prephirences')
cd /Users/admin/builder/spi-builder-workspace/.swiftpm/xcode
builtin-SwiftPerFileCompile PreferenceTransformation.swift
SwiftCompile normal arm64 Compiling\ PreferencesController.swift,\ PreferencesOperators.swift /Users/admin/builder/spi-builder-workspace/Sources/PreferencesController.swift /Users/admin/builder/spi-builder-workspace/Sources/PreferencesOperators.swift (in target 'Prephirences' from project 'Prephirences')
SwiftCompile normal arm64 /Users/admin/builder/spi-builder-workspace/Sources/PreferencesController.swift (in target 'Prephirences' from project 'Prephirences')
cd /Users/admin/builder/spi-builder-workspace/.swiftpm/xcode
builtin-SwiftPerFileCompile PreferencesController.swift
SwiftCompile normal arm64 /Users/admin/builder/spi-builder-workspace/Sources/PreferencesOperators.swift (in target 'Prephirences' from project 'Prephirences')
cd /Users/admin/builder/spi-builder-workspace/.swiftpm/xcode
builtin-SwiftPerFileCompile PreferencesOperators.swift
SwiftCompile normal arm64 Compiling\ PreferencesType.swift,\ Prephirencable.swift /Users/admin/builder/spi-builder-workspace/Sources/PreferencesType.swift /Users/admin/builder/spi-builder-workspace/Sources/Prephirencable.swift (in target 'Prephirences' from project 'Prephirences')
SwiftCompile normal arm64 /Users/admin/builder/spi-builder-workspace/Sources/PreferencesType.swift (in target 'Prephirences' from project 'Prephirences')
cd /Users/admin/builder/spi-builder-workspace/.swiftpm/xcode
builtin-SwiftPerFileCompile PreferencesType.swift
SwiftCompile normal arm64 /Users/admin/builder/spi-builder-workspace/Sources/Prephirencable.swift (in target 'Prephirences' from project 'Prephirences')
cd /Users/admin/builder/spi-builder-workspace/.swiftpm/xcode
builtin-SwiftPerFileCompile Prephirencable.swift
SwiftCompile normal arm64 Compiling\ KeychainPreferences.swift,\ PropertyListKeys.swift,\ UserDefaultsKeys.swift /Users/admin/builder/spi-builder-workspace/Sources/KeychainPreferences.swift /Users/admin/builder/spi-builder-workspace/Sources/Keys/PropertyListKeys.swift /Users/admin/builder/spi-builder-workspace/Sources/Keys/UserDefaultsKeys.swift (in target 'Prephirences' from project 'Prephirences')
/Users/admin/builder/spi-builder-workspace/Sources/KeychainPreferences.swift:123:43: warning: 'kSecUseAuthenticationUIAllow' was deprecated in visionOS 1.0: Instead of kSecUseAuthenticationUI, use kSecUseAuthenticationContext and set LAContext.interactionNotAllowed property [#DeprecatedDeclaration]
121 | // swiftlint:disable:next type_name
122 | struct UI {
123 | static let allow = String(kSecUseAuthenticationUIAllow)
| `- warning: 'kSecUseAuthenticationUIAllow' was deprecated in visionOS 1.0: Instead of kSecUseAuthenticationUI, use kSecUseAuthenticationContext and set LAContext.interactionNotAllowed property [#DeprecatedDeclaration]
124 | static let fail = String(kSecUseAuthenticationUIFail)
125 | static let skip = String(kSecUseAuthenticationUISkip)
/Users/admin/builder/spi-builder-workspace/Sources/KeychainPreferences.swift:124:42: warning: 'kSecUseAuthenticationUIFail' was deprecated in visionOS 1.0: Instead of kSecUseAuthenticationUI, use kSecUseAuthenticationContext and set LAContext.interactionNotAllowed property [#DeprecatedDeclaration]
122 | struct UI {
123 | static let allow = String(kSecUseAuthenticationUIAllow)
124 | static let fail = String(kSecUseAuthenticationUIFail)
| `- warning: 'kSecUseAuthenticationUIFail' was deprecated in visionOS 1.0: Instead of kSecUseAuthenticationUI, use kSecUseAuthenticationContext and set LAContext.interactionNotAllowed property [#DeprecatedDeclaration]
125 | static let skip = String(kSecUseAuthenticationUISkip)
126 | }
/Users/admin/builder/spi-builder-workspace/Sources/KeychainPreferences.swift:130:40: warning: 'kSecUseOperationPrompt' was deprecated in visionOS 1.0: Use kSecUseAuthenticationContext and set LAContext.localizedReason property [#DeprecatedDeclaration]
128 |
129 | struct Operation {
130 | static let prompt = String(kSecUseOperationPrompt)
| `- warning: 'kSecUseOperationPrompt' was deprecated in visionOS 1.0: Use kSecUseAuthenticationContext and set LAContext.localizedReason property [#DeprecatedDeclaration]
131 | }
132 | }
/Users/admin/builder/spi-builder-workspace/Sources/KeychainPreferences.swift:513:27: warning: 'kSecAttrAccessibleAlways' was deprecated in visionOS 1.0: Use an accessibility level that provides some user protection, such as kSecAttrAccessibleAfterFirstUnlock [#DeprecatedDeclaration]
511 | return String(kSecAttrAccessibleAfterFirstUnlockThisDeviceOnly)
512 | case .always:
513 | return String(kSecAttrAccessibleAlways)
| `- warning: 'kSecAttrAccessibleAlways' was deprecated in visionOS 1.0: Use an accessibility level that provides some user protection, such as kSecAttrAccessibleAfterFirstUnlock [#DeprecatedDeclaration]
514 | case .alwaysThisDeviceOnly:
515 | return String(kSecAttrAccessibleAlwaysThisDeviceOnly)
SwiftCompile normal arm64 /Users/admin/builder/spi-builder-workspace/Sources/KeychainPreferences.swift (in target 'Prephirences' from project 'Prephirences')
cd /Users/admin/builder/spi-builder-workspace/.swiftpm/xcode
builtin-SwiftPerFileCompile KeychainPreferences.swift
SwiftCompile normal arm64 /Users/admin/builder/spi-builder-workspace/Sources/Keys/PropertyListKeys.swift (in target 'Prephirences' from project 'Prephirences')
cd /Users/admin/builder/spi-builder-workspace/.swiftpm/xcode
builtin-SwiftPerFileCompile PropertyListKeys.swift
SwiftCompile normal arm64 /Users/admin/builder/spi-builder-workspace/Sources/Keys/UserDefaultsKeys.swift (in target 'Prephirences' from project 'Prephirences')
cd /Users/admin/builder/spi-builder-workspace/.swiftpm/xcode
builtin-SwiftPerFileCompile UserDefaultsKeys.swift
SwiftCompile normal arm64 Compiling\ RawRepresentable+Prephirences.swift,\ ReflectingPreferences.swift /Users/admin/builder/spi-builder-workspace/Sources/RawRepresentableKey/RawRepresentable+Prephirences.swift /Users/admin/builder/spi-builder-workspace/Sources/ReflectingPreferences.swift (in target 'Prephirences' from project 'Prephirences')
SwiftCompile normal arm64 /Users/admin/builder/spi-builder-workspace/Sources/RawRepresentableKey/RawRepresentable+Prephirences.swift (in target 'Prephirences' from project 'Prephirences')
cd /Users/admin/builder/spi-builder-workspace/.swiftpm/xcode
builtin-SwiftPerFileCompile RawRepresentable+Prephirences.swift
SwiftCompile normal arm64 /Users/admin/builder/spi-builder-workspace/Sources/ReflectingPreferences.swift (in target 'Prephirences' from project 'Prephirences')
cd /Users/admin/builder/spi-builder-workspace/.swiftpm/xcode
builtin-SwiftPerFileCompile ReflectingPreferences.swift
SwiftCompile normal arm64 Compiling\ PrephirenceType+Codable.swift,\ Prephirences.swift /Users/admin/builder/spi-builder-workspace/Sources/PrephirenceType+Codable.swift /Users/admin/builder/spi-builder-workspace/Sources/Prephirences.swift (in target 'Prephirences' from project 'Prephirences')
/Users/admin/builder/spi-builder-workspace/Sources/Prephirences.swift:162:34: warning: 'unarchiveObject(with:)' was deprecated in visionOS 1.0: Use +unarchivedObjectOfClass:fromData:error: instead [#DeprecatedDeclaration]
160 |
161 | public static func unarchive(_ data: Data) -> PreferenceObject? {
162 | return NSKeyedUnarchiver.unarchiveObject(with: data)
| `- warning: 'unarchiveObject(with:)' was deprecated in visionOS 1.0: Use +unarchivedObjectOfClass:fromData:error: instead [#DeprecatedDeclaration]
163 | }
164 |
SwiftCompile normal arm64 /Users/admin/builder/spi-builder-workspace/Sources/PrephirenceType+Codable.swift (in target 'Prephirences' from project 'Prephirences')
cd /Users/admin/builder/spi-builder-workspace/.swiftpm/xcode
builtin-SwiftPerFileCompile PrephirenceType+Codable.swift
SwiftCompile normal arm64 /Users/admin/builder/spi-builder-workspace/Sources/Prephirences.swift (in target 'Prephirences' from project 'Prephirences')
cd /Users/admin/builder/spi-builder-workspace/.swiftpm/xcode
builtin-SwiftPerFileCompile Prephirences.swift
SwiftCompile normal arm64 Compiling\ NSCachePreferences.swift,\ NSCoder+Prephirences.swift,\ NSHTTPCookieStorage+Prephirences.swift /Users/admin/builder/spi-builder-workspace/Sources/NSCachePreferences.swift /Users/admin/builder/spi-builder-workspace/Sources/NSCoder+Prephirences.swift /Users/admin/builder/spi-builder-workspace/Sources/NSHTTPCookieStorage+Prephirences.swift (in target 'Prephirences' from project 'Prephirences')
SwiftCompile normal arm64 /Users/admin/builder/spi-builder-workspace/Sources/NSCachePreferences.swift (in target 'Prephirences' from project 'Prephirences')
cd /Users/admin/builder/spi-builder-workspace/.swiftpm/xcode
builtin-SwiftPerFileCompile NSCachePreferences.swift
SwiftCompile normal arm64 /Users/admin/builder/spi-builder-workspace/Sources/NSCoder+Prephirences.swift (in target 'Prephirences' from project 'Prephirences')
cd /Users/admin/builder/spi-builder-workspace/.swiftpm/xcode
builtin-SwiftPerFileCompile NSCoder+Prephirences.swift
SwiftCompile normal arm64 /Users/admin/builder/spi-builder-workspace/Sources/NSHTTPCookieStorage+Prephirences.swift (in target 'Prephirences' from project 'Prephirences')
cd /Users/admin/builder/spi-builder-workspace/.swiftpm/xcode
builtin-SwiftPerFileCompile NSHTTPCookieStorage+Prephirences.swift
PruneExplicitPrecompiledModules /Users/admin/builder/spi-builder-workspace/.derivedData/Build/Intermediates.noindex/SwiftExplicitPrecompiledModules
PruneExplicitPrecompiledModules /Users/admin/builder/spi-builder-workspace/.derivedData/SDKExplicitPrecompiledModules
PruneExplicitPrecompiledModules /Users/admin/builder/spi-builder-workspace/.derivedData/Build/Intermediates.noindex/ExplicitPrecompiledModules
2026-09-19 10:47:30.616 xcodebuild[693:4351] [MT] IDERunDestination: Supported platforms for the buildables in the current scheme is empty.
** BUILD FAILED **
The following build commands failed:
SwiftCompile normal arm64 (in target 'Prephirences' from project 'Prephirences')
SwiftEmitModule normal arm64 Emitting\ module\ for\ Prephirences (in target 'Prephirences' from project 'Prephirences')
Building workspace Prephirences with scheme Prephirences
(3 failures)
Command line invocation:
/Applications/Xcode-27.0.0-Release.Candidate.app/Contents/Developer/usr/bin/xcodebuild -IDEClonedSourcePackagesDirPathOverride=/Users/admin/builder/spi-builder-workspace/.dependencies -resolvePackageDependencies
Resolve Package Graph
Resolved source packages:
Prephirences: /Users/admin/builder/spi-builder-workspace
resolved source packages: Prephirences
2026-09-19 10:47:36.492 xcodebuild[759:4659] [MT] IDERunDestination: Supported platforms for the buildables in the current scheme is empty.
{
"dependencies" : [
],
"manifest_display_name" : "Prephirences",
"name" : "Prephirences",
"path" : "/Users/admin/builder/spi-builder-workspace",
"platforms" : [
{
"name" : "macos",
"version" : "10.11"
},
{
"name" : "ios",
"version" : "9.0"
},
{
"name" : "tvos",
"version" : "9.0"
},
{
"name" : "watchos",
"version" : "3.0"
}
],
"products" : [
{
"name" : "Prephirences",
"targets" : [
"Prephirences"
],
"type" : {
"library" : [
"automatic"
]
}
}
],
"swift_languages_versions" : [
"5"
],
"targets" : [
{
"c99name" : "PrephirencesTests",
"module_type" : "SwiftTarget",
"name" : "PrephirencesTests",
"path" : "Tests",
"sources" : [
"KeychainTests.swift",
"PrephirencesTests.swift"
],
"target_dependencies" : [
"Prephirences"
],
"type" : "test"
},
{
"c99name" : "Prephirences",
"module_type" : "SwiftTarget",
"name" : "Prephirences",
"path" : "Sources",
"product_memberships" : [
"Prephirences"
],
"sources" : [
"Bundle.swift",
"CoreData/ManagedObjectPreferences.swift",
"DictionaryPreferences.swift",
"KeychainPreferences.swift",
"Keys/PropertyListKeys.swift",
"Keys/UserDefaultsKeys.swift",
"NSCachePreferences.swift",
"NSCoder+Prephirences.swift",
"NSHTTPCookieStorage+Prephirences.swift",
"NSUbiquitousKeyValueStore+Prephirences.swift",
"PatternPreferences.swift",
"Plist.swift",
"Preference.swift",
"PreferenceOperators.swift",
"PreferenceTransformation.swift",
"PreferencesController.swift",
"PreferencesOperators.swift",
"PreferencesType.swift",
"Prephirencable.swift",
"PrephirenceType+Codable.swift",
"Prephirences.swift",
"RawRepresentableKey/RawRepresentable+Prephirences.swift",
"ReflectingPreferences.swift",
"UserDefaults+Prephirences.swift",
"UserDefaults/UserDefaults+Adds.swift"
],
"type" : "library"
}
],
"tools_version" : "5.5"
}
{
"workspace" : {
"name" : "Prephirences",
"schemes" : [
"Prephirences"
]
}
}
2026-09-19 10:47:37.725 xcodebuild[767:4731] [MT] IDERunDestination: Supported platforms for the buildables in the current scheme is empty.
Running build ...
env DEVELOPER_DIR=/Applications/Xcode-27.0.0-Release.Candidate.app xcrun xcodebuild -IDEClonedSourcePackagesDirPathOverride=$PWD/.dependencies -skipMacroValidation -skipPackagePluginValidation -derivedDataPath $PWD/.derivedData build -scheme Prephirences -destination generic/platform=xrOS
Command line invocation:
/Applications/Xcode-27.0.0-Release.Candidate.app/Contents/Developer/usr/bin/xcodebuild -IDEClonedSourcePackagesDirPathOverride=/Users/admin/builder/spi-builder-workspace/.dependencies -skipMacroValidation -skipPackagePluginValidation -derivedDataPath /Users/admin/builder/spi-builder-workspace/.derivedData build -scheme Prephirences -destination generic/platform=xrOS
Resolve Package Graph
Resolved source packages:
Prephirences: /Users/admin/builder/spi-builder-workspace
ComputePackagePrebuildTargetDependencyGraph
Prepare packages
CreateBuildRequest
SendProjectDescription
CreateBuildOperation
ComputeTargetDependencyGraph
note: Building targets in dependency order
note: Target dependency graph (2 targets)
Target 'Prephirences-product' in project 'Prephirences'
➜ Explicit dependency on target 'Prephirences' in project 'Prephirences'
Target 'Prephirences' in project 'Prephirences' (no dependencies)
GatherProvisioningInputs
CreateBuildDescription
ClangStatCache /Applications/Xcode-27.0.0-Release.Candidate.app/Contents/Developer/Toolchains/XcodeDefault.xctoolchain/usr/bin/clang-stat-cache /Applications/Xcode-27.0.0-Release.Candidate.app/Contents/Developer/Platforms/XROS.platform/Developer/SDKs/XROS27.0.sdk /Users/admin/builder/spi-builder-workspace/.derivedData/SDKStatCaches.noindex/xros27.0-24M361-e829b21a6f8c9b70876ba0858053c044735bd543db762f57723cac368afd1ce4.sdkstatcache
cd /Users/admin/builder/spi-builder-workspace/.swiftpm/xcode
/Applications/Xcode-27.0.0-Release.Candidate.app/Contents/Developer/Toolchains/XcodeDefault.xctoolchain/usr/bin/clang-stat-cache /Applications/Xcode-27.0.0-Release.Candidate.app/Contents/Developer/Platforms/XROS.platform/Developer/SDKs/XROS27.0.sdk -o /Users/admin/builder/spi-builder-workspace/.derivedData/SDKStatCaches.noindex/xros27.0-24M361-e829b21a6f8c9b70876ba0858053c044735bd543db762f57723cac368afd1ce4.sdkstatcache
SwiftDriver Prephirences normal arm64 com.apple.xcode.tools.swift.compiler (in target 'Prephirences' from project 'Prephirences')
cd /Users/admin/builder/spi-builder-workspace/.swiftpm/xcode
builtin-SwiftDriver -- /Applications/Xcode-27.0.0-Release.Candidate.app/Contents/Developer/Toolchains/XcodeDefault.xctoolchain/usr/bin/swiftc -parse-as-library -module-name Prephirences -Onone @/Users/admin/builder/spi-builder-workspace/.derivedData/Build/Intermediates.noindex/Prephirences.build/Debug-xros/Prephirences-t.build/Objects-normal/arm64/Prephirences.SwiftFileList -DSWIFT_PACKAGE -DDEBUG -DSWIFT_MODULE_RESOURCE_BUNDLE_UNAVAILABLE -DXcode -plugin-path /Applications/Xcode-27.0.0-Release.Candidate.app/Contents/Developer/Toolchains/XcodeDefault.xctoolchain/usr/lib/swift/host/plugins/testing -enable-experimental-feature DebugDescriptionMacro -sdk /Applications/Xcode-27.0.0-Release.Candidate.app/Contents/Developer/Platforms/XROS.platform/Developer/SDKs/XROS27.0.sdk -target arm64-apple-xros1.0 -g -module-cache-path /Users/admin/builder/spi-builder-workspace/.derivedData/ModuleCache.noindex -Xfrontend -serialize-debugging-options -profile-coverage-mapping -profile-generate -enable-testing -index-store-path /Users/admin/builder/spi-builder-workspace/.derivedData/Index.noindex/DataStore -Xcc -D_LIBCPP_HARDENING_MODE\=_LIBCPP_HARDENING_MODE_DEBUG -swift-version 5 -I /Users/admin/builder/spi-builder-workspace/.derivedData/Build/Products/Debug-xros -Isystem /Applications/Xcode-27.0.0-Release.Candidate.app/Contents/Developer/Platforms/XROS.platform/Developer/usr/lib -F /Users/admin/builder/spi-builder-workspace/.derivedData/Build/Products/Debug-xros -F /Applications/Xcode-27.0.0-Release.Candidate.app/Contents/Developer/Platforms/XROS.platform/Developer/Library/Frameworks -F /Applications/Xcode-27.0.0-Release.Candidate.app/Contents/Developer/Platforms/XROS.platform/Developer/SDKs/XROS27.0.sdk/Developer/Library/Frameworks -c -j10 -enable-batch-mode -incremental -Xcc -ivfsstatcache -Xcc /Users/admin/builder/spi-builder-workspace/.derivedData/SDKStatCaches.noindex/xros27.0-24M361-e829b21a6f8c9b70876ba0858053c044735bd543db762f57723cac368afd1ce4.sdkstatcache -output-file-map /Users/admin/builder/spi-builder-workspace/.derivedData/Build/Intermediates.noindex/Prephirences.build/Debug-xros/Prephirences-t.build/Objects-normal/arm64/Prephirences-OutputFileMap.json -save-temps -no-color-diagnostics -explicit-module-build -module-cache-path /Users/admin/builder/spi-builder-workspace/.derivedData/Build/Intermediates.noindex/SwiftExplicitPrecompiledModules -clang-scanner-module-cache-path /Users/admin/builder/spi-builder-workspace/.derivedData/ModuleCache.noindex -sdk-module-cache-path /Users/admin/builder/spi-builder-workspace/.derivedData/SDKExplicitPrecompiledModules -emit-dependencies -emit-module -emit-module-path /Users/admin/builder/spi-builder-workspace/.derivedData/Build/Intermediates.noindex/Prephirences.build/Debug-xros/Prephirences-t.build/Objects-normal/arm64/Prephirences.swiftmodule -serialize-diagnostics -dependency-scan-serialize-diagnostics-path /Users/admin/builder/spi-builder-workspace/.derivedData/Build/Intermediates.noindex/Prephirences.build/Debug-xros/Prephirences-t.build/Objects-normal/arm64/Prephirences-dependency-scan.dia -validate-clang-modules-once -clang-build-session-file /Users/admin/builder/spi-builder-workspace/.derivedData/ModuleCache.noindex/Session.modulevalidation -Xcc -fmodules-prune-interval\=86400 -Xcc -fmodules-prune-after\=345600 -emit-const-values -const-gather-protocols-list /Users/admin/builder/spi-builder-workspace/.derivedData/Build/Intermediates.noindex/Prephirences.build/Debug-xros/Prephirences-t.build/Objects-normal/arm64/Prephirences_const_extract_protocols.json -Xcc -I/Users/admin/builder/spi-builder-workspace/.derivedData/Build/Products/Debug-xros/include -Xcc -I/Users/admin/builder/spi-builder-workspace/.derivedData/Build/Intermediates.noindex/Prephirences.build/Debug-xros/Prephirences-t.build/DerivedSources-normal/arm64 -Xcc -I/Users/admin/builder/spi-builder-workspace/.derivedData/Build/Intermediates.noindex/Prephirences.build/Debug-xros/Prephirences-t.build/DerivedSources/arm64 -Xcc -I/Users/admin/builder/spi-builder-workspace/.derivedData/Build/Intermediates.noindex/Prephirences.build/Debug-xros/Prephirences-t.build/DerivedSources -Xcc -DSWIFT_PACKAGE -Xcc -DDEBUG\=1 -emit-objc-header -emit-objc-header-path /Users/admin/builder/spi-builder-workspace/.derivedData/Build/Intermediates.noindex/Prephirences.build/Debug-xros/Prephirences-t.build/Objects-normal/arm64/Prephirences-Swift.h -working-directory /Users/admin/builder/spi-builder-workspace/.swiftpm/xcode -experimental-emit-module-separately -disable-cmo
SwiftCompile normal arm64 Compiling\ KeychainPreferences.swift,\ PropertyListKeys.swift,\ UserDefaultsKeys.swift /Users/admin/builder/spi-builder-workspace/Sources/KeychainPreferences.swift /Users/admin/builder/spi-builder-workspace/Sources/Keys/PropertyListKeys.swift /Users/admin/builder/spi-builder-workspace/Sources/Keys/UserDefaultsKeys.swift (in target 'Prephirences' from project 'Prephirences')
SwiftCompile normal arm64 /Users/admin/builder/spi-builder-workspace/Sources/KeychainPreferences.swift (in target 'Prephirences' from project 'Prephirences')
cd /Users/admin/builder/spi-builder-workspace/.swiftpm/xcode
builtin-SwiftPerFileCompile KeychainPreferences.swift
SwiftCompile normal arm64 /Users/admin/builder/spi-builder-workspace/Sources/Keys/PropertyListKeys.swift (in target 'Prephirences' from project 'Prephirences')
cd /Users/admin/builder/spi-builder-workspace/.swiftpm/xcode
builtin-SwiftPerFileCompile PropertyListKeys.swift
SwiftCompile normal arm64 /Users/admin/builder/spi-builder-workspace/Sources/Keys/UserDefaultsKeys.swift (in target 'Prephirences' from project 'Prephirences')
cd /Users/admin/builder/spi-builder-workspace/.swiftpm/xcode
builtin-SwiftPerFileCompile UserDefaultsKeys.swift
/Users/admin/builder/spi-builder-workspace/Sources/KeychainPreferences.swift:123:43: warning: 'kSecUseAuthenticationUIAllow' was deprecated in visionOS 1.0: Instead of kSecUseAuthenticationUI, use kSecUseAuthenticationContext and set LAContext.interactionNotAllowed property [#DeprecatedDeclaration]
121 | // swiftlint:disable:next type_name
122 | struct UI {
123 | static let allow = String(kSecUseAuthenticationUIAllow)
| `- warning: 'kSecUseAuthenticationUIAllow' was deprecated in visionOS 1.0: Instead of kSecUseAuthenticationUI, use kSecUseAuthenticationContext and set LAContext.interactionNotAllowed property [#DeprecatedDeclaration]
124 | static let fail = String(kSecUseAuthenticationUIFail)
125 | static let skip = String(kSecUseAuthenticationUISkip)
/Users/admin/builder/spi-builder-workspace/Sources/KeychainPreferences.swift:124:42: warning: 'kSecUseAuthenticationUIFail' was deprecated in visionOS 1.0: Instead of kSecUseAuthenticationUI, use kSecUseAuthenticationContext and set LAContext.interactionNotAllowed property [#DeprecatedDeclaration]
122 | struct UI {
123 | static let allow = String(kSecUseAuthenticationUIAllow)
124 | static let fail = String(kSecUseAuthenticationUIFail)
| `- warning: 'kSecUseAuthenticationUIFail' was deprecated in visionOS 1.0: Instead of kSecUseAuthenticationUI, use kSecUseAuthenticationContext and set LAContext.interactionNotAllowed property [#DeprecatedDeclaration]
125 | static let skip = String(kSecUseAuthenticationUISkip)
126 | }
/Users/admin/builder/spi-builder-workspace/Sources/KeychainPreferences.swift:130:40: warning: 'kSecUseOperationPrompt' was deprecated in visionOS 1.0: Use kSecUseAuthenticationContext and set LAContext.localizedReason property [#DeprecatedDeclaration]
128 |
129 | struct Operation {
130 | static let prompt = String(kSecUseOperationPrompt)
| `- warning: 'kSecUseOperationPrompt' was deprecated in visionOS 1.0: Use kSecUseAuthenticationContext and set LAContext.localizedReason property [#DeprecatedDeclaration]
131 | }
132 | }
/Users/admin/builder/spi-builder-workspace/Sources/KeychainPreferences.swift:513:27: warning: 'kSecAttrAccessibleAlways' was deprecated in visionOS 1.0: Use an accessibility level that provides some user protection, such as kSecAttrAccessibleAfterFirstUnlock [#DeprecatedDeclaration]
511 | return String(kSecAttrAccessibleAfterFirstUnlockThisDeviceOnly)
512 | case .always:
513 | return String(kSecAttrAccessibleAlways)
| `- warning: 'kSecAttrAccessibleAlways' was deprecated in visionOS 1.0: Use an accessibility level that provides some user protection, such as kSecAttrAccessibleAfterFirstUnlock [#DeprecatedDeclaration]
514 | case .alwaysThisDeviceOnly:
515 | return String(kSecAttrAccessibleAlwaysThisDeviceOnly)
SwiftCompile normal arm64 Compiling\ NSCachePreferences.swift,\ NSCoder+Prephirences.swift,\ NSHTTPCookieStorage+Prephirences.swift /Users/admin/builder/spi-builder-workspace/Sources/NSCachePreferences.swift /Users/admin/builder/spi-builder-workspace/Sources/NSCoder+Prephirences.swift /Users/admin/builder/spi-builder-workspace/Sources/NSHTTPCookieStorage+Prephirences.swift (in target 'Prephirences' from project 'Prephirences')
SwiftCompile normal arm64 /Users/admin/builder/spi-builder-workspace/Sources/NSCachePreferences.swift (in target 'Prephirences' from project 'Prephirences')
cd /Users/admin/builder/spi-builder-workspace/.swiftpm/xcode
builtin-SwiftPerFileCompile NSCachePreferences.swift
SwiftCompile normal arm64 /Users/admin/builder/spi-builder-workspace/Sources/NSCoder+Prephirences.swift (in target 'Prephirences' from project 'Prephirences')
cd /Users/admin/builder/spi-builder-workspace/.swiftpm/xcode
builtin-SwiftPerFileCompile NSCoder+Prephirences.swift
SwiftCompile normal arm64 /Users/admin/builder/spi-builder-workspace/Sources/NSHTTPCookieStorage+Prephirences.swift (in target 'Prephirences' from project 'Prephirences')
cd /Users/admin/builder/spi-builder-workspace/.swiftpm/xcode
builtin-SwiftPerFileCompile NSHTTPCookieStorage+Prephirences.swift
SwiftCompile normal arm64 Compiling\ NSUbiquitousKeyValueStore+Prephirences.swift,\ PatternPreferences.swift,\ Plist.swift /Users/admin/builder/spi-builder-workspace/Sources/NSUbiquitousKeyValueStore+Prephirences.swift /Users/admin/builder/spi-builder-workspace/Sources/PatternPreferences.swift /Users/admin/builder/spi-builder-workspace/Sources/Plist.swift (in target 'Prephirences' from project 'Prephirences')
/Users/admin/builder/spi-builder-workspace/Sources/NSUbiquitousKeyValueStore+Prephirences.swift:75:80: error: cannot find 'options' in scope
73 |
74 | do {
75 | let url = try (NSURL(resolvingBookmarkData: bookData, options: options, relativeTo: nil, bookmarkDataIsStale: &isStale) as URL)
| `- error: cannot find 'options' in scope
76 | set(url, forKey: key)
77 | return url
SwiftCompile normal arm64 /Users/admin/builder/spi-builder-workspace/Sources/NSUbiquitousKeyValueStore+Prephirences.swift (in target 'Prephirences' from project 'Prephirences')
cd /Users/admin/builder/spi-builder-workspace/.swiftpm/xcode
builtin-SwiftPerFileCompile NSUbiquitousKeyValueStore+Prephirences.swift
SwiftCompile normal arm64 /Users/admin/builder/spi-builder-workspace/Sources/PatternPreferences.swift (in target 'Prephirences' from project 'Prephirences')
cd /Users/admin/builder/spi-builder-workspace/.swiftpm/xcode
builtin-SwiftPerFileCompile PatternPreferences.swift
SwiftCompile normal arm64 /Users/admin/builder/spi-builder-workspace/Sources/Plist.swift (in target 'Prephirences' from project 'Prephirences')
cd /Users/admin/builder/spi-builder-workspace/.swiftpm/xcode
builtin-SwiftPerFileCompile Plist.swift
SwiftCompile normal arm64 Compiling\ Preference.swift,\ PreferenceOperators.swift,\ PreferenceTransformation.swift /Users/admin/builder/spi-builder-workspace/Sources/Preference.swift /Users/admin/builder/spi-builder-workspace/Sources/PreferenceOperators.swift /Users/admin/builder/spi-builder-workspace/Sources/PreferenceTransformation.swift (in target 'Prephirences' from project 'Prephirences')
SwiftCompile normal arm64 /Users/admin/builder/spi-builder-workspace/Sources/Preference.swift (in target 'Prephirences' from project 'Prephirences')
cd /Users/admin/builder/spi-builder-workspace/.swiftpm/xcode
builtin-SwiftPerFileCompile Preference.swift
SwiftCompile normal arm64 /Users/admin/builder/spi-builder-workspace/Sources/PreferenceOperators.swift (in target 'Prephirences' from project 'Prephirences')
cd /Users/admin/builder/spi-builder-workspace/.swiftpm/xcode
builtin-SwiftPerFileCompile PreferenceOperators.swift
SwiftCompile normal arm64 /Users/admin/builder/spi-builder-workspace/Sources/PreferenceTransformation.swift (in target 'Prephirences' from project 'Prephirences')
cd /Users/admin/builder/spi-builder-workspace/.swiftpm/xcode
builtin-SwiftPerFileCompile PreferenceTransformation.swift
SwiftCompile normal arm64 Compiling\ PrephirenceType+Codable.swift,\ Prephirences.swift /Users/admin/builder/spi-builder-workspace/Sources/PrephirenceType+Codable.swift /Users/admin/builder/spi-builder-workspace/Sources/Prephirences.swift (in target 'Prephirences' from project 'Prephirences')
/Users/admin/builder/spi-builder-workspace/Sources/Prephirences.swift:162:34: warning: 'unarchiveObject(with:)' was deprecated in visionOS 1.0: Use +unarchivedObjectOfClass:fromData:error: instead [#DeprecatedDeclaration]
160 |
161 | public static func unarchive(_ data: Data) -> PreferenceObject? {
162 | return NSKeyedUnarchiver.unarchiveObject(with: data)
| `- warning: 'unarchiveObject(with:)' was deprecated in visionOS 1.0: Use +unarchivedObjectOfClass:fromData:error: instead [#DeprecatedDeclaration]
163 | }
164 |
SwiftCompile normal arm64 /Users/admin/builder/spi-builder-workspace/Sources/PrephirenceType+Codable.swift (in target 'Prephirences' from project 'Prephirences')
cd /Users/admin/builder/spi-builder-workspace/.swiftpm/xcode
builtin-SwiftPerFileCompile PrephirenceType+Codable.swift
SwiftCompile normal arm64 /Users/admin/builder/spi-builder-workspace/Sources/Prephirences.swift (in target 'Prephirences' from project 'Prephirences')
cd /Users/admin/builder/spi-builder-workspace/.swiftpm/xcode
builtin-SwiftPerFileCompile Prephirences.swift
SwiftCompile normal arm64 Compiling\ Bundle.swift,\ ManagedObjectPreferences.swift,\ DictionaryPreferences.swift /Users/admin/builder/spi-builder-workspace/Sources/Bundle.swift /Users/admin/builder/spi-builder-workspace/Sources/CoreData/ManagedObjectPreferences.swift /Users/admin/builder/spi-builder-workspace/Sources/DictionaryPreferences.swift (in target 'Prephirences' from project 'Prephirences')
SwiftCompile normal arm64 /Users/admin/builder/spi-builder-workspace/Sources/Bundle.swift (in target 'Prephirences' from project 'Prephirences')
cd /Users/admin/builder/spi-builder-workspace/.swiftpm/xcode
builtin-SwiftPerFileCompile Bundle.swift
SwiftCompile normal arm64 /Users/admin/builder/spi-builder-workspace/Sources/CoreData/ManagedObjectPreferences.swift (in target 'Prephirences' from project 'Prephirences')
cd /Users/admin/builder/spi-builder-workspace/.swiftpm/xcode
builtin-SwiftPerFileCompile ManagedObjectPreferences.swift
SwiftCompile normal arm64 /Users/admin/builder/spi-builder-workspace/Sources/DictionaryPreferences.swift (in target 'Prephirences' from project 'Prephirences')
cd /Users/admin/builder/spi-builder-workspace/.swiftpm/xcode
builtin-SwiftPerFileCompile DictionaryPreferences.swift
SwiftCompile normal arm64 Compiling\ UserDefaults+Prephirences.swift,\ UserDefaults+Adds.swift /Users/admin/builder/spi-builder-workspace/Sources/UserDefaults+Prephirences.swift /Users/admin/builder/spi-builder-workspace/Sources/UserDefaults/UserDefaults+Adds.swift (in target 'Prephirences' from project 'Prephirences')
/Users/admin/builder/spi-builder-workspace/Sources/UserDefaults/UserDefaults+Adds.swift:45:21: error: cannot find type 'Color' in scope
43 | #endif
44 |
45 | func set(color: Color, forKey aKey: String) {
| `- error: cannot find type 'Color' in scope
46 | let theData = NSKeyedArchiver.archivedData(withRootObject: color)
47 | self.set(theData, forKey: aKey)
/Users/admin/builder/spi-builder-workspace/Sources/UserDefaults/UserDefaults+Adds.swift:50:40: error: cannot find type 'Color' in scope
48 | }
49 |
50 | func color(forKey aKey: String) -> Color? {
| `- error: cannot find type 'Color' in scope
51 | if let theData = self.data(forKey: aKey), let color = NSKeyedUnarchiver.unarchiveObject(with: theData) as? Color {
52 | return color
/Users/admin/builder/spi-builder-workspace/Sources/UserDefaults/UserDefaults+Adds.swift:51:116: error: cannot find type 'Color' in scope
49 |
50 | func color(forKey aKey: String) -> Color? {
51 | if let theData = self.data(forKey: aKey), let color = NSKeyedUnarchiver.unarchiveObject(with: theData) as? Color {
| `- error: cannot find type 'Color' in scope
52 | return color
53 | }
/Users/admin/builder/spi-builder-workspace/Sources/UserDefaults/UserDefaults+Adds.swift:59:28: error: no exact matches in call to subscript
57 | func cgRect(forKey key: PreferenceKey) -> CGRect? {
58 | if let string = self.string(forKey: key) {
59 | return NSCoder.cgRect(for: string)
| `- error: no exact matches in call to subscript
60 | }
61 | return nil
/Users/admin/builder/spi-builder-workspace/Sources/PreferencesType.swift:155:5: note: found this candidate
96 |
97 | #if swift(>=5.1)
98 | subscript(dynamicMember key: PreferenceKey) -> PreferenceObject? {
| `- note: found this candidate
99 | return object(forKey: key)
100 | }
:
153 |
154 | #if swift(>=5.1)
155 | subscript(dynamicMember key: PreferenceKey) -> PreferenceObject? {
| `- note: found this candidate
156 | get {
157 | return self.object(forKey: key)
/Users/admin/builder/spi-builder-workspace/Sources/UserDefaults/UserDefaults+Adds.swift:65:32: error: extraneous argument label 'for:' in call
63 |
64 | @nonobjc func set(_ value: CGRect, forKey key: PreferenceKey) {
65 | self.set(NSCoder.string(for: value), forKey: key)
| `- error: extraneous argument label 'for:' in call
66 | }
67 |
/Users/admin/builder/spi-builder-workspace/Sources/UserDefaults/UserDefaults+Adds.swift:65:38: error: cannot convert value of type 'CGRect' to expected argument type 'NSCoder'
63 |
64 | @nonobjc func set(_ value: CGRect, forKey key: PreferenceKey) {
65 | self.set(NSCoder.string(for: value), forKey: key)
| `- error: cannot convert value of type 'CGRect' to expected argument type 'NSCoder'
66 | }
67 |
/Users/admin/builder/spi-builder-workspace/Sources/UserDefaults/UserDefaults+Adds.swift:70:28: error: no exact matches in call to subscript
68 | func cgSize(forKey key: PreferenceKey) -> CGSize? {
69 | if let string = self.string(forKey: key) {
70 | return NSCoder.cgSize(for: string)
| `- error: no exact matches in call to subscript
71 | }
72 | return nil
/Users/admin/builder/spi-builder-workspace/Sources/PreferencesType.swift:155:5: note: found this candidate
96 |
97 | #if swift(>=5.1)
98 | subscript(dynamicMember key: PreferenceKey) -> PreferenceObject? {
| `- note: found this candidate
99 | return object(forKey: key)
100 | }
:
153 |
154 | #if swift(>=5.1)
155 | subscript(dynamicMember key: PreferenceKey) -> PreferenceObject? {
| `- note: found this candidate
156 | get {
157 | return self.object(forKey: key)
/Users/admin/builder/spi-builder-workspace/Sources/UserDefaults/UserDefaults+Adds.swift:76:32: error: extraneous argument label 'for:' in call
74 |
75 | @nonobjc func set(_ value: CGSize, forKey key: PreferenceKey) {
76 | self.set(NSCoder.string(for: value), forKey: key)
| `- error: extraneous argument label 'for:' in call
77 | }
78 |
/Users/admin/builder/spi-builder-workspace/Sources/UserDefaults/UserDefaults+Adds.swift:76:38: error: cannot convert value of type 'CGSize' to expected argument type 'NSCoder'
74 |
75 | @nonobjc func set(_ value: CGSize, forKey key: PreferenceKey) {
76 | self.set(NSCoder.string(for: value), forKey: key)
| `- error: cannot convert value of type 'CGSize' to expected argument type 'NSCoder'
77 | }
78 |
/Users/admin/builder/spi-builder-workspace/Sources/UserDefaults/UserDefaults+Adds.swift:81:28: error: no exact matches in call to subscript
79 | func cgPoint(forKey key: PreferenceKey) -> CGPoint? {
80 | if let string = self.string(forKey: key) {
81 | return NSCoder.cgPoint(for: string)
| `- error: no exact matches in call to subscript
82 | }
83 | return nil
/Users/admin/builder/spi-builder-workspace/Sources/PreferencesType.swift:155:5: note: found this candidate
96 |
97 | #if swift(>=5.1)
98 | subscript(dynamicMember key: PreferenceKey) -> PreferenceObject? {
| `- note: found this candidate
99 | return object(forKey: key)
100 | }
:
153 |
154 | #if swift(>=5.1)
155 | subscript(dynamicMember key: PreferenceKey) -> PreferenceObject? {
| `- note: found this candidate
156 | get {
157 | return self.object(forKey: key)
/Users/admin/builder/spi-builder-workspace/Sources/UserDefaults/UserDefaults+Adds.swift:87:32: error: extraneous argument label 'for:' in call
85 |
86 | @nonobjc func set(_ value: CGPoint, forKey key: PreferenceKey) {
87 | self.set(NSCoder.string(for: value), forKey: key)
| `- error: extraneous argument label 'for:' in call
88 | }
89 |
SwiftCompile normal arm64 /Users/admin/builder/spi-builder-workspace/Sources/UserDefaults+Prephirences.swift (in target 'Prephirences' from project 'Prephirences')
cd /Users/admin/builder/spi-builder-workspace/.swiftpm/xcode
builtin-SwiftPerFileCompile UserDefaults+Prephirences.swift
SwiftCompile normal arm64 /Users/admin/builder/spi-builder-workspace/Sources/UserDefaults/UserDefaults+Adds.swift (in target 'Prephirences' from project 'Prephirences')
cd /Users/admin/builder/spi-builder-workspace/.swiftpm/xcode
builtin-SwiftPerFileCompile UserDefaults+Adds.swift
SwiftCompile normal arm64 Compiling\ RawRepresentable+Prephirences.swift,\ ReflectingPreferences.swift /Users/admin/builder/spi-builder-workspace/Sources/RawRepresentableKey/RawRepresentable+Prephirences.swift /Users/admin/builder/spi-builder-workspace/Sources/ReflectingPreferences.swift (in target 'Prephirences' from project 'Prephirences')
SwiftCompile normal arm64 /Users/admin/builder/spi-builder-workspace/Sources/RawRepresentableKey/RawRepresentable+Prephirences.swift (in target 'Prephirences' from project 'Prephirences')
cd /Users/admin/builder/spi-builder-workspace/.swiftpm/xcode
builtin-SwiftPerFileCompile RawRepresentable+Prephirences.swift
SwiftCompile normal arm64 /Users/admin/builder/spi-builder-workspace/Sources/ReflectingPreferences.swift (in target 'Prephirences' from project 'Prephirences')
cd /Users/admin/builder/spi-builder-workspace/.swiftpm/xcode
builtin-SwiftPerFileCompile ReflectingPreferences.swift
SwiftCompile normal arm64 Compiling\ PreferencesType.swift,\ Prephirencable.swift /Users/admin/builder/spi-builder-workspace/Sources/PreferencesType.swift /Users/admin/builder/spi-builder-workspace/Sources/Prephirencable.swift (in target 'Prephirences' from project 'Prephirences')
SwiftCompile normal arm64 /Users/admin/builder/spi-builder-workspace/Sources/PreferencesType.swift (in target 'Prephirences' from project 'Prephirences')
cd /Users/admin/builder/spi-builder-workspace/.swiftpm/xcode
builtin-SwiftPerFileCompile PreferencesType.swift
SwiftCompile normal arm64 /Users/admin/builder/spi-builder-workspace/Sources/Prephirencable.swift (in target 'Prephirences' from project 'Prephirences')
cd /Users/admin/builder/spi-builder-workspace/.swiftpm/xcode
builtin-SwiftPerFileCompile Prephirencable.swift
SwiftEmitModule normal arm64 Emitting\ module\ for\ Prephirences (in target 'Prephirences' from project 'Prephirences')
/Users/admin/builder/spi-builder-workspace/Sources/KeychainPreferences.swift:123:43: warning: 'kSecUseAuthenticationUIAllow' was deprecated in visionOS 1.0: Instead of kSecUseAuthenticationUI, use kSecUseAuthenticationContext and set LAContext.interactionNotAllowed property [#DeprecatedDeclaration]
121 | // swiftlint:disable:next type_name
122 | struct UI {
123 | static let allow = String(kSecUseAuthenticationUIAllow)
| `- warning: 'kSecUseAuthenticationUIAllow' was deprecated in visionOS 1.0: Instead of kSecUseAuthenticationUI, use kSecUseAuthenticationContext and set LAContext.interactionNotAllowed property [#DeprecatedDeclaration]
124 | static let fail = String(kSecUseAuthenticationUIFail)
125 | static let skip = String(kSecUseAuthenticationUISkip)
/Users/admin/builder/spi-builder-workspace/Sources/KeychainPreferences.swift:124:42: warning: 'kSecUseAuthenticationUIFail' was deprecated in visionOS 1.0: Instead of kSecUseAuthenticationUI, use kSecUseAuthenticationContext and set LAContext.interactionNotAllowed property [#DeprecatedDeclaration]
122 | struct UI {
123 | static let allow = String(kSecUseAuthenticationUIAllow)
124 | static let fail = String(kSecUseAuthenticationUIFail)
| `- warning: 'kSecUseAuthenticationUIFail' was deprecated in visionOS 1.0: Instead of kSecUseAuthenticationUI, use kSecUseAuthenticationContext and set LAContext.interactionNotAllowed property [#DeprecatedDeclaration]
125 | static let skip = String(kSecUseAuthenticationUISkip)
126 | }
/Users/admin/builder/spi-builder-workspace/Sources/KeychainPreferences.swift:130:40: warning: 'kSecUseOperationPrompt' was deprecated in visionOS 1.0: Use kSecUseAuthenticationContext and set LAContext.localizedReason property [#DeprecatedDeclaration]
128 |
129 | struct Operation {
130 | static let prompt = String(kSecUseOperationPrompt)
| `- warning: 'kSecUseOperationPrompt' was deprecated in visionOS 1.0: Use kSecUseAuthenticationContext and set LAContext.localizedReason property [#DeprecatedDeclaration]
131 | }
132 | }
/Users/admin/builder/spi-builder-workspace/Sources/PreferenceOperators.swift:87:27: warning: generic parameter 'T' shadows generic parameter from outer scope with the same name; this is an error in the Swift 6 language mode
85 | }
86 | extension Preference {
87 | static func operation<T>(_ left: Preference<T>, _ right: Preference<T>, _ op: (T, T) -> T) -> T? {
| `- warning: generic parameter 'T' shadows generic parameter from outer scope with the same name; this is an error in the Swift 6 language mode
88 | if let leftValue = left.value {
89 | if let rightValue = right.value {
/Users/admin/builder/spi-builder-workspace/Sources/Preference.swift:32:23: note: 'T' previously declared here
30 | /// A preference value extracted from a PreferencesType for a specific key
31 | @propertyWrapper
32 | open class Preference<T> {
| `- note: 'T' previously declared here
33 |
34 | var preferences: PreferencesType
/Users/admin/builder/spi-builder-workspace/Sources/UserDefaults/UserDefaults+Adds.swift:45:21: error: cannot find type 'Color' in scope
43 | #endif
44 |
45 | func set(color: Color, forKey aKey: String) {
| `- error: cannot find type 'Color' in scope
46 | let theData = NSKeyedArchiver.archivedData(withRootObject: color)
47 | self.set(theData, forKey: aKey)
/Users/admin/builder/spi-builder-workspace/Sources/UserDefaults/UserDefaults+Adds.swift:50:40: error: cannot find type 'Color' in scope
48 | }
49 |
50 | func color(forKey aKey: String) -> Color? {
| `- error: cannot find type 'Color' in scope
51 | if let theData = self.data(forKey: aKey), let color = NSKeyedUnarchiver.unarchiveObject(with: theData) as? Color {
52 | return color
[#DeprecatedDeclaration]: <https://docs.swift.org/compiler/documentation/diagnostics/deprecated-declaration>
Failed frontend command:
/Applications/Xcode-27.0.0-Release.Candidate.app/Contents/Developer/Toolchains/XcodeDefault.xctoolchain/usr/bin/swift-frontend -frontend -emit-module -experimental-skip-non-inlinable-function-bodies-without-types /Users/admin/builder/spi-builder-workspace/Sources/Bundle.swift /Users/admin/builder/spi-builder-workspace/Sources/CoreData/ManagedObjectPreferences.swift /Users/admin/builder/spi-builder-workspace/Sources/DictionaryPreferences.swift /Users/admin/builder/spi-builder-workspace/Sources/KeychainPreferences.swift /Users/admin/builder/spi-builder-workspace/Sources/Keys/PropertyListKeys.swift /Users/admin/builder/spi-builder-workspace/Sources/Keys/UserDefaultsKeys.swift /Users/admin/builder/spi-builder-workspace/Sources/NSCachePreferences.swift /Users/admin/builder/spi-builder-workspace/Sources/NSCoder+Prephirences.swift /Users/admin/builder/spi-builder-workspace/Sources/NSHTTPCookieStorage+Prephirences.swift /Users/admin/builder/spi-builder-workspace/Sources/NSUbiquitousKeyValueStore+Prephirences.swift /Users/admin/builder/spi-builder-workspace/Sources/PatternPreferences.swift /Users/admin/builder/spi-builder-workspace/Sources/Plist.swift /Users/admin/builder/spi-builder-workspace/Sources/Preference.swift /Users/admin/builder/spi-builder-workspace/Sources/PreferenceOperators.swift /Users/admin/builder/spi-builder-workspace/Sources/PreferenceTransformation.swift /Users/admin/builder/spi-builder-workspace/Sources/PreferencesController.swift /Users/admin/builder/spi-builder-workspace/Sources/PreferencesOperators.swift /Users/admin/builder/spi-builder-workspace/Sources/PreferencesType.swift /Users/admin/builder/spi-builder-workspace/Sources/Prephirencable.swift /Users/admin/builder/spi-builder-workspace/Sources/PrephirenceType+Codable.swift /Users/admin/builder/spi-builder-workspace/Sources/Prephirences.swift /Users/admin/builder/spi-builder-workspace/Sources/RawRepresentableKey/RawRepresentable+Prephirences.swift /Users/admin/builder/spi-builder-workspace/Sources/ReflectingPreferences.swift /Users/admin/builder/spi-builder-workspace/Sources/UserDefaults+Prephirences.swift /Users/admin/builder/spi-builder-workspace/Sources/UserDefaults/UserDefaults+Adds.swift -target arm64-apple-xros1.0 -disable-cross-import-overlay-search -swift-module-cross-import CoreData /Applications/Xcode-27.0.0-Release.Candidate.app/Contents/Developer/Platforms/XROS.platform/Developer/SDKs/XROS.sdk/System/Library/Frameworks/CoreData.framework/Modules/CoreData.swiftcrossimport/CloudKit.swiftoverlay -swift-module-cross-import CoreData /Applications/Xcode-27.0.0-Release.Candidate.app/Contents/Developer/Platforms/XROS.platform/Developer/SDKs/XROS27.0.sdk/System/Library/Frameworks/CoreData.framework/Modules/CoreData.swiftcrossimport/CloudKit.swiftoverlay -swift-module-cross-import Darwin /Applications/Xcode-27.0.0-Release.Candidate.app/Contents/Developer/Platforms/XROS.platform/Developer/SDKs/XROS.sdk/usr/include/Darwin.swiftcrossimport/xlocale.swiftoverlay -load-resolved-plugin /Applications/Xcode-27.0.0-Release.Candidate.app/Contents/Developer/Platforms/XROS.platform/Developer/usr/lib/swift/host/plugins/libFoundationMacros.dylib\#/Applications/Xcode-27.0.0-Release.Candidate.app/Contents/Developer/Platforms/XROS.platform/Developer/usr/bin/swift-plugin-server\#FoundationMacros -load-resolved-plugin /Applications/Xcode-27.0.0-Release.Candidate.app/Contents/Developer/Platforms/XROS.platform/Developer/usr/lib/swift/host/plugins/libObservationMacros.dylib\#/Applications/Xcode-27.0.0-Release.Candidate.app/Contents/Developer/Platforms/XROS.platform/Developer/usr/bin/swift-plugin-server\#ObservationMacros -load-resolved-plugin /Applications/Xcode-27.0.0-Release.Candidate.app/Contents/Developer/Platforms/XROS.platform/Developer/usr/lib/swift/host/plugins/libSwiftMacros.dylib\#/Applications/Xcode-27.0.0-Release.Candidate.app/Contents/Developer/Platforms/XROS.platform/Developer/usr/bin/swift-plugin-server\#SwiftMacros -disable-implicit-swift-modules -Xcc -fno-implicit-modules -Xcc -fno-implicit-module-maps -explicit-swift-module-map-file /Users/admin/builder/spi-builder-workspace/.derivedData/Build/Intermediates.noindex/Prephirences.build/Debug-xros/Prephirences-t.build/Objects-normal/arm64/Prephirences-dependencies-1.json -Xllvm -aarch64-use-tbi -enable-objc-interop -stack-check -sdk /Applications/Xcode-27.0.0-Release.Candidate.app/Contents/Developer/Platforms/XROS.platform/Developer/SDKs/XROS27.0.sdk -I /Users/admin/builder/spi-builder-workspace/.derivedData/Build/Products/Debug-xros -Isystem /Applications/Xcode-27.0.0-Release.Candidate.app/Contents/Developer/Platforms/XROS.platform/Developer/usr/lib -F /Users/admin/builder/spi-builder-workspace/.derivedData/Build/Products/Debug-xros -F /Applications/Xcode-27.0.0-Release.Candidate.app/Contents/Developer/Platforms/XROS.platform/Developer/Library/Frameworks -F /Applications/Xcode-27.0.0-Release.Candidate.app/Contents/Developer/Platforms/XROS.platform/Developer/SDKs/XROS27.0.sdk/Developer/Library/Frameworks -module-cache-path /Users/admin/builder/spi-builder-workspace/.derivedData/Build/Intermediates.noindex/SwiftExplicitPrecompiledModules -no-color-diagnostics -Xcc -fno-color-diagnostics -enable-testing -g -debug-info-format\=dwarf -dwarf-version\=4 -profile-generate -profile-coverage-mapping -swift-version 5 -Onone -D SWIFT_PACKAGE -D DEBUG -D SWIFT_MODULE_RESOURCE_BUNDLE_UNAVAILABLE -D Xcode -serialize-debugging-options -enable-experimental-feature DebugDescriptionMacro -empty-abi-descriptor -validate-clang-modules-once -clang-build-session-file /Users/admin/builder/spi-builder-workspace/.derivedData/ModuleCache.noindex/Session.modulevalidation -Xcc -working-directory -Xcc /Users/admin/builder/spi-builder-workspace/.swiftpm/xcode -enable-anonymous-context-mangled-names -file-compilation-dir /Users/admin/builder/spi-builder-workspace/.swiftpm/xcode -Xcc -D_LIBCPP_HARDENING_MODE\=_LIBCPP_HARDENING_MODE_DEBUG -Xcc -ivfsstatcache -Xcc /Users/admin/builder/spi-builder-workspace/.derivedData/SDKStatCaches.noindex/xros27.0-24M361-e829b21a6f8c9b70876ba0858053c044735bd543db762f57723cac368afd1ce4.sdkstatcache -Xcc -fmodules-prune-interval\=86400 -Xcc -fmodules-prune-after\=345600 -Xcc -I/Users/admin/builder/spi-builder-workspace/.derivedData/Build/Products/Debug-xros/include -Xcc -I/Users/admin/builder/spi-builder-workspace/.derivedData/Build/Intermediates.noindex/Prephirences.build/Debug-xros/Prephirences-t.build/DerivedSources-normal/arm64 -Xcc -I/Users/admin/builder/spi-builder-workspace/.derivedData/Build/Intermediates.noindex/Prephirences.build/Debug-xros/Prephirences-t.build/DerivedSources/arm64 -Xcc -I/Users/admin/builder/spi-builder-workspace/.derivedData/Build/Intermediates.noindex/Prephirences.build/Debug-xros/Prephirences-t.build/DerivedSources -Xcc -DSWIFT_PACKAGE -Xcc -DDEBUG\=1 -no-auto-bridging-header-chaining -module-name Prephirences -const-gather-protocols-file /Users/admin/builder/spi-builder-workspace/.derivedData/Build/Intermediates.noindex/Prephirences.build/Debug-xros/Prephirences-t.build/Objects-normal/arm64/Prephirences_const_extract_protocols.json -disable-clang-spi -clang-target arm64-apple-xros27.0 -target-sdk-version 27.0 -target-sdk-name xros27.0 -in-process-plugin-server-path /Applications/Xcode-27.0.0-Release.Candidate.app/Contents/Developer/Toolchains/XcodeDefault.xctoolchain/usr/lib/swift/host/libSwiftInProcPluginServer.dylib -emit-module-doc-path /Users/admin/builder/spi-builder-workspace/.derivedData/Build/Intermediates.noindex/Prephirences.build/Debug-xros/Prephirences-t.build/Objects-normal/arm64/Prephirences.swiftdoc -emit-module-source-info-path /Users/admin/builder/spi-builder-workspace/.derivedData/Build/Intermediates.noindex/Prephirences.build/Debug-xros/Prephirences-t.build/Objects-normal/arm64/Prephirences.swiftsourceinfo -emit-objc-header-path /Users/admin/builder/spi-builder-workspace/.derivedData/Build/Intermediates.noindex/Prephirences.build/Debug-xros/Prephirences-t.build/Objects-normal/arm64/Prephirences-Swift.h -serialize-diagnostics-path /Users/admin/builder/spi-builder-workspace/.derivedData/Build/Intermediates.noindex/Prephirences.build/Debug-xros/Prephirences-t.build/Objects-normal/arm64/Prephirences-primary-emit-module.dia -emit-dependencies-path /Users/admin/builder/spi-builder-workspace/.derivedData/Build/Intermediates.noindex/Prephirences.build/Debug-xros/Prephirences-t.build/Objects-normal/arm64/Prephirences-primary-emit-module.d -parse-as-library -o /Users/admin/builder/spi-builder-workspace/.derivedData/Build/Intermediates.noindex/Prephirences.build/Debug-xros/Prephirences-t.build/Objects-normal/arm64/Prephirences.swiftmodule -emit-abi-descriptor-path /Users/admin/builder/spi-builder-workspace/.derivedData/Build/Intermediates.noindex/Prephirences.build/Debug-xros/Prephirences-t.build/Objects-normal/arm64/Prephirences.abi.json
SwiftCompile normal arm64 (in target 'Prephirences' from project 'Prephirences')
cd /Users/admin/builder/spi-builder-workspace/.swiftpm/xcode
SwiftCompile normal arm64 Compiling\ PreferencesController.swift,\ PreferencesOperators.swift /Users/admin/builder/spi-builder-workspace/Sources/PreferencesController.swift /Users/admin/builder/spi-builder-workspace/Sources/PreferencesOperators.swift (in target 'Prephirences' from project 'Prephirences')
SwiftCompile normal arm64 /Users/admin/builder/spi-builder-workspace/Sources/PreferencesController.swift (in target 'Prephirences' from project 'Prephirences')
cd /Users/admin/builder/spi-builder-workspace/.swiftpm/xcode
builtin-SwiftPerFileCompile PreferencesController.swift
SwiftCompile normal arm64 /Users/admin/builder/spi-builder-workspace/Sources/PreferencesOperators.swift (in target 'Prephirences' from project 'Prephirences')
cd /Users/admin/builder/spi-builder-workspace/.swiftpm/xcode
builtin-SwiftPerFileCompile PreferencesOperators.swift
PruneExplicitPrecompiledModules /Users/admin/builder/spi-builder-workspace/.derivedData/Build/Intermediates.noindex/ExplicitPrecompiledModules
PruneExplicitPrecompiledModules /Users/admin/builder/spi-builder-workspace/.derivedData/Build/Intermediates.noindex/SwiftExplicitPrecompiledModules
PruneExplicitPrecompiledModules /Users/admin/builder/spi-builder-workspace/.derivedData/SDKExplicitPrecompiledModules
2026-09-19 10:47:38.660 xcodebuild[768:4755] [MT] IDERunDestination: Supported platforms for the buildables in the current scheme is empty.
** BUILD FAILED **
The following build commands failed:
SwiftEmitModule normal arm64 Emitting\ module\ for\ Prephirences (in target 'Prephirences' from project 'Prephirences')
SwiftCompile normal arm64 (in target 'Prephirences' from project 'Prephirences')
Building workspace Prephirences with scheme Prephirences
(3 failures)
BUILD FAILURE 6.4 visionOS