Build Information
Failed to build ColorWellKit, reference main (3fa347), with Swift 6.4 for watchOS using Xcode 27.0 on 20 Sep 2026 00:19:24 UTC.
Build Command
env DEVELOPER_DIR=/Applications/Xcode-27.0.0-Release.Candidate.app xcrun xcodebuild -IDEClonedSourcePackagesDirPathOverride=$PWD/.dependencies -skipMacroValidation -skipPackagePluginValidation -derivedDataPath $PWD/.derivedData build -scheme ColorWellKit -destination generic/platform=watchOSBuild Log
========================================
RunAll
========================================
Builder version: 5.1.0
Interrupt handler set up.
========================================
Checkout
========================================
Clone URL: https://github.com/jordanbaird/ColorWellKit.git
Reference: main
Initialized empty Git repository in /Users/admin/builder/spi-builder-workspace/.git/
From https://github.com/jordanbaird/ColorWellKit
* branch main -> FETCH_HEAD
* [new branch] main -> origin/main
HEAD is now at 3fa347b Rework exclusivity lock
Cloned https://github.com/jordanbaird/ColorWellKit.git
Revision (git rev-parse @):
3fa347b87fe935a4e1a3fc728f87d3d25c6f8d52
SPI manifest file found: $PWD/.spi.yml
SUCCESS checkout https://github.com/jordanbaird/ColorWellKit.git at main
========================================
Build
========================================
Selected platform: watchOS
Swift version: 6.4
Building package at path: $PWD
https://github.com/jordanbaird/ColorWellKit.git
Command line invocation:
/Applications/Xcode-27.0.0-Release.Candidate.app/Contents/Developer/usr/bin/xcodebuild -IDEClonedSourcePackagesDirPathOverride=/Users/admin/builder/spi-builder-workspace/.dependencies -resolvePackageDependencies
Resolve Package Graph
Resolve Package Graph
Resolved source packages:
ColorWellKit: /Users/admin/builder/spi-builder-workspace
resolved source packages: ColorWellKit
2026-09-19 20:18:44.177 xcodebuild[562:3069] [MT] IDERunDestination: Supported platforms for the buildables in the current scheme is empty.
{
"dependencies" : [
],
"manifest_display_name" : "ColorWellKit",
"name" : "ColorWellKit",
"path" : "/Users/admin/builder/spi-builder-workspace",
"platforms" : [
{
"name" : "macos",
"version" : "10.13"
}
],
"products" : [
{
"name" : "ColorWellKit",
"targets" : [
"ColorWellKit"
],
"type" : {
"library" : [
"automatic"
]
}
}
],
"targets" : [
{
"c99name" : "ColorWellKitTests",
"module_type" : "SwiftTarget",
"name" : "ColorWellKitTests",
"path" : "Tests/ColorWellKitTests",
"sources" : [
"ColorWellKitTests.swift"
],
"target_dependencies" : [
"ColorWellKit"
],
"type" : "test"
},
{
"c99name" : "ColorWellKit",
"module_type" : "SwiftTarget",
"name" : "ColorWellKit",
"path" : "Sources/ColorWellKit",
"product_memberships" : [
"ColorWellKit"
],
"sources" : [
"Utilities/ColorHelpers.swift",
"Utilities/Extensions.swift",
"Utilities/Geometry.swift",
"Utilities/LocalEventMonitor.swift",
"Utilities/LockedState.swift",
"Utilities/Logging.swift",
"Utilities/ObjectAssociation.swift",
"Utilities/Path.swift",
"Views/Cocoa/CWColorWell.Style.swift",
"Views/Cocoa/CWColorWell.swift",
"Views/Cocoa/CWColorWellBaseControl.swift",
"Views/Cocoa/CWColorWellDelegate.swift",
"Views/Cocoa/CWColorWellLayoutView.swift",
"Views/Cocoa/CWColorWellPopover.swift",
"Views/Cocoa/CWColorWellSegment.swift",
"Views/SwiftUI/Backports.swift",
"Views/SwiftUI/ColorPanelMode.swift",
"Views/SwiftUI/ColorWell.swift",
"Views/SwiftUI/ColorWellRepresentable.swift",
"Views/SwiftUI/ColorWellSecondaryActionDelegate.swift",
"Views/SwiftUI/ColorWellStyle.swift",
"Views/SwiftUI/EnvironmentValues.swift",
"Views/SwiftUI/ViewModifiers.swift"
],
"type" : "library"
}
],
"tools_version" : "5.9"
}
{
"workspace" : {
"name" : "ColorWellKit",
"schemes" : [
"ColorWellKit"
]
}
}
2026-09-19 20:19:16.136 xcodebuild[659:3882] [MT] IDERunDestination: Supported platforms for the buildables in the current scheme is empty.
Running build ...
env DEVELOPER_DIR=/Applications/Xcode-27.0.0-Release.Candidate.app xcrun xcodebuild -IDEClonedSourcePackagesDirPathOverride=$PWD/.dependencies -skipMacroValidation -skipPackagePluginValidation -derivedDataPath $PWD/.derivedData build -scheme ColorWellKit -destination generic/platform=watchOS
Command line invocation:
/Applications/Xcode-27.0.0-Release.Candidate.app/Contents/Developer/usr/bin/xcodebuild -IDEClonedSourcePackagesDirPathOverride=/Users/admin/builder/spi-builder-workspace/.dependencies -skipMacroValidation -skipPackagePluginValidation -derivedDataPath /Users/admin/builder/spi-builder-workspace/.derivedData build -scheme ColorWellKit -destination generic/platform=watchOS
Resolve Package Graph
Resolved source packages:
ColorWellKit: /Users/admin/builder/spi-builder-workspace
ComputePackagePrebuildTargetDependencyGraph
Prepare packages
CreateBuildRequest
SendProjectDescription
CreateBuildOperation
ComputeTargetDependencyGraph
note: Building targets in dependency order
note: Target dependency graph (2 targets)
Target 'ColorWellKit-product' in project 'ColorWellKit'
➜ Explicit dependency on target 'ColorWellKit' in project 'ColorWellKit'
Target 'ColorWellKit' in project 'ColorWellKit' (no dependencies)
GatherProvisioningInputs
CreateBuildDescription
ExecuteExternalTool /Applications/Xcode-27.0.0-Release.Candidate.app/Contents/Developer/Toolchains/XcodeDefault.xctoolchain/usr/bin/clang -v -E -dM -isysroot /Applications/Xcode-27.0.0-Release.Candidate.app/Contents/Developer/Platforms/WatchOS.platform/Developer/SDKs/WatchOS27.0.sdk -x c -c /dev/null
ExecuteExternalTool /Applications/Xcode-27.0.0-Release.Candidate.app/Contents/Developer/Toolchains/XcodeDefault.xctoolchain/usr/bin/swiftc --version
ExecuteExternalTool /Applications/Xcode-27.0.0-Release.Candidate.app/Contents/Developer/Toolchains/XcodeDefault.xctoolchain/usr/bin/ld -version_details
ReadFileContents /Applications/Xcode-27.0.0-Release.Candidate.app/Contents/Developer/Toolchains/XcodeDefault.xctoolchain/usr/share/docc/features.json
Build description signature: ecbfa98b918384dd88e30040b12fb0e9
Build description path: /Users/admin/builder/spi-builder-workspace/.derivedData/Build/Intermediates.noindex/XCBuildData/ecbfa98b918384dd88e30040b12fb0e9.xcbuilddata
CreateBuildDirectory /Users/admin/builder/spi-builder-workspace/.derivedData/ModuleCache.noindex
cd /Users/admin/builder/spi-builder-workspace/.swiftpm/xcode
builtin-create-build-directory /Users/admin/builder/spi-builder-workspace/.derivedData/ModuleCache.noindex
CreateBuildDirectory /Users/admin/builder/spi-builder-workspace/.derivedData/SDKExplicitPrecompiledModules
cd /Users/admin/builder/spi-builder-workspace/.swiftpm/xcode
builtin-create-build-directory /Users/admin/builder/spi-builder-workspace/.derivedData/SDKExplicitPrecompiledModules
CreateBuildDirectory /Users/admin/builder/spi-builder-workspace/.derivedData/CompilationCache.noindex
cd /Users/admin/builder/spi-builder-workspace/.swiftpm/xcode
builtin-create-build-directory /Users/admin/builder/spi-builder-workspace/.derivedData/CompilationCache.noindex
CreateBuildDirectory /Users/admin/builder/spi-builder-workspace/.derivedData/Build/Intermediates.noindex
cd /Users/admin/builder/spi-builder-workspace/.swiftpm/xcode
builtin-create-build-directory /Users/admin/builder/spi-builder-workspace/.derivedData/Build/Intermediates.noindex
CreateBuildDirectory /Users/admin/builder/spi-builder-workspace/.derivedData/Build/Products
cd /Users/admin/builder/spi-builder-workspace/.swiftpm/xcode
builtin-create-build-directory /Users/admin/builder/spi-builder-workspace/.derivedData/Build/Products
ClangStatCache /Applications/Xcode-27.0.0-Release.Candidate.app/Contents/Developer/Toolchains/XcodeDefault.xctoolchain/usr/bin/clang-stat-cache /Applications/Xcode-27.0.0-Release.Candidate.app/Contents/Developer/Platforms/WatchOS.platform/Developer/SDKs/WatchOS27.0.sdk /Users/admin/builder/spi-builder-workspace/.derivedData/SDKStatCaches.noindex/watchos27.0-24R360-e829b21a6f8c9b70876ba0858053c04477534ef55a1706bf4c1112bbb242f0a2.sdkstatcache
cd /Users/admin/builder/spi-builder-workspace/.swiftpm/xcode
/Applications/Xcode-27.0.0-Release.Candidate.app/Contents/Developer/Toolchains/XcodeDefault.xctoolchain/usr/bin/clang-stat-cache /Applications/Xcode-27.0.0-Release.Candidate.app/Contents/Developer/Platforms/WatchOS.platform/Developer/SDKs/WatchOS27.0.sdk -o /Users/admin/builder/spi-builder-workspace/.derivedData/SDKStatCaches.noindex/watchos27.0-24R360-e829b21a6f8c9b70876ba0858053c04477534ef55a1706bf4c1112bbb242f0a2.sdkstatcache
CreateBuildDirectory /Users/admin/builder/spi-builder-workspace/.derivedData/Build/Intermediates.noindex/SwiftExplicitPrecompiledModules
cd /Users/admin/builder/spi-builder-workspace/.swiftpm/xcode
builtin-create-build-directory /Users/admin/builder/spi-builder-workspace/.derivedData/Build/Intermediates.noindex/SwiftExplicitPrecompiledModules
CreateBuildDirectory /Users/admin/builder/spi-builder-workspace/.derivedData/Build/Intermediates.noindex/ExplicitPrecompiledModules
cd /Users/admin/builder/spi-builder-workspace/.swiftpm/xcode
builtin-create-build-directory /Users/admin/builder/spi-builder-workspace/.derivedData/Build/Intermediates.noindex/ExplicitPrecompiledModules
CreateBuildDirectory /Users/admin/builder/spi-builder-workspace/.derivedData/Build/Intermediates.noindex/PrecompiledHeaders
cd /Users/admin/builder/spi-builder-workspace/.swiftpm/xcode
builtin-create-build-directory /Users/admin/builder/spi-builder-workspace/.derivedData/Build/Intermediates.noindex/PrecompiledHeaders
CreateBuildDirectory /Users/admin/builder/spi-builder-workspace/.derivedData/Build/Intermediates.noindex/EagerLinkingTBDs/Debug-watchos
cd /Users/admin/builder/spi-builder-workspace/.swiftpm/xcode
builtin-create-build-directory /Users/admin/builder/spi-builder-workspace/.derivedData/Build/Intermediates.noindex/EagerLinkingTBDs/Debug-watchos
CreateBuildDirectory /Users/admin/builder/spi-builder-workspace/.derivedData/Build/Products/Debug-watchos
cd /Users/admin/builder/spi-builder-workspace/.swiftpm/xcode
builtin-create-build-directory /Users/admin/builder/spi-builder-workspace/.derivedData/Build/Products/Debug-watchos
CreateBuildDirectory /Users/admin/builder/spi-builder-workspace/.derivedData/Build/Products/Debug-watchos/PackageFrameworks
cd /Users/admin/builder/spi-builder-workspace/.swiftpm/xcode
builtin-create-build-directory /Users/admin/builder/spi-builder-workspace/.derivedData/Build/Products/Debug-watchos/PackageFrameworks
WriteAuxiliaryFile /Users/admin/builder/spi-builder-workspace/.derivedData/Build/Intermediates.noindex/ColorWellKit.build/Debug-watchos/ColorWellKit-t.build/Objects-normal/arm64_32/ColorWellKit-OutputFileMap.json (in target 'ColorWellKit' from project 'ColorWellKit')
cd /Users/admin/builder/spi-builder-workspace
write-file /Users/admin/builder/spi-builder-workspace/.derivedData/Build/Intermediates.noindex/ColorWellKit.build/Debug-watchos/ColorWellKit-t.build/Objects-normal/arm64_32/ColorWellKit-OutputFileMap.json
WriteAuxiliaryFile /Users/admin/builder/spi-builder-workspace/.derivedData/Build/Intermediates.noindex/ColorWellKit.build/Debug-watchos/ColorWellKit-t.build/Objects-normal/arm64/ColorWellKit.SwiftConstValuesFileList (in target 'ColorWellKit' from project 'ColorWellKit')
cd /Users/admin/builder/spi-builder-workspace
write-file /Users/admin/builder/spi-builder-workspace/.derivedData/Build/Intermediates.noindex/ColorWellKit.build/Debug-watchos/ColorWellKit-t.build/Objects-normal/arm64/ColorWellKit.SwiftConstValuesFileList
WriteAuxiliaryFile /Users/admin/builder/spi-builder-workspace/.derivedData/Build/Intermediates.noindex/ColorWellKit.build/Debug-watchos/ColorWellKit-t.build/Objects-normal/arm64_32/ColorWellKit.SwiftConstValuesFileList (in target 'ColorWellKit' from project 'ColorWellKit')
cd /Users/admin/builder/spi-builder-workspace
write-file /Users/admin/builder/spi-builder-workspace/.derivedData/Build/Intermediates.noindex/ColorWellKit.build/Debug-watchos/ColorWellKit-t.build/Objects-normal/arm64_32/ColorWellKit.SwiftConstValuesFileList
WriteAuxiliaryFile /Users/admin/builder/spi-builder-workspace/.derivedData/Build/Intermediates.noindex/ColorWellKit.build/Debug-watchos/ColorWellKit-t.build/Objects-normal/arm64_32/ColorWellKit_const_extract_protocols.json (in target 'ColorWellKit' from project 'ColorWellKit')
cd /Users/admin/builder/spi-builder-workspace
write-file /Users/admin/builder/spi-builder-workspace/.derivedData/Build/Intermediates.noindex/ColorWellKit.build/Debug-watchos/ColorWellKit-t.build/Objects-normal/arm64_32/ColorWellKit_const_extract_protocols.json
WriteAuxiliaryFile /Users/admin/builder/spi-builder-workspace/.derivedData/Build/Intermediates.noindex/ColorWellKit.build/Debug-watchos/ColorWellKit-t.build/Objects-normal/arm64/ColorWellKit.LinkFileList (in target 'ColorWellKit' from project 'ColorWellKit')
cd /Users/admin/builder/spi-builder-workspace
write-file /Users/admin/builder/spi-builder-workspace/.derivedData/Build/Intermediates.noindex/ColorWellKit.build/Debug-watchos/ColorWellKit-t.build/Objects-normal/arm64/ColorWellKit.LinkFileList
WriteAuxiliaryFile /Users/admin/builder/spi-builder-workspace/.derivedData/Build/Intermediates.noindex/ColorWellKit.build/Debug-watchos/ColorWellKit-t.build/Objects-normal/arm64/ColorWellKit.SwiftFileList (in target 'ColorWellKit' from project 'ColorWellKit')
cd /Users/admin/builder/spi-builder-workspace
write-file /Users/admin/builder/spi-builder-workspace/.derivedData/Build/Intermediates.noindex/ColorWellKit.build/Debug-watchos/ColorWellKit-t.build/Objects-normal/arm64/ColorWellKit.SwiftFileList
WriteAuxiliaryFile /Users/admin/builder/spi-builder-workspace/.derivedData/Build/Intermediates.noindex/ColorWellKit.build/Debug-watchos/ColorWellKit-t.build/Objects-normal/arm64_32/ColorWellKit.SwiftFileList (in target 'ColorWellKit' from project 'ColorWellKit')
cd /Users/admin/builder/spi-builder-workspace
write-file /Users/admin/builder/spi-builder-workspace/.derivedData/Build/Intermediates.noindex/ColorWellKit.build/Debug-watchos/ColorWellKit-t.build/Objects-normal/arm64_32/ColorWellKit.SwiftFileList
WriteAuxiliaryFile /Users/admin/builder/spi-builder-workspace/.derivedData/Build/Intermediates.noindex/ColorWellKit.build/Debug-watchos/ColorWellKit-t.build/Objects-normal/arm64_32/ColorWellKit.LinkFileList (in target 'ColorWellKit' from project 'ColorWellKit')
cd /Users/admin/builder/spi-builder-workspace
write-file /Users/admin/builder/spi-builder-workspace/.derivedData/Build/Intermediates.noindex/ColorWellKit.build/Debug-watchos/ColorWellKit-t.build/Objects-normal/arm64_32/ColorWellKit.LinkFileList
WriteAuxiliaryFile /Users/admin/builder/spi-builder-workspace/.derivedData/Build/Intermediates.noindex/ColorWellKit.build/Debug-watchos/ColorWellKit-t.build/Objects-normal/arm64/ColorWellKit_const_extract_protocols.json (in target 'ColorWellKit' from project 'ColorWellKit')
cd /Users/admin/builder/spi-builder-workspace
write-file /Users/admin/builder/spi-builder-workspace/.derivedData/Build/Intermediates.noindex/ColorWellKit.build/Debug-watchos/ColorWellKit-t.build/Objects-normal/arm64/ColorWellKit_const_extract_protocols.json
WriteAuxiliaryFile /Users/admin/builder/spi-builder-workspace/.derivedData/Build/Intermediates.noindex/ColorWellKit.build/Debug-watchos/ColorWellKit-t.build/Objects-normal/arm64/ColorWellKit-OutputFileMap.json (in target 'ColorWellKit' from project 'ColorWellKit')
cd /Users/admin/builder/spi-builder-workspace
write-file /Users/admin/builder/spi-builder-workspace/.derivedData/Build/Intermediates.noindex/ColorWellKit.build/Debug-watchos/ColorWellKit-t.build/Objects-normal/arm64/ColorWellKit-OutputFileMap.json
WriteAuxiliaryFile /Users/admin/builder/spi-builder-workspace/.derivedData/Build/Intermediates.noindex/ColorWellKit.build/Debug-watchos/ColorWellKit-t.build/ColorWellKit.modulemap (in target 'ColorWellKit' from project 'ColorWellKit')
cd /Users/admin/builder/spi-builder-workspace
write-file /Users/admin/builder/spi-builder-workspace/.derivedData/Build/Intermediates.noindex/ColorWellKit.build/Debug-watchos/ColorWellKit-t.build/ColorWellKit.modulemap
WriteAuxiliaryFile /Users/admin/builder/spi-builder-workspace/.derivedData/Build/Intermediates.noindex/ColorWellKit.build/Debug-watchos/ColorWellKit-t.build/ColorWellKit.DependencyStaticMetadataFileList (in target 'ColorWellKit' from project 'ColorWellKit')
cd /Users/admin/builder/spi-builder-workspace
write-file /Users/admin/builder/spi-builder-workspace/.derivedData/Build/Intermediates.noindex/ColorWellKit.build/Debug-watchos/ColorWellKit-t.build/ColorWellKit.DependencyStaticMetadataFileList
WriteAuxiliaryFile /Users/admin/builder/spi-builder-workspace/.derivedData/Build/Intermediates.noindex/ColorWellKit.build/Debug-watchos/ColorWellKit-t.build/ColorWellKit.DependencyMetadataFileList (in target 'ColorWellKit' from project 'ColorWellKit')
cd /Users/admin/builder/spi-builder-workspace
write-file /Users/admin/builder/spi-builder-workspace/.derivedData/Build/Intermediates.noindex/ColorWellKit.build/Debug-watchos/ColorWellKit-t.build/ColorWellKit.DependencyMetadataFileList
Copy /Users/admin/builder/spi-builder-workspace/.derivedData/Build/Intermediates.noindex/GeneratedModuleMaps-watchos/ColorWellKit.modulemap /Users/admin/builder/spi-builder-workspace/.derivedData/Build/Intermediates.noindex/ColorWellKit.build/Debug-watchos/ColorWellKit-t.build/ColorWellKit.modulemap (in target 'ColorWellKit' from project 'ColorWellKit')
cd /Users/admin/builder/spi-builder-workspace
builtin-copy -exclude .DS_Store -exclude CVS -exclude .svn -exclude .git -exclude .hg -resolve-src-symlinks /Users/admin/builder/spi-builder-workspace/.derivedData/Build/Intermediates.noindex/ColorWellKit.build/Debug-watchos/ColorWellKit-t.build/ColorWellKit.modulemap /Users/admin/builder/spi-builder-workspace/.derivedData/Build/Intermediates.noindex/GeneratedModuleMaps-watchos
SwiftDriver ColorWellKit normal arm64 com.apple.xcode.tools.swift.compiler (in target 'ColorWellKit' from project 'ColorWellKit')
cd /Users/admin/builder/spi-builder-workspace/.swiftpm/xcode
builtin-SwiftDriver -- /Applications/Xcode-27.0.0-Release.Candidate.app/Contents/Developer/Toolchains/XcodeDefault.xctoolchain/usr/bin/swiftc -parse-as-library -module-name ColorWellKit -Onone @/Users/admin/builder/spi-builder-workspace/.derivedData/Build/Intermediates.noindex/ColorWellKit.build/Debug-watchos/ColorWellKit-t.build/Objects-normal/arm64/ColorWellKit.SwiftFileList -DSWIFT_PACKAGE -DDEBUG -DSWIFT_MODULE_RESOURCE_BUNDLE_UNAVAILABLE -DXcode -plugin-path /Applications/Xcode-27.0.0-Release.Candidate.app/Contents/Developer/Toolchains/XcodeDefault.xctoolchain/usr/lib/swift/host/plugins/testing -enable-experimental-feature DebugDescriptionMacro -sdk /Applications/Xcode-27.0.0-Release.Candidate.app/Contents/Developer/Platforms/WatchOS.platform/Developer/SDKs/WatchOS27.0.sdk -target arm64-apple-watchos9.0 -g -module-cache-path /Users/admin/builder/spi-builder-workspace/.derivedData/ModuleCache.noindex -Xfrontend -serialize-debugging-options -profile-coverage-mapping -profile-generate -enable-testing -index-store-path /Users/admin/builder/spi-builder-workspace/.derivedData/Index.noindex/DataStore -Xcc -D_LIBCPP_HARDENING_MODE\=_LIBCPP_HARDENING_MODE_DEBUG -swift-version 5 -I /Users/admin/builder/spi-builder-workspace/.derivedData/Build/Products/Debug-watchos -Isystem /Applications/Xcode-27.0.0-Release.Candidate.app/Contents/Developer/Platforms/WatchOS.platform/Developer/usr/lib -F /Users/admin/builder/spi-builder-workspace/.derivedData/Build/Products/Debug-watchos -F /Applications/Xcode-27.0.0-Release.Candidate.app/Contents/Developer/Platforms/WatchOS.platform/Developer/Library/Frameworks -F /Applications/Xcode-27.0.0-Release.Candidate.app/Contents/Developer/Platforms/WatchOS.platform/Developer/SDKs/WatchOS27.0.sdk/Developer/Library/Frameworks -c -j10 -enable-batch-mode -incremental -Xcc -ivfsstatcache -Xcc /Users/admin/builder/spi-builder-workspace/.derivedData/SDKStatCaches.noindex/watchos27.0-24R360-e829b21a6f8c9b70876ba0858053c04477534ef55a1706bf4c1112bbb242f0a2.sdkstatcache -output-file-map /Users/admin/builder/spi-builder-workspace/.derivedData/Build/Intermediates.noindex/ColorWellKit.build/Debug-watchos/ColorWellKit-t.build/Objects-normal/arm64/ColorWellKit-OutputFileMap.json -save-temps -no-color-diagnostics -explicit-module-build -module-cache-path /Users/admin/builder/spi-builder-workspace/.derivedData/Build/Intermediates.noindex/SwiftExplicitPrecompiledModules -clang-scanner-module-cache-path /Users/admin/builder/spi-builder-workspace/.derivedData/ModuleCache.noindex -sdk-module-cache-path /Users/admin/builder/spi-builder-workspace/.derivedData/SDKExplicitPrecompiledModules -emit-dependencies -emit-module -emit-module-path /Users/admin/builder/spi-builder-workspace/.derivedData/Build/Intermediates.noindex/ColorWellKit.build/Debug-watchos/ColorWellKit-t.build/Objects-normal/arm64/ColorWellKit.swiftmodule -serialize-diagnostics -dependency-scan-serialize-diagnostics-path /Users/admin/builder/spi-builder-workspace/.derivedData/Build/Intermediates.noindex/ColorWellKit.build/Debug-watchos/ColorWellKit-t.build/Objects-normal/arm64/ColorWellKit-dependency-scan.dia -validate-clang-modules-once -clang-build-session-file /Users/admin/builder/spi-builder-workspace/.derivedData/ModuleCache.noindex/Session.modulevalidation -Xcc -fmodules-prune-interval\=86400 -Xcc -fmodules-prune-after\=345600 -package-name spi_builder_workspace -emit-const-values -const-gather-protocols-list /Users/admin/builder/spi-builder-workspace/.derivedData/Build/Intermediates.noindex/ColorWellKit.build/Debug-watchos/ColorWellKit-t.build/Objects-normal/arm64/ColorWellKit_const_extract_protocols.json -Xcc -I/Users/admin/builder/spi-builder-workspace/.derivedData/Build/Products/Debug-watchos/include -Xcc -I/Users/admin/builder/spi-builder-workspace/.derivedData/Build/Intermediates.noindex/ColorWellKit.build/Debug-watchos/ColorWellKit-t.build/DerivedSources-normal/arm64 -Xcc -I/Users/admin/builder/spi-builder-workspace/.derivedData/Build/Intermediates.noindex/ColorWellKit.build/Debug-watchos/ColorWellKit-t.build/DerivedSources/arm64 -Xcc -I/Users/admin/builder/spi-builder-workspace/.derivedData/Build/Intermediates.noindex/ColorWellKit.build/Debug-watchos/ColorWellKit-t.build/DerivedSources -Xcc -DSWIFT_PACKAGE -Xcc -DDEBUG\=1 -emit-objc-header -emit-objc-header-path /Users/admin/builder/spi-builder-workspace/.derivedData/Build/Intermediates.noindex/ColorWellKit.build/Debug-watchos/ColorWellKit-t.build/Objects-normal/arm64/ColorWellKit-Swift.h -working-directory /Users/admin/builder/spi-builder-workspace/.swiftpm/xcode -experimental-emit-module-separately -disable-cmo
/Users/admin/builder/spi-builder-workspace/Sources/ColorWellKit/Utilities/ColorHelpers.swift:6:8: error: Unable to resolve module dependency: 'AppKit' (in target 'ColorWellKit' from project 'ColorWellKit')
note: A dependency of main module 'ColorWellKit'
/Users/admin/builder/spi-builder-workspace/Sources/ColorWellKit/Utilities/Extensions.swift:6:8: note: Also imported here
/Users/admin/builder/spi-builder-workspace/Sources/ColorWellKit/Utilities/LocalEventMonitor.swift:6:8: note: Also imported here
/Users/admin/builder/spi-builder-workspace/Sources/ColorWellKit/Utilities/Path.swift:6:8: note: Also imported here
/Users/admin/builder/spi-builder-workspace/Sources/ColorWellKit/Views/Cocoa/CWColorWell.swift:6:8: note: Also imported here
/Users/admin/builder/spi-builder-workspace/Sources/ColorWellKit/Views/Cocoa/CWColorWellBaseControl.swift:6:8: note: Also imported here
/Users/admin/builder/spi-builder-workspace/Sources/ColorWellKit/Views/Cocoa/CWColorWellDelegate.swift:6:8: note: Also imported here
/Users/admin/builder/spi-builder-workspace/Sources/ColorWellKit/Views/Cocoa/CWColorWellLayoutView.swift:6:8: note: Also imported here
/Users/admin/builder/spi-builder-workspace/Sources/ColorWellKit/Views/Cocoa/CWColorWellPopover.swift:6:8: note: Also imported here
/Users/admin/builder/spi-builder-workspace/Sources/ColorWellKit/Views/Cocoa/CWColorWellSegment.swift:6:8: note: Also imported here
/Users/admin/builder/spi-builder-workspace/Sources/ColorWellKit/Utilities/ColorHelpers.swift:6:8: note: A dependency of main module 'ColorWellKit'
import AppKit
^ (in target 'ColorWellKit' from project 'ColorWellKit')
/Users/admin/builder/spi-builder-workspace/Sources/ColorWellKit/Utilities/Extensions.swift:6:8: note: Also imported here
import AppKit
^ (in target 'ColorWellKit' from project 'ColorWellKit')
/Users/admin/builder/spi-builder-workspace/Sources/ColorWellKit/Utilities/LocalEventMonitor.swift:6:8: note: Also imported here
import AppKit
^ (in target 'ColorWellKit' from project 'ColorWellKit')
/Users/admin/builder/spi-builder-workspace/Sources/ColorWellKit/Utilities/Path.swift:6:8: note: Also imported here
import AppKit
^ (in target 'ColorWellKit' from project 'ColorWellKit')
/Users/admin/builder/spi-builder-workspace/Sources/ColorWellKit/Views/Cocoa/CWColorWell.swift:6:8: note: Also imported here
import AppKit
^ (in target 'ColorWellKit' from project 'ColorWellKit')
/Users/admin/builder/spi-builder-workspace/Sources/ColorWellKit/Views/Cocoa/CWColorWellBaseControl.swift:6:8: note: Also imported here
import AppKit
^ (in target 'ColorWellKit' from project 'ColorWellKit')
/Users/admin/builder/spi-builder-workspace/Sources/ColorWellKit/Views/Cocoa/CWColorWellDelegate.swift:6:8: note: Also imported here
import AppKit
^ (in target 'ColorWellKit' from project 'ColorWellKit')
/Users/admin/builder/spi-builder-workspace/Sources/ColorWellKit/Views/Cocoa/CWColorWellLayoutView.swift:6:8: note: Also imported here
import AppKit
^ (in target 'ColorWellKit' from project 'ColorWellKit')
/Users/admin/builder/spi-builder-workspace/Sources/ColorWellKit/Views/Cocoa/CWColorWellPopover.swift:6:8: note: Also imported here
import AppKit
^ (in target 'ColorWellKit' from project 'ColorWellKit')
/Users/admin/builder/spi-builder-workspace/Sources/ColorWellKit/Views/Cocoa/CWColorWellSegment.swift:6:8: note: Also imported here
import AppKit
^ (in target 'ColorWellKit' from project 'ColorWellKit')
SwiftDriver ColorWellKit normal arm64_32 com.apple.xcode.tools.swift.compiler (in target 'ColorWellKit' from project 'ColorWellKit')
cd /Users/admin/builder/spi-builder-workspace/.swiftpm/xcode
builtin-SwiftDriver -- /Applications/Xcode-27.0.0-Release.Candidate.app/Contents/Developer/Toolchains/XcodeDefault.xctoolchain/usr/bin/swiftc -parse-as-library -module-name ColorWellKit -Onone @/Users/admin/builder/spi-builder-workspace/.derivedData/Build/Intermediates.noindex/ColorWellKit.build/Debug-watchos/ColorWellKit-t.build/Objects-normal/arm64_32/ColorWellKit.SwiftFileList -DSWIFT_PACKAGE -DDEBUG -DSWIFT_MODULE_RESOURCE_BUNDLE_UNAVAILABLE -DXcode -plugin-path /Applications/Xcode-27.0.0-Release.Candidate.app/Contents/Developer/Toolchains/XcodeDefault.xctoolchain/usr/lib/swift/host/plugins/testing -enable-experimental-feature DebugDescriptionMacro -sdk /Applications/Xcode-27.0.0-Release.Candidate.app/Contents/Developer/Platforms/WatchOS.platform/Developer/SDKs/WatchOS27.0.sdk -target arm64_32-apple-watchos9.0 -g -module-cache-path /Users/admin/builder/spi-builder-workspace/.derivedData/ModuleCache.noindex -Xfrontend -serialize-debugging-options -profile-coverage-mapping -profile-generate -enable-testing -index-store-path /Users/admin/builder/spi-builder-workspace/.derivedData/Index.noindex/DataStore -Xcc -D_LIBCPP_HARDENING_MODE\=_LIBCPP_HARDENING_MODE_DEBUG -swift-version 5 -I /Users/admin/builder/spi-builder-workspace/.derivedData/Build/Products/Debug-watchos -Isystem /Applications/Xcode-27.0.0-Release.Candidate.app/Contents/Developer/Platforms/WatchOS.platform/Developer/usr/lib -F /Users/admin/builder/spi-builder-workspace/.derivedData/Build/Products/Debug-watchos -F /Applications/Xcode-27.0.0-Release.Candidate.app/Contents/Developer/Platforms/WatchOS.platform/Developer/Library/Frameworks -F /Applications/Xcode-27.0.0-Release.Candidate.app/Contents/Developer/Platforms/WatchOS.platform/Developer/SDKs/WatchOS27.0.sdk/Developer/Library/Frameworks -c -j10 -enable-batch-mode -incremental -Xcc -ivfsstatcache -Xcc /Users/admin/builder/spi-builder-workspace/.derivedData/SDKStatCaches.noindex/watchos27.0-24R360-e829b21a6f8c9b70876ba0858053c04477534ef55a1706bf4c1112bbb242f0a2.sdkstatcache -output-file-map /Users/admin/builder/spi-builder-workspace/.derivedData/Build/Intermediates.noindex/ColorWellKit.build/Debug-watchos/ColorWellKit-t.build/Objects-normal/arm64_32/ColorWellKit-OutputFileMap.json -save-temps -no-color-diagnostics -explicit-module-build -module-cache-path /Users/admin/builder/spi-builder-workspace/.derivedData/Build/Intermediates.noindex/SwiftExplicitPrecompiledModules -clang-scanner-module-cache-path /Users/admin/builder/spi-builder-workspace/.derivedData/ModuleCache.noindex -sdk-module-cache-path /Users/admin/builder/spi-builder-workspace/.derivedData/SDKExplicitPrecompiledModules -emit-dependencies -emit-module -emit-module-path /Users/admin/builder/spi-builder-workspace/.derivedData/Build/Intermediates.noindex/ColorWellKit.build/Debug-watchos/ColorWellKit-t.build/Objects-normal/arm64_32/ColorWellKit.swiftmodule -serialize-diagnostics -dependency-scan-serialize-diagnostics-path /Users/admin/builder/spi-builder-workspace/.derivedData/Build/Intermediates.noindex/ColorWellKit.build/Debug-watchos/ColorWellKit-t.build/Objects-normal/arm64_32/ColorWellKit-dependency-scan.dia -validate-clang-modules-once -clang-build-session-file /Users/admin/builder/spi-builder-workspace/.derivedData/ModuleCache.noindex/Session.modulevalidation -Xcc -fmodules-prune-interval\=86400 -Xcc -fmodules-prune-after\=345600 -package-name spi_builder_workspace -emit-const-values -const-gather-protocols-list /Users/admin/builder/spi-builder-workspace/.derivedData/Build/Intermediates.noindex/ColorWellKit.build/Debug-watchos/ColorWellKit-t.build/Objects-normal/arm64_32/ColorWellKit_const_extract_protocols.json -Xcc -I/Users/admin/builder/spi-builder-workspace/.derivedData/Build/Products/Debug-watchos/include -Xcc -I/Users/admin/builder/spi-builder-workspace/.derivedData/Build/Intermediates.noindex/ColorWellKit.build/Debug-watchos/ColorWellKit-t.build/DerivedSources-normal/arm64_32 -Xcc -I/Users/admin/builder/spi-builder-workspace/.derivedData/Build/Intermediates.noindex/ColorWellKit.build/Debug-watchos/ColorWellKit-t.build/DerivedSources/arm64_32 -Xcc -I/Users/admin/builder/spi-builder-workspace/.derivedData/Build/Intermediates.noindex/ColorWellKit.build/Debug-watchos/ColorWellKit-t.build/DerivedSources -Xcc -DSWIFT_PACKAGE -Xcc -DDEBUG\=1 -emit-objc-header -emit-objc-header-path /Users/admin/builder/spi-builder-workspace/.derivedData/Build/Intermediates.noindex/ColorWellKit.build/Debug-watchos/ColorWellKit-t.build/Objects-normal/arm64_32/ColorWellKit-Swift.h -working-directory /Users/admin/builder/spi-builder-workspace/.swiftpm/xcode -experimental-emit-module-separately -disable-cmo
/Users/admin/builder/spi-builder-workspace/Sources/ColorWellKit/Utilities/ColorHelpers.swift:6:8: error: Unable to resolve module dependency: 'AppKit' (in target 'ColorWellKit' from project 'ColorWellKit')
note: A dependency of main module 'ColorWellKit'
/Users/admin/builder/spi-builder-workspace/Sources/ColorWellKit/Utilities/Extensions.swift:6:8: note: Also imported here
/Users/admin/builder/spi-builder-workspace/Sources/ColorWellKit/Utilities/LocalEventMonitor.swift:6:8: note: Also imported here
/Users/admin/builder/spi-builder-workspace/Sources/ColorWellKit/Utilities/Path.swift:6:8: note: Also imported here
/Users/admin/builder/spi-builder-workspace/Sources/ColorWellKit/Views/Cocoa/CWColorWell.swift:6:8: note: Also imported here
/Users/admin/builder/spi-builder-workspace/Sources/ColorWellKit/Views/Cocoa/CWColorWellBaseControl.swift:6:8: note: Also imported here
/Users/admin/builder/spi-builder-workspace/Sources/ColorWellKit/Views/Cocoa/CWColorWellDelegate.swift:6:8: note: Also imported here
/Users/admin/builder/spi-builder-workspace/Sources/ColorWellKit/Views/Cocoa/CWColorWellLayoutView.swift:6:8: note: Also imported here
/Users/admin/builder/spi-builder-workspace/Sources/ColorWellKit/Views/Cocoa/CWColorWellPopover.swift:6:8: note: Also imported here
/Users/admin/builder/spi-builder-workspace/Sources/ColorWellKit/Views/Cocoa/CWColorWellSegment.swift:6:8: note: Also imported here
/Users/admin/builder/spi-builder-workspace/Sources/ColorWellKit/Utilities/ColorHelpers.swift:6:8: note: A dependency of main module 'ColorWellKit'
import AppKit
^ (in target 'ColorWellKit' from project 'ColorWellKit')
/Users/admin/builder/spi-builder-workspace/Sources/ColorWellKit/Utilities/Extensions.swift:6:8: note: Also imported here
import AppKit
^ (in target 'ColorWellKit' from project 'ColorWellKit')
/Users/admin/builder/spi-builder-workspace/Sources/ColorWellKit/Utilities/LocalEventMonitor.swift:6:8: note: Also imported here
import AppKit
^ (in target 'ColorWellKit' from project 'ColorWellKit')
/Users/admin/builder/spi-builder-workspace/Sources/ColorWellKit/Utilities/Path.swift:6:8: note: Also imported here
import AppKit
^ (in target 'ColorWellKit' from project 'ColorWellKit')
/Users/admin/builder/spi-builder-workspace/Sources/ColorWellKit/Views/Cocoa/CWColorWell.swift:6:8: note: Also imported here
import AppKit
^ (in target 'ColorWellKit' from project 'ColorWellKit')
/Users/admin/builder/spi-builder-workspace/Sources/ColorWellKit/Views/Cocoa/CWColorWellBaseControl.swift:6:8: note: Also imported here
import AppKit
^ (in target 'ColorWellKit' from project 'ColorWellKit')
/Users/admin/builder/spi-builder-workspace/Sources/ColorWellKit/Views/Cocoa/CWColorWellDelegate.swift:6:8: note: Also imported here
import AppKit
^ (in target 'ColorWellKit' from project 'ColorWellKit')
/Users/admin/builder/spi-builder-workspace/Sources/ColorWellKit/Views/Cocoa/CWColorWellLayoutView.swift:6:8: note: Also imported here
import AppKit
^ (in target 'ColorWellKit' from project 'ColorWellKit')
/Users/admin/builder/spi-builder-workspace/Sources/ColorWellKit/Views/Cocoa/CWColorWellPopover.swift:6:8: note: Also imported here
import AppKit
^ (in target 'ColorWellKit' from project 'ColorWellKit')
/Users/admin/builder/spi-builder-workspace/Sources/ColorWellKit/Views/Cocoa/CWColorWellSegment.swift:6:8: note: Also imported here
import AppKit
^ (in target 'ColorWellKit' from project 'ColorWellKit')
PruneExplicitPrecompiledModules /Users/admin/builder/spi-builder-workspace/.derivedData/Build/Intermediates.noindex/ExplicitPrecompiledModules
PruneExplicitPrecompiledModules /Users/admin/builder/spi-builder-workspace/.derivedData/Build/Intermediates.noindex/SwiftExplicitPrecompiledModules
PruneExplicitPrecompiledModules /Users/admin/builder/spi-builder-workspace/.derivedData/SDKExplicitPrecompiledModules
2026-09-19 20:19:17.737 xcodebuild[660:3929] [MT] IDERunDestination: Supported platforms for the buildables in the current scheme is empty.
** BUILD FAILED **
The following build commands failed:
SwiftDriver ColorWellKit normal arm64 com.apple.xcode.tools.swift.compiler (in target 'ColorWellKit' from project 'ColorWellKit')
SwiftDriver ColorWellKit normal arm64_32 com.apple.xcode.tools.swift.compiler (in target 'ColorWellKit' from project 'ColorWellKit')
Building workspace ColorWellKit with scheme ColorWellKit
(3 failures)
Command line invocation:
/Applications/Xcode-27.0.0-Release.Candidate.app/Contents/Developer/usr/bin/xcodebuild -IDEClonedSourcePackagesDirPathOverride=/Users/admin/builder/spi-builder-workspace/.dependencies -resolvePackageDependencies
Resolve Package Graph
Resolved source packages:
ColorWellKit: /Users/admin/builder/spi-builder-workspace
resolved source packages: ColorWellKit
2026-09-19 20:19:21.243 xcodebuild[676:4205] [MT] IDERunDestination: Supported platforms for the buildables in the current scheme is empty.
{
"dependencies" : [
],
"manifest_display_name" : "ColorWellKit",
"name" : "ColorWellKit",
"path" : "/Users/admin/builder/spi-builder-workspace",
"platforms" : [
{
"name" : "macos",
"version" : "10.13"
}
],
"products" : [
{
"name" : "ColorWellKit",
"targets" : [
"ColorWellKit"
],
"type" : {
"library" : [
"automatic"
]
}
}
],
"targets" : [
{
"c99name" : "ColorWellKitTests",
"module_type" : "SwiftTarget",
"name" : "ColorWellKitTests",
"path" : "Tests/ColorWellKitTests",
"sources" : [
"ColorWellKitTests.swift"
],
"target_dependencies" : [
"ColorWellKit"
],
"type" : "test"
},
{
"c99name" : "ColorWellKit",
"module_type" : "SwiftTarget",
"name" : "ColorWellKit",
"path" : "Sources/ColorWellKit",
"product_memberships" : [
"ColorWellKit"
],
"sources" : [
"Utilities/ColorHelpers.swift",
"Utilities/Extensions.swift",
"Utilities/Geometry.swift",
"Utilities/LocalEventMonitor.swift",
"Utilities/LockedState.swift",
"Utilities/Logging.swift",
"Utilities/ObjectAssociation.swift",
"Utilities/Path.swift",
"Views/Cocoa/CWColorWell.Style.swift",
"Views/Cocoa/CWColorWell.swift",
"Views/Cocoa/CWColorWellBaseControl.swift",
"Views/Cocoa/CWColorWellDelegate.swift",
"Views/Cocoa/CWColorWellLayoutView.swift",
"Views/Cocoa/CWColorWellPopover.swift",
"Views/Cocoa/CWColorWellSegment.swift",
"Views/SwiftUI/Backports.swift",
"Views/SwiftUI/ColorPanelMode.swift",
"Views/SwiftUI/ColorWell.swift",
"Views/SwiftUI/ColorWellRepresentable.swift",
"Views/SwiftUI/ColorWellSecondaryActionDelegate.swift",
"Views/SwiftUI/ColorWellStyle.swift",
"Views/SwiftUI/EnvironmentValues.swift",
"Views/SwiftUI/ViewModifiers.swift"
],
"type" : "library"
}
],
"tools_version" : "5.9"
}
{
"workspace" : {
"name" : "ColorWellKit",
"schemes" : [
"ColorWellKit"
]
}
}
2026-09-19 20:19:22.593 xcodebuild[704:4432] [MT] IDERunDestination: Supported platforms for the buildables in the current scheme is empty.
Running build ...
env DEVELOPER_DIR=/Applications/Xcode-27.0.0-Release.Candidate.app xcrun xcodebuild -IDEClonedSourcePackagesDirPathOverride=$PWD/.dependencies -skipMacroValidation -skipPackagePluginValidation -derivedDataPath $PWD/.derivedData build -scheme ColorWellKit -destination generic/platform=watchOS
Command line invocation:
/Applications/Xcode-27.0.0-Release.Candidate.app/Contents/Developer/usr/bin/xcodebuild -IDEClonedSourcePackagesDirPathOverride=/Users/admin/builder/spi-builder-workspace/.dependencies -skipMacroValidation -skipPackagePluginValidation -derivedDataPath /Users/admin/builder/spi-builder-workspace/.derivedData build -scheme ColorWellKit -destination generic/platform=watchOS
Resolve Package Graph
Resolved source packages:
ColorWellKit: /Users/admin/builder/spi-builder-workspace
ComputePackagePrebuildTargetDependencyGraph
Prepare packages
CreateBuildRequest
SendProjectDescription
CreateBuildOperation
ComputeTargetDependencyGraph
note: Building targets in dependency order
note: Target dependency graph (2 targets)
Target 'ColorWellKit-product' in project 'ColorWellKit'
➜ Explicit dependency on target 'ColorWellKit' in project 'ColorWellKit'
Target 'ColorWellKit' in project 'ColorWellKit' (no dependencies)
GatherProvisioningInputs
CreateBuildDescription
ClangStatCache /Applications/Xcode-27.0.0-Release.Candidate.app/Contents/Developer/Toolchains/XcodeDefault.xctoolchain/usr/bin/clang-stat-cache /Applications/Xcode-27.0.0-Release.Candidate.app/Contents/Developer/Platforms/WatchOS.platform/Developer/SDKs/WatchOS27.0.sdk /Users/admin/builder/spi-builder-workspace/.derivedData/SDKStatCaches.noindex/watchos27.0-24R360-e829b21a6f8c9b70876ba0858053c04477534ef55a1706bf4c1112bbb242f0a2.sdkstatcache
cd /Users/admin/builder/spi-builder-workspace/.swiftpm/xcode
/Applications/Xcode-27.0.0-Release.Candidate.app/Contents/Developer/Toolchains/XcodeDefault.xctoolchain/usr/bin/clang-stat-cache /Applications/Xcode-27.0.0-Release.Candidate.app/Contents/Developer/Platforms/WatchOS.platform/Developer/SDKs/WatchOS27.0.sdk -o /Users/admin/builder/spi-builder-workspace/.derivedData/SDKStatCaches.noindex/watchos27.0-24R360-e829b21a6f8c9b70876ba0858053c04477534ef55a1706bf4c1112bbb242f0a2.sdkstatcache
SwiftDriver ColorWellKit normal arm64 com.apple.xcode.tools.swift.compiler (in target 'ColorWellKit' from project 'ColorWellKit')
cd /Users/admin/builder/spi-builder-workspace/.swiftpm/xcode
builtin-SwiftDriver -- /Applications/Xcode-27.0.0-Release.Candidate.app/Contents/Developer/Toolchains/XcodeDefault.xctoolchain/usr/bin/swiftc -parse-as-library -module-name ColorWellKit -Onone @/Users/admin/builder/spi-builder-workspace/.derivedData/Build/Intermediates.noindex/ColorWellKit.build/Debug-watchos/ColorWellKit-t.build/Objects-normal/arm64/ColorWellKit.SwiftFileList -DSWIFT_PACKAGE -DDEBUG -DSWIFT_MODULE_RESOURCE_BUNDLE_UNAVAILABLE -DXcode -plugin-path /Applications/Xcode-27.0.0-Release.Candidate.app/Contents/Developer/Toolchains/XcodeDefault.xctoolchain/usr/lib/swift/host/plugins/testing -enable-experimental-feature DebugDescriptionMacro -sdk /Applications/Xcode-27.0.0-Release.Candidate.app/Contents/Developer/Platforms/WatchOS.platform/Developer/SDKs/WatchOS27.0.sdk -target arm64-apple-watchos9.0 -g -module-cache-path /Users/admin/builder/spi-builder-workspace/.derivedData/ModuleCache.noindex -Xfrontend -serialize-debugging-options -profile-coverage-mapping -profile-generate -enable-testing -index-store-path /Users/admin/builder/spi-builder-workspace/.derivedData/Index.noindex/DataStore -Xcc -D_LIBCPP_HARDENING_MODE\=_LIBCPP_HARDENING_MODE_DEBUG -swift-version 5 -I /Users/admin/builder/spi-builder-workspace/.derivedData/Build/Products/Debug-watchos -Isystem /Applications/Xcode-27.0.0-Release.Candidate.app/Contents/Developer/Platforms/WatchOS.platform/Developer/usr/lib -F /Users/admin/builder/spi-builder-workspace/.derivedData/Build/Products/Debug-watchos -F /Applications/Xcode-27.0.0-Release.Candidate.app/Contents/Developer/Platforms/WatchOS.platform/Developer/Library/Frameworks -F /Applications/Xcode-27.0.0-Release.Candidate.app/Contents/Developer/Platforms/WatchOS.platform/Developer/SDKs/WatchOS27.0.sdk/Developer/Library/Frameworks -c -j10 -enable-batch-mode -incremental -Xcc -ivfsstatcache -Xcc /Users/admin/builder/spi-builder-workspace/.derivedData/SDKStatCaches.noindex/watchos27.0-24R360-e829b21a6f8c9b70876ba0858053c04477534ef55a1706bf4c1112bbb242f0a2.sdkstatcache -output-file-map /Users/admin/builder/spi-builder-workspace/.derivedData/Build/Intermediates.noindex/ColorWellKit.build/Debug-watchos/ColorWellKit-t.build/Objects-normal/arm64/ColorWellKit-OutputFileMap.json -save-temps -no-color-diagnostics -explicit-module-build -module-cache-path /Users/admin/builder/spi-builder-workspace/.derivedData/Build/Intermediates.noindex/SwiftExplicitPrecompiledModules -clang-scanner-module-cache-path /Users/admin/builder/spi-builder-workspace/.derivedData/ModuleCache.noindex -sdk-module-cache-path /Users/admin/builder/spi-builder-workspace/.derivedData/SDKExplicitPrecompiledModules -emit-dependencies -emit-module -emit-module-path /Users/admin/builder/spi-builder-workspace/.derivedData/Build/Intermediates.noindex/ColorWellKit.build/Debug-watchos/ColorWellKit-t.build/Objects-normal/arm64/ColorWellKit.swiftmodule -serialize-diagnostics -dependency-scan-serialize-diagnostics-path /Users/admin/builder/spi-builder-workspace/.derivedData/Build/Intermediates.noindex/ColorWellKit.build/Debug-watchos/ColorWellKit-t.build/Objects-normal/arm64/ColorWellKit-dependency-scan.dia -validate-clang-modules-once -clang-build-session-file /Users/admin/builder/spi-builder-workspace/.derivedData/ModuleCache.noindex/Session.modulevalidation -Xcc -fmodules-prune-interval\=86400 -Xcc -fmodules-prune-after\=345600 -package-name spi_builder_workspace -emit-const-values -const-gather-protocols-list /Users/admin/builder/spi-builder-workspace/.derivedData/Build/Intermediates.noindex/ColorWellKit.build/Debug-watchos/ColorWellKit-t.build/Objects-normal/arm64/ColorWellKit_const_extract_protocols.json -Xcc -I/Users/admin/builder/spi-builder-workspace/.derivedData/Build/Products/Debug-watchos/include -Xcc -I/Users/admin/builder/spi-builder-workspace/.derivedData/Build/Intermediates.noindex/ColorWellKit.build/Debug-watchos/ColorWellKit-t.build/DerivedSources-normal/arm64 -Xcc -I/Users/admin/builder/spi-builder-workspace/.derivedData/Build/Intermediates.noindex/ColorWellKit.build/Debug-watchos/ColorWellKit-t.build/DerivedSources/arm64 -Xcc -I/Users/admin/builder/spi-builder-workspace/.derivedData/Build/Intermediates.noindex/ColorWellKit.build/Debug-watchos/ColorWellKit-t.build/DerivedSources -Xcc -DSWIFT_PACKAGE -Xcc -DDEBUG\=1 -emit-objc-header -emit-objc-header-path /Users/admin/builder/spi-builder-workspace/.derivedData/Build/Intermediates.noindex/ColorWellKit.build/Debug-watchos/ColorWellKit-t.build/Objects-normal/arm64/ColorWellKit-Swift.h -working-directory /Users/admin/builder/spi-builder-workspace/.swiftpm/xcode -experimental-emit-module-separately -disable-cmo
/Users/admin/builder/spi-builder-workspace/Sources/ColorWellKit/Utilities/ColorHelpers.swift:6:8: error: Unable to resolve module dependency: 'AppKit' (in target 'ColorWellKit' from project 'ColorWellKit')
note: A dependency of main module 'ColorWellKit'
/Users/admin/builder/spi-builder-workspace/Sources/ColorWellKit/Utilities/Extensions.swift:6:8: note: Also imported here
/Users/admin/builder/spi-builder-workspace/Sources/ColorWellKit/Utilities/LocalEventMonitor.swift:6:8: note: Also imported here
/Users/admin/builder/spi-builder-workspace/Sources/ColorWellKit/Utilities/Path.swift:6:8: note: Also imported here
/Users/admin/builder/spi-builder-workspace/Sources/ColorWellKit/Views/Cocoa/CWColorWell.swift:6:8: note: Also imported here
/Users/admin/builder/spi-builder-workspace/Sources/ColorWellKit/Views/Cocoa/CWColorWellBaseControl.swift:6:8: note: Also imported here
/Users/admin/builder/spi-builder-workspace/Sources/ColorWellKit/Views/Cocoa/CWColorWellDelegate.swift:6:8: note: Also imported here
/Users/admin/builder/spi-builder-workspace/Sources/ColorWellKit/Views/Cocoa/CWColorWellLayoutView.swift:6:8: note: Also imported here
/Users/admin/builder/spi-builder-workspace/Sources/ColorWellKit/Views/Cocoa/CWColorWellPopover.swift:6:8: note: Also imported here
/Users/admin/builder/spi-builder-workspace/Sources/ColorWellKit/Views/Cocoa/CWColorWellSegment.swift:6:8: note: Also imported here
/Users/admin/builder/spi-builder-workspace/Sources/ColorWellKit/Utilities/ColorHelpers.swift:6:8: note: A dependency of main module 'ColorWellKit'
import AppKit
^ (in target 'ColorWellKit' from project 'ColorWellKit')
/Users/admin/builder/spi-builder-workspace/Sources/ColorWellKit/Utilities/Extensions.swift:6:8: note: Also imported here
import AppKit
^ (in target 'ColorWellKit' from project 'ColorWellKit')
/Users/admin/builder/spi-builder-workspace/Sources/ColorWellKit/Utilities/LocalEventMonitor.swift:6:8: note: Also imported here
import AppKit
^ (in target 'ColorWellKit' from project 'ColorWellKit')
/Users/admin/builder/spi-builder-workspace/Sources/ColorWellKit/Utilities/Path.swift:6:8: note: Also imported here
import AppKit
^ (in target 'ColorWellKit' from project 'ColorWellKit')
/Users/admin/builder/spi-builder-workspace/Sources/ColorWellKit/Views/Cocoa/CWColorWell.swift:6:8: note: Also imported here
import AppKit
^ (in target 'ColorWellKit' from project 'ColorWellKit')
/Users/admin/builder/spi-builder-workspace/Sources/ColorWellKit/Views/Cocoa/CWColorWellBaseControl.swift:6:8: note: Also imported here
import AppKit
^ (in target 'ColorWellKit' from project 'ColorWellKit')
/Users/admin/builder/spi-builder-workspace/Sources/ColorWellKit/Views/Cocoa/CWColorWellDelegate.swift:6:8: note: Also imported here
import AppKit
^ (in target 'ColorWellKit' from project 'ColorWellKit')
/Users/admin/builder/spi-builder-workspace/Sources/ColorWellKit/Views/Cocoa/CWColorWellLayoutView.swift:6:8: note: Also imported here
import AppKit
^ (in target 'ColorWellKit' from project 'ColorWellKit')
/Users/admin/builder/spi-builder-workspace/Sources/ColorWellKit/Views/Cocoa/CWColorWellPopover.swift:6:8: note: Also imported here
import AppKit
^ (in target 'ColorWellKit' from project 'ColorWellKit')
/Users/admin/builder/spi-builder-workspace/Sources/ColorWellKit/Views/Cocoa/CWColorWellSegment.swift:6:8: note: Also imported here
import AppKit
^ (in target 'ColorWellKit' from project 'ColorWellKit')
SwiftDriver ColorWellKit normal arm64_32 com.apple.xcode.tools.swift.compiler (in target 'ColorWellKit' from project 'ColorWellKit')
cd /Users/admin/builder/spi-builder-workspace/.swiftpm/xcode
builtin-SwiftDriver -- /Applications/Xcode-27.0.0-Release.Candidate.app/Contents/Developer/Toolchains/XcodeDefault.xctoolchain/usr/bin/swiftc -parse-as-library -module-name ColorWellKit -Onone @/Users/admin/builder/spi-builder-workspace/.derivedData/Build/Intermediates.noindex/ColorWellKit.build/Debug-watchos/ColorWellKit-t.build/Objects-normal/arm64_32/ColorWellKit.SwiftFileList -DSWIFT_PACKAGE -DDEBUG -DSWIFT_MODULE_RESOURCE_BUNDLE_UNAVAILABLE -DXcode -plugin-path /Applications/Xcode-27.0.0-Release.Candidate.app/Contents/Developer/Toolchains/XcodeDefault.xctoolchain/usr/lib/swift/host/plugins/testing -enable-experimental-feature DebugDescriptionMacro -sdk /Applications/Xcode-27.0.0-Release.Candidate.app/Contents/Developer/Platforms/WatchOS.platform/Developer/SDKs/WatchOS27.0.sdk -target arm64_32-apple-watchos9.0 -g -module-cache-path /Users/admin/builder/spi-builder-workspace/.derivedData/ModuleCache.noindex -Xfrontend -serialize-debugging-options -profile-coverage-mapping -profile-generate -enable-testing -index-store-path /Users/admin/builder/spi-builder-workspace/.derivedData/Index.noindex/DataStore -Xcc -D_LIBCPP_HARDENING_MODE\=_LIBCPP_HARDENING_MODE_DEBUG -swift-version 5 -I /Users/admin/builder/spi-builder-workspace/.derivedData/Build/Products/Debug-watchos -Isystem /Applications/Xcode-27.0.0-Release.Candidate.app/Contents/Developer/Platforms/WatchOS.platform/Developer/usr/lib -F /Users/admin/builder/spi-builder-workspace/.derivedData/Build/Products/Debug-watchos -F /Applications/Xcode-27.0.0-Release.Candidate.app/Contents/Developer/Platforms/WatchOS.platform/Developer/Library/Frameworks -F /Applications/Xcode-27.0.0-Release.Candidate.app/Contents/Developer/Platforms/WatchOS.platform/Developer/SDKs/WatchOS27.0.sdk/Developer/Library/Frameworks -c -j10 -enable-batch-mode -incremental -Xcc -ivfsstatcache -Xcc /Users/admin/builder/spi-builder-workspace/.derivedData/SDKStatCaches.noindex/watchos27.0-24R360-e829b21a6f8c9b70876ba0858053c04477534ef55a1706bf4c1112bbb242f0a2.sdkstatcache -output-file-map /Users/admin/builder/spi-builder-workspace/.derivedData/Build/Intermediates.noindex/ColorWellKit.build/Debug-watchos/ColorWellKit-t.build/Objects-normal/arm64_32/ColorWellKit-OutputFileMap.json -save-temps -no-color-diagnostics -explicit-module-build -module-cache-path /Users/admin/builder/spi-builder-workspace/.derivedData/Build/Intermediates.noindex/SwiftExplicitPrecompiledModules -clang-scanner-module-cache-path /Users/admin/builder/spi-builder-workspace/.derivedData/ModuleCache.noindex -sdk-module-cache-path /Users/admin/builder/spi-builder-workspace/.derivedData/SDKExplicitPrecompiledModules -emit-dependencies -emit-module -emit-module-path /Users/admin/builder/spi-builder-workspace/.derivedData/Build/Intermediates.noindex/ColorWellKit.build/Debug-watchos/ColorWellKit-t.build/Objects-normal/arm64_32/ColorWellKit.swiftmodule -serialize-diagnostics -dependency-scan-serialize-diagnostics-path /Users/admin/builder/spi-builder-workspace/.derivedData/Build/Intermediates.noindex/ColorWellKit.build/Debug-watchos/ColorWellKit-t.build/Objects-normal/arm64_32/ColorWellKit-dependency-scan.dia -validate-clang-modules-once -clang-build-session-file /Users/admin/builder/spi-builder-workspace/.derivedData/ModuleCache.noindex/Session.modulevalidation -Xcc -fmodules-prune-interval\=86400 -Xcc -fmodules-prune-after\=345600 -package-name spi_builder_workspace -emit-const-values -const-gather-protocols-list /Users/admin/builder/spi-builder-workspace/.derivedData/Build/Intermediates.noindex/ColorWellKit.build/Debug-watchos/ColorWellKit-t.build/Objects-normal/arm64_32/ColorWellKit_const_extract_protocols.json -Xcc -I/Users/admin/builder/spi-builder-workspace/.derivedData/Build/Products/Debug-watchos/include -Xcc -I/Users/admin/builder/spi-builder-workspace/.derivedData/Build/Intermediates.noindex/ColorWellKit.build/Debug-watchos/ColorWellKit-t.build/DerivedSources-normal/arm64_32 -Xcc -I/Users/admin/builder/spi-builder-workspace/.derivedData/Build/Intermediates.noindex/ColorWellKit.build/Debug-watchos/ColorWellKit-t.build/DerivedSources/arm64_32 -Xcc -I/Users/admin/builder/spi-builder-workspace/.derivedData/Build/Intermediates.noindex/ColorWellKit.build/Debug-watchos/ColorWellKit-t.build/DerivedSources -Xcc -DSWIFT_PACKAGE -Xcc -DDEBUG\=1 -emit-objc-header -emit-objc-header-path /Users/admin/builder/spi-builder-workspace/.derivedData/Build/Intermediates.noindex/ColorWellKit.build/Debug-watchos/ColorWellKit-t.build/Objects-normal/arm64_32/ColorWellKit-Swift.h -working-directory /Users/admin/builder/spi-builder-workspace/.swiftpm/xcode -experimental-emit-module-separately -disable-cmo
/Users/admin/builder/spi-builder-workspace/Sources/ColorWellKit/Utilities/ColorHelpers.swift:6:8: error: Unable to resolve module dependency: 'AppKit' (in target 'ColorWellKit' from project 'ColorWellKit')
note: A dependency of main module 'ColorWellKit'
/Users/admin/builder/spi-builder-workspace/Sources/ColorWellKit/Utilities/Extensions.swift:6:8: note: Also imported here
/Users/admin/builder/spi-builder-workspace/Sources/ColorWellKit/Utilities/LocalEventMonitor.swift:6:8: note: Also imported here
/Users/admin/builder/spi-builder-workspace/Sources/ColorWellKit/Utilities/Path.swift:6:8: note: Also imported here
/Users/admin/builder/spi-builder-workspace/Sources/ColorWellKit/Views/Cocoa/CWColorWell.swift:6:8: note: Also imported here
/Users/admin/builder/spi-builder-workspace/Sources/ColorWellKit/Views/Cocoa/CWColorWellBaseControl.swift:6:8: note: Also imported here
/Users/admin/builder/spi-builder-workspace/Sources/ColorWellKit/Views/Cocoa/CWColorWellDelegate.swift:6:8: note: Also imported here
/Users/admin/builder/spi-builder-workspace/Sources/ColorWellKit/Views/Cocoa/CWColorWellLayoutView.swift:6:8: note: Also imported here
/Users/admin/builder/spi-builder-workspace/Sources/ColorWellKit/Views/Cocoa/CWColorWellPopover.swift:6:8: note: Also imported here
/Users/admin/builder/spi-builder-workspace/Sources/ColorWellKit/Views/Cocoa/CWColorWellSegment.swift:6:8: note: Also imported here
/Users/admin/builder/spi-builder-workspace/Sources/ColorWellKit/Utilities/ColorHelpers.swift:6:8: note: A dependency of main module 'ColorWellKit'
import AppKit
^ (in target 'ColorWellKit' from project 'ColorWellKit')
/Users/admin/builder/spi-builder-workspace/Sources/ColorWellKit/Utilities/Extensions.swift:6:8: note: Also imported here
import AppKit
^ (in target 'ColorWellKit' from project 'ColorWellKit')
/Users/admin/builder/spi-builder-workspace/Sources/ColorWellKit/Utilities/LocalEventMonitor.swift:6:8: note: Also imported here
import AppKit
^ (in target 'ColorWellKit' from project 'ColorWellKit')
/Users/admin/builder/spi-builder-workspace/Sources/ColorWellKit/Utilities/Path.swift:6:8: note: Also imported here
import AppKit
^ (in target 'ColorWellKit' from project 'ColorWellKit')
/Users/admin/builder/spi-builder-workspace/Sources/ColorWellKit/Views/Cocoa/CWColorWell.swift:6:8: note: Also imported here
import AppKit
^ (in target 'ColorWellKit' from project 'ColorWellKit')
/Users/admin/builder/spi-builder-workspace/Sources/ColorWellKit/Views/Cocoa/CWColorWellBaseControl.swift:6:8: note: Also imported here
import AppKit
^ (in target 'ColorWellKit' from project 'ColorWellKit')
/Users/admin/builder/spi-builder-workspace/Sources/ColorWellKit/Views/Cocoa/CWColorWellDelegate.swift:6:8: note: Also imported here
import AppKit
^ (in target 'ColorWellKit' from project 'ColorWellKit')
/Users/admin/builder/spi-builder-workspace/Sources/ColorWellKit/Views/Cocoa/CWColorWellLayoutView.swift:6:8: note: Also imported here
import AppKit
^ (in target 'ColorWellKit' from project 'ColorWellKit')
/Users/admin/builder/spi-builder-workspace/Sources/ColorWellKit/Views/Cocoa/CWColorWellPopover.swift:6:8: note: Also imported here
import AppKit
^ (in target 'ColorWellKit' from project 'ColorWellKit')
/Users/admin/builder/spi-builder-workspace/Sources/ColorWellKit/Views/Cocoa/CWColorWellSegment.swift:6:8: note: Also imported here
import AppKit
^ (in target 'ColorWellKit' from project 'ColorWellKit')
PruneExplicitPrecompiledModules /Users/admin/builder/spi-builder-workspace/.derivedData/Build/Intermediates.noindex/ExplicitPrecompiledModules
PruneExplicitPrecompiledModules /Users/admin/builder/spi-builder-workspace/.derivedData/Build/Intermediates.noindex/SwiftExplicitPrecompiledModules
PruneExplicitPrecompiledModules /Users/admin/builder/spi-builder-workspace/.derivedData/SDKExplicitPrecompiledModules
2026-09-19 20:19:23.584 xcodebuild[716:4516] [MT] IDERunDestination: Supported platforms for the buildables in the current scheme is empty.
** BUILD FAILED **
The following build commands failed:
SwiftDriver ColorWellKit normal arm64 com.apple.xcode.tools.swift.compiler (in target 'ColorWellKit' from project 'ColorWellKit')
SwiftDriver ColorWellKit normal arm64_32 com.apple.xcode.tools.swift.compiler (in target 'ColorWellKit' from project 'ColorWellKit')
Building workspace ColorWellKit with scheme ColorWellKit
(3 failures)
BUILD FAILURE 6.4 watchOS