The Swift Package Index logo.Swift Package Index

Build Information

Failed to build Apic, reference master (0ac166), with Swift 6.4 for Wasm on 15 Sep 2026 21:37:46 UTC.

Build Command

bash -c docker run --pull=always --rm -v "checkouts-54344847-0":/host -w "$PWD" -e JAVA_HOME="/root/.sdkman/candidates/java/current" -e SPI_BUILD="1" -e SPI_PROCESSING="1" registry.gitlab.com/saguaro1/spi-images:wasm-6.4-latest swift build --swift-sdk swift-6.4.x-DEVELOPMENT-SNAPSHOT-2026-09-04-a_wasm 2>&1

Build Log

========================================
RunAll
========================================
Builder version: 5.1.0
Interrupt handler set up.
========================================
Checkout
========================================
Clone URL: https://github.com/JuanjoArreola/Apic.git
Reference: master
Initialized empty Git repository in /host/spi-builder-workspace/.git/
hint: Using 'master' as the name for the initial branch. This default branch name
hint: is subject to change. To configure the initial branch name to use in all
hint: of your new repositories, which will suppress this warning, call:
hint:
hint: 	git config --global init.defaultBranch <name>
hint:
hint: Names commonly chosen instead of 'master' are 'main', 'trunk' and
hint: 'development'. The just-created branch can be renamed via this command:
hint:
hint: 	git branch -m <name>
From https://github.com/JuanjoArreola/Apic
 * branch            master     -> FETCH_HEAD
 * [new branch]      master     -> origin/master
HEAD is now at 0ac166a Added public constructors to ResponseContainer
Cloned https://github.com/JuanjoArreola/Apic.git
Revision (git rev-parse @):
0ac166aace6d08c4d2ec9012b82f0b1b09795978
SUCCESS checkout https://github.com/JuanjoArreola/Apic.git at master
========================================
Build
========================================
Selected platform:         wasm
Swift version:             6.4
Building package at path:  $PWD
https://github.com/JuanjoArreola/Apic.git
Running build ...
bash -c docker run --pull=always --rm -v "checkouts-54344847-0":/host -w "$PWD" -e JAVA_HOME="/root/.sdkman/candidates/java/current" -e SPI_BUILD="1" -e SPI_PROCESSING="1" registry.gitlab.com/saguaro1/spi-images:wasm-6.4-latest swift build --swift-sdk swift-6.4.x-DEVELOPMENT-SNAPSHOT-2026-09-04-a_wasm 2>&1
wasm-6.4-latest: Pulling from saguaro1/spi-images
Digest: sha256:4328fdb43c680d205c1d6761b1e3267aa38277eefdda9ddfb17b6a0f1a77857a
Status: Image is up to date for registry.gitlab.com/saguaro1/spi-images:wasm-6.4-latest
Fetching https://github.com/JuanjoArreola/AsyncRequest.git
[1/137] Fetching asyncrequest
Fetched https://github.com/JuanjoArreola/AsyncRequest.git (0.47s)
Computing version for https://github.com/JuanjoArreola/AsyncRequest.git
Computed https://github.com/JuanjoArreola/AsyncRequest.git at 2.3.0 (1.52s)
Creating working copy for https://github.com/JuanjoArreola/AsyncRequest.git
Working copy of https://github.com/JuanjoArreola/AsyncRequest.git resolved at 2.3.0
Building for debugging...
[Pre-planning 1 / 96]
[22 / 37] Apic
error: SwiftCompile normal wasm32 failed with a nonzero exit code. Command line:     cd /host

/host/spi-builder-workspace/.build/checkouts/AsyncRequest/Sources/Request.swift:23:63: error: cannot find type 'DispatchQueue' in scope
 21 |
 22 |     /// Creates an already falied request, use only on serial queues
 23 |     public static func completed(with error: Error, in queue: DispatchQueue) -> Request<T> {
    |                                                               `- error: cannot find type 'DispatchQueue' in scope
 24 |         let request = Request<T>()
 25 |         queue.async {
/host/spi-builder-workspace/.build/checkouts/AsyncRequest/Sources/Request.swift:32:60: error: cannot find type 'DispatchQueue' in scope
 30 |
 31 |     /// Creates an already successful request, use only on serial queues
 32 |     public static func completed(with object: T, in queue: DispatchQueue) -> Request<T> {
    |                                                            `- error: cannot find type 'DispatchQueue' in scope
 33 |         let request = Request<T>()
 34 |         queue.async {
/host/spi-builder-workspace/.build/checkouts/AsyncRequest/Sources/Request.swift:52:50: error: cannot find type 'DispatchQueue' in scope
 50 |     }
 51 |
 52 |     open func complete(with object: T, in queue: DispatchQueue) {
    |                                                  `- error: cannot find type 'DispatchQueue' in scope
 53 |         queue.async { self.complete(with: object) }
 54 |     }
/host/spi-builder-workspace/.build/checkouts/AsyncRequest/Sources/Request.swift:64:53: error: cannot find type 'DispatchQueue' in scope
 62 |     }
 63 |
 64 |     open func complete(with error: Error, in queue: DispatchQueue) {
    |                                                     `- error: cannot find type 'DispatchQueue' in scope
 65 |         queue.async { self.complete(with: error) }
 66 |     }
/host/spi-builder-workspace/.build/checkouts/AsyncRequest/Sources/RequestHandlers.swift:3:24: error: cannot find type 'DispatchQueue' in scope
 1 | import Foundation
 2 |
 3 | private let syncQueue: DispatchQueue = DispatchQueue(label: "com.request.SyncQueue", attributes: .concurrent)
   |                        `- error: cannot find type 'DispatchQueue' in scope
 4 |
 5 | class RequestHandlers<T> {
/host/spi-builder-workspace/.build/checkouts/AsyncRequest/Sources/RequestHandlers.swift:3:40: error: cannot find 'DispatchQueue' in scope
 1 | import Foundation
 2 |
 3 | private let syncQueue: DispatchQueue = DispatchQueue(label: "com.request.SyncQueue", attributes: .concurrent)
   |                                        `- error: cannot find 'DispatchQueue' in scope
 4 |
 5 | class RequestHandlers<T> {
/host/spi-builder-workspace/.build/checkouts/AsyncRequest/Sources/URLSessionRequest.swift:5:24: error: 'URLSessionTask' is unavailable: This type has moved to the FoundationNetworking module. Import that module to use it.
 3 | open class URLSessionRequest<T>: Request<T> {
 4 |
 5 |     open var dataTask: URLSessionTask?
   |                        `- error: 'URLSessionTask' is unavailable: This type has moved to the FoundationNetworking module. Import that module to use it.
 6 |
 7 |     override open func cancel() {
Foundation.URLSessionTask:2:18: note: 'URLSessionTask' has been explicitly marked unavailable here
1 | @available(*, unavailable, message: "This type has moved to the FoundationNetworking module. Import that module to use it.")
2 | public typealias URLSessionTask = AnyObject
  |                  `- note: 'URLSessionTask' has been explicitly marked unavailable here
Failed frontend command:
/usr/bin/swift-frontend -frontend -emit-module -experimental-skip-non-inlinable-function-bodies-without-types /host/spi-builder-workspace/.build/checkouts/AsyncRequest/Sources/Cancellable.swift /host/spi-builder-workspace/.build/checkouts/AsyncRequest/Sources/GroupRequestHandlers.swift /host/spi-builder-workspace/.build/checkouts/AsyncRequest/Sources/Request.swift /host/spi-builder-workspace/.build/checkouts/AsyncRequest/Sources/RequestError.swift /host/spi-builder-workspace/.build/checkouts/AsyncRequest/Sources/RequestGroup.swift /host/spi-builder-workspace/.build/checkouts/AsyncRequest/Sources/RequestHandlers.swift /host/spi-builder-workspace/.build/checkouts/AsyncRequest/Sources/TimeoutRequest.swift /host/spi-builder-workspace/.build/checkouts/AsyncRequest/Sources/URLSessionRequest.swift /host/spi-builder-workspace/.build/checkouts/AsyncRequest/Sources/UUIDTimeoutRequest.swift -target wasm32-unknown-wasip1 -disable-objc-interop -sdk /root/.swiftpm/swift-sdks/swift-6.4.x-DEVELOPMENT-SNAPSHOT-2026-09-04-a_wasm.artifactbundle/swift-6.4.x-DEVELOPMENT-SNAPSHOT-2026-09-04-a_wasm/wasm32-unknown-wasip1/WASI.sdk -sysroot /root/.swiftpm/swift-sdks/swift-6.4.x-DEVELOPMENT-SNAPSHOT-2026-09-04-a_wasm.artifactbundle/swift-6.4.x-DEVELOPMENT-SNAPSHOT-2026-09-04-a_wasm/wasm32-unknown-wasip1/WASI.sdk -I /host/spi-builder-workspace/.build/out/Products/Debug-webassembly-wasm32 -module-cache-path /host/spi-builder-workspace/.build/out/ModuleCache.noindex -color-diagnostics -Xcc -fcolor-diagnostics -enable-testing -g -debug-info-format\=dwarf -dwarf-version\=4 -suppress-warnings -swift-version 5 -Onone -D SWIFT_PACKAGE -D DEBUG -D SWIFT_MODULE_RESOURCE_BUNDLE_UNAVAILABLE -D Xcode -serialize-debugging-options -enable-experimental-feature DebugDescriptionMacro -empty-abi-descriptor -external-plugin-path /usr/lib/swift/host/plugins/testing\#/usr/bin/swift-plugin-server -validate-clang-modules-once -clang-build-session-file /host/spi-builder-workspace/.build/out/ModuleCache.noindex/Session.modulevalidation -Xcc -working-directory -Xcc /host -resource-dir /root/.swiftpm/swift-sdks/swift-6.4.x-DEVELOPMENT-SNAPSHOT-2026-09-04-a_wasm.artifactbundle/swift-6.4.x-DEVELOPMENT-SNAPSHOT-2026-09-04-a_wasm/wasm32-unknown-wasip1/swift.xctoolchain/usr/lib/swift_static -use-static-resource-dir -enable-anonymous-context-mangled-names -file-compilation-dir /host -Xcc -resource-dir -Xcc /root/.swiftpm/swift-sdks/swift-6.4.x-DEVELOPMENT-SNAPSHOT-2026-09-04-a_wasm.artifactbundle/swift-6.4.x-DEVELOPMENT-SNAPSHOT-2026-09-04-a_wasm/wasm32-unknown-wasip1/swift.xctoolchain/usr/lib/swift_static/clang -Xcc -D_LIBCPP_HARDENING_MODE\=_LIBCPP_HARDENING_MODE_DEBUG -Xcc -fmodules-prune-interval\=86400 -Xcc -fmodules-prune-after\=345600 -Xcc -I/host/spi-builder-workspace/.build/out/Products/Debug-webassembly-wasm32/include -Xcc -I/host/spi-builder-workspace/.build/out/Intermediates.noindex/AsyncRequest.build/Debug-webassembly-wasm32/AsyncRequest-t.build/DerivedSources-normal/wasm32 -Xcc -I/host/spi-builder-workspace/.build/out/Intermediates.noindex/AsyncRequest.build/Debug-webassembly-wasm32/AsyncRequest-t.build/DerivedSources/wasm32 -Xcc -I/host/spi-builder-workspace/.build/out/Intermediates.noindex/AsyncRequest.build/Debug-webassembly-wasm32/AsyncRequest-t.build/DerivedSources -Xcc -DSWIFT_PACKAGE -Xcc -DDEBUG\=1 -no-auto-bridging-header-chaining -module-name AsyncRequest -const-gather-protocols-file /host/spi-builder-workspace/.build/out/Intermediates.noindex/AsyncRequest.build/Debug-webassembly-wasm32/AsyncRequest-t.build/Objects-normal/wasm32/AsyncRequest_const_extract_protocols.json -in-process-plugin-server-path /usr/lib/swift/host/libSwiftInProcPluginServer.so -plugin-path /usr/lib/swift/host/plugins -plugin-path /usr/local/lib/swift/host/plugins -emit-module-doc-path /host/spi-builder-workspace/.build/out/Intermediates.noindex/AsyncRequest.build/Debug-webassembly-wasm32/AsyncRequest-t.build/Objects-normal/wasm32/Modules/AsyncRequest.swiftdoc -emit-module-source-info-path /host/spi-builder-workspace/.build/out/Intermediates.noindex/AsyncRequest.build/Debug-webassembly-wasm32/AsyncRequest-t.build/Objects-normal/wasm32/Modules/AsyncRequest.swiftsourceinfo -emit-objc-header-path /host/spi-builder-workspace/.build/out/Intermediates.noindex/AsyncRequest.build/Debug-webassembly-wasm32/AsyncRequest-t.build/Objects-normal/wasm32/AsyncRequest-Swift.h -serialize-diagnostics-path /host/spi-builder-workspace/.build/out/Intermediates.noindex/AsyncRequest.build/Debug-webassembly-wasm32/AsyncRequest-t.build/Objects-normal/wasm32/AsyncRequest-primary-emit-module.dia -emit-dependencies-path /host/spi-builder-workspace/.build/out/Intermediates.noindex/AsyncRequest.build/Debug-webassembly-wasm32/AsyncRequest-t.build/Objects-normal/wasm32/AsyncRequest-primary-emit-module.d -parse-as-library -o /host/spi-builder-workspace/.build/out/Intermediates.noindex/AsyncRequest.build/Debug-webassembly-wasm32/AsyncRequest-t.build/Objects-normal/wasm32/Modules/AsyncRequest.swiftmodule
error: Build failed
BUILD FAILURE 6.4 wasm