Build Information
Failed to build swift-travis, reference 0.3.0 (970a56), with Swift 6.4 for Android on 17 Sep 2026 01:52:00 UTC.
Build Command
bash -c docker run --pull=always --rm -v "checkouts-54344847-1":/host -w "$PWD" -e JAVA_HOME="/root/.sdkman/candidates/java/current" -e SPI_BUILD="1" -e SPI_PROCESSING="1" registry.gitlab.com/saguaro1/spi-images:android-6.4-latest swift build --swift-sdk aarch64-unknown-linux-android28 2>&1Build Log
========================================
RunAll
========================================
Builder version: 5.1.0
Interrupt handler set up.
========================================
Checkout
========================================
Clone URL: https://github.com/iainsmith/swift-travis.git
Reference: 0.3.0
Initialized empty Git repository in /host/spi-builder-workspace/.git/
hint: Using 'master' as the name for the initial branch. This default branch name
hint: is subject to change. To configure the initial branch name to use in all
hint: of your new repositories, which will suppress this warning, call:
hint:
hint: git config --global init.defaultBranch <name>
hint:
hint: Names commonly chosen instead of 'master' are 'main', 'trunk' and
hint: 'development'. The just-created branch can be renamed via this command:
hint:
hint: git branch -m <name>
From https://github.com/iainsmith/swift-travis
* tag 0.3.0 -> FETCH_HEAD
HEAD is now at 970a562 Add Swift 5 suppoort & migrate to new API
Cloned https://github.com/iainsmith/swift-travis.git
Revision (git rev-parse @):
970a56282aa3c976914d020ce2673d7ced930d60
SUCCESS checkout https://github.com/iainsmith/swift-travis.git at 0.3.0
========================================
Build
========================================
Selected platform: android
Swift version: 6.4
Building package at path: $PWD
https://github.com/iainsmith/swift-travis.git
Running build ...
bash -c docker run --pull=always --rm -v "checkouts-54344847-1":/host -w "$PWD" -e JAVA_HOME="/root/.sdkman/candidates/java/current" -e SPI_BUILD="1" -e SPI_PROCESSING="1" registry.gitlab.com/saguaro1/spi-images:android-6.4-latest swift build --swift-sdk aarch64-unknown-linux-android28 2>&1
android-6.4-latest: Pulling from saguaro1/spi-images
Digest: sha256:abadcff584c273feba50641b454858d377ba30b35ea7287a94f45ebd8afd0ea0
Status: Image is up to date for registry.gitlab.com/saguaro1/spi-images:android-6.4-latest
Fetching https://github.com/iainsmith/async-http-client.git
[1/1124] Fetching async-http-client
Fetched https://github.com/iainsmith/async-http-client.git (0.48s)
Fetching https://github.com/apple/swift-nio-extras.git
Fetching https://github.com/apple/swift-argument-parser
Fetching https://github.com/apple/swift-nio-ssl.git
Fetching https://github.com/apple/swift-nio.git
[1/6672] Fetching swift-nio-extras
[2/22736] Fetching swift-nio-extras, swift-nio-ssl
[8119/41619] Fetching swift-nio-extras, swift-nio-ssl, swift-argument-parser
[41620/127569] Fetching swift-nio-extras, swift-nio-ssl, swift-argument-parser, swift-nio
Fetched https://github.com/apple/swift-argument-parser (1.10s)
[33910/108686] Fetching swift-nio-extras, swift-nio-ssl, swift-nio
Fetched https://github.com/apple/swift-nio-ssl.git (1.10s)
[18705/92622] Fetching swift-nio-extras, swift-nio
Fetched https://github.com/apple/swift-nio-extras.git (2.98s)
Fetched https://github.com/apple/swift-nio.git (3.01s)
Computing version for https://github.com/apple/swift-argument-parser
Computed https://github.com/apple/swift-argument-parser at 0.5.0 (3.22s)
Computing version for https://github.com/apple/swift-nio-extras.git
Computed https://github.com/apple/swift-nio-extras.git at 1.35.1 (1.24s)
Fetching https://github.com/apple/swift-http-structured-headers.git
Fetching https://github.com/apple/swift-certificates.git
Fetching https://github.com/swift-server/swift-service-lifecycle.git
Fetching https://github.com/apple/swift-async-algorithms.git
Fetching https://github.com/apple/swift-log.git
Fetching https://github.com/apple/swift-atomics.git
[1/1253] Fetching swift-http-structured-headers
[916/9344] Fetching swift-http-structured-headers, swift-log
[1578/11219] Fetching swift-http-structured-headers, swift-log, swift-atomics
[2389/14062] Fetching swift-http-structured-headers, swift-log, swift-atomics, swift-service-lifecycle
[3692/21612] Fetching swift-http-structured-headers, swift-log, swift-atomics, swift-service-lifecycle, swift-certificates
[7354/28335] Fetching swift-http-structured-headers, swift-log, swift-atomics, swift-service-lifecycle, swift-certificates, swift-async-algorithms
Fetched https://github.com/apple/swift-atomics.git (0.55s)
[16801/26460] Fetching swift-http-structured-headers, swift-log, swift-service-lifecycle, swift-certificates, swift-async-algorithms
Fetching https://github.com/apple/swift-asn1.git
Fetched https://github.com/swift-server/swift-service-lifecycle.git (0.61s)
[22889/23617] Fetching swift-http-structured-headers, swift-log, swift-certificates, swift-async-algorithms
Fetching https://github.com/apple/swift-algorithms.git
Fetched https://github.com/apple/swift-http-structured-headers.git (0.68s)
Fetched https://github.com/apple/swift-certificates.git (0.68s)
Fetched https://github.com/apple/swift-log.git (0.68s)
Fetching https://github.com/apple/swift-nio-http2.git
Fetching https://github.com/apple/swift-http-types.git
Fetched https://github.com/apple/swift-async-algorithms.git (0.68s)
[1/1983] Fetching swift-asn1
Fetched https://github.com/apple/swift-asn1.git (0.50s)
[1/6140] Fetching swift-algorithms
[2703/8075] Fetching swift-algorithms, swift-http-types
Fetched https://github.com/apple/swift-algorithms.git (0.53s)
Fetched https://github.com/apple/swift-http-types.git (0.47s)
[1/12252] Fetching swift-nio-http2
Fetched https://github.com/apple/swift-nio-http2.git (0.87s)
Computing version for https://github.com/apple/swift-algorithms.git
Computed https://github.com/apple/swift-algorithms.git at 1.2.1 (1.76s)
Fetching https://github.com/apple/swift-numerics.git
[1/6636] Fetching swift-numerics
Fetched https://github.com/apple/swift-numerics.git (1.04s)
Computing version for https://github.com/apple/swift-atomics.git
Computed https://github.com/apple/swift-atomics.git at 1.3.1 (1.21s)
Computing version for https://github.com/apple/swift-numerics.git
Computed https://github.com/apple/swift-numerics.git at 1.1.1 (0.17s)
Computing version for https://github.com/swift-server/swift-service-lifecycle.git
Computed https://github.com/swift-server/swift-service-lifecycle.git at 2.12.0 (0.18s)
Computing version for https://github.com/apple/swift-log.git
Computed https://github.com/apple/swift-log.git at 1.15.1 (0.20s)
Computing version for https://github.com/apple/swift-async-algorithms.git
Computed https://github.com/apple/swift-async-algorithms.git at 1.1.5 (0.22s)
Fetching https://github.com/apple/swift-collections.git
[1/27248] Fetching swift-collections
Fetched https://github.com/apple/swift-collections.git (1.26s)
Computing version for https://github.com/apple/swift-collections.git
Computed https://github.com/apple/swift-collections.git at 1.6.0 (1.55s)
Computing version for https://github.com/apple/swift-http-structured-headers.git
Computed https://github.com/apple/swift-http-structured-headers.git at 1.7.0 (0.18s)
Computing version for https://github.com/apple/swift-http-types.git
Computed https://github.com/apple/swift-http-types.git at 1.8.0 (0.21s)
Computing version for https://github.com/apple/swift-asn1.git
Computed https://github.com/apple/swift-asn1.git at 1.7.2 (0.22s)
Computing version for https://github.com/apple/swift-nio-ssl.git
Computed https://github.com/apple/swift-nio-ssl.git at 2.37.4 (0.23s)
Computing version for https://github.com/apple/swift-nio.git
Computed https://github.com/apple/swift-nio.git at 2.102.0 (0.35s)
Fetching https://github.com/apple/swift-system.git
[1/6898] Fetching swift-system
Fetched https://github.com/apple/swift-system.git (0.63s)
Computing version for https://github.com/apple/swift-certificates.git
Computed https://github.com/apple/swift-certificates.git at 1.20.0 (0.90s)
Fetching https://github.com/apple/swift-crypto.git
[1/18531] Fetching swift-crypto
Fetched https://github.com/apple/swift-crypto.git (1.21s)
Computing version for https://github.com/apple/swift-system.git
Computed https://github.com/apple/swift-system.git at 1.8.1 (1.43s)
Computing version for https://github.com/apple/swift-crypto.git
Computed https://github.com/apple/swift-crypto.git at 4.5.2 (0.28s)
Computing version for https://github.com/apple/swift-nio-http2.git
Computed https://github.com/apple/swift-nio-http2.git at 1.46.0 (0.21s)
Creating working copy for https://github.com/apple/swift-asn1.git
Working copy of https://github.com/apple/swift-asn1.git resolved at 1.7.2
Creating working copy for https://github.com/apple/swift-log.git
Working copy of https://github.com/apple/swift-log.git resolved at 1.15.1
Creating working copy for https://github.com/apple/swift-argument-parser
Working copy of https://github.com/apple/swift-argument-parser resolved at 0.5.0
Creating working copy for https://github.com/apple/swift-collections.git
Working copy of https://github.com/apple/swift-collections.git resolved at 1.6.0
Creating working copy for https://github.com/apple/swift-http-structured-headers.git
Working copy of https://github.com/apple/swift-http-structured-headers.git resolved at 1.7.0
Creating working copy for https://github.com/apple/swift-system.git
Working copy of https://github.com/apple/swift-system.git resolved at 1.8.1
Creating working copy for https://github.com/iainsmith/async-http-client.git
Working copy of https://github.com/iainsmith/async-http-client.git resolved at master (3950c95)
Creating working copy for https://github.com/swift-server/swift-service-lifecycle.git
Working copy of https://github.com/swift-server/swift-service-lifecycle.git resolved at 2.12.0
Creating working copy for https://github.com/apple/swift-nio-extras.git
Working copy of https://github.com/apple/swift-nio-extras.git resolved at 1.35.1
Creating working copy for https://github.com/apple/swift-nio-ssl.git
Working copy of https://github.com/apple/swift-nio-ssl.git resolved at 2.37.4
Creating working copy for https://github.com/apple/swift-certificates.git
Working copy of https://github.com/apple/swift-certificates.git resolved at 1.20.0
Creating working copy for https://github.com/apple/swift-crypto.git
Working copy of https://github.com/apple/swift-crypto.git resolved at 4.5.2
Creating working copy for https://github.com/apple/swift-atomics.git
Working copy of https://github.com/apple/swift-atomics.git resolved at 1.3.1
Creating working copy for https://github.com/apple/swift-async-algorithms.git
Working copy of https://github.com/apple/swift-async-algorithms.git resolved at 1.1.5
Creating working copy for https://github.com/apple/swift-nio-http2.git
Working copy of https://github.com/apple/swift-nio-http2.git resolved at 1.46.0
Creating working copy for https://github.com/apple/swift-http-types.git
Working copy of https://github.com/apple/swift-http-types.git resolved at 1.8.0
Creating working copy for https://github.com/apple/swift-numerics.git
Working copy of https://github.com/apple/swift-numerics.git resolved at 1.1.1
Creating working copy for https://github.com/apple/swift-algorithms.git
Working copy of https://github.com/apple/swift-algorithms.git resolved at 1.2.1
Creating working copy for https://github.com/apple/swift-nio.git
Working copy of https://github.com/apple/swift-nio.git resolved at 2.102.0
Building for debugging...
[Computing dependencies]
[Constructing description]
[Pre-planning 1 / 1193]
[Planning 1020 / 1193]
[Planning deferred tasks]
[Constructing 1777 / 2911]
[189 / 807] AsyncHTTPClient
[221 / 835] InternalCollectionsUtilities
[222 / 843] TravisV3Core
[222 / 843] _NIODataStructures
[233 / 843] NIOConcurrencyHelpers
[235 / 843] InternalCollectionsUtilities
[242 / 843] InternalCollectionsUtilities
[252 / 843] TravisV3Core
[253 / 844] TravisV3Core
[257 / 845] _NIODataStructures
[261 / 845] TravisClient
[262 / 845] NIOConcurrencyHelpers-product
[263 / 845] NIOConcurrencyHelpers-product
[264 / 845] NIOConcurrencyHelpers-product
[266 / 845] InternalCollectionsUtilities
[267 / 845] NIOConcurrencyHelpers
[269 / 845] InternalCollectionsUtilities
[275 / 846] NIOConcurrencyHelpers
[278 / 846]
[282 / 846] CNIOPosix
[287 / 850] ContainersPreview
[288 / 859] TravisClient
[291 / 859] InternalCollectionsUtilities
[304 / 860] CNIOLLHTTP
[309 / 860] CNIOLLHTTP
[313 / 860] InternalCollectionsUtilities
[315 / 860] DequeModule
[318 / 860] CNIOLinux
[322 / 873] ArgumentParserToolInfo
[323 / 873] CNIOExtrasZlib
[330 / 873] CNIOExtrasZlib
[334 / 874] CNIOExtrasZlib
[339 / 875] ContainersPreview
[346 / 875] TravisV3Core
[349 / 876] TravisClient
[353 / 876] TravisV3Core-product
[356 / 876] CNIODarwin
[357 / 876] Atomics
[360 / 876] CNIOBoringSSL
[362 / 876] CNIOBoringSSL
[364 / 876] CNIOBoringSSL
[365 / 877] CNIOBoringSSL
[366 / 877] CNIOBoringSSL
[370 / 877] CNIOBoringSSL
[370 / 877] Atomics
[372 / 877] Atomics
[375 / 877] Atomics
[380 / 877] CNIOBoringSSL
[384 / 877] CNIOBoringSSL
[387 / 877] CNIOBoringSSL
[389 / 877] CNIOBoringSSL
[390 / 878] CNIOBoringSSL
[391 / 878] CNIOBoringSSL
[392 / 878] CNIOBoringSSL
[393 / 878] CNIOBoringSSL
[395 / 878] CNIOBoringSSL
[397 / 878] CNIOBoringSSL
[398 / 878] CNIOBoringSSL
[400 / 878] CNIOBoringSSL
[402 / 878] CNIOBoringSSL
[403 / 878] CNIOBoringSSL
[407 / 878] CNIOBoringSSL
[410 / 878] CNIOBoringSSL
[413 / 878] CNIOBoringSSL
[416 / 878] CNIOBoringSSL
[418 / 878] CNIOBoringSSL
[419 / 878] CNIOBoringSSL
[423 / 878] CNIOBoringSSL
[424 / 878] CNIOBoringSSL
[425 / 878] CNIOBoringSSL
[427 / 878] CNIOBoringSSL
[429 / 878] CNIOBoringSSL
[433 / 878] CNIOBoringSSL
[434 / 878] CNIOBoringSSL
[435 / 878] CNIOBoringSSL
[439 / 878] CNIOBoringSSL
[441 / 878] CNIOBoringSSL
[442 / 878] CNIOBoringSSL
[443 / 878] CNIOBoringSSL
[446 / 878] CNIOBoringSSL
[447 / 878] CNIOBoringSSL
[448 / 878] CNIOBoringSSL
[450 / 878] CNIOBoringSSL
[452 / 878] CNIOBoringSSL
[453 / 878] CNIOBoringSSL
[454 / 878] CNIOBoringSSL
[457 / 878] CNIOBoringSSL
[459 / 878] CNIOBoringSSL
[461 / 878] CNIOBoringSSL
[463 / 878] CNIOBoringSSL
[464 / 878] CNIOBoringSSL
[468 / 878] CNIOBoringSSL
[469 / 878] CNIOBoringSSL
[470 / 878] CNIOBoringSSL
[472 / 878] CNIOBoringSSL
[473 / 878] CNIOBoringSSL
[474 / 878] CNIOBoringSSL
[475 / 878] CNIOBoringSSL
[477 / 878] CNIOBoringSSL
[478 / 878] CNIOBoringSSL
[479 / 878] CNIOBoringSSL
[481 / 878] CNIOBoringSSL
[482 / 878] CNIOBoringSSL
[484 / 878] CNIOBoringSSL
[486 / 878] CNIOBoringSSL
[491 / 878] CNIOBoringSSL
[496 / 878] CNIOBoringSSL
[498 / 878] CNIOBoringSSL
[502 / 878] CNIOBoringSSL
[507 / 878] CNIOBoringSSL
[513 / 878] CNIOBoringSSL
[515 / 878] CNIOBoringSSL
[520 / 878] CNIOBoringSSL
[522 / 878] CNIOBoringSSL
[523 / 878] CNIOBoringSSL
[525 / 878] CNIOBoringSSL
[526 / 878] CNIOBoringSSL
[529 / 878] CNIOBoringSSL
[530 / 878] CNIOBoringSSL
[532 / 878] CNIOBoringSSL
[533 / 878] CNIOBoringSSL
[536 / 878] CNIOBoringSSL
[537 / 878] CNIOBoringSSL
[539 / 878] CNIOBoringSSL
[540 / 878] CNIOBoringSSL
[543 / 878] CNIOBoringSSL
[545 / 878] CNIOBoringSSL
[547 / 878] CNIOBoringSSL
[549 / 878] CNIOBoringSSL
[550 / 878] CNIOBoringSSL
[552 / 878] CNIOBoringSSL
[554 / 878] CNIOBoringSSL
[555 / 878] CNIOBoringSSL
[557 / 878] CNIOBoringSSL
[560 / 878] CNIOBoringSSL
[563 / 878] CNIOBoringSSL
[564 / 878] CNIOBoringSSL
[565 / 878] CNIOBoringSSL
[566 / 878] CNIOBoringSSL
[569 / 878] CNIOBoringSSL
[572 / 878] CNIOBoringSSL
[576 / 878] CNIOBoringSSL
[580 / 878] CNIOBoringSSL
[582 / 878] CNIOBoringSSL
[583 / 878] CNIOBoringSSL
[585 / 878] CNIOBoringSSL
[586 / 878] CNIOBoringSSL
[592 / 878] CNIOBoringSSL
[594 / 878] CNIOBoringSSL
[595 / 878] CNIOBoringSSL
[596 / 878] CNIOBoringSSL
[599 / 878] CNIOBoringSSL
[600 / 878] CNIOBoringSSL
[602 / 878] CNIOBoringSSL
[605 / 878] CNIOBoringSSL
[609 / 878] CNIOBoringSSL
[614 / 878] CNIOBoringSSL
[619 / 878] CNIOBoringSSL
[621 / 878] CNIOBoringSSL
[625 / 878] CNIOBoringSSL
[630 / 878] CNIOBoringSSL
[631 / 878] CNIOBoringSSL
[636 / 878] CNIOBoringSSL
[639 / 878] CNIOBoringSSL
[640 / 878] CNIOBoringSSL
[641 / 878] CNIOBoringSSL
[643 / 878] CNIOBoringSSL
[645 / 878] CNIOBoringSSL
[646 / 878] CNIOBoringSSL
[647 / 878] CNIOBoringSSL
[649 / 878] CNIOBoringSSL
[651 / 878] CNIOBoringSSL
[653 / 878] CNIOBoringSSL
[655 / 878] CNIOBoringSSL
[656 / 878] CNIOBoringSSL
[657 / 878] CNIOBoringSSL
[660 / 878] CNIOBoringSSL
[663 / 878] CNIOBoringSSL
[664 / 878] CNIOBoringSSL
[666 / 878] CNIOBoringSSL
[667 / 878] CNIOBoringSSL
[670 / 878] CNIOBoringSSL
[671 / 878] CNIOBoringSSL
[673 / 878] CNIOBoringSSL
[676 / 878] CNIOBoringSSL
[677 / 878] CNIOBoringSSL
[679 / 878] CNIOBoringSSL
[682 / 878] CNIOBoringSSL
[683 / 878] CNIOBoringSSL
[687 / 878] CNIOBoringSSL
[693 / 878] CNIOBoringSSL
[700 / 878] CNIOBoringSSL
[702 / 878] CNIOBoringSSL
[703 / 878] CNIOBoringSSL
[707 / 878] CNIOBoringSSL
[710 / 878] CNIOBoringSSL
[713 / 878] CNIOBoringSSL
[714 / 878] CNIOBoringSSL
[716 / 878] CNIOBoringSSL
[718 / 878] CNIOBoringSSL
[719 / 878] CNIOBoringSSL
[725 / 878] CNIOBoringSSL
[728 / 878] CNIOBoringSSL
[732 / 878] CNIOBoringSSL
[736 / 878] CNIOBoringSSL
[741 / 878] CNIOBoringSSL
[745 / 878] CNIOBoringSSL
[748 / 878] CNIOBoringSSL
[749 / 878] CNIOBoringSSL
[751 / 878] CNIOBoringSSL
[753 / 878] CNIOBoringSSL
[755 / 878] CNIOBoringSSL
[757 / 878] CNIOBoringSSL
[759 / 878] CNIOBoringSSL
[760 / 878] CNIOBoringSSL
[763 / 878] CNIOAtomics
[764 / 878] TravisClient-product
[765 / 878] Atomics
[769 / 878] ArgumentParserToolInfo
[771 / 878] ContainersPreview
[773 / 880] DequeModule
[778 / 898] DequeModule
[779 / 898] DequeModule
error: SwiftCompile normal aarch64 failed with a nonzero exit code. Command line: cd /host
/host/spi-builder-workspace/.build/checkouts/swift-argument-parser/Sources/ArgumentParser/Parsable Properties/Errors.swift:61:40: [1;31merror: [1;39mcannot find 'EXIT_SUCCESS' in scope[0;0m
[0;36m59 |[0;0m
[0;36m60 |[0;0m /// An exit code that indicates successful completion of a command.
[0;36m61 |[0;0m public static let success = ExitCode([4;39mEXIT_SUCCESS[0;0m)
[0;36m|[0;0m `- [1;31merror: [1;39mcannot find 'EXIT_SUCCESS' in scope[0;0m
[0;36m62 |[0;0m
[0;36m63 |[0;0m /// An exit code that indicates that the command failed.
/host/spi-builder-workspace/.build/checkouts/swift-argument-parser/Sources/ArgumentParser/Parsable Properties/Errors.swift:64:40: [1;31merror: [1;39mcannot find 'EXIT_FAILURE' in scope[0;0m
[0;36m62 |[0;0m
[0;36m63 |[0;0m /// An exit code that indicates that the command failed.
[0;36m64 |[0;0m public static let failure = ExitCode([4;39mEXIT_FAILURE[0;0m)
[0;36m|[0;0m `- [1;31merror: [1;39mcannot find 'EXIT_FAILURE' in scope[0;0m
[0;36m65 |[0;0m
[0;36m66 |[0;0m /// An exit code that indicates that the user provided invalid input.
/host/spi-builder-workspace/.build/checkouts/swift-argument-parser/Sources/ArgumentParser/Parsable Properties/Errors.swift:70:50: [1;31merror: [1;39mcannot find 'EX_USAGE' in scope[0;0m
[0;36m68 |[0;0m public static let validationFailure = ExitCode(ERROR_BAD_ARGUMENTS)
[0;36m69 |[0;0m #else
[0;36m70 |[0;0m public static let validationFailure = ExitCode([4;39mEX_USAGE[0;0m)
[0;36m|[0;0m `- [1;31merror: [1;39mcannot find 'EX_USAGE' in scope[0;0m
[0;36m71 |[0;0m #endif
[0;36m72 |[0;0m
Failed frontend command:
/root/.local/share/swiftly/toolchains/6.4.x-snapshot-2026-09-04/usr/bin/swift-frontend -frontend -emit-module -experimental-skip-non-inlinable-function-bodies-without-types /host/spi-builder-workspace/.build/checkouts/swift-argument-parser/Sources/ArgumentParser/Completions/BashCompletionsGenerator.swift /host/spi-builder-workspace/.build/checkouts/swift-argument-parser/Sources/ArgumentParser/Completions/CompletionsGenerator.swift /host/spi-builder-workspace/.build/checkouts/swift-argument-parser/Sources/ArgumentParser/Completions/FishCompletionsGenerator.swift /host/spi-builder-workspace/.build/checkouts/swift-argument-parser/Sources/ArgumentParser/Completions/ZshCompletionsGenerator.swift /host/spi-builder-workspace/.build/checkouts/swift-argument-parser/Sources/ArgumentParser/Parsable\ Properties/Argument.swift /host/spi-builder-workspace/.build/checkouts/swift-argument-parser/Sources/ArgumentParser/Parsable\ Properties/ArgumentHelp.swift /host/spi-builder-workspace/.build/checkouts/swift-argument-parser/Sources/ArgumentParser/Parsable\ Properties/CompletionKind.swift /host/spi-builder-workspace/.build/checkouts/swift-argument-parser/Sources/ArgumentParser/Parsable\ Properties/Errors.swift /host/spi-builder-workspace/.build/checkouts/swift-argument-parser/Sources/ArgumentParser/Parsable\ Properties/Flag.swift /host/spi-builder-workspace/.build/checkouts/swift-argument-parser/Sources/ArgumentParser/Parsable\ Properties/NameSpecification.swift /host/spi-builder-workspace/.build/checkouts/swift-argument-parser/Sources/ArgumentParser/Parsable\ Properties/Option.swift /host/spi-builder-workspace/.build/checkouts/swift-argument-parser/Sources/ArgumentParser/Parsable\ Properties/OptionGroup.swift /host/spi-builder-workspace/.build/checkouts/swift-argument-parser/Sources/ArgumentParser/Parsable\ Types/CommandConfiguration.swift /host/spi-builder-workspace/.build/checkouts/swift-argument-parser/Sources/ArgumentParser/Parsable\ Types/EnumerableFlag.swift /host/spi-builder-workspace/.build/checkouts/swift-argument-parser/Sources/ArgumentParser/Parsable\ Types/ExpressibleByArgument.swift /host/spi-builder-workspace/.build/checkouts/swift-argument-parser/Sources/ArgumentParser/Parsable\ Types/ParsableArguments.swift /host/spi-builder-workspace/.build/checkouts/swift-argument-parser/Sources/ArgumentParser/Parsable\ Types/ParsableArgumentsValidation.swift /host/spi-builder-workspace/.build/checkouts/swift-argument-parser/Sources/ArgumentParser/Parsable\ Types/ParsableCommand.swift /host/spi-builder-workspace/.build/checkouts/swift-argument-parser/Sources/ArgumentParser/Parsing/ArgumentDecoder.swift /host/spi-builder-workspace/.build/checkouts/swift-argument-parser/Sources/ArgumentParser/Parsing/ArgumentDefinition.swift /host/spi-builder-workspace/.build/checkouts/swift-argument-parser/Sources/ArgumentParser/Parsing/ArgumentSet.swift /host/spi-builder-workspace/.build/checkouts/swift-argument-parser/Sources/ArgumentParser/Parsing/CommandParser.swift /host/spi-builder-workspace/.build/checkouts/swift-argument-parser/Sources/ArgumentParser/Parsing/InputOrigin.swift /host/spi-builder-workspace/.build/checkouts/swift-argument-parser/Sources/ArgumentParser/Parsing/Name.swift /host/spi-builder-workspace/.build/checkouts/swift-argument-parser/Sources/ArgumentParser/Parsing/Parsed.swift /host/spi-builder-workspace/.build/checkouts/swift-argument-parser/Sources/ArgumentParser/Parsing/ParsedValues.swift /host/spi-builder-workspace/.build/checkouts/swift-argument-parser/Sources/ArgumentParser/Parsing/ParserError.swift /host/spi-builder-workspace/.build/checkouts/swift-argument-parser/Sources/ArgumentParser/Parsing/SplitArguments.swift /host/spi-builder-workspace/.build/checkouts/swift-argument-parser/Sources/ArgumentParser/Usage/DumpHelpGenerator.swift /host/spi-builder-workspace/.build/checkouts/swift-argument-parser/Sources/ArgumentParser/Usage/HelpCommand.swift /host/spi-builder-workspace/.build/checkouts/swift-argument-parser/Sources/ArgumentParser/Usage/HelpGenerator.swift /host/spi-builder-workspace/.build/checkouts/swift-argument-parser/Sources/ArgumentParser/Usage/MessageInfo.swift /host/spi-builder-workspace/.build/checkouts/swift-argument-parser/Sources/ArgumentParser/Usage/UsageGenerator.swift /host/spi-builder-workspace/.build/checkouts/swift-argument-parser/Sources/ArgumentParser/Utilities/CollectionExtensions.swift /host/spi-builder-workspace/.build/checkouts/swift-argument-parser/Sources/ArgumentParser/Utilities/SequenceExtensions.swift /host/spi-builder-workspace/.build/checkouts/swift-argument-parser/Sources/ArgumentParser/Utilities/StringExtensions.swift /host/spi-builder-workspace/.build/checkouts/swift-argument-parser/Sources/ArgumentParser/Utilities/Tree.swift -target aarch64-unknown-linux-android28 -Xllvm -aarch64-use-tbi -disable-objc-interop -sdk /android-ndk/android-ndk-r27d/toolchains/llvm/prebuilt/linux-x86_64/sysroot -sysroot /android-ndk/android-ndk-r27d/toolchains/llvm/prebuilt/linux-x86_64/sysroot -I /host/spi-builder-workspace/.build/out/Products/Debug-android-aarch64 -module-cache-path /host/spi-builder-workspace/.build/out/ModuleCache.noindex -color-diagnostics -Xcc -fcolor-diagnostics -enable-testing -g -debug-info-format\=dwarf -dwarf-version\=4 -suppress-warnings -swift-version 5 -Onone -D SWIFT_PACKAGE -D DEBUG -D SWIFT_MODULE_RESOURCE_BUNDLE_UNAVAILABLE -D Xcode -serialize-debugging-options -enable-experimental-feature DebugDescriptionMacro -empty-abi-descriptor -external-plugin-path /root/.local/share/swiftly/toolchains/6.4.x-snapshot-2026-09-04/usr/lib/swift/host/plugins/testing\#/root/.local/share/swiftly/toolchains/6.4.x-snapshot-2026-09-04/usr/bin/swift-plugin-server -validate-clang-modules-once -clang-build-session-file /host/spi-builder-workspace/.build/out/ModuleCache.noindex/Session.modulevalidation -Xcc -working-directory -Xcc /host -resource-dir /root/.swiftpm/swift-sdks/swift-6.4.x-DEVELOPMENT-SNAPSHOT-2026-09-04-a_android.artifactbundle/swift-android/swift-resources/usr/lib/swift-aarch64 -enable-anonymous-context-mangled-names -file-compilation-dir /host -Xcc -resource-dir -Xcc /android-ndk/android-ndk-r27d/toolchains/llvm/prebuilt/linux-x86_64/lib/clang/18 -Xcc -fno-omit-frame-pointer -Xcc -D_LIBCPP_HARDENING_MODE\=_LIBCPP_HARDENING_MODE_DEBUG -Xcc -fmodules-prune-interval\=86400 -Xcc -fmodules-prune-after\=345600 -Xcc -I/host/spi-builder-workspace/.build/out/Products/Debug-android-aarch64/include -Xcc -I/host/spi-builder-workspace/.build/out/Intermediates.noindex/swift-argument-parser.build/Debug-android-aarch64/ArgumentParser-t.build/DerivedSources-normal/aarch64 -Xcc -I/host/spi-builder-workspace/.build/out/Intermediates.noindex/swift-argument-parser.build/Debug-android-aarch64/ArgumentParser-t.build/DerivedSources/aarch64 -Xcc -I/host/spi-builder-workspace/.build/out/Intermediates.noindex/swift-argument-parser.build/Debug-android-aarch64/ArgumentParser-t.build/DerivedSources -Xcc -DSWIFT_PACKAGE -Xcc -DDEBUG\=1 -no-auto-bridging-header-chaining -module-name ArgumentParser -const-gather-protocols-file /host/spi-builder-workspace/.build/out/Intermediates.noindex/swift-argument-parser.build/Debug-android-aarch64/ArgumentParser-t.build/Objects-normal/aarch64/ArgumentParser_const_extract_protocols.json -in-process-plugin-server-path /root/.local/share/swiftly/toolchains/6.4.x-snapshot-2026-09-04/usr/lib/swift/host/libSwiftInProcPluginServer.so -plugin-path /root/.local/share/swiftly/toolchains/6.4.x-snapshot-2026-09-04/usr/lib/swift/host/plugins -plugin-path /root/.local/share/swiftly/toolchains/6.4.x-snapshot-2026-09-04/usr/local/lib/swift/host/plugins -emit-module-doc-path /host/spi-builder-workspace/.build/out/Intermediates.noindex/swift-argument-parser.build/Debug-android-aarch64/ArgumentParser-t.build/Objects-normal/aarch64/Modules/ArgumentParser.swiftdoc -emit-module-source-info-path /host/spi-builder-workspace/.build/out/Intermediates.noindex/swift-argument-parser.build/Debug-android-aarch64/ArgumentParser-t.build/Objects-normal/aarch64/Modules/ArgumentParser.swiftsourceinfo -emit-objc-header-path /host/spi-builder-workspace/.build/out/Intermediates.noindex/swift-argument-parser.build/Debug-android-aarch64/ArgumentParser-t.build/Objects-normal/aarch64/ArgumentParser-Swift.h -serialize-diagnostics-path /host/spi-builder-workspace/.build/out/Intermediates.noindex/swift-argument-parser.build/Debug-android-aarch64/ArgumentParser-t.build/Objects-normal/aarch64/ArgumentParser-primary-emit-module.dia -emit-dependencies-path /host/spi-builder-workspace/.build/out/Intermediates.noindex/swift-argument-parser.build/Debug-android-aarch64/ArgumentParser-t.build/Objects-normal/aarch64/ArgumentParser-primary-emit-module.d -parse-as-library -o /host/spi-builder-workspace/.build/out/Intermediates.noindex/swift-argument-parser.build/Debug-android-aarch64/ArgumentParser-t.build/Objects-normal/aarch64/Modules/ArgumentParser.swiftmodule
error: Build failed
BUILD FAILURE 6.4 android