Build Information
Failed to build libwebp, reference v1.4.1 (5f745a), with Swift 6.2 for Wasm on 4 Sep 2026 16:25:46 UTC.
Build Command
bash -c docker run --pull=always --rm -v "checkouts-53886770-0":/host -w "$PWD" -e JAVA_HOME="/root/.sdkman/candidates/java/current" -e SPI_BUILD="1" -e SPI_PROCESSING="1" registry.gitlab.com/saguaro1/spi-images:wasm-6.2-latest swift build --swift-sdk swift-6.2-RELEASE_wasm 2>&1Build Log
========================================
RunAll
========================================
Builder version: 5.0.2
Interrupt handler set up.
========================================
Checkout
========================================
Clone URL: https://github.com/the-swift-collective/libwebp.git
Reference: v1.4.1
Initialized empty Git repository in /host/spi-builder-workspace/.git/
hint: Using 'master' as the name for the initial branch. This default branch name
hint: is subject to change. To configure the initial branch name to use in all
hint: of your new repositories, which will suppress this warning, call:
hint:
hint: git config --global init.defaultBranch <name>
hint:
hint: Names commonly chosen instead of 'master' are 'main', 'trunk' and
hint: 'development'. The just-created branch can be renamed via this command:
hint:
hint: git branch -m <name>
From https://github.com/the-swift-collective/libwebp
* tag v1.4.1 -> FETCH_HEAD
HEAD is now at 5f745a1 Add other webp imports to fix tests.
Submodule path 'libwebp': checked out '1344795cd5659d7526feee789be0991ba1e229fe'
Submodule 'libwebp' (https://github.com/the-swift-collective/LibWebPC.git) registered for path 'libwebp'
Cloning into '/host/spi-builder-workspace/libwebp'...
Cloned https://github.com/the-swift-collective/libwebp.git
Revision (git rev-parse @):
5f745a17b9a5c2a4283f17c2cde4517610ab5f99
SUCCESS checkout https://github.com/the-swift-collective/libwebp.git at v1.4.1
========================================
Build
========================================
Selected platform: wasm
Swift version: 6.2
Building package at path: $PWD
https://github.com/the-swift-collective/libwebp.git
Running build ...
bash -c docker run --pull=always --rm -v "checkouts-53886770-0":/host -w "$PWD" -e JAVA_HOME="/root/.sdkman/candidates/java/current" -e SPI_BUILD="1" -e SPI_PROCESSING="1" registry.gitlab.com/saguaro1/spi-images:wasm-6.2-latest swift build --swift-sdk swift-6.2-RELEASE_wasm 2>&1
wasm-6.2-latest: Pulling from saguaro1/spi-images
Digest: sha256:70428a4f4110aef5b17a27427e965f31cf3855e8cf1dfdc416ed61c780337965
Status: Image is up to date for registry.gitlab.com/saguaro1/spi-images:wasm-6.2-latest
Fetching https://github.com/the-swift-collective/libpng.git
[1/30] Fetching libpng
Fetched https://github.com/the-swift-collective/libpng.git from cache (0.42s)
Computing version for https://github.com/the-swift-collective/libpng.git
Computed https://github.com/the-swift-collective/libpng.git at 1.6.45 (0.59s)
Fetching https://github.com/the-swift-collective/zlib.git
[1/71] Fetching zlib
Fetched https://github.com/the-swift-collective/zlib.git from cache (0.46s)
Computing version for https://github.com/the-swift-collective/zlib.git
Computed https://github.com/the-swift-collective/zlib.git at 1.3.2 (0.64s)
Creating working copy for https://github.com/the-swift-collective/zlib.git
Working copy of https://github.com/the-swift-collective/zlib.git resolved at 1.3.2
Creating working copy for https://github.com/the-swift-collective/libpng.git
Working copy of https://github.com/the-swift-collective/libpng.git resolved at 1.6.45
Building for debugging...
[0/180] Compiling sharpyuv_neon.c
[1/180] Compiling sharpyuv_sse2.c
[2/180] Compiling jpegdec.c
[3/180] Compiling sharpyuv_dsp.c
[4/180] Compiling imageio_util.c
[5/180] Compiling sharpyuv_cpu.c
[6/180] Compiling sharpyuv_gamma.c
[7/180] Compiling sharpyuv_csp.c
[8/180] Compiling wicdec.c
[9/180] Compiling tiffdec.c
[9/180] Compiling pngdec.c
[11/180] Compiling pnmdec.c
[12/180] Compiling metadata.c
[13/180] Write swift-version-24593BA9C3E375BF.txt
[14/180] Compiling webpdec.c
[14/180] Compiling sharpyuv.c
[16/180] Compiling image_enc.c
[17/180] Compiling image_dec.c
[18/180] Compiling ZLibC zutil.c
[19/180] Compiling ZLibC uncompr.c
[20/180] Compiling ZLibC inftrees.c
[21/180] Compiling ZLibC inffast.c
/host/spi-builder-workspace/.build/checkouts/zlib/zlib/gzread.c:22:15: error: call to undeclared function 'read'; ISO C99 and later do not support implicit function declarations [-Wimplicit-function-declaration]
22 | ret = read(state->fd, buf + *have, get);
| ^
/host/spi-builder-workspace/.build/checkouts/zlib/zlib/gzread.c:22:15: note: did you mean 'fread'?
/root/.swiftpm/swift-sdks/swift-6.2-RELEASE_wasm.artifactbundle/swift-6.2-RELEASE_wasm/wasm32-unknown-wasip1/WASI.sdk/include/wasm32-wasip1/stdio.h:102:8: note: 'fread' declared here
102 | size_t fread(void *__restrict, size_t, size_t, FILE *__restrict);
| ^
/host/spi-builder-workspace/.build/checkouts/zlib/zlib/gzread.c:600:11: error: call to undeclared function 'close'; ISO C99 and later do not support implicit function declarations [-Wimplicit-function-declaration]
600 | ret = close(state->fd);
| ^
/host/spi-builder-workspace/.build/checkouts/zlib/zlib/gzread.c:600:11: note: did you mean 'fclose'?
/root/.swiftpm/swift-sdks/swift-6.2-RELEASE_wasm.artifactbundle/swift-6.2-RELEASE_wasm/wasm32-unknown-wasip1/WASI.sdk/include/wasm32-wasip1/stdio.h:85:5: note: 'fclose' declared here
85 | int fclose(FILE *);
| ^
2 errors generated.
[22/180] Compiling ZLibC gzread.c
[22/180] Compiling ZLibC deflate.c
/host/spi-builder-workspace/.build/checkouts/zlib/zlib/gzwrite.c:78:20: error: call to undeclared function 'write'; ISO C99 and later do not support implicit function declarations [-Wimplicit-function-declaration]
78 | writ = write(state->fd, strm->next_in, put);
| ^
/host/spi-builder-workspace/.build/checkouts/zlib/zlib/gzwrite.c:78:20: note: did you mean 'fwrite'?
/root/.swiftpm/swift-sdks/swift-6.2-RELEASE_wasm.artifactbundle/swift-6.2-RELEASE_wasm/wasm32-unknown-wasip1/WASI.sdk/include/wasm32-wasip1/stdio.h:103:8: note: 'fwrite' declared here
103 | size_t fwrite(const void *__restrict, size_t, size_t, FILE *__restrict);
| ^
/host/spi-builder-workspace/.build/checkouts/zlib/zlib/gzwrite.c:108:24: error: call to undeclared function 'write'; ISO C99 and later do not support implicit function declarations [-Wimplicit-function-declaration]
108 | writ = write(state->fd, state->x.next, put);
| ^
/host/spi-builder-workspace/.build/checkouts/zlib/zlib/gzwrite.c:627:9: error: call to undeclared function 'close'; ISO C99 and later do not support implicit function declarations [-Wimplicit-function-declaration]
627 | if (close(state->fd) == -1)
| ^
/host/spi-builder-workspace/.build/checkouts/zlib/zlib/gzwrite.c:627:9: note: did you mean 'fclose'?
/root/.swiftpm/swift-sdks/swift-6.2-RELEASE_wasm.artifactbundle/swift-6.2-RELEASE_wasm/wasm32-unknown-wasip1/WASI.sdk/include/wasm32-wasip1/stdio.h:85:5: note: 'fclose' declared here
85 | int fclose(FILE *);
| ^
3 errors generated.
[22/180] Compiling ZLibC gzwrite.c
[22/180] Compiling ZLibC gzclose.c
/host/spi-builder-workspace/.build/checkouts/zlib/zlib/gzlib.c:245:9: error: call to undeclared function 'lseek'; ISO C99 and later do not support implicit function declarations [-Wimplicit-function-declaration]
245 | LSEEK(state->fd, 0, SEEK_END); /* so gzoffset() is correct */
| ^
/host/spi-builder-workspace/.build/checkouts/zlib/zlib/gzlib.c:15:17: note: expanded from macro 'LSEEK'
15 | # define LSEEK lseek
| ^
/host/spi-builder-workspace/.build/checkouts/zlib/zlib/gzlib.c:245:9: note: did you mean 'fseek'?
/host/spi-builder-workspace/.build/checkouts/zlib/zlib/gzlib.c:15:17: note: expanded from macro 'LSEEK'
15 | # define LSEEK lseek
| ^
/root/.swiftpm/swift-sdks/swift-6.2-RELEASE_wasm.artifactbundle/swift-6.2-RELEASE_wasm/wasm32-unknown-wasip1/WASI.sdk/include/wasm32-wasip1/stdio.h:95:5: note: 'fseek' declared here
95 | int fseek(FILE *, long, int);
| ^
/host/spi-builder-workspace/.build/checkouts/zlib/zlib/gzlib.c:251:24: error: call to undeclared function 'lseek'; ISO C99 and later do not support implicit function declarations [-Wimplicit-function-declaration]
251 | state->start = LSEEK(state->fd, 0, SEEK_CUR);
| ^
/host/spi-builder-workspace/.build/checkouts/zlib/zlib/gzlib.c:15:17: note: expanded from macro 'LSEEK'
15 | # define LSEEK lseek
| ^
/host/spi-builder-workspace/.build/checkouts/zlib/zlib/gzlib.c:335:9: error: call to undeclared function 'lseek'; ISO C99 and later do not support implicit function declarations [-Wimplicit-function-declaration]
335 | if (LSEEK(state->fd, state->start, SEEK_SET) == -1)
| ^
/host/spi-builder-workspace/.build/checkouts/zlib/zlib/gzlib.c:15:17: note: expanded from macro 'LSEEK'
15 | # define LSEEK lseek
| ^
/host/spi-builder-workspace/.build/checkouts/zlib/zlib/gzlib.c:372:15: error: call to undeclared function 'lseek'; ISO C99 and later do not support implicit function declarations [-Wimplicit-function-declaration]
372 | ret = LSEEK(state->fd, offset - (z_off64_t)state->x.have, SEEK_CUR);
| ^
/host/spi-builder-workspace/.build/checkouts/zlib/zlib/gzlib.c:15:17: note: expanded from macro 'LSEEK'
15 | # define LSEEK lseek
| ^
/host/spi-builder-workspace/.build/checkouts/zlib/zlib/gzlib.c:458:14: error: call to undeclared function 'lseek'; ISO C99 and later do not support implicit function declarations [-Wimplicit-function-declaration]
458 | offset = LSEEK(state->fd, 0, SEEK_CUR);
| ^
/host/spi-builder-workspace/.build/checkouts/zlib/zlib/gzlib.c:15:17: note: expanded from macro 'LSEEK'
15 | # define LSEEK lseek
| ^
[22/180] Compiling ZLibC gzlib.c
[22/180] Compiling ZLibC infback.c
[22/180] Compiling ZLibC trees.c
[22/180] Compiling ZLibC inflate.c
BUILD FAILURE 6.2 wasm