Build Information
Failed to build Localytics, reference 7.2.0 (1ee6ad), with Swift 6.1 for watchOS using Xcode 16.3 on 14 Sep 2026 11:09:43 UTC.
Build Command
env DEVELOPER_DIR=/Applications/Xcode-16.3.0.app xcrun xcodebuild -IDEClonedSourcePackagesDirPathOverride=$PWD/.dependencies -skipMacroValidation -skipPackagePluginValidation -derivedDataPath $PWD/.derivedData build -scheme Localytics -destination generic/platform=watchOSBuild Log
========================================
RunAll
========================================
Builder version: 5.0.2
Interrupt handler set up.
========================================
Checkout
========================================
Clone URL: https://github.com/localytics/Localytics-swiftpm.git
Reference: 7.2.0
Initialized empty Git repository in /Users/admin/builder/spi-builder-workspace/.git/
From https://github.com/localytics/Localytics-swiftpm
* tag 7.2.0 -> FETCH_HEAD
HEAD is now at 1ee6ad6 Merge pull request #3 from localytics/release_7.2.0
Cloned https://github.com/localytics/Localytics-swiftpm.git
Revision (git rev-parse @):
1ee6ad6017a9cc434ca55d65d8c97265993088c3
SUCCESS checkout https://github.com/localytics/Localytics-swiftpm.git at 7.2.0
========================================
Build
========================================
Selected platform: watchOS
Swift version: 6.1
Building package at path: $PWD
https://github.com/localytics/Localytics-swiftpm.git
https://github.com/localytics/Localytics-swiftpm.git
{
"dependencies" : [
],
"manifest_display_name" : "Localytics",
"name" : "Localytics",
"path" : "/Users/admin/builder/spi-builder-workspace",
"platforms" : [
],
"products" : [
{
"name" : "Localytics",
"targets" : [
"Localytics",
"_Localytics"
],
"type" : {
"library" : [
"automatic"
]
}
}
],
"targets" : [
{
"c99name" : "_Localytics",
"module_type" : "SwiftTarget",
"name" : "_Localytics",
"path" : "Sources/_Localytics",
"product_memberships" : [
"Localytics"
],
"sources" : [
"File.swift"
],
"type" : "library"
},
{
"c99name" : "Localytics",
"module_type" : "BinaryTarget",
"name" : "Localytics",
"path" : "remote/archive/Localytics-iOS-7.2.0.zip",
"product_memberships" : [
"Localytics"
],
"sources" : [
],
"type" : "binary"
}
],
"tools_version" : "5.8"
}
Command line invocation:
/Applications/Xcode-16.3.0.app/Contents/Developer/usr/bin/xcodebuild -IDEClonedSourcePackagesDirPathOverride=/Users/admin/builder/spi-builder-workspace/.dependencies -resolvePackageDependencies
Resolve Package Graph
Resolve Package Graph
Resolved source packages:
Localytics: /Users/admin/builder/spi-builder-workspace
resolved source packages: Localytics
{
"dependencies" : [
],
"manifest_display_name" : "Localytics",
"name" : "Localytics",
"path" : "/Users/admin/builder/spi-builder-workspace",
"platforms" : [
],
"products" : [
{
"name" : "Localytics",
"targets" : [
"Localytics",
"_Localytics"
],
"type" : {
"library" : [
"automatic"
]
}
}
],
"targets" : [
{
"c99name" : "_Localytics",
"module_type" : "SwiftTarget",
"name" : "_Localytics",
"path" : "Sources/_Localytics",
"product_memberships" : [
"Localytics"
],
"sources" : [
"File.swift"
],
"type" : "library"
},
{
"c99name" : "Localytics",
"module_type" : "BinaryTarget",
"name" : "Localytics",
"path" : "remote/archive/Localytics-iOS-7.2.0.zip",
"product_memberships" : [
"Localytics"
],
"sources" : [
],
"type" : "binary"
}
],
"tools_version" : "5.8"
}
{
"workspace" : {
"name" : "spi-builder-workspace",
"schemes" : [
"Localytics"
]
}
}
Running build ...
env DEVELOPER_DIR=/Applications/Xcode-16.3.0.app xcrun xcodebuild -IDEClonedSourcePackagesDirPathOverride=$PWD/.dependencies -skipMacroValidation -skipPackagePluginValidation -derivedDataPath $PWD/.derivedData build -scheme Localytics -destination generic/platform=watchOS OTHER_SWIFT_FLAGS=-stats-output-dir .stats -strict-concurrency=complete -enable-upcoming-feature StrictConcurrency -enable-upcoming-feature DisableOutwardActorInference -enable-upcoming-feature GlobalActorIsolatedTypesUsability -enable-upcoming-feature InferSendableFromCaptures
Command line invocation:
/Applications/Xcode-16.3.0.app/Contents/Developer/usr/bin/xcodebuild -IDEClonedSourcePackagesDirPathOverride=/Users/admin/builder/spi-builder-workspace/.dependencies -skipMacroValidation -skipPackagePluginValidation -derivedDataPath /Users/admin/builder/spi-builder-workspace/.derivedData build -scheme Localytics -destination generic/platform=watchOS "OTHER_SWIFT_FLAGS=-stats-output-dir .stats -strict-concurrency=complete -enable-upcoming-feature StrictConcurrency -enable-upcoming-feature DisableOutwardActorInference -enable-upcoming-feature GlobalActorIsolatedTypesUsability -enable-upcoming-feature InferSendableFromCaptures"
Build settings from command line:
OTHER_SWIFT_FLAGS = -stats-output-dir .stats -strict-concurrency=complete -enable-upcoming-feature StrictConcurrency -enable-upcoming-feature DisableOutwardActorInference -enable-upcoming-feature GlobalActorIsolatedTypesUsability -enable-upcoming-feature InferSendableFromCaptures
Resolve Package Graph
Resolved source packages:
Localytics: /Users/admin/builder/spi-builder-workspace
ComputePackagePrebuildTargetDependencyGraph
Prepare packages
CreateBuildRequest
SendProjectDescription
CreateBuildOperation
ComputeTargetDependencyGraph
note: Building targets in dependency order
note: Target dependency graph (2 targets)
Target 'Localytics' in project 'Localytics'
➜ Explicit dependency on target '_Localytics' in project 'Localytics'
Target '_Localytics' in project 'Localytics' (no dependencies)
GatherProvisioningInputs
CreateBuildDescription
ExecuteExternalTool /Applications/Xcode-16.3.0.app/Contents/Developer/Toolchains/XcodeDefault.xctoolchain/usr/bin/clang -v -E -dM -isysroot /Applications/Xcode-16.3.0.app/Contents/Developer/Platforms/WatchOS.platform/Developer/SDKs/WatchOS11.4.sdk -x c -c /dev/null
ExecuteExternalTool /Applications/Xcode-16.3.0.app/Contents/Developer/Toolchains/XcodeDefault.xctoolchain/usr/bin/swiftc --version
ExecuteExternalTool /Applications/Xcode-16.3.0.app/Contents/Developer/Toolchains/XcodeDefault.xctoolchain/usr/bin/ld -version_details
Build description signature: dd8a40ef8c7c4da8f81481b95586dc30
Build description path: /Users/admin/builder/spi-builder-workspace/.derivedData/Build/Intermediates.noindex/XCBuildData/dd8a40ef8c7c4da8f81481b95586dc30.xcbuilddata
/Users/admin/builder/spi-builder-workspace/.dependencies/artifacts/spi-builder-workspace/Localytics/Localytics.xcframework:1:1: error: While building for watchOS, no library for this platform was found in '/Users/admin/builder/spi-builder-workspace/.dependencies/artifacts/spi-builder-workspace/Localytics/Localytics.xcframework'. (in target 'Localytics' from project 'Localytics')
** BUILD FAILED **
The following build commands failed:
Building workspace spi-builder-workspace with scheme Localytics
(1 failure)
Command line invocation:
/Applications/Xcode-16.3.0.app/Contents/Developer/usr/bin/xcodebuild -IDEClonedSourcePackagesDirPathOverride=/Users/admin/builder/spi-builder-workspace/.dependencies -resolvePackageDependencies
Resolve Package Graph
Resolved source packages:
Localytics: /Users/admin/builder/spi-builder-workspace
resolved source packages: Localytics
{
"dependencies" : [
],
"manifest_display_name" : "Localytics",
"name" : "Localytics",
"path" : "/Users/admin/builder/spi-builder-workspace",
"platforms" : [
],
"products" : [
{
"name" : "Localytics",
"targets" : [
"Localytics",
"_Localytics"
],
"type" : {
"library" : [
"automatic"
]
}
}
],
"targets" : [
{
"c99name" : "_Localytics",
"module_type" : "SwiftTarget",
"name" : "_Localytics",
"path" : "Sources/_Localytics",
"product_memberships" : [
"Localytics"
],
"sources" : [
"File.swift"
],
"type" : "library"
},
{
"c99name" : "Localytics",
"module_type" : "BinaryTarget",
"name" : "Localytics",
"path" : "remote/archive/Localytics-iOS-7.2.0.zip",
"product_memberships" : [
"Localytics"
],
"sources" : [
],
"type" : "binary"
}
],
"tools_version" : "5.8"
}
{
"workspace" : {
"name" : "spi-builder-workspace",
"schemes" : [
"Localytics"
]
}
}
Running build ...
env DEVELOPER_DIR=/Applications/Xcode-16.3.0.app xcrun xcodebuild -IDEClonedSourcePackagesDirPathOverride=$PWD/.dependencies -skipMacroValidation -skipPackagePluginValidation -derivedDataPath $PWD/.derivedData build -scheme Localytics -destination generic/platform=watchOS
Command line invocation:
/Applications/Xcode-16.3.0.app/Contents/Developer/usr/bin/xcodebuild -IDEClonedSourcePackagesDirPathOverride=/Users/admin/builder/spi-builder-workspace/.dependencies -skipMacroValidation -skipPackagePluginValidation -derivedDataPath /Users/admin/builder/spi-builder-workspace/.derivedData build -scheme Localytics -destination generic/platform=watchOS
Resolve Package Graph
Resolved source packages:
Localytics: /Users/admin/builder/spi-builder-workspace
ComputePackagePrebuildTargetDependencyGraph
Prepare packages
CreateBuildRequest
SendProjectDescription
CreateBuildOperation
ComputeTargetDependencyGraph
note: Building targets in dependency order
note: Target dependency graph (2 targets)
Target 'Localytics' in project 'Localytics'
➜ Explicit dependency on target '_Localytics' in project 'Localytics'
Target '_Localytics' in project 'Localytics' (no dependencies)
GatherProvisioningInputs
CreateBuildDescription
ExecuteExternalTool /Applications/Xcode-16.3.0.app/Contents/Developer/Toolchains/XcodeDefault.xctoolchain/usr/bin/clang -v -E -dM -isysroot /Applications/Xcode-16.3.0.app/Contents/Developer/Platforms/WatchOS.platform/Developer/SDKs/WatchOS11.4.sdk -x c -c /dev/null
ExecuteExternalTool /Applications/Xcode-16.3.0.app/Contents/Developer/Toolchains/XcodeDefault.xctoolchain/usr/bin/swiftc --version
ExecuteExternalTool /Applications/Xcode-16.3.0.app/Contents/Developer/Toolchains/XcodeDefault.xctoolchain/usr/bin/ld -version_details
Build description signature: 8bb6d351edbc2892b4f14e83f83073ff
Build description path: /Users/admin/builder/spi-builder-workspace/.derivedData/Build/Intermediates.noindex/XCBuildData/8bb6d351edbc2892b4f14e83f83073ff.xcbuilddata
/Users/admin/builder/spi-builder-workspace/.dependencies/artifacts/spi-builder-workspace/Localytics/Localytics.xcframework:1:1: error: While building for watchOS, no library for this platform was found in '/Users/admin/builder/spi-builder-workspace/.dependencies/artifacts/spi-builder-workspace/Localytics/Localytics.xcframework'. (in target 'Localytics' from project 'Localytics')
** BUILD FAILED **
The following build commands failed:
Building workspace spi-builder-workspace with scheme Localytics
(1 failure)
BUILD FAILURE 6.1 watchOS