The Swift Package Index logo.Swift Package Index

Track the adoption of Swift 6 strict concurrency checks for data race safety. How many packages are Ready for Swift 6?

Build Information

Failed to build Regex with Swift 5.9 for visionOS using Xcode 15.2 at master.

Build Command

env DEVELOPER_DIR="/Applications/Xcode-15.0.0-Beta.2.app" xcrun xcodebuild -IDEClonedSourcePackagesDirPathOverride="$PWD/.dependencies" -derivedDataPath "$PWD/.derivedData" build -scheme Regex -destination "generic/platform=xros"

Build Log

SwiftDriverJobDiscovery normal arm64 Compiling ThreadLocal.swift (in target 'Regex' from project 'Regex')
SwiftCompile normal arm64 Compiling\ StringReplacementTests.swift /Users/builder/builds/TDmZkXJm/1/finestructure/swiftpackageindex-builder/spi-builder-workspace/Tests/RegexTests/StringReplacementTests.swift (in target 'RegexTests' from project 'Regex')
    cd /Users/builder/builds/TDmZkXJm/1/finestructure/swiftpackageindex-builder/spi-builder-workspace
    builtin-swiftTaskExecution -- /Applications/Xcode-15.0.0-Beta.2.app/Contents/Developer/Toolchains/XcodeDefault.xctoolchain/usr/bin/swift-frontend -frontend -c /Users/builder/builds/TDmZkXJm/1/finestructure/swiftpackageindex-builder/spi-builder-workspace/Tests/RegexTests/Assertions.swift /Users/builder/builds/TDmZkXJm/1/finestructure/swiftpackageindex-builder/spi-builder-workspace/Tests/RegexTests/CodableTests.swift /Users/builder/builds/TDmZkXJm/1/finestructure/swiftpackageindex-builder/spi-builder-workspace/Tests/RegexTests/OptionsTests.swift /Users/builder/builds/TDmZkXJm/1/finestructure/swiftpackageindex-builder/spi-builder-workspace/Tests/RegexTests/RegexTests.swift -primary-file /Users/builder/builds/TDmZkXJm/1/finestructure/swiftpackageindex-builder/spi-builder-workspace/Tests/RegexTests/StringReplacementTests.swift /Users/builder/builds/TDmZkXJm/1/finestructure/swiftpackageindex-builder/spi-builder-workspace/Tests/RegexTests/Support.swift /Users/builder/builds/TDmZkXJm/1/finestructure/swiftpackageindex-builder/spi-builder-workspace/Tests/RegexTests/XCTestManifests.swift -emit-dependencies-path /Users/builder/builds/TDmZkXJm/1/finestructure/swiftpackageindex-builder/spi-builder-workspace/.derivedData/Build/Intermediates.noindex/Regex.build/Debug-xros/RegexTests.build/Objects-normal/arm64/StringReplacementTests.d -emit-const-values-path /Users/builder/builds/TDmZkXJm/1/finestructure/swiftpackageindex-builder/spi-builder-workspace/.derivedData/Build/Intermediates.noindex/Regex.build/Debug-xros/RegexTests.build/Objects-normal/arm64/StringReplacementTests.swiftconstvalues -emit-reference-dependencies-path /Users/builder/builds/TDmZkXJm/1/finestructure/swiftpackageindex-builder/spi-builder-workspace/.derivedData/Build/Intermediates.noindex/Regex.build/Debug-xros/RegexTests.build/Objects-normal/arm64/StringReplacementTests.swiftdeps -serialize-diagnostics-path /Users/builder/builds/TDmZkXJm/1/finestructure/swiftpackageindex-builder/spi-builder-workspace/.derivedData/Build/Intermediates.noindex/Regex.build/Debug-xros/RegexTests.build/Objects-normal/arm64/StringReplacementTests.dia -target arm64-apple-xros1.0 -Xllvm -aarch64-use-tbi -enable-objc-interop -stack-check -sdk /Applications/Xcode-15.0.0-Beta.2.app/Contents/Developer/Platforms/XROS.platform/Developer/SDKs/XROS1.0.sdk -I /Users/builder/builds/TDmZkXJm/1/finestructure/swiftpackageindex-builder/spi-builder-workspace/.derivedData/Build/Products/Debug-xros -I /Applications/Xcode-15.0.0-Beta.2.app/Contents/Developer/Platforms/XROS.platform/Developer/usr/lib -F /Users/builder/builds/TDmZkXJm/1/finestructure/swiftpackageindex-builder/spi-builder-workspace/.derivedData/Build/Products/Debug-xros/PackageFrameworks -F /Users/builder/builds/TDmZkXJm/1/finestructure/swiftpackageindex-builder/spi-builder-workspace/.derivedData/Build/Products/Debug-xros -F /Applications/Xcode-15.0.0-Beta.2.app/Contents/Developer/Platforms/XROS.platform/Developer/Library/Frameworks -F /Applications/Xcode-15.0.0-Beta.2.app/Contents/Developer/Platforms/XROS.platform/Developer/SDKs/XROS1.0.sdk/Developer/Library/Frameworks -no-color-diagnostics -enable-testing -g -module-cache-path /Users/builder/builds/TDmZkXJm/1/finestructure/swiftpackageindex-builder/spi-builder-workspace/.derivedData/ModuleCache.noindex -swift-version 5 -enforce-exclusivity\=checked -Onone -D SWIFT_PACKAGE -D DEBUG -D Xcode -serialize-debugging-options -const-gather-protocols-file /Users/builder/builds/TDmZkXJm/1/finestructure/swiftpackageindex-builder/spi-builder-workspace/.derivedData/Build/Intermediates.noindex/Regex.build/Debug-xros/RegexTests.build/Objects-normal/arm64/RegexTests_const_extract_protocols.json -empty-abi-descriptor -plugin-path /Applications/Xcode-15.0.0-Beta.2.app/Contents/Developer/Toolchains/XcodeDefault.xctoolchain/usr/lib/swift/host/plugins -plugin-path /Applications/Xcode-15.0.0-Beta.2.app/Contents/Developer/Toolchains/XcodeDefault.xctoolchain/usr/local/lib/swift/host/plugins -validate-clang-modules-once -clang-build-session-file /Users/builder/builds/TDmZkXJm/1/finestructure/swiftpackageindex-builder/spi-builder-workspace/.derivedData/ModuleCache.noindex/Session.modulevalidation -Xcc -working-directory -Xcc /Users/builder/builds/TDmZkXJm/1/finestructure/swiftpackageindex-builder/spi-builder-workspace -resource-dir /Applications/Xcode-15.0.0-Beta.2.app/Contents/Developer/Toolchains/XcodeDefault.xctoolchain/usr/lib/swift -enable-anonymous-context-mangled-names -Xcc -ivfsstatcache -Xcc /Users/builder/builds/TDmZkXJm/1/finestructure/swiftpackageindex-builder/spi-builder-workspace/.derivedData/SDKStatCaches.noindex/xros1.0-21N5165f-50a81fd5751d5bee8ff6d6ea12214339.sdkstatcache -Xcc -I/Users/builder/builds/TDmZkXJm/1/finestructure/swiftpackageindex-builder/spi-builder-workspace/.derivedData/Build/Products/Debug-xros/include -Xcc -I/Users/builder/builds/TDmZkXJm/1/finestructure/swiftpackageindex-builder/spi-builder-workspace/.derivedData/Build/Intermediates.noindex/Regex.build/Debug-xros/RegexTests.build/DerivedSources-normal/arm64 -Xcc -I/Users/builder/builds/TDmZkXJm/1/finestructure/swiftpackageindex-builder/spi-builder-workspace/.derivedData/Build/Intermediates.noindex/Regex.build/Debug-xros/RegexTests.build/DerivedSources/arm64 -Xcc -I/Users/builder/builds/TDmZkXJm/1/finestructure/swiftpackageindex-builder/spi-builder-workspace/.derivedData/Build/Intermediates.noindex/Regex.build/Debug-xros/RegexTests.build/DerivedSources -Xcc -DSWIFT_PACKAGE -Xcc -DDEBUG\=1 -module-name RegexTests -frontend-parseable-output -disable-clang-spi -target-sdk-version 1.0 -target-sdk-name xros1.0 -o /Users/builder/builds/TDmZkXJm/1/finestructure/swiftpackageindex-builder/spi-builder-workspace/.derivedData/Build/Intermediates.noindex/Regex.build/Debug-xros/RegexTests.build/Objects-normal/arm64/StringReplacementTests.o -index-unit-output-path /Regex.build/Debug-xros/RegexTests.build/Objects-normal/arm64/StringReplacementTests.o -index-store-path /Users/builder/builds/TDmZkXJm/1/finestructure/swiftpackageindex-builder/spi-builder-workspace/.derivedData/Index.noindex/DataStore -index-system-modules
SwiftCompile normal arm64 /Users/builder/builds/TDmZkXJm/1/finestructure/swiftpackageindex-builder/spi-builder-workspace/Tests/RegexTests/StringReplacementTests.swift (in target 'RegexTests' from project 'Regex')
    cd /Users/builder/builds/TDmZkXJm/1/finestructure/swiftpackageindex-builder/spi-builder-workspace
    /Applications/Xcode-15.0.0-Beta.2.app/Contents/Developer/Toolchains/XcodeDefault.xctoolchain/usr/bin/swift-frontend -c /Users/builder/builds/TDmZkXJm/1/finestructure/swiftpackageindex-builder/spi-builder-workspace/Tests/RegexTests/Assertions.swift /Users/builder/builds/TDmZkXJm/1/finestructure/swiftpackageindex-builder/spi-builder-workspace/Tests/RegexTests/CodableTests.swift /Users/builder/builds/TDmZkXJm/1/finestructure/swiftpackageindex-builder/spi-builder-workspace/Tests/RegexTests/OptionsTests.swift /Users/builder/builds/TDmZkXJm/1/finestructure/swiftpackageindex-builder/spi-builder-workspace/Tests/RegexTests/RegexTests.swift -primary-file /Users/builder/builds/TDmZkXJm/1/finestructure/swiftpackageindex-builder/spi-builder-workspace/Tests/RegexTests/StringReplacementTests.swift /Users/builder/builds/TDmZkXJm/1/finestructure/swiftpackageindex-builder/spi-builder-workspace/Tests/RegexTests/Support.swift /Users/builder/builds/TDmZkXJm/1/finestructure/swiftpackageindex-builder/spi-builder-workspace/Tests/RegexTests/XCTestManifests.swift -emit-dependencies-path /Users/builder/builds/TDmZkXJm/1/finestructure/swiftpackageindex-builder/spi-builder-workspace/.derivedData/Build/Intermediates.noindex/Regex.build/Debug-xros/RegexTests.build/Objects-normal/arm64/StringReplacementTests.d -emit-const-values-path /Users/builder/builds/TDmZkXJm/1/finestructure/swiftpackageindex-builder/spi-builder-workspace/.derivedData/Build/Intermediates.noindex/Regex.build/Debug-xros/RegexTests.build/Objects-normal/arm64/StringReplacementTests.swiftconstvalues -emit-reference-dependencies-path /Users/builder/builds/TDmZkXJm/1/finestructure/swiftpackageindex-builder/spi-builder-workspace/.derivedData/Build/Intermediates.noindex/Regex.build/Debug-xros/RegexTests.build/Objects-normal/arm64/StringReplacementTests.swiftdeps -serialize-diagnostics-path /Users/builder/builds/TDmZkXJm/1/finestructure/swiftpackageindex-builder/spi-builder-workspace/.derivedData/Build/Intermediates.noindex/Regex.build/Debug-xros/RegexTests.build/Objects-normal/arm64/StringReplacementTests.dia -target arm64-apple-xros1.0 -Xllvm -aarch64-use-tbi -enable-objc-interop -stack-check -sdk /Applications/Xcode-15.0.0-Beta.2.app/Contents/Developer/Platforms/XROS.platform/Developer/SDKs/XROS1.0.sdk -I /Users/builder/builds/TDmZkXJm/1/finestructure/swiftpackageindex-builder/spi-builder-workspace/.derivedData/Build/Products/Debug-xros -I /Applications/Xcode-15.0.0-Beta.2.app/Contents/Developer/Platforms/XROS.platform/Developer/usr/lib -F /Users/builder/builds/TDmZkXJm/1/finestructure/swiftpackageindex-builder/spi-builder-workspace/.derivedData/Build/Products/Debug-xros/PackageFrameworks -F /Users/builder/builds/TDmZkXJm/1/finestructure/swiftpackageindex-builder/spi-builder-workspace/.derivedData/Build/Products/Debug-xros -F /Applications/Xcode-15.0.0-Beta.2.app/Contents/Developer/Platforms/XROS.platform/Developer/Library/Frameworks -F /Applications/Xcode-15.0.0-Beta.2.app/Contents/Developer/Platforms/XROS.platform/Developer/SDKs/XROS1.0.sdk/Developer/Library/Frameworks -no-color-diagnostics -enable-testing -g -module-cache-path /Users/builder/builds/TDmZkXJm/1/finestructure/swiftpackageindex-builder/spi-builder-workspace/.derivedData/ModuleCache.noindex -swift-version 5 -enforce-exclusivity\=checked -Onone -D SWIFT_PACKAGE -D DEBUG -D Xcode -serialize-debugging-options -const-gather-protocols-file /Users/builder/builds/TDmZkXJm/1/finestructure/swiftpackageindex-builder/spi-builder-workspace/.derivedData/Build/Intermediates.noindex/Regex.build/Debug-xros/RegexTests.build/Objects-normal/arm64/RegexTests_const_extract_protocols.json -empty-abi-descriptor -plugin-path /Applications/Xcode-15.0.0-Beta.2.app/Contents/Developer/Toolchains/XcodeDefault.xctoolchain/usr/lib/swift/host/plugins -plugin-path /Applications/Xcode-15.0.0-Beta.2.app/Contents/Developer/Toolchains/XcodeDefault.xctoolchain/usr/local/lib/swift/host/plugins -validate-clang-modules-once -clang-build-session-file /Users/builder/builds/TDmZkXJm/1/finestructure/swiftpackageindex-builder/spi-builder-workspace/.derivedData/ModuleCache.noindex/Session.modulevalidation -Xcc -working-directory -Xcc /Users/builder/builds/TDmZkXJm/1/finestructure/swiftpackageindex-builder/spi-builder-workspace -resource-dir /Applications/Xcode-15.0.0-Beta.2.app/Contents/Developer/Toolchains/XcodeDefault.xctoolchain/usr/lib/swift -enable-anonymous-context-mangled-names -Xcc -ivfsstatcache -Xcc /Users/builder/builds/TDmZkXJm/1/finestructure/swiftpackageindex-builder/spi-builder-workspace/.derivedData/SDKStatCaches.noindex/xros1.0-21N5165f-50a81fd5751d5bee8ff6d6ea12214339.sdkstatcache -Xcc -I/Users/builder/builds/TDmZkXJm/1/finestructure/swiftpackageindex-builder/spi-builder-workspace/.derivedData/Build/Products/Debug-xros/include -Xcc -I/Users/builder/builds/TDmZkXJm/1/finestructure/swiftpackageindex-builder/spi-builder-workspace/.derivedData/Build/Intermediates.noindex/Regex.build/Debug-xros/RegexTests.build/DerivedSources-normal/arm64 -Xcc -I/Users/builder/builds/TDmZkXJm/1/finestructure/swiftpackageindex-builder/spi-builder-workspace/.derivedData/Build/Intermediates.noindex/Regex.build/Debug-xros/RegexTests.build/DerivedSources/arm64 -Xcc -I/Users/builder/builds/TDmZkXJm/1/finestructure/swiftpackageindex-builder/spi-builder-workspace/.derivedData/Build/Intermediates.noindex/Regex.build/Debug-xros/RegexTests.build/DerivedSources -Xcc -DSWIFT_PACKAGE -Xcc -DDEBUG\=1 -module-name RegexTests -frontend-parseable-output -disable-clang-spi -target-sdk-version 1.0 -target-sdk-name xros1.0 -o /Users/builder/builds/TDmZkXJm/1/finestructure/swiftpackageindex-builder/spi-builder-workspace/.derivedData/Build/Intermediates.noindex/Regex.build/Debug-xros/RegexTests.build/Objects-normal/arm64/StringReplacementTests.o -index-unit-output-path /Regex.build/Debug-xros/RegexTests.build/Objects-normal/arm64/StringReplacementTests.o -index-store-path /Users/builder/builds/TDmZkXJm/1/finestructure/swiftpackageindex-builder/spi-builder-workspace/.derivedData/Index.noindex/DataStore -index-system-modules

SwiftCompile normal arm64 Compiling\ XCTestManifests.swift /Users/builder/builds/TDmZkXJm/1/finestructure/swiftpackageindex-builder/spi-builder-workspace/Tests/RegexTests/XCTestManifests.swift (in target 'RegexTests' from project 'Regex')
    cd /Users/builder/builds/TDmZkXJm/1/finestructure/swiftpackageindex-builder/spi-builder-workspace
    builtin-swiftTaskExecution -- /Applications/Xcode-15.0.0-Beta.2.app/Contents/Developer/Toolchains/XcodeDefault.xctoolchain/usr/bin/swift-frontend -frontend -c /Users/builder/builds/TDmZkXJm/1/finestructure/swiftpackageindex-builder/spi-builder-workspace/Tests/RegexTests/Assertions.swift /Users/builder/builds/TDmZkXJm/1/finestructure/swiftpackageindex-builder/spi-builder-workspace/Tests/RegexTests/CodableTests.swift /Users/builder/builds/TDmZkXJm/1/finestructure/swiftpackageindex-builder/spi-builder-workspace/Tests/RegexTests/OptionsTests.swift /Users/builder/builds/TDmZkXJm/1/finestructure/swiftpackageindex-builder/spi-builder-workspace/Tests/RegexTests/RegexTests.swift /Users/builder/builds/TDmZkXJm/1/finestructure/swiftpackageindex-builder/spi-builder-workspace/Tests/RegexTests/StringReplacementTests.swift /Users/builder/builds/TDmZkXJm/1/finestructure/swiftpackageindex-builder/spi-builder-workspace/Tests/RegexTests/Support.swift -primary-file /Users/builder/builds/TDmZkXJm/1/finestructure/swiftpackageindex-builder/spi-builder-workspace/Tests/RegexTests/XCTestManifests.swift -emit-dependencies-path /Users/builder/builds/TDmZkXJm/1/finestructure/swiftpackageindex-builder/spi-builder-workspace/.derivedData/Build/Intermediates.noindex/Regex.build/Debug-xros/RegexTests.build/Objects-normal/arm64/XCTestManifests.d -emit-const-values-path /Users/builder/builds/TDmZkXJm/1/finestructure/swiftpackageindex-builder/spi-builder-workspace/.derivedData/Build/Intermediates.noindex/Regex.build/Debug-xros/RegexTests.build/Objects-normal/arm64/XCTestManifests.swiftconstvalues -emit-reference-dependencies-path /Users/builder/builds/TDmZkXJm/1/finestructure/swiftpackageindex-builder/spi-builder-workspace/.derivedData/Build/Intermediates.noindex/Regex.build/Debug-xros/RegexTests.build/Objects-normal/arm64/XCTestManifests.swiftdeps -serialize-diagnostics-path /Users/builder/builds/TDmZkXJm/1/finestructure/swiftpackageindex-builder/spi-builder-workspace/.derivedData/Build/Intermediates.noindex/Regex.build/Debug-xros/RegexTests.build/Objects-normal/arm64/XCTestManifests.dia -target arm64-apple-xros1.0 -Xllvm -aarch64-use-tbi -enable-objc-interop -stack-check -sdk /Applications/Xcode-15.0.0-Beta.2.app/Contents/Developer/Platforms/XROS.platform/Developer/SDKs/XROS1.0.sdk -I /Users/builder/builds/TDmZkXJm/1/finestructure/swiftpackageindex-builder/spi-builder-workspace/.derivedData/Build/Products/Debug-xros -I /Applications/Xcode-15.0.0-Beta.2.app/Contents/Developer/Platforms/XROS.platform/Developer/usr/lib -F /Users/builder/builds/TDmZkXJm/1/finestructure/swiftpackageindex-builder/spi-builder-workspace/.derivedData/Build/Products/Debug-xros/PackageFrameworks -F /Users/builder/builds/TDmZkXJm/1/finestructure/swiftpackageindex-builder/spi-builder-workspace/.derivedData/Build/Products/Debug-xros -F /Applications/Xcode-15.0.0-Beta.2.app/Contents/Developer/Platforms/XROS.platform/Developer/Library/Frameworks -F /Applications/Xcode-15.0.0-Beta.2.app/Contents/Developer/Platforms/XROS.platform/Developer/SDKs/XROS1.0.sdk/Developer/Library/Frameworks -no-color-diagnostics -enable-testing -g -module-cache-path /Users/builder/builds/TDmZkXJm/1/finestructure/swiftpackageindex-builder/spi-builder-workspace/.derivedData/ModuleCache.noindex -swift-version 5 -enforce-exclusivity\=checked -Onone -D SWIFT_PACKAGE -D DEBUG -D Xcode -serialize-debugging-options -const-gather-protocols-file /Users/builder/builds/TDmZkXJm/1/finestructure/swiftpackageindex-builder/spi-builder-workspace/.derivedData/Build/Intermediates.noindex/Regex.build/Debug-xros/RegexTests.build/Objects-normal/arm64/RegexTests_const_extract_protocols.json -empty-abi-descriptor -plugin-path /Applications/Xcode-15.0.0-Beta.2.app/Contents/Developer/Toolchains/XcodeDefault.xctoolchain/usr/lib/swift/host/plugins -plugin-path /Applications/Xcode-15.0.0-Beta.2.app/Contents/Developer/Toolchains/XcodeDefault.xctoolchain/usr/local/lib/swift/host/plugins -validate-clang-modules-once -clang-build-session-file /Users/builder/builds/TDmZkXJm/1/finestructure/swiftpackageindex-builder/spi-builder-workspace/.derivedData/ModuleCache.noindex/Session.modulevalidation -Xcc -working-directory -Xcc /Users/builder/builds/TDmZkXJm/1/finestructure/swiftpackageindex-builder/spi-builder-workspace -resource-dir /Applications/Xcode-15.0.0-Beta.2.app/Contents/Developer/Toolchains/XcodeDefault.xctoolchain/usr/lib/swift -enable-anonymous-context-mangled-names -Xcc -ivfsstatcache -Xcc /Users/builder/builds/TDmZkXJm/1/finestructure/swiftpackageindex-builder/spi-builder-workspace/.derivedData/SDKStatCaches.noindex/xros1.0-21N5165f-50a81fd5751d5bee8ff6d6ea12214339.sdkstatcache -Xcc -I/Users/builder/builds/TDmZkXJm/1/finestructure/swiftpackageindex-builder/spi-builder-workspace/.derivedData/Build/Products/Debug-xros/include -Xcc -I/Users/builder/builds/TDmZkXJm/1/finestructure/swiftpackageindex-builder/spi-builder-workspace/.derivedData/Build/Intermediates.noindex/Regex.build/Debug-xros/RegexTests.build/DerivedSources-normal/arm64 -Xcc -I/Users/builder/builds/TDmZkXJm/1/finestructure/swiftpackageindex-builder/spi-builder-workspace/.derivedData/Build/Intermediates.noindex/Regex.build/Debug-xros/RegexTests.build/DerivedSources/arm64 -Xcc -I/Users/builder/builds/TDmZkXJm/1/finestructure/swiftpackageindex-builder/spi-builder-workspace/.derivedData/Build/Intermediates.noindex/Regex.build/Debug-xros/RegexTests.build/DerivedSources -Xcc -DSWIFT_PACKAGE -Xcc -DDEBUG\=1 -module-name RegexTests -frontend-parseable-output -disable-clang-spi -target-sdk-version 1.0 -target-sdk-name xros1.0 -o /Users/builder/builds/TDmZkXJm/1/finestructure/swiftpackageindex-builder/spi-builder-workspace/.derivedData/Build/Intermediates.noindex/Regex.build/Debug-xros/RegexTests.build/Objects-normal/arm64/XCTestManifests.o -index-unit-output-path /Regex.build/Debug-xros/RegexTests.build/Objects-normal/arm64/XCTestManifests.o -index-store-path /Users/builder/builds/TDmZkXJm/1/finestructure/swiftpackageindex-builder/spi-builder-workspace/.derivedData/Index.noindex/DataStore -index-system-modules
SwiftCompile normal arm64 /Users/builder/builds/TDmZkXJm/1/finestructure/swiftpackageindex-builder/spi-builder-workspace/Tests/RegexTests/XCTestManifests.swift (in target 'RegexTests' from project 'Regex')
    cd /Users/builder/builds/TDmZkXJm/1/finestructure/swiftpackageindex-builder/spi-builder-workspace
    /Applications/Xcode-15.0.0-Beta.2.app/Contents/Developer/Toolchains/XcodeDefault.xctoolchain/usr/bin/swift-frontend -c /Users/builder/builds/TDmZkXJm/1/finestructure/swiftpackageindex-builder/spi-builder-workspace/Tests/RegexTests/Assertions.swift /Users/builder/builds/TDmZkXJm/1/finestructure/swiftpackageindex-builder/spi-builder-workspace/Tests/RegexTests/CodableTests.swift /Users/builder/builds/TDmZkXJm/1/finestructure/swiftpackageindex-builder/spi-builder-workspace/Tests/RegexTests/OptionsTests.swift /Users/builder/builds/TDmZkXJm/1/finestructure/swiftpackageindex-builder/spi-builder-workspace/Tests/RegexTests/RegexTests.swift /Users/builder/builds/TDmZkXJm/1/finestructure/swiftpackageindex-builder/spi-builder-workspace/Tests/RegexTests/StringReplacementTests.swift /Users/builder/builds/TDmZkXJm/1/finestructure/swiftpackageindex-builder/spi-builder-workspace/Tests/RegexTests/Support.swift -primary-file /Users/builder/builds/TDmZkXJm/1/finestructure/swiftpackageindex-builder/spi-builder-workspace/Tests/RegexTests/XCTestManifests.swift -emit-dependencies-path /Users/builder/builds/TDmZkXJm/1/finestructure/swiftpackageindex-builder/spi-builder-workspace/.derivedData/Build/Intermediates.noindex/Regex.build/Debug-xros/RegexTests.build/Objects-normal/arm64/XCTestManifests.d -emit-const-values-path /Users/builder/builds/TDmZkXJm/1/finestructure/swiftpackageindex-builder/spi-builder-workspace/.derivedData/Build/Intermediates.noindex/Regex.build/Debug-xros/RegexTests.build/Objects-normal/arm64/XCTestManifests.swiftconstvalues -emit-reference-dependencies-path /Users/builder/builds/TDmZkXJm/1/finestructure/swiftpackageindex-builder/spi-builder-workspace/.derivedData/Build/Intermediates.noindex/Regex.build/Debug-xros/RegexTests.build/Objects-normal/arm64/XCTestManifests.swiftdeps -serialize-diagnostics-path /Users/builder/builds/TDmZkXJm/1/finestructure/swiftpackageindex-builder/spi-builder-workspace/.derivedData/Build/Intermediates.noindex/Regex.build/Debug-xros/RegexTests.build/Objects-normal/arm64/XCTestManifests.dia -target arm64-apple-xros1.0 -Xllvm -aarch64-use-tbi -enable-objc-interop -stack-check -sdk /Applications/Xcode-15.0.0-Beta.2.app/Contents/Developer/Platforms/XROS.platform/Developer/SDKs/XROS1.0.sdk -I /Users/builder/builds/TDmZkXJm/1/finestructure/swiftpackageindex-builder/spi-builder-workspace/.derivedData/Build/Products/Debug-xros -I /Applications/Xcode-15.0.0-Beta.2.app/Contents/Developer/Platforms/XROS.platform/Developer/usr/lib -F /Users/builder/builds/TDmZkXJm/1/finestructure/swiftpackageindex-builder/spi-builder-workspace/.derivedData/Build/Products/Debug-xros/PackageFrameworks -F /Users/builder/builds/TDmZkXJm/1/finestructure/swiftpackageindex-builder/spi-builder-workspace/.derivedData/Build/Products/Debug-xros -F /Applications/Xcode-15.0.0-Beta.2.app/Contents/Developer/Platforms/XROS.platform/Developer/Library/Frameworks -F /Applications/Xcode-15.0.0-Beta.2.app/Contents/Developer/Platforms/XROS.platform/Developer/SDKs/XROS1.0.sdk/Developer/Library/Frameworks -no-color-diagnostics -enable-testing -g -module-cache-path /Users/builder/builds/TDmZkXJm/1/finestructure/swiftpackageindex-builder/spi-builder-workspace/.derivedData/ModuleCache.noindex -swift-version 5 -enforce-exclusivity\=checked -Onone -D SWIFT_PACKAGE -D DEBUG -D Xcode -serialize-debugging-options -const-gather-protocols-file /Users/builder/builds/TDmZkXJm/1/finestructure/swiftpackageindex-builder/spi-builder-workspace/.derivedData/Build/Intermediates.noindex/Regex.build/Debug-xros/RegexTests.build/Objects-normal/arm64/RegexTests_const_extract_protocols.json -empty-abi-descriptor -plugin-path /Applications/Xcode-15.0.0-Beta.2.app/Contents/Developer/Toolchains/XcodeDefault.xctoolchain/usr/lib/swift/host/plugins -plugin-path /Applications/Xcode-15.0.0-Beta.2.app/Contents/Developer/Toolchains/XcodeDefault.xctoolchain/usr/local/lib/swift/host/plugins -validate-clang-modules-once -clang-build-session-file /Users/builder/builds/TDmZkXJm/1/finestructure/swiftpackageindex-builder/spi-builder-workspace/.derivedData/ModuleCache.noindex/Session.modulevalidation -Xcc -working-directory -Xcc /Users/builder/builds/TDmZkXJm/1/finestructure/swiftpackageindex-builder/spi-builder-workspace -resource-dir /Applications/Xcode-15.0.0-Beta.2.app/Contents/Developer/Toolchains/XcodeDefault.xctoolchain/usr/lib/swift -enable-anonymous-context-mangled-names -Xcc -ivfsstatcache -Xcc /Users/builder/builds/TDmZkXJm/1/finestructure/swiftpackageindex-builder/spi-builder-workspace/.derivedData/SDKStatCaches.noindex/xros1.0-21N5165f-50a81fd5751d5bee8ff6d6ea12214339.sdkstatcache -Xcc -I/Users/builder/builds/TDmZkXJm/1/finestructure/swiftpackageindex-builder/spi-builder-workspace/.derivedData/Build/Products/Debug-xros/include -Xcc -I/Users/builder/builds/TDmZkXJm/1/finestructure/swiftpackageindex-builder/spi-builder-workspace/.derivedData/Build/Intermediates.noindex/Regex.build/Debug-xros/RegexTests.build/DerivedSources-normal/arm64 -Xcc -I/Users/builder/builds/TDmZkXJm/1/finestructure/swiftpackageindex-builder/spi-builder-workspace/.derivedData/Build/Intermediates.noindex/Regex.build/Debug-xros/RegexTests.build/DerivedSources/arm64 -Xcc -I/Users/builder/builds/TDmZkXJm/1/finestructure/swiftpackageindex-builder/spi-builder-workspace/.derivedData/Build/Intermediates.noindex/Regex.build/Debug-xros/RegexTests.build/DerivedSources -Xcc -DSWIFT_PACKAGE -Xcc -DDEBUG\=1 -module-name RegexTests -frontend-parseable-output -disable-clang-spi -target-sdk-version 1.0 -target-sdk-name xros1.0 -o /Users/builder/builds/TDmZkXJm/1/finestructure/swiftpackageindex-builder/spi-builder-workspace/.derivedData/Build/Intermediates.noindex/Regex.build/Debug-xros/RegexTests.build/Objects-normal/arm64/XCTestManifests.o -index-unit-output-path /Regex.build/Debug-xros/RegexTests.build/Objects-normal/arm64/XCTestManifests.o -index-store-path /Users/builder/builds/TDmZkXJm/1/finestructure/swiftpackageindex-builder/spi-builder-workspace/.derivedData/Index.noindex/DataStore -index-system-modules

SwiftDriverJobDiscovery normal arm64 Compiling String+ReplaceMatching.swift (in target 'Regex' from project 'Regex')

SwiftDriverJobDiscovery normal arm64 Compiling Regex.swift (in target 'Regex' from project 'Regex')
SwiftCompile normal arm64 Compiling\ Support.swift /Users/builder/builds/TDmZkXJm/1/finestructure/swiftpackageindex-builder/spi-builder-workspace/Tests/RegexTests/Support.swift (in target 'RegexTests' from project 'Regex')
    cd /Users/builder/builds/TDmZkXJm/1/finestructure/swiftpackageindex-builder/spi-builder-workspace
    builtin-swiftTaskExecution -- /Applications/Xcode-15.0.0-Beta.2.app/Contents/Developer/Toolchains/XcodeDefault.xctoolchain/usr/bin/swift-frontend -frontend -c /Users/builder/builds/TDmZkXJm/1/finestructure/swiftpackageindex-builder/spi-builder-workspace/Tests/RegexTests/Assertions.swift /Users/builder/builds/TDmZkXJm/1/finestructure/swiftpackageindex-builder/spi-builder-workspace/Tests/RegexTests/CodableTests.swift /Users/builder/builds/TDmZkXJm/1/finestructure/swiftpackageindex-builder/spi-builder-workspace/Tests/RegexTests/OptionsTests.swift /Users/builder/builds/TDmZkXJm/1/finestructure/swiftpackageindex-builder/spi-builder-workspace/Tests/RegexTests/RegexTests.swift /Users/builder/builds/TDmZkXJm/1/finestructure/swiftpackageindex-builder/spi-builder-workspace/Tests/RegexTests/StringReplacementTests.swift -primary-file /Users/builder/builds/TDmZkXJm/1/finestructure/swiftpackageindex-builder/spi-builder-workspace/Tests/RegexTests/Support.swift /Users/builder/builds/TDmZkXJm/1/finestructure/swiftpackageindex-builder/spi-builder-workspace/Tests/RegexTests/XCTestManifests.swift -emit-dependencies-path /Users/builder/builds/TDmZkXJm/1/finestructure/swiftpackageindex-builder/spi-builder-workspace/.derivedData/Build/Intermediates.noindex/Regex.build/Debug-xros/RegexTests.build/Objects-normal/arm64/Support.d -emit-const-values-path /Users/builder/builds/TDmZkXJm/1/finestructure/swiftpackageindex-builder/spi-builder-workspace/.derivedData/Build/Intermediates.noindex/Regex.build/Debug-xros/RegexTests.build/Objects-normal/arm64/Support.swiftconstvalues -emit-reference-dependencies-path /Users/builder/builds/TDmZkXJm/1/finestructure/swiftpackageindex-builder/spi-builder-workspace/.derivedData/Build/Intermediates.noindex/Regex.build/Debug-xros/RegexTests.build/Objects-normal/arm64/Support.swiftdeps -serialize-diagnostics-path /Users/builder/builds/TDmZkXJm/1/finestructure/swiftpackageindex-builder/spi-builder-workspace/.derivedData/Build/Intermediates.noindex/Regex.build/Debug-xros/RegexTests.build/Objects-normal/arm64/Support.dia -target arm64-apple-xros1.0 -Xllvm -aarch64-use-tbi -enable-objc-interop -stack-check -sdk /Applications/Xcode-15.0.0-Beta.2.app/Contents/Developer/Platforms/XROS.platform/Developer/SDKs/XROS1.0.sdk -I /Users/builder/builds/TDmZkXJm/1/finestructure/swiftpackageindex-builder/spi-builder-workspace/.derivedData/Build/Products/Debug-xros -I /Applications/Xcode-15.0.0-Beta.2.app/Contents/Developer/Platforms/XROS.platform/Developer/usr/lib -F /Users/builder/builds/TDmZkXJm/1/finestructure/swiftpackageindex-builder/spi-builder-workspace/.derivedData/Build/Products/Debug-xros/PackageFrameworks -F /Users/builder/builds/TDmZkXJm/1/finestructure/swiftpackageindex-builder/spi-builder-workspace/.derivedData/Build/Products/Debug-xros -F /Applications/Xcode-15.0.0-Beta.2.app/Contents/Developer/Platforms/XROS.platform/Developer/Library/Frameworks -F /Applications/Xcode-15.0.0-Beta.2.app/Contents/Developer/Platforms/XROS.platform/Developer/SDKs/XROS1.0.sdk/Developer/Library/Frameworks -no-color-diagnostics -enable-testing -g -module-cache-path /Users/builder/builds/TDmZkXJm/1/finestructure/swiftpackageindex-builder/spi-builder-workspace/.derivedData/ModuleCache.noindex -swift-version 5 -enforce-exclusivity\=checked -Onone -D SWIFT_PACKAGE -D DEBUG -D Xcode -serialize-debugging-options -const-gather-protocols-file /Users/builder/builds/TDmZkXJm/1/finestructure/swiftpackageindex-builder/spi-builder-workspace/.derivedData/Build/Intermediates.noindex/Regex.build/Debug-xros/RegexTests.build/Objects-normal/arm64/RegexTests_const_extract_protocols.json -empty-abi-descriptor -plugin-path /Applications/Xcode-15.0.0-Beta.2.app/Contents/Developer/Toolchains/XcodeDefault.xctoolchain/usr/lib/swift/host/plugins -plugin-path /Applications/Xcode-15.0.0-Beta.2.app/Contents/Developer/Toolchains/XcodeDefault.xctoolchain/usr/local/lib/swift/host/plugins -validate-clang-modules-once -clang-build-session-file /Users/builder/builds/TDmZkXJm/1/finestructure/swiftpackageindex-builder/spi-builder-workspace/.derivedData/ModuleCache.noindex/Session.modulevalidation -Xcc -working-directory -Xcc /Users/builder/builds/TDmZkXJm/1/finestructure/swiftpackageindex-builder/spi-builder-workspace -resource-dir /Applications/Xcode-15.0.0-Beta.2.app/Contents/Developer/Toolchains/XcodeDefault.xctoolchain/usr/lib/swift -enable-anonymous-context-mangled-names -Xcc -ivfsstatcache -Xcc /Users/builder/builds/TDmZkXJm/1/finestructure/swiftpackageindex-builder/spi-builder-workspace/.derivedData/SDKStatCaches.noindex/xros1.0-21N5165f-50a81fd5751d5bee8ff6d6ea12214339.sdkstatcache -Xcc -I/Users/builder/builds/TDmZkXJm/1/finestructure/swiftpackageindex-builder/spi-builder-workspace/.derivedData/Build/Products/Debug-xros/include -Xcc -I/Users/builder/builds/TDmZkXJm/1/finestructure/swiftpackageindex-builder/spi-builder-workspace/.derivedData/Build/Intermediates.noindex/Regex.build/Debug-xros/RegexTests.build/DerivedSources-normal/arm64 -Xcc -I/Users/builder/builds/TDmZkXJm/1/finestructure/swiftpackageindex-builder/spi-builder-workspace/.derivedData/Build/Intermediates.noindex/Regex.build/Debug-xros/RegexTests.build/DerivedSources/arm64 -Xcc -I/Users/builder/builds/TDmZkXJm/1/finestructure/swiftpackageindex-builder/spi-builder-workspace/.derivedData/Build/Intermediates.noindex/Regex.build/Debug-xros/RegexTests.build/DerivedSources -Xcc -DSWIFT_PACKAGE -Xcc -DDEBUG\=1 -module-name RegexTests -frontend-parseable-output -disable-clang-spi -target-sdk-version 1.0 -target-sdk-name xros1.0 -o /Users/builder/builds/TDmZkXJm/1/finestructure/swiftpackageindex-builder/spi-builder-workspace/.derivedData/Build/Intermediates.noindex/Regex.build/Debug-xros/RegexTests.build/Objects-normal/arm64/Support.o -index-unit-output-path /Regex.build/Debug-xros/RegexTests.build/Objects-normal/arm64/Support.o -index-store-path /Users/builder/builds/TDmZkXJm/1/finestructure/swiftpackageindex-builder/spi-builder-workspace/.derivedData/Index.noindex/DataStore -index-system-modules
SwiftCompile normal arm64 /Users/builder/builds/TDmZkXJm/1/finestructure/swiftpackageindex-builder/spi-builder-workspace/Tests/RegexTests/Support.swift (in target 'RegexTests' from project 'Regex')
    cd /Users/builder/builds/TDmZkXJm/1/finestructure/swiftpackageindex-builder/spi-builder-workspace
    /Applications/Xcode-15.0.0-Beta.2.app/Contents/Developer/Toolchains/XcodeDefault.xctoolchain/usr/bin/swift-frontend -c /Users/builder/builds/TDmZkXJm/1/finestructure/swiftpackageindex-builder/spi-builder-workspace/Tests/RegexTests/Assertions.swift /Users/builder/builds/TDmZkXJm/1/finestructure/swiftpackageindex-builder/spi-builder-workspace/Tests/RegexTests/CodableTests.swift /Users/builder/builds/TDmZkXJm/1/finestructure/swiftpackageindex-builder/spi-builder-workspace/Tests/RegexTests/OptionsTests.swift /Users/builder/builds/TDmZkXJm/1/finestructure/swiftpackageindex-builder/spi-builder-workspace/Tests/RegexTests/RegexTests.swift /Users/builder/builds/TDmZkXJm/1/finestructure/swiftpackageindex-builder/spi-builder-workspace/Tests/RegexTests/StringReplacementTests.swift -primary-file /Users/builder/builds/TDmZkXJm/1/finestructure/swiftpackageindex-builder/spi-builder-workspace/Tests/RegexTests/Support.swift /Users/builder/builds/TDmZkXJm/1/finestructure/swiftpackageindex-builder/spi-builder-workspace/Tests/RegexTests/XCTestManifests.swift -emit-dependencies-path /Users/builder/builds/TDmZkXJm/1/finestructure/swiftpackageindex-builder/spi-builder-workspace/.derivedData/Build/Intermediates.noindex/Regex.build/Debug-xros/RegexTests.build/Objects-normal/arm64/Support.d -emit-const-values-path /Users/builder/builds/TDmZkXJm/1/finestructure/swiftpackageindex-builder/spi-builder-workspace/.derivedData/Build/Intermediates.noindex/Regex.build/Debug-xros/RegexTests.build/Objects-normal/arm64/Support.swiftconstvalues -emit-reference-dependencies-path /Users/builder/builds/TDmZkXJm/1/finestructure/swiftpackageindex-builder/spi-builder-workspace/.derivedData/Build/Intermediates.noindex/Regex.build/Debug-xros/RegexTests.build/Objects-normal/arm64/Support.swiftdeps -serialize-diagnostics-path /Users/builder/builds/TDmZkXJm/1/finestructure/swiftpackageindex-builder/spi-builder-workspace/.derivedData/Build/Intermediates.noindex/Regex.build/Debug-xros/RegexTests.build/Objects-normal/arm64/Support.dia -target arm64-apple-xros1.0 -Xllvm -aarch64-use-tbi -enable-objc-interop -stack-check -sdk /Applications/Xcode-15.0.0-Beta.2.app/Contents/Developer/Platforms/XROS.platform/Developer/SDKs/XROS1.0.sdk -I /Users/builder/builds/TDmZkXJm/1/finestructure/swiftpackageindex-builder/spi-builder-workspace/.derivedData/Build/Products/Debug-xros -I /Applications/Xcode-15.0.0-Beta.2.app/Contents/Developer/Platforms/XROS.platform/Developer/usr/lib -F /Users/builder/builds/TDmZkXJm/1/finestructure/swiftpackageindex-builder/spi-builder-workspace/.derivedData/Build/Products/Debug-xros/PackageFrameworks -F /Users/builder/builds/TDmZkXJm/1/finestructure/swiftpackageindex-builder/spi-builder-workspace/.derivedData/Build/Products/Debug-xros -F /Applications/Xcode-15.0.0-Beta.2.app/Contents/Developer/Platforms/XROS.platform/Developer/Library/Frameworks -F /Applications/Xcode-15.0.0-Beta.2.app/Contents/Developer/Platforms/XROS.platform/Developer/SDKs/XROS1.0.sdk/Developer/Library/Frameworks -no-color-diagnostics -enable-testing -g -module-cache-path /Users/builder/builds/TDmZkXJm/1/finestructure/swiftpackageindex-builder/spi-builder-workspace/.derivedData/ModuleCache.noindex -swift-version 5 -enforce-exclusivity\=checked -Onone -D SWIFT_PACKAGE -D DEBUG -D Xcode -serialize-debugging-options -const-gather-protocols-file /Users/builder/builds/TDmZkXJm/1/finestructure/swiftpackageindex-builder/spi-builder-workspace/.derivedData/Build/Intermediates.noindex/Regex.build/Debug-xros/RegexTests.build/Objects-normal/arm64/RegexTests_const_extract_protocols.json -empty-abi-descriptor -plugin-path /Applications/Xcode-15.0.0-Beta.2.app/Contents/Developer/Toolchains/XcodeDefault.xctoolchain/usr/lib/swift/host/plugins -plugin-path /Applications/Xcode-15.0.0-Beta.2.app/Contents/Developer/Toolchains/XcodeDefault.xctoolchain/usr/local/lib/swift/host/plugins -validate-clang-modules-once -clang-build-session-file /Users/builder/builds/TDmZkXJm/1/finestructure/swiftpackageindex-builder/spi-builder-workspace/.derivedData/ModuleCache.noindex/Session.modulevalidation -Xcc -working-directory -Xcc /Users/builder/builds/TDmZkXJm/1/finestructure/swiftpackageindex-builder/spi-builder-workspace -resource-dir /Applications/Xcode-15.0.0-Beta.2.app/Contents/Developer/Toolchains/XcodeDefault.xctoolchain/usr/lib/swift -enable-anonymous-context-mangled-names -Xcc -ivfsstatcache -Xcc /Users/builder/builds/TDmZkXJm/1/finestructure/swiftpackageindex-builder/spi-builder-workspace/.derivedData/SDKStatCaches.noindex/xros1.0-21N5165f-50a81fd5751d5bee8ff6d6ea12214339.sdkstatcache -Xcc -I/Users/builder/builds/TDmZkXJm/1/finestructure/swiftpackageindex-builder/spi-builder-workspace/.derivedData/Build/Products/Debug-xros/include -Xcc -I/Users/builder/builds/TDmZkXJm/1/finestructure/swiftpackageindex-builder/spi-builder-workspace/.derivedData/Build/Intermediates.noindex/Regex.build/Debug-xros/RegexTests.build/DerivedSources-normal/arm64 -Xcc -I/Users/builder/builds/TDmZkXJm/1/finestructure/swiftpackageindex-builder/spi-builder-workspace/.derivedData/Build/Intermediates.noindex/Regex.build/Debug-xros/RegexTests.build/DerivedSources/arm64 -Xcc -I/Users/builder/builds/TDmZkXJm/1/finestructure/swiftpackageindex-builder/spi-builder-workspace/.derivedData/Build/Intermediates.noindex/Regex.build/Debug-xros/RegexTests.build/DerivedSources -Xcc -DSWIFT_PACKAGE -Xcc -DDEBUG\=1 -module-name RegexTests -frontend-parseable-output -disable-clang-spi -target-sdk-version 1.0 -target-sdk-name xros1.0 -o /Users/builder/builds/TDmZkXJm/1/finestructure/swiftpackageindex-builder/spi-builder-workspace/.derivedData/Build/Intermediates.noindex/Regex.build/Debug-xros/RegexTests.build/Objects-normal/arm64/Support.o -index-unit-output-path /Regex.build/Debug-xros/RegexTests.build/Objects-normal/arm64/Support.o -index-store-path /Users/builder/builds/TDmZkXJm/1/finestructure/swiftpackageindex-builder/spi-builder-workspace/.derivedData/Index.noindex/DataStore -index-system-modules

SwiftDriverJobDiscovery normal arm64 Compiling MatchResult.swift (in target 'Regex' from project 'Regex')
Retrying in 0 seconds ...
Building ... (attempt 2)
SwiftCompile normal arm64 Compiling\ RegexTests.swift /Users/builder/builds/TDmZkXJm/1/finestructure/swiftpackageindex-builder/spi-builder-workspace/Tests/RegexTests/RegexTests.swift (in target 'RegexTests' from project 'Regex')
    cd /Users/builder/builds/TDmZkXJm/1/finestructure/swiftpackageindex-builder/spi-builder-workspace
    builtin-swiftTaskExecution -- /Applications/Xcode-15.0.0-Beta.2.app/Contents/Developer/Toolchains/XcodeDefault.xctoolchain/usr/bin/swift-frontend -frontend -c /Users/builder/builds/TDmZkXJm/1/finestructure/swiftpackageindex-builder/spi-builder-workspace/Tests/RegexTests/Assertions.swift /Users/builder/builds/TDmZkXJm/1/finestructure/swiftpackageindex-builder/spi-builder-workspace/Tests/RegexTests/CodableTests.swift /Users/builder/builds/TDmZkXJm/1/finestructure/swiftpackageindex-builder/spi-builder-workspace/Tests/RegexTests/OptionsTests.swift -primary-file /Users/builder/builds/TDmZkXJm/1/finestructure/swiftpackageindex-builder/spi-builder-workspace/Tests/RegexTests/RegexTests.swift /Users/builder/builds/TDmZkXJm/1/finestructure/swiftpackageindex-builder/spi-builder-workspace/Tests/RegexTests/StringReplacementTests.swift /Users/builder/builds/TDmZkXJm/1/finestructure/swiftpackageindex-builder/spi-builder-workspace/Tests/RegexTests/Support.swift /Users/builder/builds/TDmZkXJm/1/finestructure/swiftpackageindex-builder/spi-builder-workspace/Tests/RegexTests/XCTestManifests.swift -emit-dependencies-path /Users/builder/builds/TDmZkXJm/1/finestructure/swiftpackageindex-builder/spi-builder-workspace/.derivedData/Build/Intermediates.noindex/Regex.build/Debug-xros/RegexTests.build/Objects-normal/arm64/RegexTests.d -emit-const-values-path /Users/builder/builds/TDmZkXJm/1/finestructure/swiftpackageindex-builder/spi-builder-workspace/.derivedData/Build/Intermediates.noindex/Regex.build/Debug-xros/RegexTests.build/Objects-normal/arm64/RegexTests.swiftconstvalues -emit-reference-dependencies-path /Users/builder/builds/TDmZkXJm/1/finestructure/swiftpackageindex-builder/spi-builder-workspace/.derivedData/Build/Intermediates.noindex/Regex.build/Debug-xros/RegexTests.build/Objects-normal/arm64/RegexTests.swiftdeps -serialize-diagnostics-path /Users/builder/builds/TDmZkXJm/1/finestructure/swiftpackageindex-builder/spi-builder-workspace/.derivedData/Build/Intermediates.noindex/Regex.build/Debug-xros/RegexTests.build/Objects-normal/arm64/RegexTests.dia -target arm64-apple-xros1.0 -Xllvm -aarch64-use-tbi -enable-objc-interop -stack-check -sdk /Applications/Xcode-15.0.0-Beta.2.app/Contents/Developer/Platforms/XROS.platform/Developer/SDKs/XROS1.0.sdk -I /Users/builder/builds/TDmZkXJm/1/finestructure/swiftpackageindex-builder/spi-builder-workspace/.derivedData/Build/Products/Debug-xros -I /Applications/Xcode-15.0.0-Beta.2.app/Contents/Developer/Platforms/XROS.platform/Developer/usr/lib -F /Users/builder/builds/TDmZkXJm/1/finestructure/swiftpackageindex-builder/spi-builder-workspace/.derivedData/Build/Products/Debug-xros/PackageFrameworks -F /Users/builder/builds/TDmZkXJm/1/finestructure/swiftpackageindex-builder/spi-builder-workspace/.derivedData/Build/Products/Debug-xros -F /Applications/Xcode-15.0.0-Beta.2.app/Contents/Developer/Platforms/XROS.platform/Developer/Library/Frameworks -F /Applications/Xcode-15.0.0-Beta.2.app/Contents/Developer/Platforms/XROS.platform/Developer/SDKs/XROS1.0.sdk/Developer/Library/Frameworks -no-color-diagnostics -enable-testing -g -module-cache-path /Users/builder/builds/TDmZkXJm/1/finestructure/swiftpackageindex-builder/spi-builder-workspace/.derivedData/ModuleCache.noindex -swift-version 5 -enforce-exclusivity\=checked -Onone -D SWIFT_PACKAGE -D DEBUG -D Xcode -serialize-debugging-options -const-gather-protocols-file /Users/builder/builds/TDmZkXJm/1/finestructure/swiftpackageindex-builder/spi-builder-workspace/.derivedData/Build/Intermediates.noindex/Regex.build/Debug-xros/RegexTests.build/Objects-normal/arm64/RegexTests_const_extract_protocols.json -empty-abi-descriptor -plugin-path /Applications/Xcode-15.0.0-Beta.2.app/Contents/Developer/Toolchains/XcodeDefault.xctoolchain/usr/lib/swift/host/plugins -plugin-path /Applications/Xcode-15.0.0-Beta.2.app/Contents/Developer/Toolchains/XcodeDefault.xctoolchain/usr/local/lib/swift/host/plugins -validate-clang-modules-once -clang-build-session-file /Users/builder/builds/TDmZkXJm/1/finestructure/swiftpackageindex-builder/spi-builder-workspace/.derivedData/ModuleCache.noindex/Session.modulevalidation -Xcc -working-directory -Xcc /Users/builder/builds/TDmZkXJm/1/finestructure/swiftpackageindex-builder/spi-builder-workspace -resource-dir /Applications/Xcode-15.0.0-Beta.2.app/Contents/Developer/Toolchains/XcodeDefault.xctoolchain/usr/lib/swift -enable-anonymous-context-mangled-names -Xcc -ivfsstatcache -Xcc /Users/builder/builds/TDmZkXJm/1/finestructure/swiftpackageindex-builder/spi-builder-workspace/.derivedData/SDKStatCaches.noindex/xros1.0-21N5165f-50a81fd5751d5bee8ff6d6ea12214339.sdkstatcache -Xcc -I/Users/builder/builds/TDmZkXJm/1/finestructure/swiftpackageindex-builder/spi-builder-workspace/.derivedData/Build/Products/Debug-xros/include -Xcc -I/Users/builder/builds/TDmZkXJm/1/finestructure/swiftpackageindex-builder/spi-builder-workspace/.derivedData/Build/Intermediates.noindex/Regex.build/Debug-xros/RegexTests.build/DerivedSources-normal/arm64 -Xcc -I/Users/builder/builds/TDmZkXJm/1/finestructure/swiftpackageindex-builder/spi-builder-workspace/.derivedData/Build/Intermediates.noindex/Regex.build/Debug-xros/RegexTests.build/DerivedSources/arm64 -Xcc -I/Users/builder/builds/TDmZkXJm/1/finestructure/swiftpackageindex-builder/spi-builder-workspace/.derivedData/Build/Intermediates.noindex/Regex.build/Debug-xros/RegexTests.build/DerivedSources -Xcc -DSWIFT_PACKAGE -Xcc -DDEBUG\=1 -module-name RegexTests -frontend-parseable-output -disable-clang-spi -target-sdk-version 1.0 -target-sdk-name xros1.0 -o /Users/builder/builds/TDmZkXJm/1/finestructure/swiftpackageindex-builder/spi-builder-workspace/.derivedData/Build/Intermediates.noindex/Regex.build/Debug-xros/RegexTests.build/Objects-normal/arm64/RegexTests.o -index-unit-output-path /Regex.build/Debug-xros/RegexTests.build/Objects-normal/arm64/RegexTests.o -index-store-path /Users/builder/builds/TDmZkXJm/1/finestructure/swiftpackageindex-builder/spi-builder-workspace/.derivedData/Index.noindex/DataStore -index-system-modules
SwiftCompile normal arm64 /Users/builder/builds/TDmZkXJm/1/finestructure/swiftpackageindex-builder/spi-builder-workspace/Tests/RegexTests/RegexTests.swift (in target 'RegexTests' from project 'Regex')
    cd /Users/builder/builds/TDmZkXJm/1/finestructure/swiftpackageindex-builder/spi-builder-workspace
    /Applications/Xcode-15.0.0-Beta.2.app/Contents/Developer/Toolchains/XcodeDefault.xctoolchain/usr/bin/swift-frontend -c /Users/builder/builds/TDmZkXJm/1/finestructure/swiftpackageindex-builder/spi-builder-workspace/Tests/RegexTests/Assertions.swift /Users/builder/builds/TDmZkXJm/1/finestructure/swiftpackageindex-builder/spi-builder-workspace/Tests/RegexTests/CodableTests.swift /Users/builder/builds/TDmZkXJm/1/finestructure/swiftpackageindex-builder/spi-builder-workspace/Tests/RegexTests/OptionsTests.swift -primary-file /Users/builder/builds/TDmZkXJm/1/finestructure/swiftpackageindex-builder/spi-builder-workspace/Tests/RegexTests/RegexTests.swift /Users/builder/builds/TDmZkXJm/1/finestructure/swiftpackageindex-builder/spi-builder-workspace/Tests/RegexTests/StringReplacementTests.swift /Users/builder/builds/TDmZkXJm/1/finestructure/swiftpackageindex-builder/spi-builder-workspace/Tests/RegexTests/Support.swift /Users/builder/builds/TDmZkXJm/1/finestructure/swiftpackageindex-builder/spi-builder-workspace/Tests/RegexTests/XCTestManifests.swift -emit-dependencies-path /Users/builder/builds/TDmZkXJm/1/finestructure/swiftpackageindex-builder/spi-builder-workspace/.derivedData/Build/Intermediates.noindex/Regex.build/Debug-xros/RegexTests.build/Objects-normal/arm64/RegexTests.d -emit-const-values-path /Users/builder/builds/TDmZkXJm/1/finestructure/swiftpackageindex-builder/spi-builder-workspace/.derivedData/Build/Intermediates.noindex/Regex.build/Debug-xros/RegexTests.build/Objects-normal/arm64/RegexTests.swiftconstvalues -emit-reference-dependencies-path /Users/builder/builds/TDmZkXJm/1/finestructure/swiftpackageindex-builder/spi-builder-workspace/.derivedData/Build/Intermediates.noindex/Regex.build/Debug-xros/RegexTests.build/Objects-normal/arm64/RegexTests.swiftdeps -serialize-diagnostics-path /Users/builder/builds/TDmZkXJm/1/finestructure/swiftpackageindex-builder/spi-builder-workspace/.derivedData/Build/Intermediates.noindex/Regex.build/Debug-xros/RegexTests.build/Objects-normal/arm64/RegexTests.dia -target arm64-apple-xros1.0 -Xllvm -aarch64-use-tbi -enable-objc-interop -stack-check -sdk /Applications/Xcode-15.0.0-Beta.2.app/Contents/Developer/Platforms/XROS.platform/Developer/SDKs/XROS1.0.sdk -I /Users/builder/builds/TDmZkXJm/1/finestructure/swiftpackageindex-builder/spi-builder-workspace/.derivedData/Build/Products/Debug-xros -I /Applications/Xcode-15.0.0-Beta.2.app/Contents/Developer/Platforms/XROS.platform/Developer/usr/lib -F /Users/builder/builds/TDmZkXJm/1/finestructure/swiftpackageindex-builder/spi-builder-workspace/.derivedData/Build/Products/Debug-xros/PackageFrameworks -F /Users/builder/builds/TDmZkXJm/1/finestructure/swiftpackageindex-builder/spi-builder-workspace/.derivedData/Build/Products/Debug-xros -F /Applications/Xcode-15.0.0-Beta.2.app/Contents/Developer/Platforms/XROS.platform/Developer/Library/Frameworks -F /Applications/Xcode-15.0.0-Beta.2.app/Contents/Developer/Platforms/XROS.platform/Developer/SDKs/XROS1.0.sdk/Developer/Library/Frameworks -no-color-diagnostics -enable-testing -g -module-cache-path /Users/builder/builds/TDmZkXJm/1/finestructure/swiftpackageindex-builder/spi-builder-workspace/.derivedData/ModuleCache.noindex -swift-version 5 -enforce-exclusivity\=checked -Onone -D SWIFT_PACKAGE -D DEBUG -D Xcode -serialize-debugging-options -const-gather-protocols-file /Users/builder/builds/TDmZkXJm/1/finestructure/swiftpackageindex-builder/spi-builder-workspace/.derivedData/Build/Intermediates.noindex/Regex.build/Debug-xros/RegexTests.build/Objects-normal/arm64/RegexTests_const_extract_protocols.json -empty-abi-descriptor -plugin-path /Applications/Xcode-15.0.0-Beta.2.app/Contents/Developer/Toolchains/XcodeDefault.xctoolchain/usr/lib/swift/host/plugins -plugin-path /Applications/Xcode-15.0.0-Beta.2.app/Contents/Developer/Toolchains/XcodeDefault.xctoolchain/usr/local/lib/swift/host/plugins -validate-clang-modules-once -clang-build-session-file /Users/builder/builds/TDmZkXJm/1/finestructure/swiftpackageindex-builder/spi-builder-workspace/.derivedData/ModuleCache.noindex/Session.modulevalidation -Xcc -working-directory -Xcc /Users/builder/builds/TDmZkXJm/1/finestructure/swiftpackageindex-builder/spi-builder-workspace -resource-dir /Applications/Xcode-15.0.0-Beta.2.app/Contents/Developer/Toolchains/XcodeDefault.xctoolchain/usr/lib/swift -enable-anonymous-context-mangled-names -Xcc -ivfsstatcache -Xcc /Users/builder/builds/TDmZkXJm/1/finestructure/swiftpackageindex-builder/spi-builder-workspace/.derivedData/SDKStatCaches.noindex/xros1.0-21N5165f-50a81fd5751d5bee8ff6d6ea12214339.sdkstatcache -Xcc -I/Users/builder/builds/TDmZkXJm/1/finestructure/swiftpackageindex-builder/spi-builder-workspace/.derivedData/Build/Products/Debug-xros/include -Xcc -I/Users/builder/builds/TDmZkXJm/1/finestructure/swiftpackageindex-builder/spi-builder-workspace/.derivedData/Build/Intermediates.noindex/Regex.build/Debug-xros/RegexTests.build/DerivedSources-normal/arm64 -Xcc -I/Users/builder/builds/TDmZkXJm/1/finestructure/swiftpackageindex-builder/spi-builder-workspace/.derivedData/Build/Intermediates.noindex/Regex.build/Debug-xros/RegexTests.build/DerivedSources/arm64 -Xcc -I/Users/builder/builds/TDmZkXJm/1/finestructure/swiftpackageindex-builder/spi-builder-workspace/.derivedData/Build/Intermediates.noindex/Regex.build/Debug-xros/RegexTests.build/DerivedSources -Xcc -DSWIFT_PACKAGE -Xcc -DDEBUG\=1 -module-name RegexTests -frontend-parseable-output -disable-clang-spi -target-sdk-version 1.0 -target-sdk-name xros1.0 -o /Users/builder/builds/TDmZkXJm/1/finestructure/swiftpackageindex-builder/spi-builder-workspace/.derivedData/Build/Intermediates.noindex/Regex.build/Debug-xros/RegexTests.build/Objects-normal/arm64/RegexTests.o -index-unit-output-path /Regex.build/Debug-xros/RegexTests.build/Objects-normal/arm64/RegexTests.o -index-store-path /Users/builder/builds/TDmZkXJm/1/finestructure/swiftpackageindex-builder/spi-builder-workspace/.derivedData/Index.noindex/DataStore -index-system-modules

SwiftDriverJobDiscovery normal arm64 Compiling Options.swift (in target 'Regex' from project 'Regex')
SwiftCompile normal arm64 Compiling\ OptionsTests.swift /Users/builder/builds/TDmZkXJm/1/finestructure/swiftpackageindex-builder/spi-builder-workspace/Tests/RegexTests/OptionsTests.swift (in target 'RegexTests' from project 'Regex')
    cd /Users/builder/builds/TDmZkXJm/1/finestructure/swiftpackageindex-builder/spi-builder-workspace
    builtin-swiftTaskExecution -- /Applications/Xcode-15.0.0-Beta.2.app/Contents/Developer/Toolchains/XcodeDefault.xctoolchain/usr/bin/swift-frontend -frontend -c /Users/builder/builds/TDmZkXJm/1/finestructure/swiftpackageindex-builder/spi-builder-workspace/Tests/RegexTests/Assertions.swift /Users/builder/builds/TDmZkXJm/1/finestructure/swiftpackageindex-builder/spi-builder-workspace/Tests/RegexTests/CodableTests.swift -primary-file /Users/builder/builds/TDmZkXJm/1/finestructure/swiftpackageindex-builder/spi-builder-workspace/Tests/RegexTests/OptionsTests.swift /Users/builder/builds/TDmZkXJm/1/finestructure/swiftpackageindex-builder/spi-builder-workspace/Tests/RegexTests/RegexTests.swift /Users/builder/builds/TDmZkXJm/1/finestructure/swiftpackageindex-builder/spi-builder-workspace/Tests/RegexTests/StringReplacementTests.swift /Users/builder/builds/TDmZkXJm/1/finestructure/swiftpackageindex-builder/spi-builder-workspace/Tests/RegexTests/Support.swift /Users/builder/builds/TDmZkXJm/1/finestructure/swiftpackageindex-builder/spi-builder-workspace/Tests/RegexTests/XCTestManifests.swift -emit-dependencies-path /Users/builder/builds/TDmZkXJm/1/finestructure/swiftpackageindex-builder/spi-builder-workspace/.derivedData/Build/Intermediates.noindex/Regex.build/Debug-xros/RegexTests.build/Objects-normal/arm64/OptionsTests.d -emit-const-values-path /Users/builder/builds/TDmZkXJm/1/finestructure/swiftpackageindex-builder/spi-builder-workspace/.derivedData/Build/Intermediates.noindex/Regex.build/Debug-xros/RegexTests.build/Objects-normal/arm64/OptionsTests.swiftconstvalues -emit-reference-dependencies-path /Users/builder/builds/TDmZkXJm/1/finestructure/swiftpackageindex-builder/spi-builder-workspace/.derivedData/Build/Intermediates.noindex/Regex.build/Debug-xros/RegexTests.build/Objects-normal/arm64/OptionsTests.swiftdeps -serialize-diagnostics-path /Users/builder/builds/TDmZkXJm/1/finestructure/swiftpackageindex-builder/spi-builder-workspace/.derivedData/Build/Intermediates.noindex/Regex.build/Debug-xros/RegexTests.build/Objects-normal/arm64/OptionsTests.dia -target arm64-apple-xros1.0 -Xllvm -aarch64-use-tbi -enable-objc-interop -stack-check -sdk /Applications/Xcode-15.0.0-Beta.2.app/Contents/Developer/Platforms/XROS.platform/Developer/SDKs/XROS1.0.sdk -I /Users/builder/builds/TDmZkXJm/1/finestructure/swiftpackageindex-builder/spi-builder-workspace/.derivedData/Build/Products/Debug-xros -I /Applications/Xcode-15.0.0-Beta.2.app/Contents/Developer/Platforms/XROS.platform/Developer/usr/lib -F /Users/builder/builds/TDmZkXJm/1/finestructure/swiftpackageindex-builder/spi-builder-workspace/.derivedData/Build/Products/Debug-xros/PackageFrameworks -F /Users/builder/builds/TDmZkXJm/1/finestructure/swiftpackageindex-builder/spi-builder-workspace/.derivedData/Build/Products/Debug-xros -F /Applications/Xcode-15.0.0-Beta.2.app/Contents/Developer/Platforms/XROS.platform/Developer/Library/Frameworks -F /Applications/Xcode-15.0.0-Beta.2.app/Contents/Developer/Platforms/XROS.platform/Developer/SDKs/XROS1.0.sdk/Developer/Library/Frameworks -no-color-diagnostics -enable-testing -g -module-cache-path /Users/builder/builds/TDmZkXJm/1/finestructure/swiftpackageindex-builder/spi-builder-workspace/.derivedData/ModuleCache.noindex -swift-version 5 -enforce-exclusivity\=checked -Onone -D SWIFT_PACKAGE -D DEBUG -D Xcode -serialize-debugging-options -const-gather-protocols-file /Users/builder/builds/TDmZkXJm/1/finestructure/swiftpackageindex-builder/spi-builder-workspace/.derivedData/Build/Intermediates.noindex/Regex.build/Debug-xros/RegexTests.build/Objects-normal/arm64/RegexTests_const_extract_protocols.json -empty-abi-descriptor -plugin-path /Applications/Xcode-15.0.0-Beta.2.app/Contents/Developer/Toolchains/XcodeDefault.xctoolchain/usr/lib/swift/host/plugins -plugin-path /Applications/Xcode-15.0.0-Beta.2.app/Contents/Developer/Toolchains/XcodeDefault.xctoolchain/usr/local/lib/swift/host/plugins -validate-clang-modules-once -clang-build-session-file /Users/builder/builds/TDmZkXJm/1/finestructure/swiftpackageindex-builder/spi-builder-workspace/.derivedData/ModuleCache.noindex/Session.modulevalidation -Xcc -working-directory -Xcc /Users/builder/builds/TDmZkXJm/1/finestructure/swiftpackageindex-builder/spi-builder-workspace -resource-dir /Applications/Xcode-15.0.0-Beta.2.app/Contents/Developer/Toolchains/XcodeDefault.xctoolchain/usr/lib/swift -enable-anonymous-context-mangled-names -Xcc -ivfsstatcache -Xcc /Users/builder/builds/TDmZkXJm/1/finestructure/swiftpackageindex-builder/spi-builder-workspace/.derivedData/SDKStatCaches.noindex/xros1.0-21N5165f-50a81fd5751d5bee8ff6d6ea12214339.sdkstatcache -Xcc -I/Users/builder/builds/TDmZkXJm/1/finestructure/swiftpackageindex-builder/spi-builder-workspace/.derivedData/Build/Products/Debug-xros/include -Xcc -I/Users/builder/builds/TDmZkXJm/1/finestructure/swiftpackageindex-builder/spi-builder-workspace/.derivedData/Build/Intermediates.noindex/Regex.build/Debug-xros/RegexTests.build/DerivedSources-normal/arm64 -Xcc -I/Users/builder/builds/TDmZkXJm/1/finestructure/swiftpackageindex-builder/spi-builder-workspace/.derivedData/Build/Intermediates.noindex/Regex.build/Debug-xros/RegexTests.build/DerivedSources/arm64 -Xcc -I/Users/builder/builds/TDmZkXJm/1/finestructure/swiftpackageindex-builder/spi-builder-workspace/.derivedData/Build/Intermediates.noindex/Regex.build/Debug-xros/RegexTests.build/DerivedSources -Xcc -DSWIFT_PACKAGE -Xcc -DDEBUG\=1 -module-name RegexTests -frontend-parseable-output -disable-clang-spi -target-sdk-version 1.0 -target-sdk-name xros1.0 -o /Users/builder/builds/TDmZkXJm/1/finestructure/swiftpackageindex-builder/spi-builder-workspace/.derivedData/Build/Intermediates.noindex/Regex.build/Debug-xros/RegexTests.build/Objects-normal/arm64/OptionsTests.o -index-unit-output-path /Regex.build/Debug-xros/RegexTests.build/Objects-normal/arm64/OptionsTests.o -index-store-path /Users/builder/builds/TDmZkXJm/1/finestructure/swiftpackageindex-builder/spi-builder-workspace/.derivedData/Index.noindex/DataStore -index-system-modules
SwiftCompile normal arm64 /Users/builder/builds/TDmZkXJm/1/finestructure/swiftpackageindex-builder/spi-builder-workspace/Tests/RegexTests/OptionsTests.swift (in target 'RegexTests' from project 'Regex')
    cd /Users/builder/builds/TDmZkXJm/1/finestructure/swiftpackageindex-builder/spi-builder-workspace
    /Applications/Xcode-15.0.0-Beta.2.app/Contents/Developer/Toolchains/XcodeDefault.xctoolchain/usr/bin/swift-frontend -c /Users/builder/builds/TDmZkXJm/1/finestructure/swiftpackageindex-builder/spi-builder-workspace/Tests/RegexTests/Assertions.swift /Users/builder/builds/TDmZkXJm/1/finestructure/swiftpackageindex-builder/spi-builder-workspace/Tests/RegexTests/CodableTests.swift -primary-file /Users/builder/builds/TDmZkXJm/1/finestructure/swiftpackageindex-builder/spi-builder-workspace/Tests/RegexTests/OptionsTests.swift /Users/builder/builds/TDmZkXJm/1/finestructure/swiftpackageindex-builder/spi-builder-workspace/Tests/RegexTests/RegexTests.swift /Users/builder/builds/TDmZkXJm/1/finestructure/swiftpackageindex-builder/spi-builder-workspace/Tests/RegexTests/StringReplacementTests.swift /Users/builder/builds/TDmZkXJm/1/finestructure/swiftpackageindex-builder/spi-builder-workspace/Tests/RegexTests/Support.swift /Users/builder/builds/TDmZkXJm/1/finestructure/swiftpackageindex-builder/spi-builder-workspace/Tests/RegexTests/XCTestManifests.swift -emit-dependencies-path /Users/builder/builds/TDmZkXJm/1/finestructure/swiftpackageindex-builder/spi-builder-workspace/.derivedData/Build/Intermediates.noindex/Regex.build/Debug-xros/RegexTests.build/Objects-normal/arm64/OptionsTests.d -emit-const-values-path /Users/builder/builds/TDmZkXJm/1/finestructure/swiftpackageindex-builder/spi-builder-workspace/.derivedData/Build/Intermediates.noindex/Regex.build/Debug-xros/RegexTests.build/Objects-normal/arm64/OptionsTests.swiftconstvalues -emit-reference-dependencies-path /Users/builder/builds/TDmZkXJm/1/finestructure/swiftpackageindex-builder/spi-builder-workspace/.derivedData/Build/Intermediates.noindex/Regex.build/Debug-xros/RegexTests.build/Objects-normal/arm64/OptionsTests.swiftdeps -serialize-diagnostics-path /Users/builder/builds/TDmZkXJm/1/finestructure/swiftpackageindex-builder/spi-builder-workspace/.derivedData/Build/Intermediates.noindex/Regex.build/Debug-xros/RegexTests.build/Objects-normal/arm64/OptionsTests.dia -target arm64-apple-xros1.0 -Xllvm -aarch64-use-tbi -enable-objc-interop -stack-check -sdk /Applications/Xcode-15.0.0-Beta.2.app/Contents/Developer/Platforms/XROS.platform/Developer/SDKs/XROS1.0.sdk -I /Users/builder/builds/TDmZkXJm/1/finestructure/swiftpackageindex-builder/spi-builder-workspace/.derivedData/Build/Products/Debug-xros -I /Applications/Xcode-15.0.0-Beta.2.app/Contents/Developer/Platforms/XROS.platform/Developer/usr/lib -F /Users/builder/builds/TDmZkXJm/1/finestructure/swiftpackageindex-builder/spi-builder-workspace/.derivedData/Build/Products/Debug-xros/PackageFrameworks -F /Users/builder/builds/TDmZkXJm/1/finestructure/swiftpackageindex-builder/spi-builder-workspace/.derivedData/Build/Products/Debug-xros -F /Applications/Xcode-15.0.0-Beta.2.app/Contents/Developer/Platforms/XROS.platform/Developer/Library/Frameworks -F /Applications/Xcode-15.0.0-Beta.2.app/Contents/Developer/Platforms/XROS.platform/Developer/SDKs/XROS1.0.sdk/Developer/Library/Frameworks -no-color-diagnostics -enable-testing -g -module-cache-path /Users/builder/builds/TDmZkXJm/1/finestructure/swiftpackageindex-builder/spi-builder-workspace/.derivedData/ModuleCache.noindex -swift-version 5 -enforce-exclusivity\=checked -Onone -D SWIFT_PACKAGE -D DEBUG -D Xcode -serialize-debugging-options -const-gather-protocols-file /Users/builder/builds/TDmZkXJm/1/finestructure/swiftpackageindex-builder/spi-builder-workspace/.derivedData/Build/Intermediates.noindex/Regex.build/Debug-xros/RegexTests.build/Objects-normal/arm64/RegexTests_const_extract_protocols.json -empty-abi-descriptor -plugin-path /Applications/Xcode-15.0.0-Beta.2.app/Contents/Developer/Toolchains/XcodeDefault.xctoolchain/usr/lib/swift/host/plugins -plugin-path /Applications/Xcode-15.0.0-Beta.2.app/Contents/Developer/Toolchains/XcodeDefault.xctoolchain/usr/local/lib/swift/host/plugins -validate-clang-modules-once -clang-build-session-file /Users/builder/builds/TDmZkXJm/1/finestructure/swiftpackageindex-builder/spi-builder-workspace/.derivedData/ModuleCache.noindex/Session.modulevalidation -Xcc -working-directory -Xcc /Users/builder/builds/TDmZkXJm/1/finestructure/swiftpackageindex-builder/spi-builder-workspace -resource-dir /Applications/Xcode-15.0.0-Beta.2.app/Contents/Developer/Toolchains/XcodeDefault.xctoolchain/usr/lib/swift -enable-anonymous-context-mangled-names -Xcc -ivfsstatcache -Xcc /Users/builder/builds/TDmZkXJm/1/finestructure/swiftpackageindex-builder/spi-builder-workspace/.derivedData/SDKStatCaches.noindex/xros1.0-21N5165f-50a81fd5751d5bee8ff6d6ea12214339.sdkstatcache -Xcc -I/Users/builder/builds/TDmZkXJm/1/finestructure/swiftpackageindex-builder/spi-builder-workspace/.derivedData/Build/Products/Debug-xros/include -Xcc -I/Users/builder/builds/TDmZkXJm/1/finestructure/swiftpackageindex-builder/spi-builder-workspace/.derivedData/Build/Intermediates.noindex/Regex.build/Debug-xros/RegexTests.build/DerivedSources-normal/arm64 -Xcc -I/Users/builder/builds/TDmZkXJm/1/finestructure/swiftpackageindex-builder/spi-builder-workspace/.derivedData/Build/Intermediates.noindex/Regex.build/Debug-xros/RegexTests.build/DerivedSources/arm64 -Xcc -I/Users/builder/builds/TDmZkXJm/1/finestructure/swiftpackageindex-builder/spi-builder-workspace/.derivedData/Build/Intermediates.noindex/Regex.build/Debug-xros/RegexTests.build/DerivedSources -Xcc -DSWIFT_PACKAGE -Xcc -DDEBUG\=1 -module-name RegexTests -frontend-parseable-output -disable-clang-spi -target-sdk-version 1.0 -target-sdk-name xros1.0 -o /Users/builder/builds/TDmZkXJm/1/finestructure/swiftpackageindex-builder/spi-builder-workspace/.derivedData/Build/Intermediates.noindex/Regex.build/Debug-xros/RegexTests.build/Objects-normal/arm64/OptionsTests.o -index-unit-output-path /Regex.build/Debug-xros/RegexTests.build/Objects-normal/arm64/OptionsTests.o -index-store-path /Users/builder/builds/TDmZkXJm/1/finestructure/swiftpackageindex-builder/spi-builder-workspace/.derivedData/Index.noindex/DataStore -index-system-modules
SwiftDriver\ Compilation Regex normal arm64 com.apple.xcode.tools.swift.compiler (in target 'Regex' from project 'Regex')
    cd /Users/builder/builds/TDmZkXJm/1/finestructure/swiftpackageindex-builder/spi-builder-workspace
    builtin-Swift-Compilation -- /Applications/Xcode-15.0.0-Beta.2.app/Contents/Developer/Toolchains/XcodeDefault.xctoolchain/usr/bin/swiftc -module-name Regex -Onone -enforce-exclusivity\=checked @/Users/builder/builds/TDmZkXJm/1/finestructure/swiftpackageindex-builder/spi-builder-workspace/.derivedData/Build/Intermediates.noindex/Regex.build/Debug-xros/Regex.build/Objects-normal/arm64/Regex.SwiftFileList -DSWIFT_PACKAGE -DDEBUG -DXcode -sdk /Applications/Xcode-15.0.0-Beta.2.app/Contents/Developer/Platforms/XROS.platform/Developer/SDKs/XROS1.0.sdk -target arm64-apple-xros1.0 -g -module-cache-path /Users/builder/builds/TDmZkXJm/1/finestructure/swiftpackageindex-builder/spi-builder-workspace/.derivedData/ModuleCache.noindex -Xfrontend -serialize-debugging-options -enable-testing -index-store-path /Users/builder/builds/TDmZkXJm/1/finestructure/swiftpackageindex-builder/spi-builder-workspace/.derivedData/Index.noindex/DataStore -swift-version 5 -I /Users/builder/builds/TDmZkXJm/1/finestructure/swiftpackageindex-builder/spi-builder-workspace/.derivedData/Build/Products/Debug-xros -I /Applications/Xcode-15.0.0-Beta.2.app/Contents/Developer/Platforms/XROS.platform/Developer/usr/lib -F /Users/builder/builds/TDmZkXJm/1/finestructure/swiftpackageindex-builder/spi-builder-workspace/.derivedData/Build/Products/Debug-xros -F /Applications/Xcode-15.0.0-Beta.2.app/Contents/Developer/Platforms/XROS.platform/Developer/Library/Frameworks -F /Applications/Xcode-15.0.0-Beta.2.app/Contents/Developer/Platforms/XROS.platform/Developer/SDKs/XROS1.0.sdk/Developer/Library/Frameworks -c -j8 -enable-batch-mode -incremental -Xcc -ivfsstatcache -Xcc /Users/builder/builds/TDmZkXJm/1/finestructure/swiftpackageindex-builder/spi-builder-workspace/.derivedData/SDKStatCaches.noindex/xros1.0-21N5165f-50a81fd5751d5bee8ff6d6ea12214339.sdkstatcache -output-file-map /Users/builder/builds/TDmZkXJm/1/finestructure/swiftpackageindex-builder/spi-builder-workspace/.derivedData/Build/Intermediates.noindex/Regex.build/Debug-xros/Regex.build/Objects-normal/arm64/Regex-OutputFileMap.json -use-frontend-parseable-output -save-temps -no-color-diagnostics -serialize-diagnostics -emit-dependencies -emit-module -emit-module-path /Users/builder/builds/TDmZkXJm/1/finestructure/swiftpackageindex-builder/spi-builder-workspace/.derivedData/Build/Intermediates.noindex/Regex.build/Debug-xros/Regex.build/Objects-normal/arm64/Regex.swiftmodule -validate-clang-modules-once -clang-build-session-file /Users/builder/builds/TDmZkXJm/1/finestructure/swiftpackageindex-builder/spi-builder-workspace/.derivedData/ModuleCache.noindex/Session.modulevalidation -Xcc -I/Users/builder/builds/TDmZkXJm/1/finestructure/swiftpackageindex-builder/spi-builder-workspace/.derivedData/Build/Intermediates.noindex/Regex.build/Debug-xros/Regex.build/swift-overrides.hmap -emit-const-values -Xfrontend -const-gather-protocols-file -Xfrontend /Users/builder/builds/TDmZkXJm/1/finestructure/swiftpackageindex-builder/spi-builder-workspace/.derivedData/Build/Intermediates.noindex/Regex.build/Debug-xros/Regex.build/Objects-normal/arm64/Regex_const_extract_protocols.json -Xcc -I/Users/builder/builds/TDmZkXJm/1/finestructure/swiftpackageindex-builder/spi-builder-workspace/.derivedData/Build/Products/Debug-xros/include -Xcc -I/Users/builder/builds/TDmZkXJm/1/finestructure/swiftpackageindex-builder/spi-builder-workspace/.derivedData/Build/Intermediates.noindex/Regex.build/Debug-xros/Regex.build/DerivedSources-normal/arm64 -Xcc -I/Users/builder/builds/TDmZkXJm/1/finestructure/swiftpackageindex-builder/spi-builder-workspace/.derivedData/Build/Intermediates.noindex/Regex.build/Debug-xros/Regex.build/DerivedSources/arm64 -Xcc -I/Users/builder/builds/TDmZkXJm/1/finestructure/swiftpackageindex-builder/spi-builder-workspace/.derivedData/Build/Intermediates.noindex/Regex.build/Debug-xros/Regex.build/DerivedSources -Xcc -DSWIFT_PACKAGE -Xcc -DDEBUG\=1 -emit-objc-header -emit-objc-header-path /Users/builder/builds/TDmZkXJm/1/finestructure/swiftpackageindex-builder/spi-builder-workspace/.derivedData/Build/Intermediates.noindex/Regex.build/Debug-xros/Regex.build/Objects-normal/arm64/Regex-Swift.h -working-directory /Users/builder/builds/TDmZkXJm/1/finestructure/swiftpackageindex-builder/spi-builder-workspace -experimental-emit-module-separately -disable-cmo

SwiftDriverJobDiscovery normal arm64 Compiling Support.swift (in target 'RegexTests' from project 'Regex')

SwiftDriver\ Compilation\ Requirements RegexTests normal arm64 com.apple.xcode.tools.swift.compiler (in target 'RegexTests' from project 'Regex')
    cd /Users/builder/builds/TDmZkXJm/1/finestructure/swiftpackageindex-builder/spi-builder-workspace
    builtin-Swift-Compilation-Requirements -- /Applications/Xcode-15.0.0-Beta.2.app/Contents/Developer/Toolchains/XcodeDefault.xctoolchain/usr/bin/swiftc -module-name RegexTests -Onone -enforce-exclusivity\=checked @/Users/builder/builds/TDmZkXJm/1/finestructure/swiftpackageindex-builder/spi-builder-workspace/.derivedData/Build/Intermediates.noindex/Regex.build/Debug-xros/RegexTests.build/Objects-normal/arm64/RegexTests.SwiftFileList -DSWIFT_PACKAGE -DDEBUG -DXcode -sdk /Applications/Xcode-15.0.0-Beta.2.app/Contents/Developer/Platforms/XROS.platform/Developer/SDKs/XROS1.0.sdk -target arm64-apple-xros1.0 -g -module-cache-path /Users/builder/builds/TDmZkXJm/1/finestructure/swiftpackageindex-builder/spi-builder-workspace/.derivedData/ModuleCache.noindex -Xfrontend -serialize-debugging-options -enable-testing -index-store-path /Users/builder/builds/TDmZkXJm/1/finestructure/swiftpackageindex-builder/spi-builder-workspace/.derivedData/Index.noindex/DataStore -swift-version 5 -I /Users/builder/builds/TDmZkXJm/1/finestructure/swiftpackageindex-builder/spi-builder-workspace/.derivedData/Build/Products/Debug-xros -I /Applications/Xcode-15.0.0-Beta.2.app/Contents/Developer/Platforms/XROS.platform/Developer/usr/lib -F /Users/builder/builds/TDmZkXJm/1/finestructure/swiftpackageindex-builder/spi-builder-workspace/.derivedData/Build/Products/Debug-xros/PackageFrameworks -F /Users/builder/builds/TDmZkXJm/1/finestructure/swiftpackageindex-builder/spi-builder-workspace/.derivedData/Build/Products/Debug-xros -F /Applications/Xcode-15.0.0-Beta.2.app/Contents/Developer/Platforms/XROS.platform/Developer/Library/Frameworks -F /Applications/Xcode-15.0.0-Beta.2.app/Contents/Developer/Platforms/XROS.platform/Developer/SDKs/XROS1.0.sdk/Developer/Library/Frameworks -c -j8 -enable-batch-mode -incremental -Xcc -ivfsstatcache -Xcc /Users/builder/builds/TDmZkXJm/1/finestructure/swiftpackageindex-builder/spi-builder-workspace/.derivedData/SDKStatCaches.noindex/xros1.0-21N5165f-50a81fd5751d5bee8ff6d6ea12214339.sdkstatcache -output-file-map /Users/builder/builds/TDmZkXJm/1/finestructure/swiftpackageindex-builder/spi-builder-workspace/.derivedData/Build/Intermediates.noindex/Regex.build/Debug-xros/RegexTests.build/Objects-normal/arm64/RegexTests-OutputFileMap.json -use-frontend-parseable-output -save-temps -no-color-diagnostics -serialize-diagnostics -emit-dependencies -emit-module -emit-module-path /Users/builder/builds/TDmZkXJm/1/finestructure/swiftpackageindex-builder/spi-builder-workspace/.derivedData/Build/Intermediates.noindex/Regex.build/Debug-xros/RegexTests.build/Objects-normal/arm64/RegexTests.swiftmodule -validate-clang-modules-once -clang-build-session-file /Users/builder/builds/TDmZkXJm/1/finestructure/swiftpackageindex-builder/spi-builder-workspace/.derivedData/ModuleCache.noindex/Session.modulevalidation -emit-const-values -Xfrontend -const-gather-protocols-file -Xfrontend /Users/builder/builds/TDmZkXJm/1/finestructure/swiftpackageindex-builder/spi-builder-workspace/.derivedData/Build/Intermediates.noindex/Regex.build/Debug-xros/RegexTests.build/Objects-normal/arm64/RegexTests_const_extract_protocols.json -Xcc -I/Users/builder/builds/TDmZkXJm/1/finestructure/swiftpackageindex-builder/spi-builder-workspace/.derivedData/Build/Products/Debug-xros/include -Xcc -I/Users/builder/builds/TDmZkXJm/1/finestructure/swiftpackageindex-builder/spi-builder-workspace/.derivedData/Build/Intermediates.noindex/Regex.build/Debug-xros/RegexTests.build/DerivedSources-normal/arm64 -Xcc -I/Users/builder/builds/TDmZkXJm/1/finestructure/swiftpackageindex-builder/spi-builder-workspace/.derivedData/Build/Intermediates.noindex/Regex.build/Debug-xros/RegexTests.build/DerivedSources/arm64 -Xcc -I/Users/builder/builds/TDmZkXJm/1/finestructure/swiftpackageindex-builder/spi-builder-workspace/.derivedData/Build/Intermediates.noindex/Regex.build/Debug-xros/RegexTests.build/DerivedSources -Xcc -DSWIFT_PACKAGE -Xcc -DDEBUG\=1 -working-directory /Users/builder/builds/TDmZkXJm/1/finestructure/swiftpackageindex-builder/spi-builder-workspace -experimental-emit-module-separately -disable-cmo
Copy /Users/builder/builds/TDmZkXJm/1/finestructure/swiftpackageindex-builder/spi-builder-workspace/.derivedData/Build/Products/Debug-xros/RegexTests.swiftmodule/arm64-apple-xros.swiftdoc /Users/builder/builds/TDmZkXJm/1/finestructure/swiftpackageindex-builder/spi-builder-workspace/.derivedData/Build/Intermediates.noindex/Regex.build/Debug-xros/RegexTests.build/Objects-normal/arm64/RegexTests.swiftdoc (in target 'RegexTests' from project 'Regex')
    cd /Users/builder/builds/TDmZkXJm/1/finestructure/swiftpackageindex-builder/spi-builder-workspace
    builtin-copy -exclude .DS_Store -exclude CVS -exclude .svn -exclude .git -exclude .hg -resolve-src-symlinks -rename /Users/builder/builds/TDmZkXJm/1/finestructure/swiftpackageindex-builder/spi-builder-workspace/.derivedData/Build/Intermediates.noindex/Regex.build/Debug-xros/RegexTests.build/Objects-normal/arm64/RegexTests.swiftdoc /Users/builder/builds/TDmZkXJm/1/finestructure/swiftpackageindex-builder/spi-builder-workspace/.derivedData/Build/Products/Debug-xros/RegexTests.swiftmodule/arm64-apple-xros.swiftdoc
error: /Users/builder/builds/TDmZkXJm/1/finestructure/swiftpackageindex-builder/spi-builder-workspace/.derivedData/Build/Intermediates.noindex/Regex.build/Debug-xros/RegexTests.build/Objects-normal/arm64/RegexTests.swiftdoc: No such file or directory (in target 'RegexTests' from project 'Regex')

Copy /Users/builder/builds/TDmZkXJm/1/finestructure/swiftpackageindex-builder/spi-builder-workspace/.derivedData/Build/Products/Debug-xros/RegexTests.swiftmodule/arm64-apple-xros.swiftmodule /Users/builder/builds/TDmZkXJm/1/finestructure/swiftpackageindex-builder/spi-builder-workspace/.derivedData/Build/Intermediates.noindex/Regex.build/Debug-xros/RegexTests.build/Objects-normal/arm64/RegexTests.swiftmodule (in target 'RegexTests' from project 'Regex')
    cd /Users/builder/builds/TDmZkXJm/1/finestructure/swiftpackageindex-builder/spi-builder-workspace
    builtin-copy -exclude .DS_Store -exclude CVS -exclude .svn -exclude .git -exclude .hg -resolve-src-symlinks -rename /Users/builder/builds/TDmZkXJm/1/finestructure/swiftpackageindex-builder/spi-builder-workspace/.derivedData/Build/Intermediates.noindex/Regex.build/Debug-xros/RegexTests.build/Objects-normal/arm64/RegexTests.swiftmodule /Users/builder/builds/TDmZkXJm/1/finestructure/swiftpackageindex-builder/spi-builder-workspace/.derivedData/Build/Products/Debug-xros/RegexTests.swiftmodule/arm64-apple-xros.swiftmodule
error: /Users/builder/builds/TDmZkXJm/1/finestructure/swiftpackageindex-builder/spi-builder-workspace/.derivedData/Build/Intermediates.noindex/Regex.build/Debug-xros/RegexTests.build/Objects-normal/arm64/RegexTests.swiftmodule: No such file or directory (in target 'RegexTests' from project 'Regex')
Copy /Users/builder/builds/TDmZkXJm/1/finestructure/swiftpackageindex-builder/spi-builder-workspace/.derivedData/Build/Products/Debug-xros/RegexTests.swiftmodule/arm64-apple-xros.abi.json /Users/builder/builds/TDmZkXJm/1/finestructure/swiftpackageindex-builder/spi-builder-workspace/.derivedData/Build/Intermediates.noindex/Regex.build/Debug-xros/RegexTests.build/Objects-normal/arm64/RegexTests.abi.json (in target 'RegexTests' from project 'Regex')
    cd /Users/builder/builds/TDmZkXJm/1/finestructure/swiftpackageindex-builder/spi-builder-workspace
    builtin-copy -exclude .DS_Store -exclude CVS -exclude .svn -exclude .git -exclude .hg -resolve-src-symlinks -rename /Users/builder/builds/TDmZkXJm/1/finestructure/swiftpackageindex-builder/spi-builder-workspace/.derivedData/Build/Intermediates.noindex/Regex.build/Debug-xros/RegexTests.build/Objects-normal/arm64/RegexTests.abi.json /Users/builder/builds/TDmZkXJm/1/finestructure/swiftpackageindex-builder/spi-builder-workspace/.derivedData/Build/Products/Debug-xros/RegexTests.swiftmodule/arm64-apple-xros.abi.json
error: /Users/builder/builds/TDmZkXJm/1/finestructure/swiftpackageindex-builder/spi-builder-workspace/.derivedData/Build/Intermediates.noindex/Regex.build/Debug-xros/RegexTests.build/Objects-normal/arm64/RegexTests.abi.json: No such file or directory (in target 'RegexTests' from project 'Regex')
Copy /Users/builder/builds/TDmZkXJm/1/finestructure/swiftpackageindex-builder/spi-builder-workspace/.derivedData/Build/Products/Debug-xros/RegexTests.swiftmodule/Project/arm64-apple-xros.swiftsourceinfo /Users/builder/builds/TDmZkXJm/1/finestructure/swiftpackageindex-builder/spi-builder-workspace/.derivedData/Build/Intermediates.noindex/Regex.build/Debug-xros/RegexTests.build/Objects-normal/arm64/RegexTests.swiftsourceinfo (in target 'RegexTests' from project 'Regex')
    cd /Users/builder/builds/TDmZkXJm/1/finestructure/swiftpackageindex-builder/spi-builder-workspace
    builtin-copy -exclude .DS_Store -exclude CVS -exclude .svn -exclude .git -exclude .hg -resolve-src-symlinks -rename /Users/builder/builds/TDmZkXJm/1/finestructure/swiftpackageindex-builder/spi-builder-workspace/.derivedData/Build/Intermediates.noindex/Regex.build/Debug-xros/RegexTests.build/Objects-normal/arm64/RegexTests.swiftsourceinfo /Users/builder/builds/TDmZkXJm/1/finestructure/swiftpackageindex-builder/spi-builder-workspace/.derivedData/Build/Products/Debug-xros/RegexTests.swiftmodule/Project/arm64-apple-xros.swiftsourceinfo
error: /Users/builder/builds/TDmZkXJm/1/finestructure/swiftpackageindex-builder/spi-builder-workspace/.derivedData/Build/Intermediates.noindex/Regex.build/Debug-xros/RegexTests.build/Objects-normal/arm64/RegexTests.swiftsourceinfo: No such file or directory (in target 'RegexTests' from project 'Regex')
Ld /Users/builder/builds/TDmZkXJm/1/finestructure/swiftpackageindex-builder/spi-builder-workspace/.derivedData/Build/Products/Debug-xros/Regex.o normal (in target 'Regex' from project 'Regex')
    cd /Users/builder/builds/TDmZkXJm/1/finestructure/swiftpackageindex-builder/spi-builder-workspace
    /Applications/Xcode-15.0.0-Beta.2.app/Contents/Developer/Toolchains/XcodeDefault.xctoolchain/usr/bin/clang -Xlinker -reproducible -target arm64-apple-xros1.0 -r -isysroot /Applications/Xcode-15.0.0-Beta.2.app/Contents/Developer/Platforms/XROS.platform/Developer/SDKs/XROS1.0.sdk -O0 -L/Users/builder/builds/TDmZkXJm/1/finestructure/swiftpackageindex-builder/spi-builder-workspace/.derivedData/Build/Intermediates.noindex/EagerLinkingTBDs/Debug-xros -L/Users/builder/builds/TDmZkXJm/1/finestructure/swiftpackageindex-builder/spi-builder-workspace/.derivedData/Build/Products/Debug-xros -L/Applications/Xcode-15.0.0-Beta.2.app/Contents/Developer/Platforms/XROS.platform/Developer/usr/lib -F/Users/builder/builds/TDmZkXJm/1/finestructure/swiftpackageindex-builder/spi-builder-workspace/.derivedData/Build/Intermediates.noindex/EagerLinkingTBDs/Debug-xros -F/Users/builder/builds/TDmZkXJm/1/finestructure/swiftpackageindex-builder/spi-builder-workspace/.derivedData/Build/Products/Debug-xros -iframework /Applications/Xcode-15.0.0-Beta.2.app/Contents/Developer/Platforms/XROS.platform/Developer/Library/Frameworks -iframework /Applications/Xcode-15.0.0-Beta.2.app/Contents/Developer/Platforms/XROS.platform/Developer/SDKs/XROS1.0.sdk/Developer/Library/Frameworks -filelist /Users/builder/builds/TDmZkXJm/1/finestructure/swiftpackageindex-builder/spi-builder-workspace/.derivedData/Build/Intermediates.noindex/Regex.build/Debug-xros/Regex.build/Objects-normal/arm64/Regex.LinkFileList -nostdlib -Xlinker -object_path_lto -Xlinker /Users/builder/builds/TDmZkXJm/1/finestructure/swiftpackageindex-builder/spi-builder-workspace/.derivedData/Build/Intermediates.noindex/Regex.build/Debug-xros/Regex.build/Objects-normal/arm64/Regex_lto.o -Xlinker -export_dynamic -Xlinker -no_deduplicate -fobjc-link-runtime -L/Applications/Xcode-15.0.0-Beta.2.app/Contents/Developer/Toolchains/XcodeDefault.xctoolchain/usr/lib/swift/xros -L/usr/lib/swift -Xlinker -add_ast_path -Xlinker /Users/builder/builds/TDmZkXJm/1/finestructure/swiftpackageindex-builder/spi-builder-workspace/.derivedData/Build/Intermediates.noindex/Regex.build/Debug-xros/Regex.build/Objects-normal/arm64/Regex.swiftmodule -Xlinker -dependency_info -Xlinker /Users/builder/builds/TDmZkXJm/1/finestructure/swiftpackageindex-builder/spi-builder-workspace/.derivedData/Build/Intermediates.noindex/Regex.build/Debug-xros/Regex.build/Objects-normal/arm64/Regex_dependency_info.dat -o /Users/builder/builds/TDmZkXJm/1/finestructure/swiftpackageindex-builder/spi-builder-workspace/.derivedData/Build/Products/Debug-xros/Regex.o

Resolve Package Graph
** BUILD FAILED **


The following build commands failed:
	SwiftEmitModule normal arm64 Emitting\ module\ for\ RegexTests (in target 'RegexTests' from project 'Regex')
	Copy /Users/builder/builds/TDmZkXJm/1/finestructure/swiftpackageindex-builder/spi-builder-workspace/.derivedData/Build/Products/Debug-xros/RegexTests.swiftmodule/arm64-apple-xros.swiftdoc /Users/builder/builds/TDmZkXJm/1/finestructure/swiftpackageindex-builder/spi-builder-workspace/.derivedData/Build/Intermediates.noindex/Regex.build/Debug-xros/RegexTests.build/Objects-normal/arm64/RegexTests.swiftdoc (in target 'RegexTests' from project 'Regex')
	Copy /Users/builder/builds/TDmZkXJm/1/finestructure/swiftpackageindex-builder/spi-builder-workspace/.derivedData/Build/Products/Debug-xros/RegexTests.swiftmodule/arm64-apple-xros.swiftmodule /Users/builder/builds/TDmZkXJm/1/finestructure/swiftpackageindex-builder/spi-builder-workspace/.derivedData/Build/Intermediates.noindex/Regex.build/Debug-xros/RegexTests.build/Objects-normal/arm64/RegexTests.swiftmodule (in target 'RegexTests' from project 'Regex')
	Copy /Users/builder/builds/TDmZkXJm/1/finestructure/swiftpackageindex-builder/spi-builder-workspace/.derivedData/Build/Products/Debug-xros/RegexTests.swiftmodule/arm64-apple-xros.abi.json /Users/builder/builds/TDmZkXJm/1/finestructure/swiftpackageindex-builder/spi-builder-workspace/.derivedData/Build/Intermediates.noindex/Regex.build/Debug-xros/RegexTests.build/Objects-normal/arm64/RegexTests.abi.json (in target 'RegexTests' from project 'Regex')
	Copy /Users/builder/builds/TDmZkXJm/1/finestructure/swiftpackageindex-builder/spi-builder-workspace/.derivedData/Build/Products/Debug-xros/RegexTests.swiftmodule/Project/arm64-apple-xros.swiftsourceinfo /Users/builder/builds/TDmZkXJm/1/finestructure/swiftpackageindex-builder/spi-builder-workspace/.derivedData/Build/Intermediates.noindex/Regex.build/Debug-xros/RegexTests.build/Objects-normal/arm64/RegexTests.swiftsourceinfo (in target 'RegexTests' from project 'Regex')
(5 failures)
Command line invocation:
    /Applications/Xcode-15.0.0-Beta.2.app/Contents/Developer/usr/bin/xcodebuild -IDEClonedSourcePackagesDirPathOverride=/Users/builder/builds/TDmZkXJm/1/finestructure/swiftpackageindex-builder/spi-builder-workspace/.dependencies -derivedDataPath /Users/builder/builds/TDmZkXJm/1/finestructure/swiftpackageindex-builder/spi-builder-workspace/.derivedData build -scheme Regex -destination generic/platform=xros

User defaults from command line:
    IDEClonedSourcePackagesDirPathOverride = /Users/builder/builds/TDmZkXJm/1/finestructure/swiftpackageindex-builder/spi-builder-workspace/.dependencies
    IDEDerivedDataPathOverride = /Users/builder/builds/TDmZkXJm/1/finestructure/swiftpackageindex-builder/spi-builder-workspace/.derivedData
    IDEPackageSupportUseBuiltinSCM = YES
Resolve Package Graph


Resolved source packages:
  Regex: /Users/builder/builds/TDmZkXJm/1/finestructure/swiftpackageindex-builder/spi-builder-workspace

Prepare packages

Computing target dependency graph and provisioning inputs

Create build description

note: Building targets in dependency order
note: Target dependency graph (3 targets)
    Target 'RegexTests' in project 'Regex'
        ➜ Explicit dependency on target 'Regex' in project 'Regex'
    Target 'Regex' in project 'Regex'
        ➜ Explicit dependency on target 'Regex' in project 'Regex'
    Target 'Regex' in project 'Regex' (no dependencies)
ClangStatCache /Applications/Xcode-15.0.0-Beta.2.app/Contents/Developer/Toolchains/XcodeDefault.xctoolchain/usr/bin/clang-stat-cache /Applications/Xcode-15.0.0-Beta.2.app/Contents/Developer/Platforms/XROS.platform/Developer/SDKs/XROS1.0.sdk /Users/builder/builds/TDmZkXJm/1/finestructure/swiftpackageindex-builder/spi-builder-workspace/.derivedData/SDKStatCaches.noindex/xros1.0-21N5165f-50a81fd5751d5bee8ff6d6ea12214339.sdkstatcache
    cd /Users/builder/builds/TDmZkXJm/1/finestructure/swiftpackageindex-builder/spi-builder-workspace/.swiftpm/xcode
    /Applications/Xcode-15.0.0-Beta.2.app/Contents/Developer/Toolchains/XcodeDefault.xctoolchain/usr/bin/clang-stat-cache /Applications/Xcode-15.0.0-Beta.2.app/Contents/Developer/Platforms/XROS.platform/Developer/SDKs/XROS1.0.sdk -o /Users/builder/builds/TDmZkXJm/1/finestructure/swiftpackageindex-builder/spi-builder-workspace/.derivedData/SDKStatCaches.noindex/xros1.0-21N5165f-50a81fd5751d5bee8ff6d6ea12214339.sdkstatcache

SwiftDriver RegexTests normal arm64 com.apple.xcode.tools.swift.compiler (in target 'RegexTests' from project 'Regex')
    cd /Users/builder/builds/TDmZkXJm/1/finestructure/swiftpackageindex-builder/spi-builder-workspace
    builtin-SwiftDriver -- /Applications/Xcode-15.0.0-Beta.2.app/Contents/Developer/Toolchains/XcodeDefault.xctoolchain/usr/bin/swiftc -module-name RegexTests -Onone -enforce-exclusivity\=checked @/Users/builder/builds/TDmZkXJm/1/finestructure/swiftpackageindex-builder/spi-builder-workspace/.derivedData/Build/Intermediates.noindex/Regex.build/Debug-xros/RegexTests.build/Objects-normal/arm64/RegexTests.SwiftFileList -DSWIFT_PACKAGE -DDEBUG -DXcode -sdk /Applications/Xcode-15.0.0-Beta.2.app/Contents/Developer/Platforms/XROS.platform/Developer/SDKs/XROS1.0.sdk -target arm64-apple-xros1.0 -g -module-cache-path /Users/builder/builds/TDmZkXJm/1/finestructure/swiftpackageindex-builder/spi-builder-workspace/.derivedData/ModuleCache.noindex -Xfrontend -serialize-debugging-options -enable-testing -index-store-path /Users/builder/builds/TDmZkXJm/1/finestructure/swiftpackageindex-builder/spi-builder-workspace/.derivedData/Index.noindex/DataStore -swift-version 5 -I /Users/builder/builds/TDmZkXJm/1/finestructure/swiftpackageindex-builder/spi-builder-workspace/.derivedData/Build/Products/Debug-xros -I /Applications/Xcode-15.0.0-Beta.2.app/Contents/Developer/Platforms/XROS.platform/Developer/usr/lib -F /Users/builder/builds/TDmZkXJm/1/finestructure/swiftpackageindex-builder/spi-builder-workspace/.derivedData/Build/Products/Debug-xros/PackageFrameworks -F /Users/builder/builds/TDmZkXJm/1/finestructure/swiftpackageindex-builder/spi-builder-workspace/.derivedData/Build/Products/Debug-xros -F /Applications/Xcode-15.0.0-Beta.2.app/Contents/Developer/Platforms/XROS.platform/Developer/Library/Frameworks -F /Applications/Xcode-15.0.0-Beta.2.app/Contents/Developer/Platforms/XROS.platform/Developer/SDKs/XROS1.0.sdk/Developer/Library/Frameworks -c -j8 -enable-batch-mode -incremental -Xcc -ivfsstatcache -Xcc /Users/builder/builds/TDmZkXJm/1/finestructure/swiftpackageindex-builder/spi-builder-workspace/.derivedData/SDKStatCaches.noindex/xros1.0-21N5165f-50a81fd5751d5bee8ff6d6ea12214339.sdkstatcache -output-file-map /Users/builder/builds/TDmZkXJm/1/finestructure/swiftpackageindex-builder/spi-builder-workspace/.derivedData/Build/Intermediates.noindex/Regex.build/Debug-xros/RegexTests.build/Objects-normal/arm64/RegexTests-OutputFileMap.json -use-frontend-parseable-output -save-temps -no-color-diagnostics -serialize-diagnostics -emit-dependencies -emit-module -emit-module-path /Users/builder/builds/TDmZkXJm/1/finestructure/swiftpackageindex-builder/spi-builder-workspace/.derivedData/Build/Intermediates.noindex/Regex.build/Debug-xros/RegexTests.build/Objects-normal/arm64/RegexTests.swiftmodule -validate-clang-modules-once -clang-build-session-file /Users/builder/builds/TDmZkXJm/1/finestructure/swiftpackageindex-builder/spi-builder-workspace/.derivedData/ModuleCache.noindex/Session.modulevalidation -emit-const-values -Xfrontend -const-gather-protocols-file -Xfrontend /Users/builder/builds/TDmZkXJm/1/finestructure/swiftpackageindex-builder/spi-builder-workspace/.derivedData/Build/Intermediates.noindex/Regex.build/Debug-xros/RegexTests.build/Objects-normal/arm64/RegexTests_const_extract_protocols.json -Xcc -I/Users/builder/builds/TDmZkXJm/1/finestructure/swiftpackageindex-builder/spi-builder-workspace/.derivedData/Build/Products/Debug-xros/include -Xcc -I/Users/builder/builds/TDmZkXJm/1/finestructure/swiftpackageindex-builder/spi-builder-workspace/.derivedData/Build/Intermediates.noindex/Regex.build/Debug-xros/RegexTests.build/DerivedSources-normal/arm64 -Xcc -I/Users/builder/builds/TDmZkXJm/1/finestructure/swiftpackageindex-builder/spi-builder-workspace/.derivedData/Build/Intermediates.noindex/Regex.build/Debug-xros/RegexTests.build/DerivedSources/arm64 -Xcc -I/Users/builder/builds/TDmZkXJm/1/finestructure/swiftpackageindex-builder/spi-builder-workspace/.derivedData/Build/Intermediates.noindex/Regex.build/Debug-xros/RegexTests.build/DerivedSources -Xcc -DSWIFT_PACKAGE -Xcc -DDEBUG\=1 -working-directory /Users/builder/builds/TDmZkXJm/1/finestructure/swiftpackageindex-builder/spi-builder-workspace -experimental-emit-module-separately -disable-cmo

Ld /Users/builder/builds/TDmZkXJm/1/finestructure/swiftpackageindex-builder/spi-builder-workspace/.derivedData/Build/Products/Debug-xros/Regex.o normal (in target 'Regex' from project 'Regex')
    cd /Users/builder/builds/TDmZkXJm/1/finestructure/swiftpackageindex-builder/spi-builder-workspace
    /Applications/Xcode-15.0.0-Beta.2.app/Contents/Developer/Toolchains/XcodeDefault.xctoolchain/usr/bin/clang -Xlinker -reproducible -target arm64-apple-xros1.0 -r -isysroot /Applications/Xcode-15.0.0-Beta.2.app/Contents/Developer/Platforms/XROS.platform/Developer/SDKs/XROS1.0.sdk -O0 -L/Users/builder/builds/TDmZkXJm/1/finestructure/swiftpackageindex-builder/spi-builder-workspace/.derivedData/Build/Intermediates.noindex/EagerLinkingTBDs/Debug-xros -L/Users/builder/builds/TDmZkXJm/1/finestructure/swiftpackageindex-builder/spi-builder-workspace/.derivedData/Build/Products/Debug-xros -L/Applications/Xcode-15.0.0-Beta.2.app/Contents/Developer/Platforms/XROS.platform/Developer/usr/lib -F/Users/builder/builds/TDmZkXJm/1/finestructure/swiftpackageindex-builder/spi-builder-workspace/.derivedData/Build/Intermediates.noindex/EagerLinkingTBDs/Debug-xros -F/Users/builder/builds/TDmZkXJm/1/finestructure/swiftpackageindex-builder/spi-builder-workspace/.derivedData/Build/Products/Debug-xros -iframework /Applications/Xcode-15.0.0-Beta.2.app/Contents/Developer/Platforms/XROS.platform/Developer/Library/Frameworks -iframework /Applications/Xcode-15.0.0-Beta.2.app/Contents/Developer/Platforms/XROS.platform/Developer/SDKs/XROS1.0.sdk/Developer/Library/Frameworks -filelist /Users/builder/builds/TDmZkXJm/1/finestructure/swiftpackageindex-builder/spi-builder-workspace/.derivedData/Build/Intermediates.noindex/Regex.build/Debug-xros/Regex.build/Objects-normal/arm64/Regex.LinkFileList -nostdlib -Xlinker -object_path_lto -Xlinker /Users/builder/builds/TDmZkXJm/1/finestructure/swiftpackageindex-builder/spi-builder-workspace/.derivedData/Build/Intermediates.noindex/Regex.build/Debug-xros/Regex.build/Objects-normal/arm64/Regex_lto.o -Xlinker -export_dynamic -Xlinker -no_deduplicate -fobjc-link-runtime -L/Applications/Xcode-15.0.0-Beta.2.app/Contents/Developer/Toolchains/XcodeDefault.xctoolchain/usr/lib/swift/xros -L/usr/lib/swift -Xlinker -add_ast_path -Xlinker /Users/builder/builds/TDmZkXJm/1/finestructure/swiftpackageindex-builder/spi-builder-workspace/.derivedData/Build/Intermediates.noindex/Regex.build/Debug-xros/Regex.build/Objects-normal/arm64/Regex.swiftmodule -Xlinker -dependency_info -Xlinker /Users/builder/builds/TDmZkXJm/1/finestructure/swiftpackageindex-builder/spi-builder-workspace/.derivedData/Build/Intermediates.noindex/Regex.build/Debug-xros/Regex.build/Objects-normal/arm64/Regex_dependency_info.dat -o /Users/builder/builds/TDmZkXJm/1/finestructure/swiftpackageindex-builder/spi-builder-workspace/.derivedData/Build/Products/Debug-xros/Regex.o

RegisterExecutionPolicyException /Users/builder/builds/TDmZkXJm/1/finestructure/swiftpackageindex-builder/spi-builder-workspace/.derivedData/Build/Products/Debug-xros/Regex.o (in target 'Regex' from project 'Regex')
    cd /Users/builder/builds/TDmZkXJm/1/finestructure/swiftpackageindex-builder/spi-builder-workspace
    builtin-RegisterExecutionPolicyException /Users/builder/builds/TDmZkXJm/1/finestructure/swiftpackageindex-builder/spi-builder-workspace/.derivedData/Build/Products/Debug-xros/Regex.o

WriteAuxiliaryFile /Users/builder/builds/TDmZkXJm/1/finestructure/swiftpackageindex-builder/spi-builder-workspace/.derivedData/Build/Intermediates.noindex/Regex.build/Debug-xros/RegexTests.build/empty-RegexTests.plist (in target 'RegexTests' from project 'Regex')
    cd /Users/builder/builds/TDmZkXJm/1/finestructure/swiftpackageindex-builder/spi-builder-workspace
    write-file /Users/builder/builds/TDmZkXJm/1/finestructure/swiftpackageindex-builder/spi-builder-workspace/.derivedData/Build/Intermediates.noindex/Regex.build/Debug-xros/RegexTests.build/empty-RegexTests.plist

WriteAuxiliaryFile /Users/builder/builds/TDmZkXJm/1/finestructure/swiftpackageindex-builder/spi-builder-workspace/.derivedData/Build/Intermediates.noindex/Regex.build/Debug-xros/RegexTests.build/Objects-normal/arm64/RegexTests.LinkFileList (in target 'RegexTests' from project 'Regex')
    cd /Users/builder/builds/TDmZkXJm/1/finestructure/swiftpackageindex-builder/spi-builder-workspace
    write-file /Users/builder/builds/TDmZkXJm/1/finestructure/swiftpackageindex-builder/spi-builder-workspace/.derivedData/Build/Intermediates.noindex/Regex.build/Debug-xros/RegexTests.build/Objects-normal/arm64/RegexTests.LinkFileList

ProcessInfoPlistFile /Users/builder/builds/TDmZkXJm/1/finestructure/swiftpackageindex-builder/spi-builder-workspace/.derivedData/Build/Products/Debug-xros/RegexTests.xctest/Info.plist /Users/builder/builds/TDmZkXJm/1/finestructure/swiftpackageindex-builder/spi-builder-workspace/.derivedData/Build/Intermediates.noindex/Regex.build/Debug-xros/RegexTests.build/empty-RegexTests.plist (in target 'RegexTests' from project 'Regex')
    cd /Users/builder/builds/TDmZkXJm/1/finestructure/swiftpackageindex-builder/spi-builder-workspace
    builtin-infoPlistUtility /Users/builder/builds/TDmZkXJm/1/finestructure/swiftpackageindex-builder/spi-builder-workspace/.derivedData/Build/Intermediates.noindex/Regex.build/Debug-xros/RegexTests.build/empty-RegexTests.plist -producttype com.apple.product-type.bundle.unit-test -expandbuildsettings -format binary -platform xros -o /Users/builder/builds/TDmZkXJm/1/finestructure/swiftpackageindex-builder/spi-builder-workspace/.derivedData/Build/Products/Debug-xros/RegexTests.xctest/Info.plist
SwiftCompile normal arm64 Compiling\ RegexTests.swift /Users/builder/builds/TDmZkXJm/1/finestructure/swiftpackageindex-builder/spi-builder-workspace/Tests/RegexTests/RegexTests.swift (in target 'RegexTests' from project 'Regex')
    cd /Users/builder/builds/TDmZkXJm/1/finestructure/swiftpackageindex-builder/spi-builder-workspace
    builtin-swiftTaskExecution -- /Applications/Xcode-15.0.0-Beta.2.app/Contents/Developer/Toolchains/XcodeDefault.xctoolchain/usr/bin/swift-frontend -frontend -c /Users/builder/builds/TDmZkXJm/1/finestructure/swiftpackageindex-builder/spi-builder-workspace/Tests/RegexTests/Assertions.swift /Users/builder/builds/TDmZkXJm/1/finestructure/swiftpackageindex-builder/spi-builder-workspace/Tests/RegexTests/CodableTests.swift /Users/builder/builds/TDmZkXJm/1/finestructure/swiftpackageindex-builder/spi-builder-workspace/Tests/RegexTests/OptionsTests.swift -primary-file /Users/builder/builds/TDmZkXJm/1/finestructure/swiftpackageindex-builder/spi-builder-workspace/Tests/RegexTests/RegexTests.swift /Users/builder/builds/TDmZkXJm/1/finestructure/swiftpackageindex-builder/spi-builder-workspace/Tests/RegexTests/StringReplacementTests.swift /Users/builder/builds/TDmZkXJm/1/finestructure/swiftpackageindex-builder/spi-builder-workspace/Tests/RegexTests/Support.swift /Users/builder/builds/TDmZkXJm/1/finestructure/swiftpackageindex-builder/spi-builder-workspace/Tests/RegexTests/XCTestManifests.swift -emit-dependencies-path /Users/builder/builds/TDmZkXJm/1/finestructure/swiftpackageindex-builder/spi-builder-workspace/.derivedData/Build/Intermediates.noindex/Regex.build/Debug-xros/RegexTests.build/Objects-normal/arm64/RegexTests.d -emit-const-values-path /Users/builder/builds/TDmZkXJm/1/finestructure/swiftpackageindex-builder/spi-builder-workspace/.derivedData/Build/Intermediates.noindex/Regex.build/Debug-xros/RegexTests.build/Objects-normal/arm64/RegexTests.swiftconstvalues -emit-reference-dependencies-path /Users/builder/builds/TDmZkXJm/1/finestructure/swiftpackageindex-builder/spi-builder-workspace/.derivedData/Build/Intermediates.noindex/Regex.build/Debug-xros/RegexTests.build/Objects-normal/arm64/RegexTests.swiftdeps -serialize-diagnostics-path /Users/builder/builds/TDmZkXJm/1/finestructure/swiftpackageindex-builder/spi-builder-workspace/.derivedData/Build/Intermediates.noindex/Regex.build/Debug-xros/RegexTests.build/Objects-normal/arm64/RegexTests.dia -target arm64-apple-xros1.0 -Xllvm -aarch64-use-tbi -enable-objc-interop -stack-check -sdk /Applications/Xcode-15.0.0-Beta.2.app/Contents/Developer/Platforms/XROS.platform/Developer/SDKs/XROS1.0.sdk -I /Users/builder/builds/TDmZkXJm/1/finestructure/swiftpackageindex-builder/spi-builder-workspace/.derivedData/Build/Products/Debug-xros -I /Applications/Xcode-15.0.0-Beta.2.app/Contents/Developer/Platforms/XROS.platform/Developer/usr/lib -F /Users/builder/builds/TDmZkXJm/1/finestructure/swiftpackageindex-builder/spi-builder-workspace/.derivedData/Build/Products/Debug-xros/PackageFrameworks -F /Users/builder/builds/TDmZkXJm/1/finestructure/swiftpackageindex-builder/spi-builder-workspace/.derivedData/Build/Products/Debug-xros -F /Applications/Xcode-15.0.0-Beta.2.app/Contents/Developer/Platforms/XROS.platform/Developer/Library/Frameworks -F /Applications/Xcode-15.0.0-Beta.2.app/Contents/Developer/Platforms/XROS.platform/Developer/SDKs/XROS1.0.sdk/Developer/Library/Frameworks -no-color-diagnostics -enable-testing -g -module-cache-path /Users/builder/builds/TDmZkXJm/1/finestructure/swiftpackageindex-builder/spi-builder-workspace/.derivedData/ModuleCache.noindex -swift-version 5 -enforce-exclusivity\=checked -Onone -D SWIFT_PACKAGE -D DEBUG -D Xcode -serialize-debugging-options -const-gather-protocols-file /Users/builder/builds/TDmZkXJm/1/finestructure/swiftpackageindex-builder/spi-builder-workspace/.derivedData/Build/Intermediates.noindex/Regex.build/Debug-xros/RegexTests.build/Objects-normal/arm64/RegexTests_const_extract_protocols.json -empty-abi-descriptor -plugin-path /Applications/Xcode-15.0.0-Beta.2.app/Contents/Developer/Toolchains/XcodeDefault.xctoolchain/usr/lib/swift/host/plugins -plugin-path /Applications/Xcode-15.0.0-Beta.2.app/Contents/Developer/Toolchains/XcodeDefault.xctoolchain/usr/local/lib/swift/host/plugins -validate-clang-modules-once -clang-build-session-file /Users/builder/builds/TDmZkXJm/1/finestructure/swiftpackageindex-builder/spi-builder-workspace/.derivedData/ModuleCache.noindex/Session.modulevalidation -Xcc -working-directory -Xcc /Users/builder/builds/TDmZkXJm/1/finestructure/swiftpackageindex-builder/spi-builder-workspace -resource-dir /Applications/Xcode-15.0.0-Beta.2.app/Contents/Developer/Toolchains/XcodeDefault.xctoolchain/usr/lib/swift -enable-anonymous-context-mangled-names -Xcc -ivfsstatcache -Xcc /Users/builder/builds/TDmZkXJm/1/finestructure/swiftpackageindex-builder/spi-builder-workspace/.derivedData/SDKStatCaches.noindex/xros1.0-21N5165f-50a81fd5751d5bee8ff6d6ea12214339.sdkstatcache -Xcc -I/Users/builder/builds/TDmZkXJm/1/finestructure/swiftpackageindex-builder/spi-builder-workspace/.derivedData/Build/Products/Debug-xros/include -Xcc -I/Users/builder/builds/TDmZkXJm/1/finestructure/swiftpackageindex-builder/spi-builder-workspace/.derivedData/Build/Intermediates.noindex/Regex.build/Debug-xros/RegexTests.build/DerivedSources-normal/arm64 -Xcc -I/Users/builder/builds/TDmZkXJm/1/finestructure/swiftpackageindex-builder/spi-builder-workspace/.derivedData/Build/Intermediates.noindex/Regex.build/Debug-xros/RegexTests.build/DerivedSources/arm64 -Xcc -I/Users/builder/builds/TDmZkXJm/1/finestructure/swiftpackageindex-builder/spi-builder-workspace/.derivedData/Build/Intermediates.noindex/Regex.build/Debug-xros/RegexTests.build/DerivedSources -Xcc -DSWIFT_PACKAGE -Xcc -DDEBUG\=1 -module-name RegexTests -frontend-parseable-output -disable-clang-spi -target-sdk-version 1.0 -target-sdk-name xros1.0 -o /Users/builder/builds/TDmZkXJm/1/finestructure/swiftpackageindex-builder/spi-builder-workspace/.derivedData/Build/Intermediates.noindex/Regex.build/Debug-xros/RegexTests.build/Objects-normal/arm64/RegexTests.o -index-unit-output-path /Regex.build/Debug-xros/RegexTests.build/Objects-normal/arm64/RegexTests.o -index-store-path /Users/builder/builds/TDmZkXJm/1/finestructure/swiftpackageindex-builder/spi-builder-workspace/.derivedData/Index.noindex/DataStore -index-system-modules

SwiftCompile normal arm64 /Users/builder/builds/TDmZkXJm/1/finestructure/swiftpackageindex-builder/spi-builder-workspace/Tests/RegexTests/RegexTests.swift (in target 'RegexTests' from project 'Regex')
    cd /Users/builder/builds/TDmZkXJm/1/finestructure/swiftpackageindex-builder/spi-builder-workspace
    /Applications/Xcode-15.0.0-Beta.2.app/Contents/Developer/Toolchains/XcodeDefault.xctoolchain/usr/bin/swift-frontend -c /Users/builder/builds/TDmZkXJm/1/finestructure/swiftpackageindex-builder/spi-builder-workspace/Tests/RegexTests/Assertions.swift /Users/builder/builds/TDmZkXJm/1/finestructure/swiftpackageindex-builder/spi-builder-workspace/Tests/RegexTests/CodableTests.swift /Users/builder/builds/TDmZkXJm/1/finestructure/swiftpackageindex-builder/spi-builder-workspace/Tests/RegexTests/OptionsTests.swift -primary-file /Users/builder/builds/TDmZkXJm/1/finestructure/swiftpackageindex-builder/spi-builder-workspace/Tests/RegexTests/RegexTests.swift /Users/builder/builds/TDmZkXJm/1/finestructure/swiftpackageindex-builder/spi-builder-workspace/Tests/RegexTests/StringReplacementTests.swift /Users/builder/builds/TDmZkXJm/1/finestructure/swiftpackageindex-builder/spi-builder-workspace/Tests/RegexTests/Support.swift /Users/builder/builds/TDmZkXJm/1/finestructure/swiftpackageindex-builder/spi-builder-workspace/Tests/RegexTests/XCTestManifests.swift -emit-dependencies-path /Users/builder/builds/TDmZkXJm/1/finestructure/swiftpackageindex-builder/spi-builder-workspace/.derivedData/Build/Intermediates.noindex/Regex.build/Debug-xros/RegexTests.build/Objects-normal/arm64/RegexTests.d -emit-const-values-path /Users/builder/builds/TDmZkXJm/1/finestructure/swiftpackageindex-builder/spi-builder-workspace/.derivedData/Build/Intermediates.noindex/Regex.build/Debug-xros/RegexTests.build/Objects-normal/arm64/RegexTests.swiftconstvalues -emit-reference-dependencies-path /Users/builder/builds/TDmZkXJm/1/finestructure/swiftpackageindex-builder/spi-builder-workspace/.derivedData/Build/Intermediates.noindex/Regex.build/Debug-xros/RegexTests.build/Objects-normal/arm64/RegexTests.swiftdeps -serialize-diagnostics-path /Users/builder/builds/TDmZkXJm/1/finestructure/swiftpackageindex-builder/spi-builder-workspace/.derivedData/Build/Intermediates.noindex/Regex.build/Debug-xros/RegexTests.build/Objects-normal/arm64/RegexTests.dia -target arm64-apple-xros1.0 -Xllvm -aarch64-use-tbi -enable-objc-interop -stack-check -sdk /Applications/Xcode-15.0.0-Beta.2.app/Contents/Developer/Platforms/XROS.platform/Developer/SDKs/XROS1.0.sdk -I /Users/builder/builds/TDmZkXJm/1/finestructure/swiftpackageindex-builder/spi-builder-workspace/.derivedData/Build/Products/Debug-xros -I /Applications/Xcode-15.0.0-Beta.2.app/Contents/Developer/Platforms/XROS.platform/Developer/usr/lib -F /Users/builder/builds/TDmZkXJm/1/finestructure/swiftpackageindex-builder/spi-builder-workspace/.derivedData/Build/Products/Debug-xros/PackageFrameworks -F /Users/builder/builds/TDmZkXJm/1/finestructure/swiftpackageindex-builder/spi-builder-workspace/.derivedData/Build/Products/Debug-xros -F /Applications/Xcode-15.0.0-Beta.2.app/Contents/Developer/Platforms/XROS.platform/Developer/Library/Frameworks -F /Applications/Xcode-15.0.0-Beta.2.app/Contents/Developer/Platforms/XROS.platform/Developer/SDKs/XROS1.0.sdk/Developer/Library/Frameworks -no-color-diagnostics -enable-testing -g -module-cache-path /Users/builder/builds/TDmZkXJm/1/finestructure/swiftpackageindex-builder/spi-builder-workspace/.derivedData/ModuleCache.noindex -swift-version 5 -enforce-exclusivity\=checked -Onone -D SWIFT_PACKAGE -D DEBUG -D Xcode -serialize-debugging-options -const-gather-protocols-file /Users/builder/builds/TDmZkXJm/1/finestructure/swiftpackageindex-builder/spi-builder-workspace/.derivedData/Build/Intermediates.noindex/Regex.build/Debug-xros/RegexTests.build/Objects-normal/arm64/RegexTests_const_extract_protocols.json -empty-abi-descriptor -plugin-path /Applications/Xcode-15.0.0-Beta.2.app/Contents/Developer/Toolchains/XcodeDefault.xctoolchain/usr/lib/swift/host/plugins -plugin-path /Applications/Xcode-15.0.0-Beta.2.app/Contents/Developer/Toolchains/XcodeDefault.xctoolchain/usr/local/lib/swift/host/plugins -validate-clang-modules-once -clang-build-session-file /Users/builder/builds/TDmZkXJm/1/finestructure/swiftpackageindex-builder/spi-builder-workspace/.derivedData/ModuleCache.noindex/Session.modulevalidation -Xcc -working-directory -Xcc /Users/builder/builds/TDmZkXJm/1/finestructure/swiftpackageindex-builder/spi-builder-workspace -resource-dir /Applications/Xcode-15.0.0-Beta.2.app/Contents/Developer/Toolchains/XcodeDefault.xctoolchain/usr/lib/swift -enable-anonymous-context-mangled-names -Xcc -ivfsstatcache -Xcc /Users/builder/builds/TDmZkXJm/1/finestructure/swiftpackageindex-builder/spi-builder-workspace/.derivedData/SDKStatCaches.noindex/xros1.0-21N5165f-50a81fd5751d5bee8ff6d6ea12214339.sdkstatcache -Xcc -I/Users/builder/builds/TDmZkXJm/1/finestructure/swiftpackageindex-builder/spi-builder-workspace/.derivedData/Build/Products/Debug-xros/include -Xcc -I/Users/builder/builds/TDmZkXJm/1/finestructure/swiftpackageindex-builder/spi-builder-workspace/.derivedData/Build/Intermediates.noindex/Regex.build/Debug-xros/RegexTests.build/DerivedSources-normal/arm64 -Xcc -I/Users/builder/builds/TDmZkXJm/1/finestructure/swiftpackageindex-builder/spi-builder-workspace/.derivedData/Build/Intermediates.noindex/Regex.build/Debug-xros/RegexTests.build/DerivedSources/arm64 -Xcc -I/Users/builder/builds/TDmZkXJm/1/finestructure/swiftpackageindex-builder/spi-builder-workspace/.derivedData/Build/Intermediates.noindex/Regex.build/Debug-xros/RegexTests.build/DerivedSources -Xcc -DSWIFT_PACKAGE -Xcc -DDEBUG\=1 -module-name RegexTests -frontend-parseable-output -disable-clang-spi -target-sdk-version 1.0 -target-sdk-name xros1.0 -o /Users/builder/builds/TDmZkXJm/1/finestructure/swiftpackageindex-builder/spi-builder-workspace/.derivedData/Build/Intermediates.noindex/Regex.build/Debug-xros/RegexTests.build/Objects-normal/arm64/RegexTests.o -index-unit-output-path /Regex.build/Debug-xros/RegexTests.build/Objects-normal/arm64/RegexTests.o -index-store-path /Users/builder/builds/TDmZkXJm/1/finestructure/swiftpackageindex-builder/spi-builder-workspace/.derivedData/Index.noindex/DataStore -index-system-modules

SwiftEmitModule normal arm64 Emitting\ module\ for\ RegexTests (in target 'RegexTests' from project 'Regex')
    cd /Users/builder/builds/TDmZkXJm/1/finestructure/swiftpackageindex-builder/spi-builder-workspace
    builtin-swiftTaskExecution -- /Applications/Xcode-15.0.0-Beta.2.app/Contents/Developer/Toolchains/XcodeDefault.xctoolchain/usr/bin/swift-frontend -frontend -emit-module -experimental-skip-non-inlinable-function-bodies-without-types /Users/builder/builds/TDmZkXJm/1/finestructure/swiftpackageindex-builder/spi-builder-workspace/Tests/RegexTests/Assertions.swift /Users/builder/builds/TDmZkXJm/1/finestructure/swiftpackageindex-builder/spi-builder-workspace/Tests/RegexTests/CodableTests.swift /Users/builder/builds/TDmZkXJm/1/finestructure/swiftpackageindex-builder/spi-builder-workspace/Tests/RegexTests/OptionsTests.swift /Users/builder/builds/TDmZkXJm/1/finestructure/swiftpackageindex-builder/spi-builder-workspace/Tests/RegexTests/RegexTests.swift /Users/builder/builds/TDmZkXJm/1/finestructure/swiftpackageindex-builder/spi-builder-workspace/Tests/RegexTests/StringReplacementTests.swift /Users/builder/builds/TDmZkXJm/1/finestructure/swiftpackageindex-builder/spi-builder-workspace/Tests/RegexTests/Support.swift /Users/builder/builds/TDmZkXJm/1/finestructure/swiftpackageindex-builder/spi-builder-workspace/Tests/RegexTests/XCTestManifests.swift -target arm64-apple-xros1.0 -Xllvm -aarch64-use-tbi -enable-objc-interop -stack-check -sdk /Applications/Xcode-15.0.0-Beta.2.app/Contents/Developer/Platforms/XROS.platform/Developer/SDKs/XROS1.0.sdk -I /Users/builder/builds/TDmZkXJm/1/finestructure/swiftpackageindex-builder/spi-builder-workspace/.derivedData/Build/Products/Debug-xros -I /Applications/Xcode-15.0.0-Beta.2.app/Contents/Developer/Platforms/XROS.platform/Developer/usr/lib -F /Users/builder/builds/TDmZkXJm/1/finestructure/swiftpackageindex-builder/spi-builder-workspace/.derivedData/Build/Products/Debug-xros/PackageFrameworks -F /Users/builder/builds/TDmZkXJm/1/finestructure/swiftpackageindex-builder/spi-builder-workspace/.derivedData/Build/Products/Debug-xros -F /Applications/Xcode-15.0.0-Beta.2.app/Contents/Developer/Platforms/XROS.platform/Developer/Library/Frameworks -F /Applications/Xcode-15.0.0-Beta.2.app/Contents/Developer/Platforms/XROS.platform/Developer/SDKs/XROS1.0.sdk/Developer/Library/Frameworks -no-color-diagnostics -enable-testing -g -module-cache-path /Users/builder/builds/TDmZkXJm/1/finestructure/swiftpackageindex-builder/spi-builder-workspace/.derivedData/ModuleCache.noindex -swift-version 5 -enforce-exclusivity\=checked -Onone -D SWIFT_PACKAGE -D DEBUG -D Xcode -serialize-debugging-options -const-gather-protocols-file /Users/builder/builds/TDmZkXJm/1/finestructure/swiftpackageindex-builder/spi-builder-workspace/.derivedData/Build/Intermediates.noindex/Regex.build/Debug-xros/RegexTests.build/Objects-normal/arm64/RegexTests_const_extract_protocols.json -empty-abi-descriptor -plugin-path /Applications/Xcode-15.0.0-Beta.2.app/Contents/Developer/Toolchains/XcodeDefault.xctoolchain/usr/lib/swift/host/plugins -plugin-path /Applications/Xcode-15.0.0-Beta.2.app/Contents/Developer/Toolchains/XcodeDefault.xctoolchain/usr/local/lib/swift/host/plugins -validate-clang-modules-once -clang-build-session-file /Users/builder/builds/TDmZkXJm/1/finestructure/swiftpackageindex-builder/spi-builder-workspace/.derivedData/ModuleCache.noindex/Session.modulevalidation -Xcc -working-directory -Xcc /Users/builder/builds/TDmZkXJm/1/finestructure/swiftpackageindex-builder/spi-builder-workspace -resource-dir /Applications/Xcode-15.0.0-Beta.2.app/Contents/Developer/Toolchains/XcodeDefault.xctoolchain/usr/lib/swift -enable-anonymous-context-mangled-names -Xcc -ivfsstatcache -Xcc /Users/builder/builds/TDmZkXJm/1/finestructure/swiftpackageindex-builder/spi-builder-workspace/.derivedData/SDKStatCaches.noindex/xros1.0-21N5165f-50a81fd5751d5bee8ff6d6ea12214339.sdkstatcache -Xcc -I/Users/builder/builds/TDmZkXJm/1/finestructure/swiftpackageindex-builder/spi-builder-workspace/.derivedData/Build/Products/Debug-xros/include -Xcc -I/Users/builder/builds/TDmZkXJm/1/finestructure/swiftpackageindex-builder/spi-builder-workspace/.derivedData/Build/Intermediates.noindex/Regex.build/Debug-xros/RegexTests.build/DerivedSources-normal/arm64 -Xcc -I/Users/builder/builds/TDmZkXJm/1/finestructure/swiftpackageindex-builder/spi-builder-workspace/.derivedData/Build/Intermediates.noindex/Regex.build/Debug-xros/RegexTests.build/DerivedSources/arm64 -Xcc -I/Users/builder/builds/TDmZkXJm/1/finestructure/swiftpackageindex-builder/spi-builder-workspace/.derivedData/Build/Intermediates.noindex/Regex.build/Debug-xros/RegexTests.build/DerivedSources -Xcc -DSWIFT_PACKAGE -Xcc -DDEBUG\=1 -module-name RegexTests -disable-clang-spi -target-sdk-version 1.0 -target-sdk-name xros1.0 -emit-module-doc-path /Users/builder/builds/TDmZkXJm/1/finestructure/swiftpackageindex-builder/spi-builder-workspace/.derivedData/Build/Intermediates.noindex/Regex.build/Debug-xros/RegexTests.build/Objects-normal/arm64/RegexTests.swiftdoc -emit-module-source-info-path /Users/builder/builds/TDmZkXJm/1/finestructure/swiftpackageindex-builder/spi-builder-workspace/.derivedData/Build/Intermediates.noindex/Regex.build/Debug-xros/RegexTests.build/Objects-normal/arm64/RegexTests.swiftsourceinfo -serialize-diagnostics-path /Users/builder/builds/TDmZkXJm/1/finestructure/swiftpackageindex-builder/spi-builder-workspace/.derivedData/Build/Intermediates.noindex/Regex.build/Debug-xros/RegexTests.build/Objects-normal/arm64/RegexTests-master-emit-module.dia -emit-dependencies-path /Users/builder/builds/TDmZkXJm/1/finestructure/swiftpackageindex-builder/spi-builder-workspace/.derivedData/Build/Intermediates.noindex/Regex.build/Debug-xros/RegexTests.build/Objects-normal/arm64/RegexTests-master-emit-module.d -o /Users/builder/builds/TDmZkXJm/1/finestructure/swiftpackageindex-builder/spi-builder-workspace/.derivedData/Build/Intermediates.noindex/Regex.build/Debug-xros/RegexTests.build/Objects-normal/arm64/RegexTests.swiftmodule -emit-abi-descriptor-path /Users/builder/builds/TDmZkXJm/1/finestructure/swiftpackageindex-builder/spi-builder-workspace/.derivedData/Build/Intermediates.noindex/Regex.build/Debug-xros/RegexTests.build/Objects-normal/arm64/RegexTests.abi.json
/Users/builder/builds/TDmZkXJm/1/finestructure/swiftpackageindex-builder/spi-builder-workspace/Tests/RegexTests/XCTestManifests.swift:55:30: error: cannot find type 'XCTestCaseEntry' in scope
public func __allTests() -> [XCTestCaseEntry] {
                             ^~~~~~~~~~~~~~~
SwiftCompile normal arm64 Compiling\ Assertions.swift /Users/builder/builds/TDmZkXJm/1/finestructure/swiftpackageindex-builder/spi-builder-workspace/Tests/RegexTests/Assertions.swift (in target 'RegexTests' from project 'Regex')
    cd /Users/builder/builds/TDmZkXJm/1/finestructure/swiftpackageindex-builder/spi-builder-workspace
    builtin-swiftTaskExecution -- /Applications/Xcode-15.0.0-Beta.2.app/Contents/Developer/Toolchains/XcodeDefault.xctoolchain/usr/bin/swift-frontend -frontend -c -primary-file /Users/builder/builds/TDmZkXJm/1/finestructure/swiftpackageindex-builder/spi-builder-workspace/Tests/RegexTests/Assertions.swift /Users/builder/builds/TDmZkXJm/1/finestructure/swiftpackageindex-builder/spi-builder-workspace/Tests/RegexTests/CodableTests.swift /Users/builder/builds/TDmZkXJm/1/finestructure/swiftpackageindex-builder/spi-builder-workspace/Tests/RegexTests/OptionsTests.swift /Users/builder/builds/TDmZkXJm/1/finestructure/swiftpackageindex-builder/spi-builder-workspace/Tests/RegexTests/RegexTests.swift /Users/builder/builds/TDmZkXJm/1/finestructure/swiftpackageindex-builder/spi-builder-workspace/Tests/RegexTests/StringReplacementTests.swift /Users/builder/builds/TDmZkXJm/1/finestructure/swiftpackageindex-builder/spi-builder-workspace/Tests/RegexTests/Support.swift /Users/builder/builds/TDmZkXJm/1/finestructure/swiftpackageindex-builder/spi-builder-workspace/Tests/RegexTests/XCTestManifests.swift -emit-dependencies-path /Users/builder/builds/TDmZkXJm/1/finestructure/swiftpackageindex-builder/spi-builder-workspace/.derivedData/Build/Intermediates.noindex/Regex.build/Debug-xros/RegexTests.build/Objects-normal/arm64/Assertions.d -emit-const-values-path /Users/builder/builds/TDmZkXJm/1/finestructure/swiftpackageindex-builder/spi-builder-workspace/.derivedData/Build/Intermediates.noindex/Regex.build/Debug-xros/RegexTests.build/Objects-normal/arm64/Assertions.swiftconstvalues -emit-reference-dependencies-path /Users/builder/builds/TDmZkXJm/1/finestructure/swiftpackageindex-builder/spi-builder-workspace/.derivedData/Build/Intermediates.noindex/Regex.build/Debug-xros/RegexTests.build/Objects-normal/arm64/Assertions.swiftdeps -serialize-diagnostics-path /Users/builder/builds/TDmZkXJm/1/finestructure/swiftpackageindex-builder/spi-builder-workspace/.derivedData/Build/Intermediates.noindex/Regex.build/Debug-xros/RegexTests.build/Objects-normal/arm64/Assertions.dia -target arm64-apple-xros1.0 -Xllvm -aarch64-use-tbi -enable-objc-interop -stack-check -sdk /Applications/Xcode-15.0.0-Beta.2.app/Contents/Developer/Platforms/XROS.platform/Developer/SDKs/XROS1.0.sdk -I /Users/builder/builds/TDmZkXJm/1/finestructure/swiftpackageindex-builder/spi-builder-workspace/.derivedData/Build/Products/Debug-xros -I /Applications/Xcode-15.0.0-Beta.2.app/Contents/Developer/Platforms/XROS.platform/Developer/usr/lib -F /Users/builder/builds/TDmZkXJm/1/finestructure/swiftpackageindex-builder/spi-builder-workspace/.derivedData/Build/Products/Debug-xros/PackageFrameworks -F /Users/builder/builds/TDmZkXJm/1/finestructure/swiftpackageindex-builder/spi-builder-workspace/.derivedData/Build/Products/Debug-xros -F /Applications/Xcode-15.0.0-Beta.2.app/Contents/Developer/Platforms/XROS.platform/Developer/Library/Frameworks -F /Applications/Xcode-15.0.0-Beta.2.app/Contents/Developer/Platforms/XROS.platform/Developer/SDKs/XROS1.0.sdk/Developer/Library/Frameworks -no-color-diagnostics -enable-testing -g -module-cache-path /Users/builder/builds/TDmZkXJm/1/finestructure/swiftpackageindex-builder/spi-builder-workspace/.derivedData/ModuleCache.noindex -swift-version 5 -enforce-exclusivity\=checked -Onone -D SWIFT_PACKAGE -D DEBUG -D Xcode -serialize-debugging-options -const-gather-protocols-file /Users/builder/builds/TDmZkXJm/1/finestructure/swiftpackageindex-builder/spi-builder-workspace/.derivedData/Build/Intermediates.noindex/Regex.build/Debug-xros/RegexTests.build/Objects-normal/arm64/RegexTests_const_extract_protocols.json -empty-abi-descriptor -plugin-path /Applications/Xcode-15.0.0-Beta.2.app/Contents/Developer/Toolchains/XcodeDefault.xctoolchain/usr/lib/swift/host/plugins -plugin-path /Applications/Xcode-15.0.0-Beta.2.app/Contents/Developer/Toolchains/XcodeDefault.xctoolchain/usr/local/lib/swift/host/plugins -validate-clang-modules-once -clang-build-session-file /Users/builder/builds/TDmZkXJm/1/finestructure/swiftpackageindex-builder/spi-builder-workspace/.derivedData/ModuleCache.noindex/Session.modulevalidation -Xcc -working-directory -Xcc /Users/builder/builds/TDmZkXJm/1/finestructure/swiftpackageindex-builder/spi-builder-workspace -resource-dir /Applications/Xcode-15.0.0-Beta.2.app/Contents/Developer/Toolchains/XcodeDefault.xctoolchain/usr/lib/swift -enable-anonymous-context-mangled-names -Xcc -ivfsstatcache -Xcc /Users/builder/builds/TDmZkXJm/1/finestructure/swiftpackageindex-builder/spi-builder-workspace/.derivedData/SDKStatCaches.noindex/xros1.0-21N5165f-50a81fd5751d5bee8ff6d6ea12214339.sdkstatcache -Xcc -I/Users/builder/builds/TDmZkXJm/1/finestructure/swiftpackageindex-builder/spi-builder-workspace/.derivedData/Build/Products/Debug-xros/include -Xcc -I/Users/builder/builds/TDmZkXJm/1/finestructure/swiftpackageindex-builder/spi-builder-workspace/.derivedData/Build/Intermediates.noindex/Regex.build/Debug-xros/RegexTests.build/DerivedSources-normal/arm64 -Xcc -I/Users/builder/builds/TDmZkXJm/1/finestructure/swiftpackageindex-builder/spi-builder-workspace/.derivedData/Build/Intermediates.noindex/Regex.build/Debug-xros/RegexTests.build/DerivedSources/arm64 -Xcc -I/Users/builder/builds/TDmZkXJm/1/finestructure/swiftpackageindex-builder/spi-builder-workspace/.derivedData/Build/Intermediates.noindex/Regex.build/Debug-xros/RegexTests.build/DerivedSources -Xcc -DSWIFT_PACKAGE -Xcc -DDEBUG\=1 -module-name RegexTests -frontend-parseable-output -disable-clang-spi -target-sdk-version 1.0 -target-sdk-name xros1.0 -o /Users/builder/builds/TDmZkXJm/1/finestructure/swiftpackageindex-builder/spi-builder-workspace/.derivedData/Build/Intermediates.noindex/Regex.build/Debug-xros/RegexTests.build/Objects-normal/arm64/Assertions.o -index-unit-output-path /Regex.build/Debug-xros/RegexTests.build/Objects-normal/arm64/Assertions.o -index-store-path /Users/builder/builds/TDmZkXJm/1/finestructure/swiftpackageindex-builder/spi-builder-workspace/.derivedData/Index.noindex/DataStore -index-system-modules
SwiftCompile normal arm64 /Users/builder/builds/TDmZkXJm/1/finestructure/swiftpackageindex-builder/spi-builder-workspace/Tests/RegexTests/Assertions.swift (in target 'RegexTests' from project 'Regex')
    cd /Users/builder/builds/TDmZkXJm/1/finestructure/swiftpackageindex-builder/spi-builder-workspace
    /Applications/Xcode-15.0.0-Beta.2.app/Contents/Developer/Toolchains/XcodeDefault.xctoolchain/usr/bin/swift-frontend -c -primary-file /Users/builder/builds/TDmZkXJm/1/finestructure/swiftpackageindex-builder/spi-builder-workspace/Tests/RegexTests/Assertions.swift /Users/builder/builds/TDmZkXJm/1/finestructure/swiftpackageindex-builder/spi-builder-workspace/Tests/RegexTests/CodableTests.swift /Users/builder/builds/TDmZkXJm/1/finestructure/swiftpackageindex-builder/spi-builder-workspace/Tests/RegexTests/OptionsTests.swift /Users/builder/builds/TDmZkXJm/1/finestructure/swiftpackageindex-builder/spi-builder-workspace/Tests/RegexTests/RegexTests.swift /Users/builder/builds/TDmZkXJm/1/finestructure/swiftpackageindex-builder/spi-builder-workspace/Tests/RegexTests/StringReplacementTests.swift /Users/builder/builds/TDmZkXJm/1/finestructure/swiftpackageindex-builder/spi-builder-workspace/Tests/RegexTests/Support.swift /Users/builder/builds/TDmZkXJm/1/finestructure/swiftpackageindex-builder/spi-builder-workspace/Tests/RegexTests/XCTestManifests.swift -emit-dependencies-path /Users/builder/builds/TDmZkXJm/1/finestructure/swiftpackageindex-builder/spi-builder-workspace/.derivedData/Build/Intermediates.noindex/Regex.build/Debug-xros/RegexTests.build/Objects-normal/arm64/Assertions.d -emit-const-values-path /Users/builder/builds/TDmZkXJm/1/finestructure/swiftpackageindex-builder/spi-builder-workspace/.derivedData/Build/Intermediates.noindex/Regex.build/Debug-xros/RegexTests.build/Objects-normal/arm64/Assertions.swiftconstvalues -emit-reference-dependencies-path /Users/builder/builds/TDmZkXJm/1/finestructure/swiftpackageindex-builder/spi-builder-workspace/.derivedData/Build/Intermediates.noindex/Regex.build/Debug-xros/RegexTests.build/Objects-normal/arm64/Assertions.swiftdeps -serialize-diagnostics-path /Users/builder/builds/TDmZkXJm/1/finestructure/swiftpackageindex-builder/spi-builder-workspace/.derivedData/Build/Intermediates.noindex/Regex.build/Debug-xros/RegexTests.build/Objects-normal/arm64/Assertions.dia -target arm64-apple-xros1.0 -Xllvm -aarch64-use-tbi -enable-objc-interop -stack-check -sdk /Applications/Xcode-15.0.0-Beta.2.app/Contents/Developer/Platforms/XROS.platform/Developer/SDKs/XROS1.0.sdk -I /Users/builder/builds/TDmZkXJm/1/finestructure/swiftpackageindex-builder/spi-builder-workspace/.derivedData/Build/Products/Debug-xros -I /Applications/Xcode-15.0.0-Beta.2.app/Contents/Developer/Platforms/XROS.platform/Developer/usr/lib -F /Users/builder/builds/TDmZkXJm/1/finestructure/swiftpackageindex-builder/spi-builder-workspace/.derivedData/Build/Products/Debug-xros/PackageFrameworks -F /Users/builder/builds/TDmZkXJm/1/finestructure/swiftpackageindex-builder/spi-builder-workspace/.derivedData/Build/Products/Debug-xros -F /Applications/Xcode-15.0.0-Beta.2.app/Contents/Developer/Platforms/XROS.platform/Developer/Library/Frameworks -F /Applications/Xcode-15.0.0-Beta.2.app/Contents/Developer/Platforms/XROS.platform/Developer/SDKs/XROS1.0.sdk/Developer/Library/Frameworks -no-color-diagnostics -enable-testing -g -module-cache-path /Users/builder/builds/TDmZkXJm/1/finestructure/swiftpackageindex-builder/spi-builder-workspace/.derivedData/ModuleCache.noindex -swift-version 5 -enforce-exclusivity\=checked -Onone -D SWIFT_PACKAGE -D DEBUG -D Xcode -serialize-debugging-options -const-gather-protocols-file /Users/builder/builds/TDmZkXJm/1/finestructure/swiftpackageindex-builder/spi-builder-workspace/.derivedData/Build/Intermediates.noindex/Regex.build/Debug-xros/RegexTests.build/Objects-normal/arm64/RegexTests_const_extract_protocols.json -empty-abi-descriptor -plugin-path /Applications/Xcode-15.0.0-Beta.2.app/Contents/Developer/Toolchains/XcodeDefault.xctoolchain/usr/lib/swift/host/plugins -plugin-path /Applications/Xcode-15.0.0-Beta.2.app/Contents/Developer/Toolchains/XcodeDefault.xctoolchain/usr/local/lib/swift/host/plugins -validate-clang-modules-once -clang-build-session-file /Users/builder/builds/TDmZkXJm/1/finestructure/swiftpackageindex-builder/spi-builder-workspace/.derivedData/ModuleCache.noindex/Session.modulevalidation -Xcc -working-directory -Xcc /Users/builder/builds/TDmZkXJm/1/finestructure/swiftpackageindex-builder/spi-builder-workspace -resource-dir /Applications/Xcode-15.0.0-Beta.2.app/Contents/Developer/Toolchains/XcodeDefault.xctoolchain/usr/lib/swift -enable-anonymous-context-mangled-names -Xcc -ivfsstatcache -Xcc /Users/builder/builds/TDmZkXJm/1/finestructure/swiftpackageindex-builder/spi-builder-workspace/.derivedData/SDKStatCaches.noindex/xros1.0-21N5165f-50a81fd5751d5bee8ff6d6ea12214339.sdkstatcache -Xcc -I/Users/builder/builds/TDmZkXJm/1/finestructure/swiftpackageindex-builder/spi-builder-workspace/.derivedData/Build/Products/Debug-xros/include -Xcc -I/Users/builder/builds/TDmZkXJm/1/finestructure/swiftpackageindex-builder/spi-builder-workspace/.derivedData/Build/Intermediates.noindex/Regex.build/Debug-xros/RegexTests.build/DerivedSources-normal/arm64 -Xcc -I/Users/builder/builds/TDmZkXJm/1/finestructure/swiftpackageindex-builder/spi-builder-workspace/.derivedData/Build/Intermediates.noindex/Regex.build/Debug-xros/RegexTests.build/DerivedSources/arm64 -Xcc -I/Users/builder/builds/TDmZkXJm/1/finestructure/swiftpackageindex-builder/spi-builder-workspace/.derivedData/Build/Intermediates.noindex/Regex.build/Debug-xros/RegexTests.build/DerivedSources -Xcc -DSWIFT_PACKAGE -Xcc -DDEBUG\=1 -module-name RegexTests -frontend-parseable-output -disable-clang-spi -target-sdk-version 1.0 -target-sdk-name xros1.0 -o /Users/builder/builds/TDmZkXJm/1/finestructure/swiftpackageindex-builder/spi-builder-workspace/.derivedData/Build/Intermediates.noindex/Regex.build/Debug-xros/RegexTests.build/Objects-normal/arm64/Assertions.o -index-unit-output-path /Regex.build/Debug-xros/RegexTests.build/Objects-normal/arm64/Assertions.o -index-store-path /Users/builder/builds/TDmZkXJm/1/finestructure/swiftpackageindex-builder/spi-builder-workspace/.derivedData/Index.noindex/DataStore -index-system-modules

SwiftCompile normal arm64 Compiling\ OptionsTests.swift /Users/builder/builds/TDmZkXJm/1/finestructure/swiftpackageindex-builder/spi-builder-workspace/Tests/RegexTests/OptionsTests.swift (in target 'RegexTests' from project 'Regex')
    cd /Users/builder/builds/TDmZkXJm/1/finestructure/swiftpackageindex-builder/spi-builder-workspace
    builtin-swiftTaskExecution -- /Applications/Xcode-15.0.0-Beta.2.app/Contents/Developer/Toolchains/XcodeDefault.xctoolchain/usr/bin/swift-frontend -frontend -c /Users/builder/builds/TDmZkXJm/1/finestructure/swiftpackageindex-builder/spi-builder-workspace/Tests/RegexTests/Assertions.swift /Users/builder/builds/TDmZkXJm/1/finestructure/swiftpackageindex-builder/spi-builder-workspace/Tests/RegexTests/CodableTests.swift -primary-file /Users/builder/builds/TDmZkXJm/1/finestructure/swiftpackageindex-builder/spi-builder-workspace/Tests/RegexTests/OptionsTests.swift /Users/builder/builds/TDmZkXJm/1/finestructure/swiftpackageindex-builder/spi-builder-workspace/Tests/RegexTests/RegexTests.swift /Users/builder/builds/TDmZkXJm/1/finestructure/swiftpackageindex-builder/spi-builder-workspace/Tests/RegexTests/StringReplacementTests.swift /Users/builder/builds/TDmZkXJm/1/finestructure/swiftpackageindex-builder/spi-builder-workspace/Tests/RegexTests/Support.swift /Users/builder/builds/TDmZkXJm/1/finestructure/swiftpackageindex-builder/spi-builder-workspace/Tests/RegexTests/XCTestManifests.swift -emit-dependencies-path /Users/builder/builds/TDmZkXJm/1/finestructure/swiftpackageindex-builder/spi-builder-workspace/.derivedData/Build/Intermediates.noindex/Regex.build/Debug-xros/RegexTests.build/Objects-normal/arm64/OptionsTests.d -emit-const-values-path /Users/builder/builds/TDmZkXJm/1/finestructure/swiftpackageindex-builder/spi-builder-workspace/.derivedData/Build/Intermediates.noindex/Regex.build/Debug-xros/RegexTests.build/Objects-normal/arm64/OptionsTests.swiftconstvalues -emit-reference-dependencies-path /Users/builder/builds/TDmZkXJm/1/finestructure/swiftpackageindex-builder/spi-builder-workspace/.derivedData/Build/Intermediates.noindex/Regex.build/Debug-xros/RegexTests.build/Objects-normal/arm64/OptionsTests.swiftdeps -serialize-diagnostics-path /Users/builder/builds/TDmZkXJm/1/finestructure/swiftpackageindex-builder/spi-builder-workspace/.derivedData/Build/Intermediates.noindex/Regex.build/Debug-xros/RegexTests.build/Objects-normal/arm64/OptionsTests.dia -target arm64-apple-xros1.0 -Xllvm -aarch64-use-tbi -enable-objc-interop -stack-check -sdk /Applications/Xcode-15.0.0-Beta.2.app/Contents/Developer/Platforms/XROS.platform/Developer/SDKs/XROS1.0.sdk -I /Users/builder/builds/TDmZkXJm/1/finestructure/swiftpackageindex-builder/spi-builder-workspace/.derivedData/Build/Products/Debug-xros -I /Applications/Xcode-15.0.0-Beta.2.app/Contents/Developer/Platforms/XROS.platform/Developer/usr/lib -F /Users/builder/builds/TDmZkXJm/1/finestructure/swiftpackageindex-builder/spi-builder-workspace/.derivedData/Build/Products/Debug-xros/PackageFrameworks -F /Users/builder/builds/TDmZkXJm/1/finestructure/swiftpackageindex-builder/spi-builder-workspace/.derivedData/Build/Products/Debug-xros -F /Applications/Xcode-15.0.0-Beta.2.app/Contents/Developer/Platforms/XROS.platform/Developer/Library/Frameworks -F /Applications/Xcode-15.0.0-Beta.2.app/Contents/Developer/Platforms/XROS.platform/Developer/SDKs/XROS1.0.sdk/Developer/Library/Frameworks -no-color-diagnostics -enable-testing -g -module-cache-path /Users/builder/builds/TDmZkXJm/1/finestructure/swiftpackageindex-builder/spi-builder-workspace/.derivedData/ModuleCache.noindex -swift-version 5 -enforce-exclusivity\=checked -Onone -D SWIFT_PACKAGE -D DEBUG -D Xcode -serialize-debugging-options -const-gather-protocols-file /Users/builder/builds/TDmZkXJm/1/finestructure/swiftpackageindex-builder/spi-builder-workspace/.derivedData/Build/Intermediates.noindex/Regex.build/Debug-xros/RegexTests.build/Objects-normal/arm64/RegexTests_const_extract_protocols.json -empty-abi-descriptor -plugin-path /Applications/Xcode-15.0.0-Beta.2.app/Contents/Developer/Toolchains/XcodeDefault.xctoolchain/usr/lib/swift/host/plugins -plugin-path /Applications/Xcode-15.0.0-Beta.2.app/Contents/Developer/Toolchains/XcodeDefault.xctoolchain/usr/local/lib/swift/host/plugins -validate-clang-modules-once -clang-build-session-file /Users/builder/builds/TDmZkXJm/1/finestructure/swiftpackageindex-builder/spi-builder-workspace/.derivedData/ModuleCache.noindex/Session.modulevalidation -Xcc -working-directory -Xcc /Users/builder/builds/TDmZkXJm/1/finestructure/swiftpackageindex-builder/spi-builder-workspace -resource-dir /Applications/Xcode-15.0.0-Beta.2.app/Contents/Developer/Toolchains/XcodeDefault.xctoolchain/usr/lib/swift -enable-anonymous-context-mangled-names -Xcc -ivfsstatcache -Xcc /Users/builder/builds/TDmZkXJm/1/finestructure/swiftpackageindex-builder/spi-builder-workspace/.derivedData/SDKStatCaches.noindex/xros1.0-21N5165f-50a81fd5751d5bee8ff6d6ea12214339.sdkstatcache -Xcc -I/Users/builder/builds/TDmZkXJm/1/finestructure/swiftpackageindex-builder/spi-builder-workspace/.derivedData/Build/Products/Debug-xros/include -Xcc -I/Users/builder/builds/TDmZkXJm/1/finestructure/swiftpackageindex-builder/spi-builder-workspace/.derivedData/Build/Intermediates.noindex/Regex.build/Debug-xros/RegexTests.build/DerivedSources-normal/arm64 -Xcc -I/Users/builder/builds/TDmZkXJm/1/finestructure/swiftpackageindex-builder/spi-builder-workspace/.derivedData/Build/Intermediates.noindex/Regex.build/Debug-xros/RegexTests.build/DerivedSources/arm64 -Xcc -I/Users/builder/builds/TDmZkXJm/1/finestructure/swiftpackageindex-builder/spi-builder-workspace/.derivedData/Build/Intermediates.noindex/Regex.build/Debug-xros/RegexTests.build/DerivedSources -Xcc -DSWIFT_PACKAGE -Xcc -DDEBUG\=1 -module-name RegexTests -frontend-parseable-output -disable-clang-spi -target-sdk-version 1.0 -target-sdk-name xros1.0 -o /Users/builder/builds/TDmZkXJm/1/finestructure/swiftpackageindex-builder/spi-builder-workspace/.derivedData/Build/Intermediates.noindex/Regex.build/Debug-xros/RegexTests.build/Objects-normal/arm64/OptionsTests.o -index-unit-output-path /Regex.build/Debug-xros/RegexTests.build/Objects-normal/arm64/OptionsTests.o -index-store-path /Users/builder/builds/TDmZkXJm/1/finestructure/swiftpackageindex-builder/spi-builder-workspace/.derivedData/Index.noindex/DataStore -index-system-modules

SwiftCompile normal arm64 /Users/builder/builds/TDmZkXJm/1/finestructure/swiftpackageindex-builder/spi-builder-workspace/Tests/RegexTests/OptionsTests.swift (in target 'RegexTests' from project 'Regex')
    cd /Users/builder/builds/TDmZkXJm/1/finestructure/swiftpackageindex-builder/spi-builder-workspace
    /Applications/Xcode-15.0.0-Beta.2.app/Contents/Developer/Toolchains/XcodeDefault.xctoolchain/usr/bin/swift-frontend -c /Users/builder/builds/TDmZkXJm/1/finestructure/swiftpackageindex-builder/spi-builder-workspace/Tests/RegexTests/Assertions.swift /Users/builder/builds/TDmZkXJm/1/finestructure/swiftpackageindex-builder/spi-builder-workspace/Tests/RegexTests/CodableTests.swift -primary-file /Users/builder/builds/TDmZkXJm/1/finestructure/swiftpackageindex-builder/spi-builder-workspace/Tests/RegexTests/OptionsTests.swift /Users/builder/builds/TDmZkXJm/1/finestructure/swiftpackageindex-builder/spi-builder-workspace/Tests/RegexTests/RegexTests.swift /Users/builder/builds/TDmZkXJm/1/finestructure/swiftpackageindex-builder/spi-builder-workspace/Tests/RegexTests/StringReplacementTests.swift /Users/builder/builds/TDmZkXJm/1/finestructure/swiftpackageindex-builder/spi-builder-workspace/Tests/RegexTests/Support.swift /Users/builder/builds/TDmZkXJm/1/finestructure/swiftpackageindex-builder/spi-builder-workspace/Tests/RegexTests/XCTestManifests.swift -emit-dependencies-path /Users/builder/builds/TDmZkXJm/1/finestructure/swiftpackageindex-builder/spi-builder-workspace/.derivedData/Build/Intermediates.noindex/Regex.build/Debug-xros/RegexTests.build/Objects-normal/arm64/OptionsTests.d -emit-const-values-path /Users/builder/builds/TDmZkXJm/1/finestructure/swiftpackageindex-builder/spi-builder-workspace/.derivedData/Build/Intermediates.noindex/Regex.build/Debug-xros/RegexTests.build/Objects-normal/arm64/OptionsTests.swiftconstvalues -emit-reference-dependencies-path /Users/builder/builds/TDmZkXJm/1/finestructure/swiftpackageindex-builder/spi-builder-workspace/.derivedData/Build/Intermediates.noindex/Regex.build/Debug-xros/RegexTests.build/Objects-normal/arm64/OptionsTests.swiftdeps -serialize-diagnostics-path /Users/builder/builds/TDmZkXJm/1/finestructure/swiftpackageindex-builder/spi-builder-workspace/.derivedData/Build/Intermediates.noindex/Regex.build/Debug-xros/RegexTests.build/Objects-normal/arm64/OptionsTests.dia -target arm64-apple-xros1.0 -Xllvm -aarch64-use-tbi -enable-objc-interop -stack-check -sdk /Applications/Xcode-15.0.0-Beta.2.app/Contents/Developer/Platforms/XROS.platform/Developer/SDKs/XROS1.0.sdk -I /Users/builder/builds/TDmZkXJm/1/finestructure/swiftpackageindex-builder/spi-builder-workspace/.derivedData/Build/Products/Debug-xros -I /Applications/Xcode-15.0.0-Beta.2.app/Contents/Developer/Platforms/XROS.platform/Developer/usr/lib -F /Users/builder/builds/TDmZkXJm/1/finestructure/swiftpackageindex-builder/spi-builder-workspace/.derivedData/Build/Products/Debug-xros/PackageFrameworks -F /Users/builder/builds/TDmZkXJm/1/finestructure/swiftpackageindex-builder/spi-builder-workspace/.derivedData/Build/Products/Debug-xros -F /Applications/Xcode-15.0.0-Beta.2.app/Contents/Developer/Platforms/XROS.platform/Developer/Library/Frameworks -F /Applications/Xcode-15.0.0-Beta.2.app/Contents/Developer/Platforms/XROS.platform/Developer/SDKs/XROS1.0.sdk/Developer/Library/Frameworks -no-color-diagnostics -enable-testing -g -module-cache-path /Users/builder/builds/TDmZkXJm/1/finestructure/swiftpackageindex-builder/spi-builder-workspace/.derivedData/ModuleCache.noindex -swift-version 5 -enforce-exclusivity\=checked -Onone -D SWIFT_PACKAGE -D DEBUG -D Xcode -serialize-debugging-options -const-gather-protocols-file /Users/builder/builds/TDmZkXJm/1/finestructure/swiftpackageindex-builder/spi-builder-workspace/.derivedData/Build/Intermediates.noindex/Regex.build/Debug-xros/RegexTests.build/Objects-normal/arm64/RegexTests_const_extract_protocols.json -empty-abi-descriptor -plugin-path /Applications/Xcode-15.0.0-Beta.2.app/Contents/Developer/Toolchains/XcodeDefault.xctoolchain/usr/lib/swift/host/plugins -plugin-path /Applications/Xcode-15.0.0-Beta.2.app/Contents/Developer/Toolchains/XcodeDefault.xctoolchain/usr/local/lib/swift/host/plugins -validate-clang-modules-once -clang-build-session-file /Users/builder/builds/TDmZkXJm/1/finestructure/swiftpackageindex-builder/spi-builder-workspace/.derivedData/ModuleCache.noindex/Session.modulevalidation -Xcc -working-directory -Xcc /Users/builder/builds/TDmZkXJm/1/finestructure/swiftpackageindex-builder/spi-builder-workspace -resource-dir /Applications/Xcode-15.0.0-Beta.2.app/Contents/Developer/Toolchains/XcodeDefault.xctoolchain/usr/lib/swift -enable-anonymous-context-mangled-names -Xcc -ivfsstatcache -Xcc /Users/builder/builds/TDmZkXJm/1/finestructure/swiftpackageindex-builder/spi-builder-workspace/.derivedData/SDKStatCaches.noindex/xros1.0-21N5165f-50a81fd5751d5bee8ff6d6ea12214339.sdkstatcache -Xcc -I/Users/builder/builds/TDmZkXJm/1/finestructure/swiftpackageindex-builder/spi-builder-workspace/.derivedData/Build/Products/Debug-xros/include -Xcc -I/Users/builder/builds/TDmZkXJm/1/finestructure/swiftpackageindex-builder/spi-builder-workspace/.derivedData/Build/Intermediates.noindex/Regex.build/Debug-xros/RegexTests.build/DerivedSources-normal/arm64 -Xcc -I/Users/builder/builds/TDmZkXJm/1/finestructure/swiftpackageindex-builder/spi-builder-workspace/.derivedData/Build/Intermediates.noindex/Regex.build/Debug-xros/RegexTests.build/DerivedSources/arm64 -Xcc -I/Users/builder/builds/TDmZkXJm/1/finestructure/swiftpackageindex-builder/spi-builder-workspace/.derivedData/Build/Intermediates.noindex/Regex.build/Debug-xros/RegexTests.build/DerivedSources -Xcc -DSWIFT_PACKAGE -Xcc -DDEBUG\=1 -module-name RegexTests -frontend-parseable-output -disable-clang-spi -target-sdk-version 1.0 -target-sdk-name xros1.0 -o /Users/builder/builds/TDmZkXJm/1/finestructure/swiftpackageindex-builder/spi-builder-workspace/.derivedData/Build/Intermediates.noindex/Regex.build/Debug-xros/RegexTests.build/Objects-normal/arm64/OptionsTests.o -index-unit-output-path /Regex.build/Debug-xros/RegexTests.build/Objects-normal/arm64/OptionsTests.o -index-store-path /Users/builder/builds/TDmZkXJm/1/finestructure/swiftpackageindex-builder/spi-builder-workspace/.derivedData/Index.noindex/DataStore -index-system-modules
SwiftCompile normal arm64 Compiling\ CodableTests.swift /Users/builder/builds/TDmZkXJm/1/finestructure/swiftpackageindex-builder/spi-builder-workspace/Tests/RegexTests/CodableTests.swift (in target 'RegexTests' from project 'Regex')
    cd /Users/builder/builds/TDmZkXJm/1/finestructure/swiftpackageindex-builder/spi-builder-workspace
    builtin-swiftTaskExecution -- /Applications/Xcode-15.0.0-Beta.2.app/Contents/Developer/Toolchains/XcodeDefault.xctoolchain/usr/bin/swift-frontend -frontend -c /Users/builder/builds/TDmZkXJm/1/finestructure/swiftpackageindex-builder/spi-builder-workspace/Tests/RegexTests/Assertions.swift -primary-file /Users/builder/builds/TDmZkXJm/1/finestructure/swiftpackageindex-builder/spi-builder-workspace/Tests/RegexTests/CodableTests.swift /Users/builder/builds/TDmZkXJm/1/finestructure/swiftpackageindex-builder/spi-builder-workspace/Tests/RegexTests/OptionsTests.swift /Users/builder/builds/TDmZkXJm/1/finestructure/swiftpackageindex-builder/spi-builder-workspace/Tests/RegexTests/RegexTests.swift /Users/builder/builds/TDmZkXJm/1/finestructure/swiftpackageindex-builder/spi-builder-workspace/Tests/RegexTests/StringReplacementTests.swift /Users/builder/builds/TDmZkXJm/1/finestructure/swiftpackageindex-builder/spi-builder-workspace/Tests/RegexTests/Support.swift /Users/builder/builds/TDmZkXJm/1/finestructure/swiftpackageindex-builder/spi-builder-workspace/Tests/RegexTests/XCTestManifests.swift -emit-dependencies-path /Users/builder/builds/TDmZkXJm/1/finestructure/swiftpackageindex-builder/spi-builder-workspace/.derivedData/Build/Intermediates.noindex/Regex.build/Debug-xros/RegexTests.build/Objects-normal/arm64/CodableTests.d -emit-const-values-path /Users/builder/builds/TDmZkXJm/1/finestructure/swiftpackageindex-builder/spi-builder-workspace/.derivedData/Build/Intermediates.noindex/Regex.build/Debug-xros/RegexTests.build/Objects-normal/arm64/CodableTests.swiftconstvalues -emit-reference-dependencies-path /Users/builder/builds/TDmZkXJm/1/finestructure/swiftpackageindex-builder/spi-builder-workspace/.derivedData/Build/Intermediates.noindex/Regex.build/Debug-xros/RegexTests.build/Objects-normal/arm64/CodableTests.swiftdeps -serialize-diagnostics-path /Users/builder/builds/TDmZkXJm/1/finestructure/swiftpackageindex-builder/spi-builder-workspace/.derivedData/Build/Intermediates.noindex/Regex.build/Debug-xros/RegexTests.build/Objects-normal/arm64/CodableTests.dia -target arm64-apple-xros1.0 -Xllvm -aarch64-use-tbi -enable-objc-interop -stack-check -sdk /Applications/Xcode-15.0.0-Beta.2.app/Contents/Developer/Platforms/XROS.platform/Developer/SDKs/XROS1.0.sdk -I /Users/builder/builds/TDmZkXJm/1/finestructure/swiftpackageindex-builder/spi-builder-workspace/.derivedData/Build/Products/Debug-xros -I /Applications/Xcode-15.0.0-Beta.2.app/Contents/Developer/Platforms/XROS.platform/Developer/usr/lib -F /Users/builder/builds/TDmZkXJm/1/finestructure/swiftpackageindex-builder/spi-builder-workspace/.derivedData/Build/Products/Debug-xros/PackageFrameworks -F /Users/builder/builds/TDmZkXJm/1/finestructure/swiftpackageindex-builder/spi-builder-workspace/.derivedData/Build/Products/Debug-xros -F /Applications/Xcode-15.0.0-Beta.2.app/Contents/Developer/Platforms/XROS.platform/Developer/Library/Frameworks -F /Applications/Xcode-15.0.0-Beta.2.app/Contents/Developer/Platforms/XROS.platform/Developer/SDKs/XROS1.0.sdk/Developer/Library/Frameworks -no-color-diagnostics -enable-testing -g -module-cache-path /Users/builder/builds/TDmZkXJm/1/finestructure/swiftpackageindex-builder/spi-builder-workspace/.derivedData/ModuleCache.noindex -swift-version 5 -enforce-exclusivity\=checked -Onone -D SWIFT_PACKAGE -D DEBUG -D Xcode -serialize-debugging-options -const-gather-protocols-file /Users/builder/builds/TDmZkXJm/1/finestructure/swiftpackageindex-builder/spi-builder-workspace/.derivedData/Build/Intermediates.noindex/Regex.build/Debug-xros/RegexTests.build/Objects-normal/arm64/RegexTests_const_extract_protocols.json -empty-abi-descriptor -plugin-path /Applications/Xcode-15.0.0-Beta.2.app/Contents/Developer/Toolchains/XcodeDefault.xctoolchain/usr/lib/swift/host/plugins -plugin-path /Applications/Xcode-15.0.0-Beta.2.app/Contents/Developer/Toolchains/XcodeDefault.xctoolchain/usr/local/lib/swift/host/plugins -validate-clang-modules-once -clang-build-session-file /Users/builder/builds/TDmZkXJm/1/finestructure/swiftpackageindex-builder/spi-builder-workspace/.derivedData/ModuleCache.noindex/Session.modulevalidation -Xcc -working-directory -Xcc /Users/builder/builds/TDmZkXJm/1/finestructure/swiftpackageindex-builder/spi-builder-workspace -resource-dir /Applications/Xcode-15.0.0-Beta.2.app/Contents/Developer/Toolchains/XcodeDefault.xctoolchain/usr/lib/swift -enable-anonymous-context-mangled-names -Xcc -ivfsstatcache -Xcc /Users/builder/builds/TDmZkXJm/1/finestructure/swiftpackageindex-builder/spi-builder-workspace/.derivedData/SDKStatCaches.noindex/xros1.0-21N5165f-50a81fd5751d5bee8ff6d6ea12214339.sdkstatcache -Xcc -I/Users/builder/builds/TDmZkXJm/1/finestructure/swiftpackageindex-builder/spi-builder-workspace/.derivedData/Build/Products/Debug-xros/include -Xcc -I/Users/builder/builds/TDmZkXJm/1/finestructure/swiftpackageindex-builder/spi-builder-workspace/.derivedData/Build/Intermediates.noindex/Regex.build/Debug-xros/RegexTests.build/DerivedSources-normal/arm64 -Xcc -I/Users/builder/builds/TDmZkXJm/1/finestructure/swiftpackageindex-builder/spi-builder-workspace/.derivedData/Build/Intermediates.noindex/Regex.build/Debug-xros/RegexTests.build/DerivedSources/arm64 -Xcc -I/Users/builder/builds/TDmZkXJm/1/finestructure/swiftpackageindex-builder/spi-builder-workspace/.derivedData/Build/Intermediates.noindex/Regex.build/Debug-xros/RegexTests.build/DerivedSources -Xcc -DSWIFT_PACKAGE -Xcc -DDEBUG\=1 -module-name RegexTests -frontend-parseable-output -disable-clang-spi -target-sdk-version 1.0 -target-sdk-name xros1.0 -o /Users/builder/builds/TDmZkXJm/1/finestructure/swiftpackageindex-builder/spi-builder-workspace/.derivedData/Build/Intermediates.noindex/Regex.build/Debug-xros/RegexTests.build/Objects-normal/arm64/CodableTests.o -index-unit-output-path /Regex.build/Debug-xros/RegexTests.build/Objects-normal/arm64/CodableTests.o -index-store-path /Users/builder/builds/TDmZkXJm/1/finestructure/swiftpackageindex-builder/spi-builder-workspace/.derivedData/Index.noindex/DataStore -index-system-modules
SwiftCompile normal arm64 /Users/builder/builds/TDmZkXJm/1/finestructure/swiftpackageindex-builder/spi-builder-workspace/Tests/RegexTests/CodableTests.swift (in target 'RegexTests' from project 'Regex')
    cd /Users/builder/builds/TDmZkXJm/1/finestructure/swiftpackageindex-builder/spi-builder-workspace
    /Applications/Xcode-15.0.0-Beta.2.app/Contents/Developer/Toolchains/XcodeDefault.xctoolchain/usr/bin/swift-frontend -c /Users/builder/builds/TDmZkXJm/1/finestructure/swiftpackageindex-builder/spi-builder-workspace/Tests/RegexTests/Assertions.swift -primary-file /Users/builder/builds/TDmZkXJm/1/finestructure/swiftpackageindex-builder/spi-builder-workspace/Tests/RegexTests/CodableTests.swift /Users/builder/builds/TDmZkXJm/1/finestructure/swiftpackageindex-builder/spi-builder-workspace/Tests/RegexTests/OptionsTests.swift /Users/builder/builds/TDmZkXJm/1/finestructure/swiftpackageindex-builder/spi-builder-workspace/Tests/RegexTests/RegexTests.swift /Users/builder/builds/TDmZkXJm/1/finestructure/swiftpackageindex-builder/spi-builder-workspace/Tests/RegexTests/StringReplacementTests.swift /Users/builder/builds/TDmZkXJm/1/finestructure/swiftpackageindex-builder/spi-builder-workspace/Tests/RegexTests/Support.swift /Users/builder/builds/TDmZkXJm/1/finestructure/swiftpackageindex-builder/spi-builder-workspace/Tests/RegexTests/XCTestManifests.swift -emit-dependencies-path /Users/builder/builds/TDmZkXJm/1/finestructure/swiftpackageindex-builder/spi-builder-workspace/.derivedData/Build/Intermediates.noindex/Regex.build/Debug-xros/RegexTests.build/Objects-normal/arm64/CodableTests.d -emit-const-values-path /Users/builder/builds/TDmZkXJm/1/finestructure/swiftpackageindex-builder/spi-builder-workspace/.derivedData/Build/Intermediates.noindex/Regex.build/Debug-xros/RegexTests.build/Objects-normal/arm64/CodableTests.swiftconstvalues -emit-reference-dependencies-path /Users/builder/builds/TDmZkXJm/1/finestructure/swiftpackageindex-builder/spi-builder-workspace/.derivedData/Build/Intermediates.noindex/Regex.build/Debug-xros/RegexTests.build/Objects-normal/arm64/CodableTests.swiftdeps -serialize-diagnostics-path /Users/builder/builds/TDmZkXJm/1/finestructure/swiftpackageindex-builder/spi-builder-workspace/.derivedData/Build/Intermediates.noindex/Regex.build/Debug-xros/RegexTests.build/Objects-normal/arm64/CodableTests.dia -target arm64-apple-xros1.0 -Xllvm -aarch64-use-tbi -enable-objc-interop -stack-check -sdk /Applications/Xcode-15.0.0-Beta.2.app/Contents/Developer/Platforms/XROS.platform/Developer/SDKs/XROS1.0.sdk -I /Users/builder/builds/TDmZkXJm/1/finestructure/swiftpackageindex-builder/spi-builder-workspace/.derivedData/Build/Products/Debug-xros -I /Applications/Xcode-15.0.0-Beta.2.app/Contents/Developer/Platforms/XROS.platform/Developer/usr/lib -F /Users/builder/builds/TDmZkXJm/1/finestructure/swiftpackageindex-builder/spi-builder-workspace/.derivedData/Build/Products/Debug-xros/PackageFrameworks -F /Users/builder/builds/TDmZkXJm/1/finestructure/swiftpackageindex-builder/spi-builder-workspace/.derivedData/Build/Products/Debug-xros -F /Applications/Xcode-15.0.0-Beta.2.app/Contents/Developer/Platforms/XROS.platform/Developer/Library/Frameworks -F /Applications/Xcode-15.0.0-Beta.2.app/Contents/Developer/Platforms/XROS.platform/Developer/SDKs/XROS1.0.sdk/Developer/Library/Frameworks -no-color-diagnostics -enable-testing -g -module-cache-path /Users/builder/builds/TDmZkXJm/1/finestructure/swiftpackageindex-builder/spi-builder-workspace/.derivedData/ModuleCache.noindex -swift-version 5 -enforce-exclusivity\=checked -Onone -D SWIFT_PACKAGE -D DEBUG -D Xcode -serialize-debugging-options -const-gather-protocols-file /Users/builder/builds/TDmZkXJm/1/finestructure/swiftpackageindex-builder/spi-builder-workspace/.derivedData/Build/Intermediates.noindex/Regex.build/Debug-xros/RegexTests.build/Objects-normal/arm64/RegexTests_const_extract_protocols.json -empty-abi-descriptor -plugin-path /Applications/Xcode-15.0.0-Beta.2.app/Contents/Developer/Toolchains/XcodeDefault.xctoolchain/usr/lib/swift/host/plugins -plugin-path /Applications/Xcode-15.0.0-Beta.2.app/Contents/Developer/Toolchains/XcodeDefault.xctoolchain/usr/local/lib/swift/host/plugins -validate-clang-modules-once -clang-build-session-file /Users/builder/builds/TDmZkXJm/1/finestructure/swiftpackageindex-builder/spi-builder-workspace/.derivedData/ModuleCache.noindex/Session.modulevalidation -Xcc -working-directory -Xcc /Users/builder/builds/TDmZkXJm/1/finestructure/swiftpackageindex-builder/spi-builder-workspace -resource-dir /Applications/Xcode-15.0.0-Beta.2.app/Contents/Developer/Toolchains/XcodeDefault.xctoolchain/usr/lib/swift -enable-anonymous-context-mangled-names -Xcc -ivfsstatcache -Xcc /Users/builder/builds/TDmZkXJm/1/finestructure/swiftpackageindex-builder/spi-builder-workspace/.derivedData/SDKStatCaches.noindex/xros1.0-21N5165f-50a81fd5751d5bee8ff6d6ea12214339.sdkstatcache -Xcc -I/Users/builder/builds/TDmZkXJm/1/finestructure/swiftpackageindex-builder/spi-builder-workspace/.derivedData/Build/Products/Debug-xros/include -Xcc -I/Users/builder/builds/TDmZkXJm/1/finestructure/swiftpackageindex-builder/spi-builder-workspace/.derivedData/Build/Intermediates.noindex/Regex.build/Debug-xros/RegexTests.build/DerivedSources-normal/arm64 -Xcc -I/Users/builder/builds/TDmZkXJm/1/finestructure/swiftpackageindex-builder/spi-builder-workspace/.derivedData/Build/Intermediates.noindex/Regex.build/Debug-xros/RegexTests.build/DerivedSources/arm64 -Xcc -I/Users/builder/builds/TDmZkXJm/1/finestructure/swiftpackageindex-builder/spi-builder-workspace/.derivedData/Build/Intermediates.noindex/Regex.build/Debug-xros/RegexTests.build/DerivedSources -Xcc -DSWIFT_PACKAGE -Xcc -DDEBUG\=1 -module-name RegexTests -frontend-parseable-output -disable-clang-spi -target-sdk-version 1.0 -target-sdk-name xros1.0 -o /Users/builder/builds/TDmZkXJm/1/finestructure/swiftpackageindex-builder/spi-builder-workspace/.derivedData/Build/Intermediates.noindex/Regex.build/Debug-xros/RegexTests.build/Objects-normal/arm64/CodableTests.o -index-unit-output-path /Regex.build/Debug-xros/RegexTests.build/Objects-normal/arm64/CodableTests.o -index-store-path /Users/builder/builds/TDmZkXJm/1/finestructure/swiftpackageindex-builder/spi-builder-workspace/.derivedData/Index.noindex/DataStore -index-system-modules
SwiftCompile normal arm64 Compiling\ StringReplacementTests.swift /Users/builder/builds/TDmZkXJm/1/finestructure/swiftpackageindex-builder/spi-builder-workspace/Tests/RegexTests/StringReplacementTests.swift (in target 'RegexTests' from project 'Regex')
    cd /Users/builder/builds/TDmZkXJm/1/finestructure/swiftpackageindex-builder/spi-builder-workspace
    builtin-swiftTaskExecution -- /Applications/Xcode-15.0.0-Beta.2.app/Contents/Developer/Toolchains/XcodeDefault.xctoolchain/usr/bin/swift-frontend -frontend -c /Users/builder/builds/TDmZkXJm/1/finestructure/swiftpackageindex-builder/spi-builder-workspace/Tests/RegexTests/Assertions.swift /Users/builder/builds/TDmZkXJm/1/finestructure/swiftpackageindex-builder/spi-builder-workspace/Tests/RegexTests/CodableTests.swift /Users/builder/builds/TDmZkXJm/1/finestructure/swiftpackageindex-builder/spi-builder-workspace/Tests/RegexTests/OptionsTests.swift /Users/builder/builds/TDmZkXJm/1/finestructure/swiftpackageindex-builder/spi-builder-workspace/Tests/RegexTests/RegexTests.swift -primary-file /Users/builder/builds/TDmZkXJm/1/finestructure/swiftpackageindex-builder/spi-builder-workspace/Tests/RegexTests/StringReplacementTests.swift /Users/builder/builds/TDmZkXJm/1/finestructure/swiftpackageindex-builder/spi-builder-workspace/Tests/RegexTests/Support.swift /Users/builder/builds/TDmZkXJm/1/finestructure/swiftpackageindex-builder/spi-builder-workspace/Tests/RegexTests/XCTestManifests.swift -emit-dependencies-path /Users/builder/builds/TDmZkXJm/1/finestructure/swiftpackageindex-builder/spi-builder-workspace/.derivedData/Build/Intermediates.noindex/Regex.build/Debug-xros/RegexTests.build/Objects-normal/arm64/StringReplacementTests.d -emit-const-values-path /Users/builder/builds/TDmZkXJm/1/finestructure/swiftpackageindex-builder/spi-builder-workspace/.derivedData/Build/Intermediates.noindex/Regex.build/Debug-xros/RegexTests.build/Objects-normal/arm64/StringReplacementTests.swiftconstvalues -emit-reference-dependencies-path /Users/builder/builds/TDmZkXJm/1/finestructure/swiftpackageindex-builder/spi-builder-workspace/.derivedData/Build/Intermediates.noindex/Regex.build/Debug-xros/RegexTests.build/Objects-normal/arm64/StringReplacementTests.swiftdeps -serialize-diagnostics-path /Users/builder/builds/TDmZkXJm/1/finestructure/swiftpackageindex-builder/spi-builder-workspace/.derivedData/Build/Intermediates.noindex/Regex.build/Debug-xros/RegexTests.build/Objects-normal/arm64/StringReplacementTests.dia -target arm64-apple-xros1.0 -Xllvm -aarch64-use-tbi -enable-objc-interop -stack-check -sdk /Applications/Xcode-15.0.0-Beta.2.app/Contents/Developer/Platforms/XROS.platform/Developer/SDKs/XROS1.0.sdk -I /Users/builder/builds/TDmZkXJm/1/finestructure/swiftpackageindex-builder/spi-builder-workspace/.derivedData/Build/Products/Debug-xros -I /Applications/Xcode-15.0.0-Beta.2.app/Contents/Developer/Platforms/XROS.platform/Developer/usr/lib -F /Users/builder/builds/TDmZkXJm/1/finestructure/swiftpackageindex-builder/spi-builder-workspace/.derivedData/Build/Products/Debug-xros/PackageFrameworks -F /Users/builder/builds/TDmZkXJm/1/finestructure/swiftpackageindex-builder/spi-builder-workspace/.derivedData/Build/Products/Debug-xros -F /Applications/Xcode-15.0.0-Beta.2.app/Contents/Developer/Platforms/XROS.platform/Developer/Library/Frameworks -F /Applications/Xcode-15.0.0-Beta.2.app/Contents/Developer/Platforms/XROS.platform/Developer/SDKs/XROS1.0.sdk/Developer/Library/Frameworks -no-color-diagnostics -enable-testing -g -module-cache-path /Users/builder/builds/TDmZkXJm/1/finestructure/swiftpackageindex-builder/spi-builder-workspace/.derivedData/ModuleCache.noindex -swift-version 5 -enforce-exclusivity\=checked -Onone -D SWIFT_PACKAGE -D DEBUG -D Xcode -serialize-debugging-options -const-gather-protocols-file /Users/builder/builds/TDmZkXJm/1/finestructure/swiftpackageindex-builder/spi-builder-workspace/.derivedData/Build/Intermediates.noindex/Regex.build/Debug-xros/RegexTests.build/Objects-normal/arm64/RegexTests_const_extract_protocols.json -empty-abi-descriptor -plugin-path /Applications/Xcode-15.0.0-Beta.2.app/Contents/Developer/Toolchains/XcodeDefault.xctoolchain/usr/lib/swift/host/plugins -plugin-path /Applications/Xcode-15.0.0-Beta.2.app/Contents/Developer/Toolchains/XcodeDefault.xctoolchain/usr/local/lib/swift/host/plugins -validate-clang-modules-once -clang-build-session-file /Users/builder/builds/TDmZkXJm/1/finestructure/swiftpackageindex-builder/spi-builder-workspace/.derivedData/ModuleCache.noindex/Session.modulevalidation -Xcc -working-directory -Xcc /Users/builder/builds/TDmZkXJm/1/finestructure/swiftpackageindex-builder/spi-builder-workspace -resource-dir /Applications/Xcode-15.0.0-Beta.2.app/Contents/Developer/Toolchains/XcodeDefault.xctoolchain/usr/lib/swift -enable-anonymous-context-mangled-names -Xcc -ivfsstatcache -Xcc /Users/builder/builds/TDmZkXJm/1/finestructure/swiftpackageindex-builder/spi-builder-workspace/.derivedData/SDKStatCaches.noindex/xros1.0-21N5165f-50a81fd5751d5bee8ff6d6ea12214339.sdkstatcache -Xcc -I/Users/builder/builds/TDmZkXJm/1/finestructure/swiftpackageindex-builder/spi-builder-workspace/.derivedData/Build/Products/Debug-xros/include -Xcc -I/Users/builder/builds/TDmZkXJm/1/finestructure/swiftpackageindex-builder/spi-builder-workspace/.derivedData/Build/Intermediates.noindex/Regex.build/Debug-xros/RegexTests.build/DerivedSources-normal/arm64 -Xcc -I/Users/builder/builds/TDmZkXJm/1/finestructure/swiftpackageindex-builder/spi-builder-workspace/.derivedData/Build/Intermediates.noindex/Regex.build/Debug-xros/RegexTests.build/DerivedSources/arm64 -Xcc -I/Users/builder/builds/TDmZkXJm/1/finestructure/swiftpackageindex-builder/spi-builder-workspace/.derivedData/Build/Intermediates.noindex/Regex.build/Debug-xros/RegexTests.build/DerivedSources -Xcc -DSWIFT_PACKAGE -Xcc -DDEBUG\=1 -module-name RegexTests -frontend-parseable-output -disable-clang-spi -target-sdk-version 1.0 -target-sdk-name xros1.0 -o /Users/builder/builds/TDmZkXJm/1/finestructure/swiftpackageindex-builder/spi-builder-workspace/.derivedData/Build/Intermediates.noindex/Regex.build/Debug-xros/RegexTests.build/Objects-normal/arm64/StringReplacementTests.o -index-unit-output-path /Regex.build/Debug-xros/RegexTests.build/Objects-normal/arm64/StringReplacementTests.o -index-store-path /Users/builder/builds/TDmZkXJm/1/finestructure/swiftpackageindex-builder/spi-builder-workspace/.derivedData/Index.noindex/DataStore -index-system-modules
SwiftCompile normal arm64 /Users/builder/builds/TDmZkXJm/1/finestructure/swiftpackageindex-builder/spi-builder-workspace/Tests/RegexTests/StringReplacementTests.swift (in target 'RegexTests' from project 'Regex')
    cd /Users/builder/builds/TDmZkXJm/1/finestructure/swiftpackageindex-builder/spi-builder-workspace
    /Applications/Xcode-15.0.0-Beta.2.app/Contents/Developer/Toolchains/XcodeDefault.xctoolchain/usr/bin/swift-frontend -c /Users/builder/builds/TDmZkXJm/1/finestructure/swiftpackageindex-builder/spi-builder-workspace/Tests/RegexTests/Assertions.swift /Users/builder/builds/TDmZkXJm/1/finestructure/swiftpackageindex-builder/spi-builder-workspace/Tests/RegexTests/CodableTests.swift /Users/builder/builds/TDmZkXJm/1/finestructure/swiftpackageindex-builder/spi-builder-workspace/Tests/RegexTests/OptionsTests.swift /Users/builder/builds/TDmZkXJm/1/finestructure/swiftpackageindex-builder/spi-builder-workspace/Tests/RegexTests/RegexTests.swift -primary-file /Users/builder/builds/TDmZkXJm/1/finestructure/swiftpackageindex-builder/spi-builder-workspace/Tests/RegexTests/StringReplacementTests.swift /Users/builder/builds/TDmZkXJm/1/finestructure/swiftpackageindex-builder/spi-builder-workspace/Tests/RegexTests/Support.swift /Users/builder/builds/TDmZkXJm/1/finestructure/swiftpackageindex-builder/spi-builder-workspace/Tests/RegexTests/XCTestManifests.swift -emit-dependencies-path /Users/builder/builds/TDmZkXJm/1/finestructure/swiftpackageindex-builder/spi-builder-workspace/.derivedData/Build/Intermediates.noindex/Regex.build/Debug-xros/RegexTests.build/Objects-normal/arm64/StringReplacementTests.d -emit-const-values-path /Users/builder/builds/TDmZkXJm/1/finestructure/swiftpackageindex-builder/spi-builder-workspace/.derivedData/Build/Intermediates.noindex/Regex.build/Debug-xros/RegexTests.build/Objects-normal/arm64/StringReplacementTests.swiftconstvalues -emit-reference-dependencies-path /Users/builder/builds/TDmZkXJm/1/finestructure/swiftpackageindex-builder/spi-builder-workspace/.derivedData/Build/Intermediates.noindex/Regex.build/Debug-xros/RegexTests.build/Objects-normal/arm64/StringReplacementTests.swiftdeps -serialize-diagnostics-path /Users/builder/builds/TDmZkXJm/1/finestructure/swiftpackageindex-builder/spi-builder-workspace/.derivedData/Build/Intermediates.noindex/Regex.build/Debug-xros/RegexTests.build/Objects-normal/arm64/StringReplacementTests.dia -target arm64-apple-xros1.0 -Xllvm -aarch64-use-tbi -enable-objc-interop -stack-check -sdk /Applications/Xcode-15.0.0-Beta.2.app/Contents/Developer/Platforms/XROS.platform/Developer/SDKs/XROS1.0.sdk -I /Users/builder/builds/TDmZkXJm/1/finestructure/swiftpackageindex-builder/spi-builder-workspace/.derivedData/Build/Products/Debug-xros -I /Applications/Xcode-15.0.0-Beta.2.app/Contents/Developer/Platforms/XROS.platform/Developer/usr/lib -F /Users/builder/builds/TDmZkXJm/1/finestructure/swiftpackageindex-builder/spi-builder-workspace/.derivedData/Build/Products/Debug-xros/PackageFrameworks -F /Users/builder/builds/TDmZkXJm/1/finestructure/swiftpackageindex-builder/spi-builder-workspace/.derivedData/Build/Products/Debug-xros -F /Applications/Xcode-15.0.0-Beta.2.app/Contents/Developer/Platforms/XROS.platform/Developer/Library/Frameworks -F /Applications/Xcode-15.0.0-Beta.2.app/Contents/Developer/Platforms/XROS.platform/Developer/SDKs/XROS1.0.sdk/Developer/Library/Frameworks -no-color-diagnostics -enable-testing -g -module-cache-path /Users/builder/builds/TDmZkXJm/1/finestructure/swiftpackageindex-builder/spi-builder-workspace/.derivedData/ModuleCache.noindex -swift-version 5 -enforce-exclusivity\=checked -Onone -D SWIFT_PACKAGE -D DEBUG -D Xcode -serialize-debugging-options -const-gather-protocols-file /Users/builder/builds/TDmZkXJm/1/finestructure/swiftpackageindex-builder/spi-builder-workspace/.derivedData/Build/Intermediates.noindex/Regex.build/Debug-xros/RegexTests.build/Objects-normal/arm64/RegexTests_const_extract_protocols.json -empty-abi-descriptor -plugin-path /Applications/Xcode-15.0.0-Beta.2.app/Contents/Developer/Toolchains/XcodeDefault.xctoolchain/usr/lib/swift/host/plugins -plugin-path /Applications/Xcode-15.0.0-Beta.2.app/Contents/Developer/Toolchains/XcodeDefault.xctoolchain/usr/local/lib/swift/host/plugins -validate-clang-modules-once -clang-build-session-file /Users/builder/builds/TDmZkXJm/1/finestructure/swiftpackageindex-builder/spi-builder-workspace/.derivedData/ModuleCache.noindex/Session.modulevalidation -Xcc -working-directory -Xcc /Users/builder/builds/TDmZkXJm/1/finestructure/swiftpackageindex-builder/spi-builder-workspace -resource-dir /Applications/Xcode-15.0.0-Beta.2.app/Contents/Developer/Toolchains/XcodeDefault.xctoolchain/usr/lib/swift -enable-anonymous-context-mangled-names -Xcc -ivfsstatcache -Xcc /Users/builder/builds/TDmZkXJm/1/finestructure/swiftpackageindex-builder/spi-builder-workspace/.derivedData/SDKStatCaches.noindex/xros1.0-21N5165f-50a81fd5751d5bee8ff6d6ea12214339.sdkstatcache -Xcc -I/Users/builder/builds/TDmZkXJm/1/finestructure/swiftpackageindex-builder/spi-builder-workspace/.derivedData/Build/Products/Debug-xros/include -Xcc -I/Users/builder/builds/TDmZkXJm/1/finestructure/swiftpackageindex-builder/spi-builder-workspace/.derivedData/Build/Intermediates.noindex/Regex.build/Debug-xros/RegexTests.build/DerivedSources-normal/arm64 -Xcc -I/Users/builder/builds/TDmZkXJm/1/finestructure/swiftpackageindex-builder/spi-builder-workspace/.derivedData/Build/Intermediates.noindex/Regex.build/Debug-xros/RegexTests.build/DerivedSources/arm64 -Xcc -I/Users/builder/builds/TDmZkXJm/1/finestructure/swiftpackageindex-builder/spi-builder-workspace/.derivedData/Build/Intermediates.noindex/Regex.build/Debug-xros/RegexTests.build/DerivedSources -Xcc -DSWIFT_PACKAGE -Xcc -DDEBUG\=1 -module-name RegexTests -frontend-parseable-output -disable-clang-spi -target-sdk-version 1.0 -target-sdk-name xros1.0 -o /Users/builder/builds/TDmZkXJm/1/finestructure/swiftpackageindex-builder/spi-builder-workspace/.derivedData/Build/Intermediates.noindex/Regex.build/Debug-xros/RegexTests.build/Objects-normal/arm64/StringReplacementTests.o -index-unit-output-path /Regex.build/Debug-xros/RegexTests.build/Objects-normal/arm64/StringReplacementTests.o -index-store-path /Users/builder/builds/TDmZkXJm/1/finestructure/swiftpackageindex-builder/spi-builder-workspace/.derivedData/Index.noindex/DataStore -index-system-modules
SwiftCompile normal arm64 Compiling\ XCTestManifests.swift /Users/builder/builds/TDmZkXJm/1/finestructure/swiftpackageindex-builder/spi-builder-workspace/Tests/RegexTests/XCTestManifests.swift (in target 'RegexTests' from project 'Regex')
    cd /Users/builder/builds/TDmZkXJm/1/finestructure/swiftpackageindex-builder/spi-builder-workspace
    builtin-swiftTaskExecution -- /Applications/Xcode-15.0.0-Beta.2.app/Contents/Developer/Toolchains/XcodeDefault.xctoolchain/usr/bin/swift-frontend -frontend -c /Users/builder/builds/TDmZkXJm/1/finestructure/swiftpackageindex-builder/spi-builder-workspace/Tests/RegexTests/Assertions.swift /Users/builder/builds/TDmZkXJm/1/finestructure/swiftpackageindex-builder/spi-builder-workspace/Tests/RegexTests/CodableTests.swift /Users/builder/builds/TDmZkXJm/1/finestructure/swiftpackageindex-builder/spi-builder-workspace/Tests/RegexTests/OptionsTests.swift /Users/builder/builds/TDmZkXJm/1/finestructure/swiftpackageindex-builder/spi-builder-workspace/Tests/RegexTests/RegexTests.swift /Users/builder/builds/TDmZkXJm/1/finestructure/swiftpackageindex-builder/spi-builder-workspace/Tests/RegexTests/StringReplacementTests.swift /Users/builder/builds/TDmZkXJm/1/finestructure/swiftpackageindex-builder/spi-builder-workspace/Tests/RegexTests/Support.swift -primary-file /Users/builder/builds/TDmZkXJm/1/finestructure/swiftpackageindex-builder/spi-builder-workspace/Tests/RegexTests/XCTestManifests.swift -emit-dependencies-path /Users/builder/builds/TDmZkXJm/1/finestructure/swiftpackageindex-builder/spi-builder-workspace/.derivedData/Build/Intermediates.noindex/Regex.build/Debug-xros/RegexTests.build/Objects-normal/arm64/XCTestManifests.d -emit-const-values-path /Users/builder/builds/TDmZkXJm/1/finestructure/swiftpackageindex-builder/spi-builder-workspace/.derivedData/Build/Intermediates.noindex/Regex.build/Debug-xros/RegexTests.build/Objects-normal/arm64/XCTestManifests.swiftconstvalues -emit-reference-dependencies-path /Users/builder/builds/TDmZkXJm/1/finestructure/swiftpackageindex-builder/spi-builder-workspace/.derivedData/Build/Intermediates.noindex/Regex.build/Debug-xros/RegexTests.build/Objects-normal/arm64/XCTestManifests.swiftdeps -serialize-diagnostics-path /Users/builder/builds/TDmZkXJm/1/finestructure/swiftpackageindex-builder/spi-builder-workspace/.derivedData/Build/Intermediates.noindex/Regex.build/Debug-xros/RegexTests.build/Objects-normal/arm64/XCTestManifests.dia -target arm64-apple-xros1.0 -Xllvm -aarch64-use-tbi -enable-objc-interop -stack-check -sdk /Applications/Xcode-15.0.0-Beta.2.app/Contents/Developer/Platforms/XROS.platform/Developer/SDKs/XROS1.0.sdk -I /Users/builder/builds/TDmZkXJm/1/finestructure/swiftpackageindex-builder/spi-builder-workspace/.derivedData/Build/Products/Debug-xros -I /Applications/Xcode-15.0.0-Beta.2.app/Contents/Developer/Platforms/XROS.platform/Developer/usr/lib -F /Users/builder/builds/TDmZkXJm/1/finestructure/swiftpackageindex-builder/spi-builder-workspace/.derivedData/Build/Products/Debug-xros/PackageFrameworks -F /Users/builder/builds/TDmZkXJm/1/finestructure/swiftpackageindex-builder/spi-builder-workspace/.derivedData/Build/Products/Debug-xros -F /Applications/Xcode-15.0.0-Beta.2.app/Contents/Developer/Platforms/XROS.platform/Developer/Library/Frameworks -F /Applications/Xcode-15.0.0-Beta.2.app/Contents/Developer/Platforms/XROS.platform/Developer/SDKs/XROS1.0.sdk/Developer/Library/Frameworks -no-color-diagnostics -enable-testing -g -module-cache-path /Users/builder/builds/TDmZkXJm/1/finestructure/swiftpackageindex-builder/spi-builder-workspace/.derivedData/ModuleCache.noindex -swift-version 5 -enforce-exclusivity\=checked -Onone -D SWIFT_PACKAGE -D DEBUG -D Xcode -serialize-debugging-options -const-gather-protocols-file /Users/builder/builds/TDmZkXJm/1/finestructure/swiftpackageindex-builder/spi-builder-workspace/.derivedData/Build/Intermediates.noindex/Regex.build/Debug-xros/RegexTests.build/Objects-normal/arm64/RegexTests_const_extract_protocols.json -empty-abi-descriptor -plugin-path /Applications/Xcode-15.0.0-Beta.2.app/Contents/Developer/Toolchains/XcodeDefault.xctoolchain/usr/lib/swift/host/plugins -plugin-path /Applications/Xcode-15.0.0-Beta.2.app/Contents/Developer/Toolchains/XcodeDefault.xctoolchain/usr/local/lib/swift/host/plugins -validate-clang-modules-once -clang-build-session-file /Users/builder/builds/TDmZkXJm/1/finestructure/swiftpackageindex-builder/spi-builder-workspace/.derivedData/ModuleCache.noindex/Session.modulevalidation -Xcc -working-directory -Xcc /Users/builder/builds/TDmZkXJm/1/finestructure/swiftpackageindex-builder/spi-builder-workspace -resource-dir /Applications/Xcode-15.0.0-Beta.2.app/Contents/Developer/Toolchains/XcodeDefault.xctoolchain/usr/lib/swift -enable-anonymous-context-mangled-names -Xcc -ivfsstatcache -Xcc /Users/builder/builds/TDmZkXJm/1/finestructure/swiftpackageindex-builder/spi-builder-workspace/.derivedData/SDKStatCaches.noindex/xros1.0-21N5165f-50a81fd5751d5bee8ff6d6ea12214339.sdkstatcache -Xcc -I/Users/builder/builds/TDmZkXJm/1/finestructure/swiftpackageindex-builder/spi-builder-workspace/.derivedData/Build/Products/Debug-xros/include -Xcc -I/Users/builder/builds/TDmZkXJm/1/finestructure/swiftpackageindex-builder/spi-builder-workspace/.derivedData/Build/Intermediates.noindex/Regex.build/Debug-xros/RegexTests.build/DerivedSources-normal/arm64 -Xcc -I/Users/builder/builds/TDmZkXJm/1/finestructure/swiftpackageindex-builder/spi-builder-workspace/.derivedData/Build/Intermediates.noindex/Regex.build/Debug-xros/RegexTests.build/DerivedSources/arm64 -Xcc -I/Users/builder/builds/TDmZkXJm/1/finestructure/swiftpackageindex-builder/spi-builder-workspace/.derivedData/Build/Intermediates.noindex/Regex.build/Debug-xros/RegexTests.build/DerivedSources -Xcc -DSWIFT_PACKAGE -Xcc -DDEBUG\=1 -module-name RegexTests -frontend-parseable-output -disable-clang-spi -target-sdk-version 1.0 -target-sdk-name xros1.0 -o /Users/builder/builds/TDmZkXJm/1/finestructure/swiftpackageindex-builder/spi-builder-workspace/.derivedData/Build/Intermediates.noindex/Regex.build/Debug-xros/RegexTests.build/Objects-normal/arm64/XCTestManifests.o -index-unit-output-path /Regex.build/Debug-xros/RegexTests.build/Objects-normal/arm64/XCTestManifests.o -index-store-path /Users/builder/builds/TDmZkXJm/1/finestructure/swiftpackageindex-builder/spi-builder-workspace/.derivedData/Index.noindex/DataStore -index-system-modules
SwiftCompile normal arm64 /Users/builder/builds/TDmZkXJm/1/finestructure/swiftpackageindex-builder/spi-builder-workspace/Tests/RegexTests/XCTestManifests.swift (in target 'RegexTests' from project 'Regex')
    cd /Users/builder/builds/TDmZkXJm/1/finestructure/swiftpackageindex-builder/spi-builder-workspace
    /Applications/Xcode-15.0.0-Beta.2.app/Contents/Developer/Toolchains/XcodeDefault.xctoolchain/usr/bin/swift-frontend -c /Users/builder/builds/TDmZkXJm/1/finestructure/swiftpackageindex-builder/spi-builder-workspace/Tests/RegexTests/Assertions.swift /Users/builder/builds/TDmZkXJm/1/finestructure/swiftpackageindex-builder/spi-builder-workspace/Tests/RegexTests/CodableTests.swift /Users/builder/builds/TDmZkXJm/1/finestructure/swiftpackageindex-builder/spi-builder-workspace/Tests/RegexTests/OptionsTests.swift /Users/builder/builds/TDmZkXJm/1/finestructure/swiftpackageindex-builder/spi-builder-workspace/Tests/RegexTests/RegexTests.swift /Users/builder/builds/TDmZkXJm/1/finestructure/swiftpackageindex-builder/spi-builder-workspace/Tests/RegexTests/StringReplacementTests.swift /Users/builder/builds/TDmZkXJm/1/finestructure/swiftpackageindex-builder/spi-builder-workspace/Tests/RegexTests/Support.swift -primary-file /Users/builder/builds/TDmZkXJm/1/finestructure/swiftpackageindex-builder/spi-builder-workspace/Tests/RegexTests/XCTestManifests.swift -emit-dependencies-path /Users/builder/builds/TDmZkXJm/1/finestructure/swiftpackageindex-builder/spi-builder-workspace/.derivedData/Build/Intermediates.noindex/Regex.build/Debug-xros/RegexTests.build/Objects-normal/arm64/XCTestManifests.d -emit-const-values-path /Users/builder/builds/TDmZkXJm/1/finestructure/swiftpackageindex-builder/spi-builder-workspace/.derivedData/Build/Intermediates.noindex/Regex.build/Debug-xros/RegexTests.build/Objects-normal/arm64/XCTestManifests.swiftconstvalues -emit-reference-dependencies-path /Users/builder/builds/TDmZkXJm/1/finestructure/swiftpackageindex-builder/spi-builder-workspace/.derivedData/Build/Intermediates.noindex/Regex.build/Debug-xros/RegexTests.build/Objects-normal/arm64/XCTestManifests.swiftdeps -serialize-diagnostics-path /Users/builder/builds/TDmZkXJm/1/finestructure/swiftpackageindex-builder/spi-builder-workspace/.derivedData/Build/Intermediates.noindex/Regex.build/Debug-xros/RegexTests.build/Objects-normal/arm64/XCTestManifests.dia -target arm64-apple-xros1.0 -Xllvm -aarch64-use-tbi -enable-objc-interop -stack-check -sdk /Applications/Xcode-15.0.0-Beta.2.app/Contents/Developer/Platforms/XROS.platform/Developer/SDKs/XROS1.0.sdk -I /Users/builder/builds/TDmZkXJm/1/finestructure/swiftpackageindex-builder/spi-builder-workspace/.derivedData/Build/Products/Debug-xros -I /Applications/Xcode-15.0.0-Beta.2.app/Contents/Developer/Platforms/XROS.platform/Developer/usr/lib -F /Users/builder/builds/TDmZkXJm/1/finestructure/swiftpackageindex-builder/spi-builder-workspace/.derivedData/Build/Products/Debug-xros/PackageFrameworks -F /Users/builder/builds/TDmZkXJm/1/finestructure/swiftpackageindex-builder/spi-builder-workspace/.derivedData/Build/Products/Debug-xros -F /Applications/Xcode-15.0.0-Beta.2.app/Contents/Developer/Platforms/XROS.platform/Developer/Library/Frameworks -F /Applications/Xcode-15.0.0-Beta.2.app/Contents/Developer/Platforms/XROS.platform/Developer/SDKs/XROS1.0.sdk/Developer/Library/Frameworks -no-color-diagnostics -enable-testing -g -module-cache-path /Users/builder/builds/TDmZkXJm/1/finestructure/swiftpackageindex-builder/spi-builder-workspace/.derivedData/ModuleCache.noindex -swift-version 5 -enforce-exclusivity\=checked -Onone -D SWIFT_PACKAGE -D DEBUG -D Xcode -serialize-debugging-options -const-gather-protocols-file /Users/builder/builds/TDmZkXJm/1/finestructure/swiftpackageindex-builder/spi-builder-workspace/.derivedData/Build/Intermediates.noindex/Regex.build/Debug-xros/RegexTests.build/Objects-normal/arm64/RegexTests_const_extract_protocols.json -empty-abi-descriptor -plugin-path /Applications/Xcode-15.0.0-Beta.2.app/Contents/Developer/Toolchains/XcodeDefault.xctoolchain/usr/lib/swift/host/plugins -plugin-path /Applications/Xcode-15.0.0-Beta.2.app/Contents/Developer/Toolchains/XcodeDefault.xctoolchain/usr/local/lib/swift/host/plugins -validate-clang-modules-once -clang-build-session-file /Users/builder/builds/TDmZkXJm/1/finestructure/swiftpackageindex-builder/spi-builder-workspace/.derivedData/ModuleCache.noindex/Session.modulevalidation -Xcc -working-directory -Xcc /Users/builder/builds/TDmZkXJm/1/finestructure/swiftpackageindex-builder/spi-builder-workspace -resource-dir /Applications/Xcode-15.0.0-Beta.2.app/Contents/Developer/Toolchains/XcodeDefault.xctoolchain/usr/lib/swift -enable-anonymous-context-mangled-names -Xcc -ivfsstatcache -Xcc /Users/builder/builds/TDmZkXJm/1/finestructure/swiftpackageindex-builder/spi-builder-workspace/.derivedData/SDKStatCaches.noindex/xros1.0-21N5165f-50a81fd5751d5bee8ff6d6ea12214339.sdkstatcache -Xcc -I/Users/builder/builds/TDmZkXJm/1/finestructure/swiftpackageindex-builder/spi-builder-workspace/.derivedData/Build/Products/Debug-xros/include -Xcc -I/Users/builder/builds/TDmZkXJm/1/finestructure/swiftpackageindex-builder/spi-builder-workspace/.derivedData/Build/Intermediates.noindex/Regex.build/Debug-xros/RegexTests.build/DerivedSources-normal/arm64 -Xcc -I/Users/builder/builds/TDmZkXJm/1/finestructure/swiftpackageindex-builder/spi-builder-workspace/.derivedData/Build/Intermediates.noindex/Regex.build/Debug-xros/RegexTests.build/DerivedSources/arm64 -Xcc -I/Users/builder/builds/TDmZkXJm/1/finestructure/swiftpackageindex-builder/spi-builder-workspace/.derivedData/Build/Intermediates.noindex/Regex.build/Debug-xros/RegexTests.build/DerivedSources -Xcc -DSWIFT_PACKAGE -Xcc -DDEBUG\=1 -module-name RegexTests -frontend-parseable-output -disable-clang-spi -target-sdk-version 1.0 -target-sdk-name xros1.0 -o /Users/builder/builds/TDmZkXJm/1/finestructure/swiftpackageindex-builder/spi-builder-workspace/.derivedData/Build/Intermediates.noindex/Regex.build/Debug-xros/RegexTests.build/Objects-normal/arm64/XCTestManifests.o -index-unit-output-path /Regex.build/Debug-xros/RegexTests.build/Objects-normal/arm64/XCTestManifests.o -index-store-path /Users/builder/builds/TDmZkXJm/1/finestructure/swiftpackageindex-builder/spi-builder-workspace/.derivedData/Index.noindex/DataStore -index-system-modules
/Users/builder/builds/TDmZkXJm/1/finestructure/swiftpackageindex-builder/spi-builder-workspace/Tests/RegexTests/XCTestManifests.swift:55:30: error: cannot find type 'XCTestCaseEntry' in scope
public func __allTests() -> [XCTestCaseEntry] {
                             ^~~~~~~~~~~~~~~

SwiftDriver\ Compilation\ Requirements RegexTests normal arm64 com.apple.xcode.tools.swift.compiler (in target 'RegexTests' from project 'Regex')
    cd /Users/builder/builds/TDmZkXJm/1/finestructure/swiftpackageindex-builder/spi-builder-workspace
    builtin-Swift-Compilation-Requirements -- /Applications/Xcode-15.0.0-Beta.2.app/Contents/Developer/Toolchains/XcodeDefault.xctoolchain/usr/bin/swiftc -module-name RegexTests -Onone -enforce-exclusivity\=checked @/Users/builder/builds/TDmZkXJm/1/finestructure/swiftpackageindex-builder/spi-builder-workspace/.derivedData/Build/Intermediates.noindex/Regex.build/Debug-xros/RegexTests.build/Objects-normal/arm64/RegexTests.SwiftFileList -DSWIFT_PACKAGE -DDEBUG -DXcode -sdk /Applications/Xcode-15.0.0-Beta.2.app/Contents/Developer/Platforms/XROS.platform/Developer/SDKs/XROS1.0.sdk -target arm64-apple-xros1.0 -g -module-cache-path /Users/builder/builds/TDmZkXJm/1/finestructure/swiftpackageindex-builder/spi-builder-workspace/.derivedData/ModuleCache.noindex -Xfrontend -serialize-debugging-options -enable-testing -index-store-path /Users/builder/builds/TDmZkXJm/1/finestructure/swiftpackageindex-builder/spi-builder-workspace/.derivedData/Index.noindex/DataStore -swift-version 5 -I /Users/builder/builds/TDmZkXJm/1/finestructure/swiftpackageindex-builder/spi-builder-workspace/.derivedData/Build/Products/Debug-xros -I /Applications/Xcode-15.0.0-Beta.2.app/Contents/Developer/Platforms/XROS.platform/Developer/usr/lib -F /Users/builder/builds/TDmZkXJm/1/finestructure/swiftpackageindex-builder/spi-builder-workspace/.derivedData/Build/Products/Debug-xros/PackageFrameworks -F /Users/builder/builds/TDmZkXJm/1/finestructure/swiftpackageindex-builder/spi-builder-workspace/.derivedData/Build/Products/Debug-xros -F /Applications/Xcode-15.0.0-Beta.2.app/Contents/Developer/Platforms/XROS.platform/Developer/Library/Frameworks -F /Applications/Xcode-15.0.0-Beta.2.app/Contents/Developer/Platforms/XROS.platform/Developer/SDKs/XROS1.0.sdk/Developer/Library/Frameworks -c -j8 -enable-batch-mode -incremental -Xcc -ivfsstatcache -Xcc /Users/builder/builds/TDmZkXJm/1/finestructure/swiftpackageindex-builder/spi-builder-workspace/.derivedData/SDKStatCaches.noindex/xros1.0-21N5165f-50a81fd5751d5bee8ff6d6ea12214339.sdkstatcache -output-file-map /Users/builder/builds/TDmZkXJm/1/finestructure/swiftpackageindex-builder/spi-builder-workspace/.derivedData/Build/Intermediates.noindex/Regex.build/Debug-xros/RegexTests.build/Objects-normal/arm64/RegexTests-OutputFileMap.json -use-frontend-parseable-output -save-temps -no-color-diagnostics -serialize-diagnostics -emit-dependencies -emit-module -emit-module-path /Users/builder/builds/TDmZkXJm/1/finestructure/swiftpackageindex-builder/spi-builder-workspace/.derivedData/Build/Intermediates.noindex/Regex.build/Debug-xros/RegexTests.build/Objects-normal/arm64/RegexTests.swiftmodule -validate-clang-modules-once -clang-build-session-file /Users/builder/builds/TDmZkXJm/1/finestructure/swiftpackageindex-builder/spi-builder-workspace/.derivedData/ModuleCache.noindex/Session.modulevalidation -emit-const-values -Xfrontend -const-gather-protocols-file -Xfrontend /Users/builder/builds/TDmZkXJm/1/finestructure/swiftpackageindex-builder/spi-builder-workspace/.derivedData/Build/Intermediates.noindex/Regex.build/Debug-xros/RegexTests.build/Objects-normal/arm64/RegexTests_const_extract_protocols.json -Xcc -I/Users/builder/builds/TDmZkXJm/1/finestructure/swiftpackageindex-builder/spi-builder-workspace/.derivedData/Build/Products/Debug-xros/include -Xcc -I/Users/builder/builds/TDmZkXJm/1/finestructure/swiftpackageindex-builder/spi-builder-workspace/.derivedData/Build/Intermediates.noindex/Regex.build/Debug-xros/RegexTests.build/DerivedSources-normal/arm64 -Xcc -I/Users/builder/builds/TDmZkXJm/1/finestructure/swiftpackageindex-builder/spi-builder-workspace/.derivedData/Build/Intermediates.noindex/Regex.build/Debug-xros/RegexTests.build/DerivedSources/arm64 -Xcc -I/Users/builder/builds/TDmZkXJm/1/finestructure/swiftpackageindex-builder/spi-builder-workspace/.derivedData/Build/Intermediates.noindex/Regex.build/Debug-xros/RegexTests.build/DerivedSources -Xcc -DSWIFT_PACKAGE -Xcc -DDEBUG\=1 -working-directory /Users/builder/builds/TDmZkXJm/1/finestructure/swiftpackageindex-builder/spi-builder-workspace -experimental-emit-module-separately -disable-cmo

Copy /Users/builder/builds/TDmZkXJm/1/finestructure/swiftpackageindex-builder/spi-builder-workspace/.derivedData/Build/Products/Debug-xros/RegexTests.swiftmodule/arm64-apple-xros.swiftmodule /Users/builder/builds/TDmZkXJm/1/finestructure/swiftpackageindex-builder/spi-builder-workspace/.derivedData/Build/Intermediates.noindex/Regex.build/Debug-xros/RegexTests.build/Objects-normal/arm64/RegexTests.swiftmodule (in target 'RegexTests' from project 'Regex')
    cd /Users/builder/builds/TDmZkXJm/1/finestructure/swiftpackageindex-builder/spi-builder-workspace
    builtin-copy -exclude .DS_Store -exclude CVS -exclude .svn -exclude .git -exclude .hg -resolve-src-symlinks -rename /Users/builder/builds/TDmZkXJm/1/finestructure/swiftpackageindex-builder/spi-builder-workspace/.derivedData/Build/Intermediates.noindex/Regex.build/Debug-xros/RegexTests.build/Objects-normal/arm64/RegexTests.swiftmodule /Users/builder/builds/TDmZkXJm/1/finestructure/swiftpackageindex-builder/spi-builder-workspace/.derivedData/Build/Products/Debug-xros/RegexTests.swiftmodule/arm64-apple-xros.swiftmodule
error: /Users/builder/builds/TDmZkXJm/1/finestructure/swiftpackageindex-builder/spi-builder-workspace/.derivedData/Build/Intermediates.noindex/Regex.build/Debug-xros/RegexTests.build/Objects-normal/arm64/RegexTests.swiftmodule: No such file or directory (in target 'RegexTests' from project 'Regex')
Copy /Users/builder/builds/TDmZkXJm/1/finestructure/swiftpackageindex-builder/spi-builder-workspace/.derivedData/Build/Products/Debug-xros/RegexTests.swiftmodule/arm64-apple-xros.swiftdoc /Users/builder/builds/TDmZkXJm/1/finestructure/swiftpackageindex-builder/spi-builder-workspace/.derivedData/Build/Intermediates.noindex/Regex.build/Debug-xros/RegexTests.build/Objects-normal/arm64/RegexTests.swiftdoc (in target 'RegexTests' from project 'Regex')
    cd /Users/builder/builds/TDmZkXJm/1/finestructure/swiftpackageindex-builder/spi-builder-workspace
    builtin-copy -exclude .DS_Store -exclude CVS -exclude .svn -exclude .git -exclude .hg -resolve-src-symlinks -rename /Users/builder/builds/TDmZkXJm/1/finestructure/swiftpackageindex-builder/spi-builder-workspace/.derivedData/Build/Intermediates.noindex/Regex.build/Debug-xros/RegexTests.build/Objects-normal/arm64/RegexTests.swiftdoc /Users/builder/builds/TDmZkXJm/1/finestructure/swiftpackageindex-builder/spi-builder-workspace/.derivedData/Build/Products/Debug-xros/RegexTests.swiftmodule/arm64-apple-xros.swiftdoc
error: /Users/builder/builds/TDmZkXJm/1/finestructure/swiftpackageindex-builder/spi-builder-workspace/.derivedData/Build/Intermediates.noindex/Regex.build/Debug-xros/RegexTests.build/Objects-normal/arm64/RegexTests.swiftdoc: No such file or directory (in target 'RegexTests' from project 'Regex')

Copy /Users/builder/builds/TDmZkXJm/1/finestructure/swiftpackageindex-builder/spi-builder-workspace/.derivedData/Build/Products/Debug-xros/RegexTests.swiftmodule/arm64-apple-xros.abi.json /Users/builder/builds/TDmZkXJm/1/finestructure/swiftpackageindex-builder/spi-builder-workspace/.derivedData/Build/Intermediates.noindex/Regex.build/Debug-xros/RegexTests.build/Objects-normal/arm64/RegexTests.abi.json (in target 'RegexTests' from project 'Regex')
    cd /Users/builder/builds/TDmZkXJm/1/finestructure/swiftpackageindex-builder/spi-builder-workspace
    builtin-copy -exclude .DS_Store -exclude CVS -exclude .svn -exclude .git -exclude .hg -resolve-src-symlinks -rename /Users/builder/builds/TDmZkXJm/1/finestructure/swiftpackageindex-builder/spi-builder-workspace/.derivedData/Build/Intermediates.noindex/Regex.build/Debug-xros/RegexTests.build/Objects-normal/arm64/RegexTests.abi.json /Users/builder/builds/TDmZkXJm/1/finestructure/swiftpackageindex-builder/spi-builder-workspace/.derivedData/Build/Products/Debug-xros/RegexTests.swiftmodule/arm64-apple-xros.abi.json
error: /Users/builder/builds/TDmZkXJm/1/finestructure/swiftpackageindex-builder/spi-builder-workspace/.derivedData/Build/Intermediates.noindex/Regex.build/Debug-xros/RegexTests.build/Objects-normal/arm64/RegexTests.abi.json: No such file or directory (in target 'RegexTests' from project 'Regex')

Copy /Users/builder/builds/TDmZkXJm/1/finestructure/swiftpackageindex-builder/spi-builder-workspace/.derivedData/Build/Products/Debug-xros/RegexTests.swiftmodule/Project/arm64-apple-xros.swiftsourceinfo /Users/builder/builds/TDmZkXJm/1/finestructure/swiftpackageindex-builder/spi-builder-workspace/.derivedData/Build/Intermediates.noindex/Regex.build/Debug-xros/RegexTests.build/Objects-normal/arm64/RegexTests.swiftsourceinfo (in target 'RegexTests' from project 'Regex')
    cd /Users/builder/builds/TDmZkXJm/1/finestructure/swiftpackageindex-builder/spi-builder-workspace
    builtin-copy -exclude .DS_Store -exclude CVS -exclude .svn -exclude .git -exclude .hg -resolve-src-symlinks -rename /Users/builder/builds/TDmZkXJm/1/finestructure/swiftpackageindex-builder/spi-builder-workspace/.derivedData/Build/Intermediates.noindex/Regex.build/Debug-xros/RegexTests.build/Objects-normal/arm64/RegexTests.swiftsourceinfo /Users/builder/builds/TDmZkXJm/1/finestructure/swiftpackageindex-builder/spi-builder-workspace/.derivedData/Build/Products/Debug-xros/RegexTests.swiftmodule/Project/arm64-apple-xros.swiftsourceinfo
error: /Users/builder/builds/TDmZkXJm/1/finestructure/swiftpackageindex-builder/spi-builder-workspace/.derivedData/Build/Intermediates.noindex/Regex.build/Debug-xros/RegexTests.build/Objects-normal/arm64/RegexTests.swiftsourceinfo: No such file or directory (in target 'RegexTests' from project 'Regex')
** BUILD FAILED **


The following build commands failed:
	SwiftEmitModule normal arm64 Emitting\ module\ for\ RegexTests (in target 'RegexTests' from project 'Regex')
	SwiftCompile normal arm64 /Users/builder/builds/TDmZkXJm/1/finestructure/swiftpackageindex-builder/spi-builder-workspace/Tests/RegexTests/XCTestManifests.swift (in target 'RegexTests' from project 'Regex')
	SwiftCompile normal arm64 Compiling\ XCTestManifests.swift /Users/builder/builds/TDmZkXJm/1/finestructure/swiftpackageindex-builder/spi-builder-workspace/Tests/RegexTests/XCTestManifests.swift (in target 'RegexTests' from project 'Regex')
	Copy /Users/builder/builds/TDmZkXJm/1/finestructure/swiftpackageindex-builder/spi-builder-workspace/.derivedData/Build/Products/Debug-xros/RegexTests.swiftmodule/arm64-apple-xros.swiftmodule /Users/builder/builds/TDmZkXJm/1/finestructure/swiftpackageindex-builder/spi-builder-workspace/.derivedData/Build/Intermediates.noindex/Regex.build/Debug-xros/RegexTests.build/Objects-normal/arm64/RegexTests.swiftmodule (in target 'RegexTests' from project 'Regex')
	Copy /Users/builder/builds/TDmZkXJm/1/finestructure/swiftpackageindex-builder/spi-builder-workspace/.derivedData/Build/Products/Debug-xros/RegexTests.swiftmodule/arm64-apple-xros.swiftdoc /Users/builder/builds/TDmZkXJm/1/finestructure/swiftpackageindex-builder/spi-builder-workspace/.derivedData/Build/Intermediates.noindex/Regex.build/Debug-xros/RegexTests.build/Objects-normal/arm64/RegexTests.swiftdoc (in target 'RegexTests' from project 'Regex')
	Copy /Users/builder/builds/TDmZkXJm/1/finestructure/swiftpackageindex-builder/spi-builder-workspace/.derivedData/Build/Products/Debug-xros/RegexTests.swiftmodule/arm64-apple-xros.abi.json /Users/builder/builds/TDmZkXJm/1/finestructure/swiftpackageindex-builder/spi-builder-workspace/.derivedData/Build/Intermediates.noindex/Regex.build/Debug-xros/RegexTests.build/Objects-normal/arm64/RegexTests.abi.json (in target 'RegexTests' from project 'Regex')
	Copy /Users/builder/builds/TDmZkXJm/1/finestructure/swiftpackageindex-builder/spi-builder-workspace/.derivedData/Build/Products/Debug-xros/RegexTests.swiftmodule/Project/arm64-apple-xros.swiftsourceinfo /Users/builder/builds/TDmZkXJm/1/finestructure/swiftpackageindex-builder/spi-builder-workspace/.derivedData/Build/Intermediates.noindex/Regex.build/Debug-xros/RegexTests.build/Objects-normal/arm64/RegexTests.swiftsourceinfo (in target 'RegexTests' from project 'Regex')
(7 failures)
Retrying in 0 seconds ...
BUILD FAILURE 5.9 visionOS