The Swift Package Index logo.Swift Package Index

Build Information

Failed to build SwiftKEF, reference v1.3.0 (deb8ef), with Swift 6.1 for Wasm on 25 Jun 2026 09:33:16 UTC.

Build Command

bash -c docker run --pull=always --rm -v "checkouts-53886770-0":/host -w "$PWD" -e JAVA_HOME="/root/.sdkman/candidates/java/current" -e SPI_BUILD="1" -e SPI_PROCESSING="1" registry.gitlab.com/swiftpackageindex/spi-images:wasm-6.1-latest swift build --swift-sdk wasm32-unknown-wasi 2>&1

Build Log

========================================
RunAll
========================================
Builder version: 4071e0796c748d991a0123890d2f0ecadc8fcc8c
Interrupt handler set up.
========================================
Checkout
========================================
Clone URL: https://github.com/melonamin/SwiftKEF.git
Reference: v1.3.0
Initialized empty Git repository in /host/spi-builder-workspace/.git/
hint: Using 'master' as the name for the initial branch. This default branch name
hint: is subject to change. To configure the initial branch name to use in all
hint: of your new repositories, which will suppress this warning, call:
hint:
hint: 	git config --global init.defaultBranch <name>
hint:
hint: Names commonly chosen instead of 'master' are 'main', 'trunk' and
hint: 'development'. The just-created branch can be renamed via this command:
hint:
hint: 	git branch -m <name>
From https://github.com/melonamin/SwiftKEF
 * tag               v1.3.0     -> FETCH_HEAD
HEAD is now at deb8ef6 Use POST for /api/setData writes
Cloned https://github.com/melonamin/SwiftKEF.git
Revision (git rev-parse @):
deb8ef658e4519753b12df1a4c107a462246bbf2
SPI manifest file found: $PWD/.spi.yml
SUCCESS checkout https://github.com/melonamin/SwiftKEF.git at v1.3.0
========================================
Build
========================================
Selected platform:         wasm
Swift version:             6.1
Building package at path:  $PWD
https://github.com/melonamin/SwiftKEF.git
https://github.com/melonamin/SwiftKEF.git
WARNING: environment variable SUPPRESS_SWIFT_6_FLAGS is not set
Running build ...
bash -c docker run --pull=always --rm -v "checkouts-53886770-0":/host -w "$PWD" -e JAVA_HOME="/root/.sdkman/candidates/java/current" -e SPI_BUILD="1" -e SPI_PROCESSING="1" registry.gitlab.com/swiftpackageindex/spi-images:wasm-6.1-latest swift build --swift-sdk wasm32-unknown-wasi -Xswiftc -Xfrontend -Xswiftc -stats-output-dir -Xswiftc -Xfrontend -Xswiftc .stats -Xswiftc -strict-concurrency=complete -Xswiftc -enable-upcoming-feature -Xswiftc StrictConcurrency -Xswiftc -enable-upcoming-feature -Xswiftc DisableOutwardActorInference -Xswiftc -enable-upcoming-feature -Xswiftc GlobalActorIsolatedTypesUsability -Xswiftc -enable-upcoming-feature -Xswiftc InferSendableFromCaptures 2>&1
wasm-6.1-latest: Pulling from swiftpackageindex/spi-images
Digest: sha256:87277f180438764e0763769462b4e00642129a1e8364b1cdaa91f88fde66785b
Status: Image is up to date for registry.gitlab.com/swiftpackageindex/spi-images:wasm-6.1-latest
Fetching https://github.com/swift-server/async-http-client.git
[1/15961] Fetching async-http-client
Fetched https://github.com/swift-server/async-http-client.git from cache (0.86s)
Computing version for https://github.com/swift-server/async-http-client.git
Computed https://github.com/swift-server/async-http-client.git at 1.34.0 (1.10s)
Fetching https://github.com/apple/swift-distributed-tracing.git
Fetching https://github.com/apple/swift-log.git
Fetching https://github.com/apple/swift-nio-extras.git
Fetching https://github.com/apple/swift-nio-transport-services.git
Fetching https://github.com/apple/swift-algorithms.git
Fetching https://github.com/apple/swift-atomics.git
[1/7572] Fetching swift-log
[607/14115] Fetching swift-log, swift-nio-extras
[2156/16975] Fetching swift-log, swift-nio-extras, swift-nio-transport-services
[4804/22790] Fetching swift-log, swift-nio-extras, swift-nio-transport-services, swift-distributed-tracing
[7590/24658] Fetching swift-log, swift-nio-extras, swift-nio-transport-services, swift-distributed-tracing, swift-atomics
Fetched https://github.com/apple/swift-log.git from cache (0.48s)
[15857/17086] Fetching swift-nio-extras, swift-nio-transport-services, swift-distributed-tracing, swift-atomics
Fetching https://github.com/apple/swift-nio-http2.git
[17087/23149] Fetching swift-nio-extras, swift-nio-transport-services, swift-distributed-tracing, swift-atomics, swift-algorithms
Fetched https://github.com/apple/swift-atomics.git from cache (0.52s)
[16552/21281] Fetching swift-nio-extras, swift-nio-transport-services, swift-distributed-tracing, swift-algorithms
Fetching https://github.com/apple/swift-nio-ssl.git
Fetched https://github.com/apple/swift-distributed-tracing.git from cache (0.53s)
[11889/15466] Fetching swift-nio-extras, swift-nio-transport-services, swift-algorithms
Fetching https://github.com/apple/swift-nio.git
Fetched https://github.com/apple/swift-nio-extras.git from cache (0.53s)
[6559/8923] Fetching swift-nio-transport-services, swift-algorithms
Fetched https://github.com/apple/swift-nio-transport-services.git from cache (0.58s)
Fetched https://github.com/apple/swift-algorithms.git from cache (0.58s)
[1/12123] Fetching swift-nio-http2
[2547/27700] Fetching swift-nio-http2, swift-nio-ssl
[18978/111822] Fetching swift-nio-http2, swift-nio-ssl, swift-nio
Fetched https://github.com/apple/swift-nio-http2.git from cache (0.89s)
[10905/99699] Fetching swift-nio-ssl, swift-nio
Fetched https://github.com/apple/swift-nio-ssl.git from cache (1.13s)
[842/84122] Fetching swift-nio
Fetched https://github.com/apple/swift-nio.git from cache (3.70s)
Computing version for https://github.com/apple/swift-distributed-tracing.git
Computed https://github.com/apple/swift-distributed-tracing.git at 1.4.1 (4.46s)
Fetching https://github.com/apple/swift-service-context.git
[1/1295] Fetching swift-service-context
Fetched https://github.com/apple/swift-service-context.git from cache (0.42s)
Computing version for https://github.com/apple/swift-algorithms.git
Computed https://github.com/apple/swift-algorithms.git at 1.2.1 (1.33s)
Fetching https://github.com/apple/swift-numerics.git
[1/6429] Fetching swift-numerics
Fetched https://github.com/apple/swift-numerics.git from cache (0.50s)
Computing version for https://github.com/apple/swift-nio.git
Computed https://github.com/apple/swift-nio.git at 2.101.2 (0.94s)
Fetching https://github.com/apple/swift-collections.git
Fetching https://github.com/apple/swift-system.git
[1/5893] Fetching swift-system
[5894/31132] Fetching swift-system, swift-collections
Fetched https://github.com/apple/swift-system.git from cache (0.53s)
[758/25239] Fetching swift-collections
Fetched https://github.com/apple/swift-collections.git from cache (1.13s)
Computing version for https://github.com/apple/swift-atomics.git
Computed https://github.com/apple/swift-atomics.git at 1.3.1 (1.34s)
Computing version for https://github.com/apple/swift-service-context.git
Computed https://github.com/apple/swift-service-context.git at 1.3.0 (0.21s)
Computing version for https://github.com/apple/swift-numerics.git
Computed https://github.com/apple/swift-numerics.git at 1.1.1 (0.20s)
Computing version for https://github.com/apple/swift-nio-transport-services.git
Computed https://github.com/apple/swift-nio-transport-services.git at 1.28.0 (0.22s)
Computing version for https://github.com/apple/swift-nio-http2.git
Computed https://github.com/apple/swift-nio-http2.git at 1.44.0 (0.22s)
Computing version for https://github.com/apple/swift-nio-ssl.git
Computed https://github.com/apple/swift-nio-ssl.git at 2.37.1 (0.24s)
Computing version for https://github.com/apple/swift-log.git
Computed https://github.com/apple/swift-log.git at 1.14.0 (0.22s)
Computing version for https://github.com/apple/swift-system.git
Computed https://github.com/apple/swift-system.git at 1.7.2 (0.24s)
Computing version for https://github.com/apple/swift-nio-extras.git
Computed https://github.com/apple/swift-nio-extras.git at 1.34.1 (0.26s)
Fetching https://github.com/apple/swift-certificates.git
Fetching https://github.com/apple/swift-http-types.git
Fetching https://github.com/apple/swift-asn1.git
Fetching https://github.com/apple/swift-http-structured-headers.git
Fetching https://github.com/swift-server/swift-service-lifecycle.git
Fetching https://github.com/apple/swift-async-algorithms.git
[1/1905] Fetching swift-asn1
[173/3154] Fetching swift-asn1, swift-http-structured-headers
[909/5918] Fetching swift-asn1, swift-http-structured-headers, swift-service-lifecycle
[1203/7137] Fetching swift-asn1, swift-http-structured-headers, swift-service-lifecycle, swift-http-types
[6739/14465] Fetching swift-asn1, swift-http-structured-headers, swift-service-lifecycle, swift-http-types, swift-certificates
[11828/21018] Fetching swift-asn1, swift-http-structured-headers, swift-service-lifecycle, swift-http-types, swift-certificates, swift-async-algorithms
Fetched https://github.com/apple/swift-certificates.git from cache (0.51s)
Fetched https://github.com/apple/swift-http-structured-headers.git from cache (0.54s)
Fetched https://github.com/apple/swift-http-types.git from cache (0.54s)
Fetched https://github.com/apple/swift-asn1.git from cache (0.54s)
Fetched https://github.com/swift-server/swift-service-lifecycle.git from cache (0.54s)
Fetched https://github.com/apple/swift-async-algorithms.git from cache (0.54s)
Computing version for https://github.com/swift-server/swift-service-lifecycle.git
Computed https://github.com/swift-server/swift-service-lifecycle.git at 2.11.0 (0.77s)
Computing version for https://github.com/apple/swift-async-algorithms.git
Computed https://github.com/apple/swift-async-algorithms.git at 1.1.4 (0.25s)
Computing version for https://github.com/apple/swift-http-types.git
Computed https://github.com/apple/swift-http-types.git at 1.6.0 (0.21s)
Computing version for https://github.com/apple/swift-asn1.git
Computed https://github.com/apple/swift-asn1.git at 1.7.1 (0.91s)
Computing version for https://github.com/apple/swift-http-structured-headers.git
Computed https://github.com/apple/swift-http-structured-headers.git at 1.7.0 (0.22s)
Computing version for https://github.com/apple/swift-certificates.git
Computed https://github.com/apple/swift-certificates.git at 1.19.2 (0.26s)
Fetching https://github.com/apple/swift-crypto.git
[1/17761] Fetching swift-crypto
Fetched https://github.com/apple/swift-crypto.git from cache (1.32s)
Computing version for https://github.com/apple/swift-collections.git
Computed https://github.com/apple/swift-collections.git at 1.6.0 (1.65s)
Computing version for https://github.com/apple/swift-crypto.git
Computed https://github.com/apple/swift-crypto.git at 4.5.0 (0.76s)
Creating working copy for https://github.com/apple/swift-asn1.git
Working copy of https://github.com/apple/swift-asn1.git resolved at 1.7.1
Creating working copy for https://github.com/apple/swift-crypto.git
Working copy of https://github.com/apple/swift-crypto.git resolved at 4.5.0
Creating working copy for https://github.com/apple/swift-algorithms.git
Working copy of https://github.com/apple/swift-algorithms.git resolved at 1.2.1
Creating working copy for https://github.com/swift-server/async-http-client.git
Working copy of https://github.com/swift-server/async-http-client.git resolved at 1.34.0
Creating working copy for https://github.com/apple/swift-nio.git
Working copy of https://github.com/apple/swift-nio.git resolved at 2.101.2
Creating working copy for https://github.com/apple/swift-http-types.git
Working copy of https://github.com/apple/swift-http-types.git resolved at 1.6.0
Creating working copy for https://github.com/apple/swift-nio-http2.git
Working copy of https://github.com/apple/swift-nio-http2.git resolved at 1.44.0
Creating working copy for https://github.com/apple/swift-atomics.git
Working copy of https://github.com/apple/swift-atomics.git resolved at 1.3.1
Creating working copy for https://github.com/apple/swift-system.git
Working copy of https://github.com/apple/swift-system.git resolved at 1.7.2
Creating working copy for https://github.com/apple/swift-numerics.git
Working copy of https://github.com/apple/swift-numerics.git resolved at 1.1.1
Creating working copy for https://github.com/apple/swift-log.git
Working copy of https://github.com/apple/swift-log.git resolved at 1.14.0
Creating working copy for https://github.com/apple/swift-distributed-tracing.git
Working copy of https://github.com/apple/swift-distributed-tracing.git resolved at 1.4.1
Creating working copy for https://github.com/apple/swift-certificates.git
Working copy of https://github.com/apple/swift-certificates.git resolved at 1.19.2
Creating working copy for https://github.com/apple/swift-nio-extras.git
Working copy of https://github.com/apple/swift-nio-extras.git resolved at 1.34.1
Creating working copy for https://github.com/apple/swift-async-algorithms.git
Working copy of https://github.com/apple/swift-async-algorithms.git resolved at 1.1.4
Creating working copy for https://github.com/apple/swift-nio-ssl.git
Working copy of https://github.com/apple/swift-nio-ssl.git resolved at 2.37.1
Creating working copy for https://github.com/apple/swift-service-context.git
Working copy of https://github.com/apple/swift-service-context.git resolved at 1.3.0
Creating working copy for https://github.com/apple/swift-http-structured-headers.git
Working copy of https://github.com/apple/swift-http-structured-headers.git resolved at 1.7.0
Creating working copy for https://github.com/apple/swift-collections.git
Working copy of https://github.com/apple/swift-collections.git resolved at 1.6.0
Creating working copy for https://github.com/apple/swift-nio-transport-services.git
Working copy of https://github.com/apple/swift-nio-transport-services.git resolved at 1.28.0
Creating working copy for https://github.com/swift-server/swift-service-lifecycle.git
Working copy of https://github.com/swift-server/swift-service-lifecycle.git resolved at 2.11.0
Building for debugging...
[0/454] Write sources
[24/454] Compiling CNIOWindows shim.c
[25/454] Compiling CNIOWASI CNIOWASI.c
[26/454] Compiling _CWASI _CWASI.c
[27/454] Compiling CNIOWindows WSAStartup.c
[28/454] Compiling _AtomicsShims.c
[29/454] Compiling _NumericsShims _NumericsShims.c
[30/454] Compiling CNIOOpenBSD shim.c
[30/454] Compiling CNIOPosix event_loop_id.c
[32/454] Compiling CNIOLinux shim.c
[33/454] Compiling CNIOLinux liburing_shims.c
[34/454] Compiling CNIOFreeBSD shim.c
[35/454] Compiling CNIOLLHTTP c_nio_http.c
[36/454] Compiling CNIOExtrasZlib zutil.c
[37/454] Compiling CNIOExtrasZlib inftrees.c
[38/454] Compiling CNIOExtrasZlib inffast.c
[39/454] Compiling CNIOLLHTTP c_nio_api.c
[40/454] Compiling CNIODarwin shim.c
[41/454] Compiling CNIOExtrasZlib trees.c
[42/454] Compiling CNIOExtrasZlib adler32.c
[43/454] Compiling CNIOExtrasZlib crc32.c
[44/454] Compiling CNIOExtrasZlib inflate.c
[45/454] Compiling fiat_p256_adx_sqr.S
[46/454] Compiling fiat_p256_adx_mul.S
[47/454] Compiling fiat_curve25519_adx_square.S
[48/454] Compiling fiat_curve25519_adx_mul.S
[49/454] Compiling CNIOExtrasZlib deflate.c
[50/454] Write swift-version-24593BA9C3E375BF.txt
[51/458] Compiling CNIOBoringSSLShims shims.c
In file included from /host/spi-builder-workspace/.build/checkouts/swift-nio-ssl/Sources/CNIOBoringSSL/ssl/tls_record.cc:19:
/host/spi-builder-workspace/.build/checkouts/swift-nio-ssl/Sources/CNIOBoringSSL/ssl/../crypto/internal.h:32:10: fatal error: 'pthread.h' file not found
   32 | #include <pthread.h>
      |          ^~~~~~~~~~~
1 error generated.
[52/460] Compiling tls_record.cc
<unknown>:0: warning: upcoming feature 'InferSendableFromCaptures' is already enabled as of Swift version 6
<unknown>:0: warning: upcoming feature 'GlobalActorIsolatedTypesUsability' is already enabled as of Swift version 6
<unknown>:0: warning: upcoming feature 'DisableOutwardActorInference' is already enabled as of Swift version 6
<unknown>:0: warning: upcoming feature 'InferSendableFromCaptures' is already enabled as of Swift version 6
<unknown>:0: warning: upcoming feature 'GlobalActorIsolatedTypesUsability' is already enabled as of Swift version 6
<unknown>:0: warning: upcoming feature 'DisableOutwardActorInference' is already enabled as of Swift version 6
In file included from /host/spi-builder-workspace/.build/checkouts/swift-nio-ssl/Sources/CNIOBoringSSL/ssl/tls13_enc.cc:34:
/host/spi-builder-workspace/.build/checkouts/swift-nio-ssl/Sources/CNIOBoringSSL/ssl/../crypto/internal.h:32:10: fatal error: 'pthread.h' file not found
   32 | #include <pthread.h>
      |          ^~~~~~~~~~~
[52/460] Compiling tls13_enc.cc
In file included from /host/spi-builder-workspace/.build/checkouts/swift-nio-ssl/Sources/CNIOBoringSSL/ssl/tls13_server.cc:32:
/host/spi-builder-workspace/.build/checkouts/swift-nio-ssl/Sources/CNIOBoringSSL/ssl/../crypto/internal.h:32:10: fatal error: 'pthread.h' file not found
   32 | #include <pthread.h>
      |          ^~~~~~~~~~~
[52/460] Compiling tls13_server.cc
In file included from /host/spi-builder-workspace/.build/checkouts/swift-nio-ssl/Sources/CNIOBoringSSL/ssl/tls_method.cc:17:
/host/spi-builder-workspace/.build/checkouts/swift-nio-ssl/Sources/CNIOBoringSSL/ssl/../crypto/internal.h:32:10: fatal error: 'pthread.h' file not found
   32 | #include <pthread.h>
      |          ^~~~~~~~~~~
[52/460] Compiling tls_method.cc
[52/460] Compiling CNIOLLHTTP c_nio_llhttp.c
[52/460] Compiling tls13_client.cc
Running build ...
bash -c docker run --pull=always --rm -v "checkouts-53886770-0":/host -w "$PWD" -e JAVA_HOME="/root/.sdkman/candidates/java/current" -e SPI_BUILD="1" -e SPI_PROCESSING="1" registry.gitlab.com/swiftpackageindex/spi-images:wasm-6.1-latest swift build --swift-sdk wasm32-unknown-wasi 2>&1
wasm-6.1-latest: Pulling from swiftpackageindex/spi-images
Digest: sha256:87277f180438764e0763769462b4e00642129a1e8364b1cdaa91f88fde66785b
Status: Image is up to date for registry.gitlab.com/swiftpackageindex/spi-images:wasm-6.1-latest
[0/1] Planning build
Building for debugging...
In file included from /host/spi-builder-workspace/.build/checkouts/swift-nio-ssl/Sources/CNIOBoringSSL/ssl/tls_record.cc:19:
/host/spi-builder-workspace/.build/checkouts/swift-nio-ssl/Sources/CNIOBoringSSL/ssl/../crypto/internal.h:32:10: fatal error: 'pthread.h' file not found
   32 | #include <pthread.h>
      |          ^~~~~~~~~~~
1 error generated.
[0/403] Compiling tls_record.cc
In file included from /host/spi-builder-workspace/.build/checkouts/swift-nio-ssl/Sources/CNIOBoringSSL/ssl/t1_enc.cc:28:
/host/spi-builder-workspace/.build/checkouts/swift-nio-ssl/Sources/CNIOBoringSSL/ssl/../crypto/internal.h:32:10: fatal error: 'pthread.h' file not found
   32 | #include <pthread.h>
      |          ^~~~~~~~~~~
1 error generated.
[0/403] Compiling t1_enc.cc
[0/403] Compiling CNIOLLHTTP c_nio_llhttp.c
In file included from /host/spi-builder-workspace/.build/checkouts/swift-nio-ssl/Sources/CNIOBoringSSL/ssl/tls13_server.cc:32:
/host/spi-builder-workspace/.build/checkouts/swift-nio-ssl/Sources/CNIOBoringSSL/ssl/../crypto/internal.h:32:10: fatal error: 'pthread.h' file not found
   32 | #include <pthread.h>
      |          ^~~~~~~~~~~
[0/403] Compiling tls13_server.cc
In file included from /host/spi-builder-workspace/.build/checkouts/swift-nio-ssl/Sources/CNIOBoringSSL/ssl/tls13_enc.cc:34:
/host/spi-builder-workspace/.build/checkouts/swift-nio-ssl/Sources/CNIOBoringSSL/ssl/../crypto/internal.h:32:10: fatal error: 'pthread.h' file not found
   32 | #include <pthread.h>
      |          ^~~~~~~~~~~
[0/403] Compiling tls13_enc.cc
In file included from /host/spi-builder-workspace/.build/checkouts/swift-nio-ssl/Sources/CNIOBoringSSL/ssl/tls_method.cc:17:
/host/spi-builder-workspace/.build/checkouts/swift-nio-ssl/Sources/CNIOBoringSSL/ssl/../crypto/internal.h:32:10: fatal error: 'pthread.h' file not found
   32 | #include <pthread.h>
      |          ^~~~~~~~~~~
[0/403] Compiling tls_method.cc
In file included from /host/spi-builder-workspace/.build/checkouts/swift-nio-ssl/Sources/CNIOBoringSSL/ssl/tls13_client.cc:30:
/host/spi-builder-workspace/.build/checkouts/swift-nio-ssl/Sources/CNIOBoringSSL/ssl/../crypto/internal.h:32:10: fatal error: 'pthread.h' file not found
   32 | #include <pthread.h>
      |          ^~~~~~~~~~~
[0/403] Compiling tls13_client.cc
In file included from /host/spi-builder-workspace/.build/checkouts/swift-nio-ssl/Sources/CNIOBoringSSL/ssl/tls13_both.cc:29:
/host/spi-builder-workspace/.build/checkouts/swift-nio-ssl/Sources/CNIOBoringSSL/ssl/../crypto/internal.h:32:10: fatal error: 'pthread.h' file not found
   32 | #include <pthread.h>
      |          ^~~~~~~~~~~
[0/403] Compiling tls13_both.cc
BUILD FAILURE 6.1 wasm