Build Information
Failed to build Maraca, reference 1.0.10 (af2d8b), with Swift 6.4 for iOS using Xcode 27.0 on 19 Sep 2026 07:28:36 UTC.
Build Command
env DEVELOPER_DIR=/Applications/Xcode-27.0.0-Release.Candidate.app xcrun xcodebuild -IDEClonedSourcePackagesDirPathOverride=$PWD/.dependencies -skipMacroValidation -skipPackagePluginValidation -derivedDataPath $PWD/.derivedData build -scheme Maraca -destination generic/platform=iOSBuild Log
SwiftDriver CryptoSwiftResources normal arm64 com.apple.xcode.tools.swift.compiler (in target 'CryptoSwiftResources' from project 'CryptoSwift')
cd /Users/admin/builder/spi-builder-workspace/.swiftpm/xcode
builtin-SwiftDriver -- /Applications/Xcode-27.0.0-Release.Candidate.app/Contents/Developer/Toolchains/XcodeDefault.xctoolchain/usr/bin/swiftc -parse-as-library -module-name CryptoSwiftResources -Onone @/Users/admin/builder/spi-builder-workspace/.derivedData/Build/Intermediates.noindex/CryptoSwift.build/Debug-iphoneos/CryptoSwiftResources-t.build/Objects-normal/arm64/CryptoSwiftResources.SwiftFileList -DSWIFT_PACKAGE -DDEBUG -DSWIFT_MODULE_RESOURCE_BUNDLE_AVAILABLE -DXcode -plugin-path /Applications/Xcode-27.0.0-Release.Candidate.app/Contents/Developer/Toolchains/XcodeDefault.xctoolchain/usr/lib/swift/host/plugins/testing -enable-experimental-feature DebugDescriptionMacro -sdk /Applications/Xcode-27.0.0-Release.Candidate.app/Contents/Developer/Platforms/iPhoneOS.platform/Developer/SDKs/iPhoneOS27.0.sdk -target arm64-apple-ios15.0 -g -module-cache-path /Users/admin/builder/spi-builder-workspace/.derivedData/ModuleCache.noindex -Xfrontend -serialize-debugging-options -enable-testing -suppress-warnings -index-store-path /Users/admin/builder/spi-builder-workspace/.derivedData/Index.noindex/DataStore -Xcc -D_LIBCPP_HARDENING_MODE\=_LIBCPP_HARDENING_MODE_DEBUG -swift-version 5 -I /Users/admin/builder/spi-builder-workspace/.derivedData/Build/Products/Debug-iphoneos -Isystem /Applications/Xcode-27.0.0-Release.Candidate.app/Contents/Developer/Platforms/iPhoneOS.platform/Developer/usr/lib -F /Users/admin/builder/spi-builder-workspace/.derivedData/Build/Products/Debug-iphoneos -F /Applications/Xcode-27.0.0-Release.Candidate.app/Contents/Developer/Platforms/iPhoneOS.platform/Developer/Library/Frameworks -F /Applications/Xcode-27.0.0-Release.Candidate.app/Contents/Developer/Platforms/iPhoneOS.platform/Developer/SDKs/iPhoneOS27.0.sdk/Developer/Library/Frameworks -c -j10 -enable-batch-mode -incremental -Xcc -ivfsstatcache -Xcc /Users/admin/builder/spi-builder-workspace/.derivedData/SDKStatCaches.noindex/iphoneos27.0-24A430-e829b21a6f8c9b70876ba0858053c04440ceaa042ed91876912b2eeea4e3aa14.sdkstatcache -output-file-map /Users/admin/builder/spi-builder-workspace/.derivedData/Build/Intermediates.noindex/CryptoSwift.build/Debug-iphoneos/CryptoSwiftResources-t.build/Objects-normal/arm64/CryptoSwiftResources-OutputFileMap.json -save-temps -no-color-diagnostics -explicit-module-build -module-cache-path /Users/admin/builder/spi-builder-workspace/.derivedData/Build/Intermediates.noindex/SwiftExplicitPrecompiledModules -clang-scanner-module-cache-path /Users/admin/builder/spi-builder-workspace/.derivedData/ModuleCache.noindex -sdk-module-cache-path /Users/admin/builder/spi-builder-workspace/.derivedData/SDKExplicitPrecompiledModules -emit-dependencies -emit-module -emit-module-path /Users/admin/builder/spi-builder-workspace/.derivedData/Build/Intermediates.noindex/CryptoSwift.build/Debug-iphoneos/CryptoSwiftResources-t.build/Objects-normal/arm64/CryptoSwiftResources.swiftmodule -serialize-diagnostics -dependency-scan-serialize-diagnostics-path /Users/admin/builder/spi-builder-workspace/.derivedData/Build/Intermediates.noindex/CryptoSwift.build/Debug-iphoneos/CryptoSwiftResources-t.build/Objects-normal/arm64/CryptoSwiftResources-dependency-scan.dia -validate-clang-modules-once -clang-build-session-file /Users/admin/builder/spi-builder-workspace/.derivedData/ModuleCache.noindex/Session.modulevalidation -Xcc -fmodules-prune-interval\=86400 -Xcc -fmodules-prune-after\=345600 -emit-const-values -const-gather-protocols-list /Users/admin/builder/spi-builder-workspace/.derivedData/Build/Intermediates.noindex/CryptoSwift.build/Debug-iphoneos/CryptoSwiftResources-t.build/Objects-normal/arm64/CryptoSwiftResources_const_extract_protocols.json -Xcc -I/Users/admin/builder/spi-builder-workspace/.derivedData/Build/Products/Debug-iphoneos/include -Xcc -I/Users/admin/builder/spi-builder-workspace/.derivedData/Build/Intermediates.noindex/CryptoSwift.build/Debug-iphoneos/CryptoSwiftResources-t.build/DerivedSources-normal/arm64 -Xcc -I/Users/admin/builder/spi-builder-workspace/.derivedData/Build/Intermediates.noindex/CryptoSwift.build/Debug-iphoneos/CryptoSwiftResources-t.build/DerivedSources/arm64 -Xcc -I/Users/admin/builder/spi-builder-workspace/.derivedData/Build/Intermediates.noindex/CryptoSwift.build/Debug-iphoneos/CryptoSwiftResources-t.build/DerivedSources -Xcc -DSWIFT_PACKAGE -Xcc -DDEBUG\=1 -emit-objc-header -emit-objc-header-path /Users/admin/builder/spi-builder-workspace/.derivedData/Build/Intermediates.noindex/CryptoSwift.build/Debug-iphoneos/CryptoSwiftResources-t.build/Objects-normal/arm64/CryptoSwiftResources-Swift.h -working-directory /Users/admin/builder/spi-builder-workspace/.swiftpm/xcode -experimental-emit-module-separately -disable-cmo
ScanDependencies /Users/admin/builder/spi-builder-workspace/.derivedData/Build/Intermediates.noindex/CaptureSDK.build/Debug-iphoneos/CaptureSDKFramework-t.build/Objects-normal/arm64/CaptureSDKDummy.o /Users/admin/builder/spi-builder-workspace/.dependencies/checkouts/swift-package-capturesdk/Sources/CaptureSDKDummy/CaptureSDKDummy.m normal arm64 objective-c com.apple.compilers.llvm.clang.1_0.compiler (in target 'CaptureSDKFramework' from project 'CaptureSDK')
cd /Users/admin/builder/spi-builder-workspace/.swiftpm/xcode
Using response file: /Users/admin/builder/spi-builder-workspace/.derivedData/Build/Intermediates.noindex/CaptureSDK.build/Debug-iphoneos/CaptureSDKFramework-t.build/Objects-normal/arm64/e6072d4f65d7061329687fe24e3d63a7-common-args.resp
builtin-ScanDependencies -o /Users/admin/builder/spi-builder-workspace/.derivedData/Build/Intermediates.noindex/CaptureSDK.build/Debug-iphoneos/CaptureSDKFramework-t.build/Objects-normal/arm64/CaptureSDKDummy.o.scan -- /Applications/Xcode-27.0.0-Release.Candidate.app/Contents/Developer/Toolchains/XcodeDefault.xctoolchain/usr/bin/clang -x objective-c -ivfsstatcache /Users/admin/builder/spi-builder-workspace/.derivedData/SDKStatCaches.noindex/iphoneos27.0-24A430-e829b21a6f8c9b70876ba0858053c04440ceaa042ed91876912b2eeea4e3aa14.sdkstatcache -target arm64-apple-ios15.0 -fmessage-length\=0 -fdiagnostics-show-note-include-stack -fmacro-backtrace-limit\=0 -fno-color-diagnostics -fmodules-prune-interval\=86400 -fmodules-prune-after\=345600 -fbuild-session-file\=/Users/admin/builder/spi-builder-workspace/.derivedData/ModuleCache.noindex/Session.modulevalidation -fmodules-validate-once-per-build-session -Wnon-modular-include-in-framework-module -Werror\=non-modular-include-in-framework-module -Wno-trigraphs -Wno-missing-field-initializers -Wno-missing-prototypes -Wno-return-type -Wno-implicit-atomic-properties -Wno-objc-interface-ivars -Wno-arc-repeated-use-of-weak -Wno-missing-braces -Wparentheses -Wswitch -Wno-unused-function -Wno-unused-label -Wno-unused-parameter -Wno-unused-variable -Wunused-value -Wno-empty-body -Wno-uninitialized -Wno-unknown-pragmas -w -Wno-shadow -Wno-four-char-constants -Wno-conversion -Wno-constant-conversion -Wno-int-conversion -Wno-bool-conversion -Wno-enum-conversion -Wno-float-conversion -Wno-non-literal-null-conversion -Wno-objc-literal-conversion -Wshorten-64-to-32 -Wpointer-sign -Wno-newline-eof -Wno-selector -Wno-strict-selector-match -Wno-undeclared-selector -Wno-deprecated-implementations -Wno-implicit-fallthrough -isysroot /Applications/Xcode-27.0.0-Release.Candidate.app/Contents/Developer/Platforms/iPhoneOS.platform/Developer/SDKs/iPhoneOS27.0.sdk -fstrict-aliasing -Wprotocol -Wdeprecated-declarations -Wno-sign-conversion -Wno-infinite-recursion -Wno-comma -Wno-block-capture-autoreleasing -Wno-strict-prototypes -Wno-semicolon-before-method-body -index-store-path /Users/admin/builder/spi-builder-workspace/.derivedData/Index.noindex/DataStore @/Users/admin/builder/spi-builder-workspace/.derivedData/Build/Intermediates.noindex/CaptureSDK.build/Debug-iphoneos/CaptureSDKFramework-t.build/Objects-normal/arm64/e6072d4f65d7061329687fe24e3d63a7-common-args.resp -MMD -MT dependencies -MF /Users/admin/builder/spi-builder-workspace/.derivedData/Build/Intermediates.noindex/CaptureSDK.build/Debug-iphoneos/CaptureSDKFramework-t.build/Objects-normal/arm64/CaptureSDKDummy.d --serialize-diagnostics /Users/admin/builder/spi-builder-workspace/.derivedData/Build/Intermediates.noindex/CaptureSDK.build/Debug-iphoneos/CaptureSDKFramework-t.build/Objects-normal/arm64/CaptureSDKDummy.dia -c /Users/admin/builder/spi-builder-workspace/.dependencies/checkouts/swift-package-capturesdk/Sources/CaptureSDKDummy/CaptureSDKDummy.m -o /Users/admin/builder/spi-builder-workspace/.derivedData/Build/Intermediates.noindex/CaptureSDK.build/Debug-iphoneos/CaptureSDKFramework-t.build/Objects-normal/arm64/CaptureSDKDummy.o -index-unit-output-path /CaptureSDK.build/Debug-iphoneos/CaptureSDKFramework-t.build/Objects-normal/arm64/CaptureSDKDummy.o
CompileC /Users/admin/builder/spi-builder-workspace/.derivedData/Build/Intermediates.noindex/CaptureSDK.build/Debug-iphoneos/CaptureSDKFramework-t.build/Objects-normal/arm64/CaptureSDKDummy.o /Users/admin/builder/spi-builder-workspace/.dependencies/checkouts/swift-package-capturesdk/Sources/CaptureSDKDummy/CaptureSDKDummy.m normal arm64 objective-c com.apple.compilers.llvm.clang.1_0.compiler (in target 'CaptureSDKFramework' from project 'CaptureSDK')
cd /Users/admin/builder/spi-builder-workspace/.swiftpm/xcode
Using response file: /Users/admin/builder/spi-builder-workspace/.derivedData/Build/Intermediates.noindex/CaptureSDK.build/Debug-iphoneos/CaptureSDKFramework-t.build/Objects-normal/arm64/e6072d4f65d7061329687fe24e3d63a7-common-args.resp
/Applications/Xcode-27.0.0-Release.Candidate.app/Contents/Developer/Toolchains/XcodeDefault.xctoolchain/usr/bin/clang -x objective-c -ivfsstatcache /Users/admin/builder/spi-builder-workspace/.derivedData/SDKStatCaches.noindex/iphoneos27.0-24A430-e829b21a6f8c9b70876ba0858053c04440ceaa042ed91876912b2eeea4e3aa14.sdkstatcache -target arm64-apple-ios15.0 -fmessage-length\=0 -fdiagnostics-show-note-include-stack -fmacro-backtrace-limit\=0 -fno-color-diagnostics -fmodules-prune-interval\=86400 -fmodules-prune-after\=345600 -fbuild-session-file\=/Users/admin/builder/spi-builder-workspace/.derivedData/ModuleCache.noindex/Session.modulevalidation -fmodules-validate-once-per-build-session -Wnon-modular-include-in-framework-module -Werror\=non-modular-include-in-framework-module -Wno-trigraphs -Wno-missing-field-initializers -Wno-missing-prototypes -Wno-return-type -Wno-implicit-atomic-properties -Wno-objc-interface-ivars -Wno-arc-repeated-use-of-weak -Wno-missing-braces -Wparentheses -Wswitch -Wno-unused-function -Wno-unused-label -Wno-unused-parameter -Wno-unused-variable -Wunused-value -Wno-empty-body -Wno-uninitialized -Wno-unknown-pragmas -w -Wno-shadow -Wno-four-char-constants -Wno-conversion -Wno-constant-conversion -Wno-int-conversion -Wno-bool-conversion -Wno-enum-conversion -Wno-float-conversion -Wno-non-literal-null-conversion -Wno-objc-literal-conversion -Wshorten-64-to-32 -Wpointer-sign -Wno-newline-eof -Wno-selector -Wno-strict-selector-match -Wno-undeclared-selector -Wno-deprecated-implementations -Wno-implicit-fallthrough -isysroot /Applications/Xcode-27.0.0-Release.Candidate.app/Contents/Developer/Platforms/iPhoneOS.platform/Developer/SDKs/iPhoneOS27.0.sdk -fstrict-aliasing -Wprotocol -Wdeprecated-declarations -Wno-sign-conversion -Wno-infinite-recursion -Wno-comma -Wno-block-capture-autoreleasing -Wno-strict-prototypes -Wno-semicolon-before-method-body -index-store-path /Users/admin/builder/spi-builder-workspace/.derivedData/Index.noindex/DataStore @/Users/admin/builder/spi-builder-workspace/.derivedData/Build/Intermediates.noindex/CaptureSDK.build/Debug-iphoneos/CaptureSDKFramework-t.build/Objects-normal/arm64/e6072d4f65d7061329687fe24e3d63a7-common-args.resp -MMD -MT dependencies -MF /Users/admin/builder/spi-builder-workspace/.derivedData/Build/Intermediates.noindex/CaptureSDK.build/Debug-iphoneos/CaptureSDKFramework-t.build/Objects-normal/arm64/CaptureSDKDummy.d --serialize-diagnostics /Users/admin/builder/spi-builder-workspace/.derivedData/Build/Intermediates.noindex/CaptureSDK.build/Debug-iphoneos/CaptureSDKFramework-t.build/Objects-normal/arm64/CaptureSDKDummy.dia -c /Users/admin/builder/spi-builder-workspace/.dependencies/checkouts/swift-package-capturesdk/Sources/CaptureSDKDummy/CaptureSDKDummy.m -o /Users/admin/builder/spi-builder-workspace/.derivedData/Build/Intermediates.noindex/CaptureSDK.build/Debug-iphoneos/CaptureSDKFramework-t.build/Objects-normal/arm64/CaptureSDKDummy.o -index-unit-output-path /CaptureSDK.build/Debug-iphoneos/CaptureSDKFramework-t.build/Objects-normal/arm64/CaptureSDKDummy.o
CompileC /Users/admin/builder/spi-builder-workspace/.derivedData/Build/Intermediates.noindex/CaptureSDK.build/Debug-iphoneos/SwiftDecoderCaptureSDK-t.build/Objects-normal/arm64/SwiftDecoderDummy.o /Users/admin/builder/spi-builder-workspace/.dependencies/checkouts/swift-package-capturesdk/Sources/SwiftDecoderDummy/SwiftDecoderDummy.m normal arm64 objective-c com.apple.compilers.llvm.clang.1_0.compiler (in target 'SwiftDecoderCaptureSDK' from project 'CaptureSDK')
cd /Users/admin/builder/spi-builder-workspace/.swiftpm/xcode
Using response file: /Users/admin/builder/spi-builder-workspace/.derivedData/Build/Intermediates.noindex/CaptureSDK.build/Debug-iphoneos/SwiftDecoderCaptureSDK-t.build/Objects-normal/arm64/e6072d4f65d7061329687fe24e3d63a7-common-args.resp
/Applications/Xcode-27.0.0-Release.Candidate.app/Contents/Developer/Toolchains/XcodeDefault.xctoolchain/usr/bin/clang -x objective-c -ivfsstatcache /Users/admin/builder/spi-builder-workspace/.derivedData/SDKStatCaches.noindex/iphoneos27.0-24A430-e829b21a6f8c9b70876ba0858053c04440ceaa042ed91876912b2eeea4e3aa14.sdkstatcache -target arm64-apple-ios15.0 -fmessage-length\=0 -fdiagnostics-show-note-include-stack -fmacro-backtrace-limit\=0 -fno-color-diagnostics -fmodules-prune-interval\=86400 -fmodules-prune-after\=345600 -fbuild-session-file\=/Users/admin/builder/spi-builder-workspace/.derivedData/ModuleCache.noindex/Session.modulevalidation -fmodules-validate-once-per-build-session -Wnon-modular-include-in-framework-module -Werror\=non-modular-include-in-framework-module -Wno-trigraphs -Wno-missing-field-initializers -Wno-missing-prototypes -Wno-return-type -Wno-implicit-atomic-properties -Wno-objc-interface-ivars -Wno-arc-repeated-use-of-weak -Wno-missing-braces -Wparentheses -Wswitch -Wno-unused-function -Wno-unused-label -Wno-unused-parameter -Wno-unused-variable -Wunused-value -Wno-empty-body -Wno-uninitialized -Wno-unknown-pragmas -w -Wno-shadow -Wno-four-char-constants -Wno-conversion -Wno-constant-conversion -Wno-int-conversion -Wno-bool-conversion -Wno-enum-conversion -Wno-float-conversion -Wno-non-literal-null-conversion -Wno-objc-literal-conversion -Wshorten-64-to-32 -Wpointer-sign -Wno-newline-eof -Wno-selector -Wno-strict-selector-match -Wno-undeclared-selector -Wno-deprecated-implementations -Wno-implicit-fallthrough -isysroot /Applications/Xcode-27.0.0-Release.Candidate.app/Contents/Developer/Platforms/iPhoneOS.platform/Developer/SDKs/iPhoneOS27.0.sdk -fstrict-aliasing -Wprotocol -Wdeprecated-declarations -Wno-sign-conversion -Wno-infinite-recursion -Wno-comma -Wno-block-capture-autoreleasing -Wno-strict-prototypes -Wno-semicolon-before-method-body -index-store-path /Users/admin/builder/spi-builder-workspace/.derivedData/Index.noindex/DataStore @/Users/admin/builder/spi-builder-workspace/.derivedData/Build/Intermediates.noindex/CaptureSDK.build/Debug-iphoneos/SwiftDecoderCaptureSDK-t.build/Objects-normal/arm64/e6072d4f65d7061329687fe24e3d63a7-common-args.resp -MMD -MT dependencies -MF /Users/admin/builder/spi-builder-workspace/.derivedData/Build/Intermediates.noindex/CaptureSDK.build/Debug-iphoneos/SwiftDecoderCaptureSDK-t.build/Objects-normal/arm64/SwiftDecoderDummy.d --serialize-diagnostics /Users/admin/builder/spi-builder-workspace/.derivedData/Build/Intermediates.noindex/CaptureSDK.build/Debug-iphoneos/SwiftDecoderCaptureSDK-t.build/Objects-normal/arm64/SwiftDecoderDummy.dia -c /Users/admin/builder/spi-builder-workspace/.dependencies/checkouts/swift-package-capturesdk/Sources/SwiftDecoderDummy/SwiftDecoderDummy.m -o /Users/admin/builder/spi-builder-workspace/.derivedData/Build/Intermediates.noindex/CaptureSDK.build/Debug-iphoneos/SwiftDecoderCaptureSDK-t.build/Objects-normal/arm64/SwiftDecoderDummy.o -index-unit-output-path /CaptureSDK.build/Debug-iphoneos/SwiftDecoderCaptureSDK-t.build/Objects-normal/arm64/SwiftDecoderDummy.o
Ld /Users/admin/builder/spi-builder-workspace/.derivedData/Build/Products/Debug-iphoneos/CaptureSDKFramework.o normal (in target 'CaptureSDKFramework' from project 'CaptureSDK')
cd /Users/admin/builder/spi-builder-workspace/.dependencies/checkouts/swift-package-capturesdk
/Applications/Xcode-27.0.0-Release.Candidate.app/Contents/Developer/Toolchains/XcodeDefault.xctoolchain/usr/bin/clang -Xlinker -reproducible -target arm64-apple-ios15.0 -r -isysroot /Applications/Xcode-27.0.0-Release.Candidate.app/Contents/Developer/Platforms/iPhoneOS.platform/Developer/SDKs/iPhoneOS27.0.sdk -O0 -w -Xlinker -no_warn_duplicate_libraries -F/Users/admin/builder/spi-builder-workspace/.derivedData/Build/Intermediates.noindex/EagerLinkingTBDs/Debug-iphoneos -F/Users/admin/builder/spi-builder-workspace/.derivedData/Build/Products/Debug-iphoneos -iframework /Applications/Xcode-27.0.0-Release.Candidate.app/Contents/Developer/Platforms/iPhoneOS.platform/Developer/Library/Frameworks -iframework /Applications/Xcode-27.0.0-Release.Candidate.app/Contents/Developer/Platforms/iPhoneOS.platform/Developer/SDKs/iPhoneOS27.0.sdk/Developer/Library/Frameworks -filelist /Users/admin/builder/spi-builder-workspace/.derivedData/Build/Intermediates.noindex/CaptureSDK.build/Debug-iphoneos/CaptureSDKFramework-t.build/Objects-normal/arm64/CaptureSDKFramework.LinkFileList -nostdlib -Xlinker -object_path_lto -Xlinker /Users/admin/builder/spi-builder-workspace/.derivedData/Build/Intermediates.noindex/CaptureSDK.build/Debug-iphoneos/CaptureSDKFramework-t.build/Objects-normal/arm64/CaptureSDKFramework_lto.o -Xlinker -no_deduplicate -Xlinker -dependency_info -Xlinker /Users/admin/builder/spi-builder-workspace/.derivedData/Build/Intermediates.noindex/CaptureSDK.build/Debug-iphoneos/CaptureSDKFramework-t.build/Objects-normal/arm64/CaptureSDKFramework_dependency_info.dat -fobjc-arc -fobjc-link-runtime -o /Users/admin/builder/spi-builder-workspace/.derivedData/Build/Products/Debug-iphoneos/CaptureSDKFramework.o
Ld /Users/admin/builder/spi-builder-workspace/.derivedData/Build/Products/Debug-iphoneos/SwiftDecoderCaptureSDK.o normal (in target 'SwiftDecoderCaptureSDK' from project 'CaptureSDK')
cd /Users/admin/builder/spi-builder-workspace/.dependencies/checkouts/swift-package-capturesdk
/Applications/Xcode-27.0.0-Release.Candidate.app/Contents/Developer/Toolchains/XcodeDefault.xctoolchain/usr/bin/clang -Xlinker -reproducible -target arm64-apple-ios15.0 -r -isysroot /Applications/Xcode-27.0.0-Release.Candidate.app/Contents/Developer/Platforms/iPhoneOS.platform/Developer/SDKs/iPhoneOS27.0.sdk -O0 -w -Xlinker -no_warn_duplicate_libraries -F/Users/admin/builder/spi-builder-workspace/.derivedData/Build/Intermediates.noindex/EagerLinkingTBDs/Debug-iphoneos -F/Users/admin/builder/spi-builder-workspace/.derivedData/Build/Products/Debug-iphoneos -iframework /Applications/Xcode-27.0.0-Release.Candidate.app/Contents/Developer/Platforms/iPhoneOS.platform/Developer/Library/Frameworks -iframework /Applications/Xcode-27.0.0-Release.Candidate.app/Contents/Developer/Platforms/iPhoneOS.platform/Developer/SDKs/iPhoneOS27.0.sdk/Developer/Library/Frameworks -filelist /Users/admin/builder/spi-builder-workspace/.derivedData/Build/Intermediates.noindex/CaptureSDK.build/Debug-iphoneos/SwiftDecoderCaptureSDK-t.build/Objects-normal/arm64/SwiftDecoderCaptureSDK.LinkFileList -nostdlib -Xlinker -object_path_lto -Xlinker /Users/admin/builder/spi-builder-workspace/.derivedData/Build/Intermediates.noindex/CaptureSDK.build/Debug-iphoneos/SwiftDecoderCaptureSDK-t.build/Objects-normal/arm64/SwiftDecoderCaptureSDK_lto.o -Xlinker -no_deduplicate -Xlinker -dependency_info -Xlinker /Users/admin/builder/spi-builder-workspace/.derivedData/Build/Intermediates.noindex/CaptureSDK.build/Debug-iphoneos/SwiftDecoderCaptureSDK-t.build/Objects-normal/arm64/SwiftDecoderCaptureSDK_dependency_info.dat -fobjc-arc -fobjc-link-runtime -o /Users/admin/builder/spi-builder-workspace/.derivedData/Build/Products/Debug-iphoneos/SwiftDecoderCaptureSDK.o
SwiftExplicitDependencyGeneratePcm arm64 /Users/admin/builder/spi-builder-workspace/.derivedData/SDKExplicitPrecompiledModules/_Builtin_float-A3OTZIBNLUK4KRPK79SR9VALR.pcm
SwiftExplicitDependencyGeneratePcm arm64 /Users/admin/builder/spi-builder-workspace/.derivedData/SDKExplicitPrecompiledModules/ptrcheck-BEJ25RSXHVJMS8GY54A7TIDQC.pcm
SwiftExplicitDependencyGeneratePcm arm64 /Users/admin/builder/spi-builder-workspace/.derivedData/SDKExplicitPrecompiledModules/_AvailabilityInternal-A68EWFTK1KMCWXEVQVUVX32IF.pcm
SwiftExplicitDependencyGeneratePcm arm64 /Users/admin/builder/spi-builder-workspace/.derivedData/SDKExplicitPrecompiledModules/_Builtin_stdbool-DS3M26O02MEUZY8PORVO63UN8.pcm
SwiftExplicitDependencyGeneratePcm arm64 /Users/admin/builder/spi-builder-workspace/.derivedData/SDKExplicitPrecompiledModules/ptrauth-ELWSSDP0MKO9UN7OCGHYENU4N.pcm
SwiftExplicitDependencyGeneratePcm arm64 /Users/admin/builder/spi-builder-workspace/.derivedData/SDKExplicitPrecompiledModules/_Builtin_stdarg-353X4HCQ4QM1XN1RGUYE5DJXQ.pcm
SwiftExplicitDependencyGeneratePcm arm64 /Users/admin/builder/spi-builder-workspace/.derivedData/SDKExplicitPrecompiledModules/_Builtin_stddef-9M60LQ19IG7KF2I6MAZT1EE2L.pcm
SwiftExplicitDependencyGeneratePcm arm64 /Users/admin/builder/spi-builder-workspace/.derivedData/SDKExplicitPrecompiledModules/_SwiftConcurrencyShims-46VMPHZN3071T5WUKTVKV81O6.pcm
SwiftExplicitDependencyGeneratePcm arm64 /Users/admin/builder/spi-builder-workspace/.derivedData/SDKExplicitPrecompiledModules/SwiftShims-9ZM475TB9FF7V697OJNYX6RO9.pcm
SwiftExplicitDependencyGeneratePcm arm64 /Users/admin/builder/spi-builder-workspace/.derivedData/SDKExplicitPrecompiledModules/_DarwinFoundation1-6AS4X33TU1806YATN4YELVHNM.pcm
SwiftExplicitDependencyGeneratePcm arm64 /Users/admin/builder/spi-builder-workspace/.derivedData/SDKExplicitPrecompiledModules/_Builtin_limits-BR17857KX1560DFAJ8X0RLP2X.pcm
SwiftExplicitDependencyGeneratePcm arm64 /Users/admin/builder/spi-builder-workspace/.derivedData/SDKExplicitPrecompiledModules/_DarwinFoundation2-DBOBRBKI8YXN3X7HCIRAXFELN.pcm
SwiftExplicitDependencyGeneratePcm arm64 /Users/admin/builder/spi-builder-workspace/.derivedData/SDKExplicitPrecompiledModules/sys_types-4H7GQGME5X7WUG5O55QKSXPG0.pcm
SwiftExplicitDependencyGeneratePcm arm64 /Users/admin/builder/spi-builder-workspace/.derivedData/SDKExplicitPrecompiledModules/_Builtin_stdint-3VRVITBSRYCNS1X3HOZPXQS3E.pcm
SwiftExplicitDependencyGeneratePcm arm64 /Users/admin/builder/spi-builder-workspace/.derivedData/SDKExplicitPrecompiledModules/string_h-4SPNE64SFJA0QV142KR6FB8H.pcm
SwiftExplicitDependencyGeneratePcm arm64 /Users/admin/builder/spi-builder-workspace/.derivedData/SDKExplicitPrecompiledModules/_DarwinFoundation3-BWQ9HHUEF00PLTWBF6Y3RFT1Q.pcm
SwiftExplicitDependencyGeneratePcm arm64 /Users/admin/builder/spi-builder-workspace/.derivedData/SDKExplicitPrecompiledModules/_Builtin_inttypes-F02YQXAV70SBQYNR1TCILSZQC.pcm
SwiftExplicitDependencyGeneratePcm arm64 /Users/admin/builder/spi-builder-workspace/.derivedData/SDKExplicitPrecompiledModules/Darwin-BI81F3DSM7GNALREB2L4UAO3K.pcm
SwiftExplicitDependencyGeneratePcm arm64 /Users/admin/builder/spi-builder-workspace/.derivedData/SDKExplicitPrecompiledModules/ObjectiveC-B11KXH0CHRPAR6DL0V15OUWX.pcm
SwiftExplicitDependencyGeneratePcm arm64 /Users/admin/builder/spi-builder-workspace/.derivedData/SDKExplicitPrecompiledModules/os_object-39R6K1ZW4M0CXKJ1WMJZK8M2C.pcm
SwiftExplicitDependencyGeneratePcm arm64 /Users/admin/builder/spi-builder-workspace/.derivedData/SDKExplicitPrecompiledModules/os_workgroup-24KM5066VOM199SLPK0FMLPYP.pcm
SwiftExplicitDependencyGeneratePcm arm64 /Users/admin/builder/spi-builder-workspace/.derivedData/SDKExplicitPrecompiledModules/Dispatch-ATYRC6ZTNZOFUFVI4AZT0N36L.pcm
SwiftExplicitDependencyGeneratePcm arm64 /Users/admin/builder/spi-builder-workspace/.derivedData/SDKExplicitPrecompiledModules/XPC-2B8LCRX5U2HGX5DUXAJMAUYF5.pcm
SwiftExplicitDependencyGeneratePcm arm64 /Users/admin/builder/spi-builder-workspace/.derivedData/SDKExplicitPrecompiledModules/CoreFoundation-6RZ7WG7C70RNLQ7W9TEHN64U.pcm
SwiftExplicitDependencyGeneratePcm arm64 /Users/admin/builder/spi-builder-workspace/.derivedData/SDKExplicitPrecompiledModules/Security-38LZ2U8T2TAJNP8SDQ1CJJE3F.pcm
SwiftExplicitDependencyGeneratePcm arm64 /Users/admin/builder/spi-builder-workspace/.derivedData/SDKExplicitPrecompiledModules/CFNetwork-CKHY0HEWI1S67QSGB5QKT2KK1.pcm
SwiftExplicitDependencyGeneratePcm arm64 /Users/admin/builder/spi-builder-workspace/.derivedData/SDKExplicitPrecompiledModules/Foundation-1A84M7V1QOXIBMN0W05H3CVWO.pcm
SwiftEmitModule normal arm64 Emitting\ module\ for\ CryptoSwiftResources (in target 'CryptoSwiftResources' from project 'CryptoSwift')
SwiftCompile normal arm64 (in target 'CryptoSwiftResources' from project 'CryptoSwift')
cd /Users/admin/builder/spi-builder-workspace/.swiftpm/xcode
SwiftCompile normal arm64 Compiling\ resource_bundle_accessor.swift /Users/admin/builder/spi-builder-workspace/.derivedData/Build/Intermediates.noindex/CryptoSwift.build/Debug-iphoneos/CryptoSwiftResources-t.build/DerivedSources/resource_bundle_accessor.swift (in target 'CryptoSwiftResources' from project 'CryptoSwift')
SwiftCompile normal arm64 /Users/admin/builder/spi-builder-workspace/.derivedData/Build/Intermediates.noindex/CryptoSwift.build/Debug-iphoneos/CryptoSwiftResources-t.build/DerivedSources/resource_bundle_accessor.swift (in target 'CryptoSwiftResources' from project 'CryptoSwift')
cd /Users/admin/builder/spi-builder-workspace/.swiftpm/xcode
builtin-SwiftPerFileCompile resource_bundle_accessor.swift
SwiftCompile normal arm64 Compiling\ Empty.swift /Users/admin/builder/spi-builder-workspace/.dependencies/checkouts/CryptoSwift/Sources/CryptoSwiftResources/Empty.swift (in target 'CryptoSwiftResources' from project 'CryptoSwift')
SwiftCompile normal arm64 /Users/admin/builder/spi-builder-workspace/.dependencies/checkouts/CryptoSwift/Sources/CryptoSwiftResources/Empty.swift (in target 'CryptoSwiftResources' from project 'CryptoSwift')
cd /Users/admin/builder/spi-builder-workspace/.swiftpm/xcode
builtin-SwiftPerFileCompile Empty.swift
SwiftDriverJobDiscovery normal arm64 Emitting module for CryptoSwiftResources (in target 'CryptoSwiftResources' from project 'CryptoSwift')
SwiftDriver\ Compilation\ Requirements CryptoSwiftResources normal arm64 com.apple.xcode.tools.swift.compiler (in target 'CryptoSwiftResources' from project 'CryptoSwift')
cd /Users/admin/builder/spi-builder-workspace/.swiftpm/xcode
builtin-Swift-Compilation-Requirements -- /Applications/Xcode-27.0.0-Release.Candidate.app/Contents/Developer/Toolchains/XcodeDefault.xctoolchain/usr/bin/swiftc -parse-as-library -module-name CryptoSwiftResources -Onone @/Users/admin/builder/spi-builder-workspace/.derivedData/Build/Intermediates.noindex/CryptoSwift.build/Debug-iphoneos/CryptoSwiftResources-t.build/Objects-normal/arm64/CryptoSwiftResources.SwiftFileList -DSWIFT_PACKAGE -DDEBUG -DSWIFT_MODULE_RESOURCE_BUNDLE_AVAILABLE -DXcode -plugin-path /Applications/Xcode-27.0.0-Release.Candidate.app/Contents/Developer/Toolchains/XcodeDefault.xctoolchain/usr/lib/swift/host/plugins/testing -enable-experimental-feature DebugDescriptionMacro -sdk /Applications/Xcode-27.0.0-Release.Candidate.app/Contents/Developer/Platforms/iPhoneOS.platform/Developer/SDKs/iPhoneOS27.0.sdk -target arm64-apple-ios15.0 -g -module-cache-path /Users/admin/builder/spi-builder-workspace/.derivedData/ModuleCache.noindex -Xfrontend -serialize-debugging-options -enable-testing -suppress-warnings -index-store-path /Users/admin/builder/spi-builder-workspace/.derivedData/Index.noindex/DataStore -Xcc -D_LIBCPP_HARDENING_MODE\=_LIBCPP_HARDENING_MODE_DEBUG -swift-version 5 -I /Users/admin/builder/spi-builder-workspace/.derivedData/Build/Products/Debug-iphoneos -Isystem /Applications/Xcode-27.0.0-Release.Candidate.app/Contents/Developer/Platforms/iPhoneOS.platform/Developer/usr/lib -F /Users/admin/builder/spi-builder-workspace/.derivedData/Build/Products/Debug-iphoneos -F /Applications/Xcode-27.0.0-Release.Candidate.app/Contents/Developer/Platforms/iPhoneOS.platform/Developer/Library/Frameworks -F /Applications/Xcode-27.0.0-Release.Candidate.app/Contents/Developer/Platforms/iPhoneOS.platform/Developer/SDKs/iPhoneOS27.0.sdk/Developer/Library/Frameworks -c -j10 -enable-batch-mode -incremental -Xcc -ivfsstatcache -Xcc /Users/admin/builder/spi-builder-workspace/.derivedData/SDKStatCaches.noindex/iphoneos27.0-24A430-e829b21a6f8c9b70876ba0858053c04440ceaa042ed91876912b2eeea4e3aa14.sdkstatcache -output-file-map /Users/admin/builder/spi-builder-workspace/.derivedData/Build/Intermediates.noindex/CryptoSwift.build/Debug-iphoneos/CryptoSwiftResources-t.build/Objects-normal/arm64/CryptoSwiftResources-OutputFileMap.json -save-temps -no-color-diagnostics -explicit-module-build -module-cache-path /Users/admin/builder/spi-builder-workspace/.derivedData/Build/Intermediates.noindex/SwiftExplicitPrecompiledModules -clang-scanner-module-cache-path /Users/admin/builder/spi-builder-workspace/.derivedData/ModuleCache.noindex -sdk-module-cache-path /Users/admin/builder/spi-builder-workspace/.derivedData/SDKExplicitPrecompiledModules -emit-dependencies -emit-module -emit-module-path /Users/admin/builder/spi-builder-workspace/.derivedData/Build/Intermediates.noindex/CryptoSwift.build/Debug-iphoneos/CryptoSwiftResources-t.build/Objects-normal/arm64/CryptoSwiftResources.swiftmodule -serialize-diagnostics -dependency-scan-serialize-diagnostics-path /Users/admin/builder/spi-builder-workspace/.derivedData/Build/Intermediates.noindex/CryptoSwift.build/Debug-iphoneos/CryptoSwiftResources-t.build/Objects-normal/arm64/CryptoSwiftResources-dependency-scan.dia -validate-clang-modules-once -clang-build-session-file /Users/admin/builder/spi-builder-workspace/.derivedData/ModuleCache.noindex/Session.modulevalidation -Xcc -fmodules-prune-interval\=86400 -Xcc -fmodules-prune-after\=345600 -emit-const-values -const-gather-protocols-list /Users/admin/builder/spi-builder-workspace/.derivedData/Build/Intermediates.noindex/CryptoSwift.build/Debug-iphoneos/CryptoSwiftResources-t.build/Objects-normal/arm64/CryptoSwiftResources_const_extract_protocols.json -Xcc -I/Users/admin/builder/spi-builder-workspace/.derivedData/Build/Products/Debug-iphoneos/include -Xcc -I/Users/admin/builder/spi-builder-workspace/.derivedData/Build/Intermediates.noindex/CryptoSwift.build/Debug-iphoneos/CryptoSwiftResources-t.build/DerivedSources-normal/arm64 -Xcc -I/Users/admin/builder/spi-builder-workspace/.derivedData/Build/Intermediates.noindex/CryptoSwift.build/Debug-iphoneos/CryptoSwiftResources-t.build/DerivedSources/arm64 -Xcc -I/Users/admin/builder/spi-builder-workspace/.derivedData/Build/Intermediates.noindex/CryptoSwift.build/Debug-iphoneos/CryptoSwiftResources-t.build/DerivedSources -Xcc -DSWIFT_PACKAGE -Xcc -DDEBUG\=1 -emit-objc-header -emit-objc-header-path /Users/admin/builder/spi-builder-workspace/.derivedData/Build/Intermediates.noindex/CryptoSwift.build/Debug-iphoneos/CryptoSwiftResources-t.build/Objects-normal/arm64/CryptoSwiftResources-Swift.h -working-directory /Users/admin/builder/spi-builder-workspace/.swiftpm/xcode -experimental-emit-module-separately -disable-cmo
SwiftMergeGeneratedHeaders /Users/admin/builder/spi-builder-workspace/.derivedData/Build/Intermediates.noindex/GeneratedModuleMaps-iphoneos/CryptoSwiftResources-Swift.h /Users/admin/builder/spi-builder-workspace/.derivedData/Build/Intermediates.noindex/CryptoSwift.build/Debug-iphoneos/CryptoSwiftResources-t.build/Objects-normal/arm64/CryptoSwiftResources-Swift.h (in target 'CryptoSwiftResources' from project 'CryptoSwift')
cd /Users/admin/builder/spi-builder-workspace/.dependencies/checkouts/CryptoSwift
builtin-swiftHeaderTool -arch arm64 /Users/admin/builder/spi-builder-workspace/.derivedData/Build/Intermediates.noindex/CryptoSwift.build/Debug-iphoneos/CryptoSwiftResources-t.build/Objects-normal/arm64/CryptoSwiftResources-Swift.h -o /Users/admin/builder/spi-builder-workspace/.derivedData/Build/Intermediates.noindex/GeneratedModuleMaps-iphoneos/CryptoSwiftResources-Swift.h
Copy /Users/admin/builder/spi-builder-workspace/.derivedData/Build/Products/Debug-iphoneos/CryptoSwiftResources.swiftmodule/arm64-apple-ios.swiftdoc /Users/admin/builder/spi-builder-workspace/.derivedData/Build/Intermediates.noindex/CryptoSwift.build/Debug-iphoneos/CryptoSwiftResources-t.build/Objects-normal/arm64/CryptoSwiftResources.swiftdoc (in target 'CryptoSwiftResources' from project 'CryptoSwift')
cd /Users/admin/builder/spi-builder-workspace/.dependencies/checkouts/CryptoSwift
builtin-copy -exclude .DS_Store -exclude CVS -exclude .svn -exclude .git -exclude .hg -resolve-src-symlinks -rename /Users/admin/builder/spi-builder-workspace/.derivedData/Build/Intermediates.noindex/CryptoSwift.build/Debug-iphoneos/CryptoSwiftResources-t.build/Objects-normal/arm64/CryptoSwiftResources.swiftdoc /Users/admin/builder/spi-builder-workspace/.derivedData/Build/Products/Debug-iphoneos/CryptoSwiftResources.swiftmodule/arm64-apple-ios.swiftdoc
Copy /Users/admin/builder/spi-builder-workspace/.derivedData/Build/Products/Debug-iphoneos/CryptoSwiftResources.swiftmodule/arm64-apple-ios.swiftmodule /Users/admin/builder/spi-builder-workspace/.derivedData/Build/Intermediates.noindex/CryptoSwift.build/Debug-iphoneos/CryptoSwiftResources-t.build/Objects-normal/arm64/CryptoSwiftResources.swiftmodule (in target 'CryptoSwiftResources' from project 'CryptoSwift')
cd /Users/admin/builder/spi-builder-workspace/.dependencies/checkouts/CryptoSwift
builtin-copy -exclude .DS_Store -exclude CVS -exclude .svn -exclude .git -exclude .hg -resolve-src-symlinks -rename /Users/admin/builder/spi-builder-workspace/.derivedData/Build/Intermediates.noindex/CryptoSwift.build/Debug-iphoneos/CryptoSwiftResources-t.build/Objects-normal/arm64/CryptoSwiftResources.swiftmodule /Users/admin/builder/spi-builder-workspace/.derivedData/Build/Products/Debug-iphoneos/CryptoSwiftResources.swiftmodule/arm64-apple-ios.swiftmodule
Copy /Users/admin/builder/spi-builder-workspace/.derivedData/Build/Products/Debug-iphoneos/CryptoSwiftResources.swiftmodule/arm64-apple-ios.abi.json /Users/admin/builder/spi-builder-workspace/.derivedData/Build/Intermediates.noindex/CryptoSwift.build/Debug-iphoneos/CryptoSwiftResources-t.build/Objects-normal/arm64/CryptoSwiftResources.abi.json (in target 'CryptoSwiftResources' from project 'CryptoSwift')
cd /Users/admin/builder/spi-builder-workspace/.dependencies/checkouts/CryptoSwift
builtin-copy -exclude .DS_Store -exclude CVS -exclude .svn -exclude .git -exclude .hg -resolve-src-symlinks -rename /Users/admin/builder/spi-builder-workspace/.derivedData/Build/Intermediates.noindex/CryptoSwift.build/Debug-iphoneos/CryptoSwiftResources-t.build/Objects-normal/arm64/CryptoSwiftResources.abi.json /Users/admin/builder/spi-builder-workspace/.derivedData/Build/Products/Debug-iphoneos/CryptoSwiftResources.swiftmodule/arm64-apple-ios.abi.json
Copy /Users/admin/builder/spi-builder-workspace/.derivedData/Build/Products/Debug-iphoneos/CryptoSwiftResources.swiftmodule/Project/arm64-apple-ios.swiftsourceinfo /Users/admin/builder/spi-builder-workspace/.derivedData/Build/Intermediates.noindex/CryptoSwift.build/Debug-iphoneos/CryptoSwiftResources-t.build/Objects-normal/arm64/CryptoSwiftResources.swiftsourceinfo (in target 'CryptoSwiftResources' from project 'CryptoSwift')
cd /Users/admin/builder/spi-builder-workspace/.dependencies/checkouts/CryptoSwift
builtin-copy -exclude .DS_Store -exclude CVS -exclude .svn -exclude .git -exclude .hg -resolve-src-symlinks -rename /Users/admin/builder/spi-builder-workspace/.derivedData/Build/Intermediates.noindex/CryptoSwift.build/Debug-iphoneos/CryptoSwiftResources-t.build/Objects-normal/arm64/CryptoSwiftResources.swiftsourceinfo /Users/admin/builder/spi-builder-workspace/.derivedData/Build/Products/Debug-iphoneos/CryptoSwiftResources.swiftmodule/Project/arm64-apple-ios.swiftsourceinfo
SwiftDriver CryptoSwift normal arm64 com.apple.xcode.tools.swift.compiler (in target 'CryptoSwift' from project 'CryptoSwift')
cd /Users/admin/builder/spi-builder-workspace/.swiftpm/xcode
builtin-SwiftDriver -- /Applications/Xcode-27.0.0-Release.Candidate.app/Contents/Developer/Toolchains/XcodeDefault.xctoolchain/usr/bin/swiftc -parse-as-library -module-name CryptoSwift -Onone @/Users/admin/builder/spi-builder-workspace/.derivedData/Build/Intermediates.noindex/CryptoSwift.build/Debug-iphoneos/CryptoSwift-t.build/Objects-normal/arm64/CryptoSwift.SwiftFileList -DSWIFT_PACKAGE -DDEBUG -DSWIFT_MODULE_RESOURCE_BUNDLE_UNAVAILABLE -DXcode -plugin-path /Applications/Xcode-27.0.0-Release.Candidate.app/Contents/Developer/Toolchains/XcodeDefault.xctoolchain/usr/lib/swift/host/plugins/testing -enable-experimental-feature DebugDescriptionMacro -sdk /Applications/Xcode-27.0.0-Release.Candidate.app/Contents/Developer/Platforms/iPhoneOS.platform/Developer/SDKs/iPhoneOS27.0.sdk -target arm64-apple-ios15.0 -g -module-cache-path /Users/admin/builder/spi-builder-workspace/.derivedData/ModuleCache.noindex -Xfrontend -serialize-debugging-options -enable-testing -suppress-warnings -index-store-path /Users/admin/builder/spi-builder-workspace/.derivedData/Index.noindex/DataStore -Xcc -D_LIBCPP_HARDENING_MODE\=_LIBCPP_HARDENING_MODE_DEBUG -swift-version 5 -I /Users/admin/builder/spi-builder-workspace/.derivedData/Build/Products/Debug-iphoneos -Isystem /Applications/Xcode-27.0.0-Release.Candidate.app/Contents/Developer/Platforms/iPhoneOS.platform/Developer/usr/lib -F /Users/admin/builder/spi-builder-workspace/.derivedData/Build/Products/Debug-iphoneos/PackageFrameworks -F /Users/admin/builder/spi-builder-workspace/.derivedData/Build/Products/Debug-iphoneos -F /Applications/Xcode-27.0.0-Release.Candidate.app/Contents/Developer/Platforms/iPhoneOS.platform/Developer/Library/Frameworks -F /Applications/Xcode-27.0.0-Release.Candidate.app/Contents/Developer/Platforms/iPhoneOS.platform/Developer/SDKs/iPhoneOS27.0.sdk/Developer/Library/Frameworks -c -j10 -enable-batch-mode -incremental -Xcc -ivfsstatcache -Xcc /Users/admin/builder/spi-builder-workspace/.derivedData/SDKStatCaches.noindex/iphoneos27.0-24A430-e829b21a6f8c9b70876ba0858053c04440ceaa042ed91876912b2eeea4e3aa14.sdkstatcache -output-file-map /Users/admin/builder/spi-builder-workspace/.derivedData/Build/Intermediates.noindex/CryptoSwift.build/Debug-iphoneos/CryptoSwift-t.build/Objects-normal/arm64/CryptoSwift-OutputFileMap.json -save-temps -no-color-diagnostics -explicit-module-build -module-cache-path /Users/admin/builder/spi-builder-workspace/.derivedData/Build/Intermediates.noindex/SwiftExplicitPrecompiledModules -clang-scanner-module-cache-path /Users/admin/builder/spi-builder-workspace/.derivedData/ModuleCache.noindex -sdk-module-cache-path /Users/admin/builder/spi-builder-workspace/.derivedData/SDKExplicitPrecompiledModules -emit-dependencies -emit-module -emit-module-path /Users/admin/builder/spi-builder-workspace/.derivedData/Build/Intermediates.noindex/CryptoSwift.build/Debug-iphoneos/CryptoSwift-t.build/Objects-normal/arm64/CryptoSwift.swiftmodule -serialize-diagnostics -dependency-scan-serialize-diagnostics-path /Users/admin/builder/spi-builder-workspace/.derivedData/Build/Intermediates.noindex/CryptoSwift.build/Debug-iphoneos/CryptoSwift-t.build/Objects-normal/arm64/CryptoSwift-dependency-scan.dia -validate-clang-modules-once -clang-build-session-file /Users/admin/builder/spi-builder-workspace/.derivedData/ModuleCache.noindex/Session.modulevalidation -Xcc -fmodules-prune-interval\=86400 -Xcc -fmodules-prune-after\=345600 -emit-const-values -const-gather-protocols-list /Users/admin/builder/spi-builder-workspace/.derivedData/Build/Intermediates.noindex/CryptoSwift.build/Debug-iphoneos/CryptoSwift-t.build/Objects-normal/arm64/CryptoSwift_const_extract_protocols.json -Xcc -I/Users/admin/builder/spi-builder-workspace/.derivedData/Build/Products/Debug-iphoneos/include -Xcc -I/Users/admin/builder/spi-builder-workspace/.derivedData/Build/Intermediates.noindex/CryptoSwift.build/Debug-iphoneos/CryptoSwift-t.build/DerivedSources-normal/arm64 -Xcc -I/Users/admin/builder/spi-builder-workspace/.derivedData/Build/Intermediates.noindex/CryptoSwift.build/Debug-iphoneos/CryptoSwift-t.build/DerivedSources/arm64 -Xcc -I/Users/admin/builder/spi-builder-workspace/.derivedData/Build/Intermediates.noindex/CryptoSwift.build/Debug-iphoneos/CryptoSwift-t.build/DerivedSources -Xcc -DSWIFT_PACKAGE -Xcc -DDEBUG\=1 -emit-objc-header -emit-objc-header-path /Users/admin/builder/spi-builder-workspace/.derivedData/Build/Intermediates.noindex/CryptoSwift.build/Debug-iphoneos/CryptoSwift-t.build/Objects-normal/arm64/CryptoSwift-Swift.h -working-directory /Users/admin/builder/spi-builder-workspace/.swiftpm/xcode -experimental-emit-module-separately -disable-cmo
SwiftDriverJobDiscovery normal arm64 Compiling Empty.swift (in target 'CryptoSwiftResources' from project 'CryptoSwift')
SwiftCompile normal arm64 Compiling\ Codable.swift,\ Comparable.swift,\ DataConversion.swift,\ Division.swift,\ Exponentiation.swift,\ FloatingPointConversion.swift,\ GCD.swift,\ Hashable.swift,\ IntegerConversion.swift,\ Multiplication.swift,\ PrimeTest.swift /Users/admin/builder/spi-builder-workspace/.dependencies/checkouts/CryptoSwift/Sources/CryptoSwift/CS_BigInt/Codable.swift /Users/admin/builder/spi-builder-workspace/.dependencies/checkouts/CryptoSwift/Sources/CryptoSwift/CS_BigInt/Comparable.swift /Users/admin/builder/spi-builder-workspace/.dependencies/checkouts/CryptoSwift/Sources/CryptoSwift/CS_BigInt/DataConversion.swift /Users/admin/builder/spi-builder-workspace/.dependencies/checkouts/CryptoSwift/Sources/CryptoSwift/CS_BigInt/Division.swift /Users/admin/builder/spi-builder-workspace/.dependencies/checkouts/CryptoSwift/Sources/CryptoSwift/CS_BigInt/Exponentiation.swift /Users/admin/builder/spi-builder-workspace/.dependencies/checkouts/CryptoSwift/Sources/CryptoSwift/CS_BigInt/FloatingPointConversion.swift /Users/admin/builder/spi-builder-workspace/.dependencies/checkouts/CryptoSwift/Sources/CryptoSwift/CS_BigInt/GCD.swift /Users/admin/builder/spi-builder-workspace/.dependencies/checkouts/CryptoSwift/Sources/CryptoSwift/CS_BigInt/Hashable.swift /Users/admin/builder/spi-builder-workspace/.dependencies/checkouts/CryptoSwift/Sources/CryptoSwift/CS_BigInt/IntegerConversion.swift /Users/admin/builder/spi-builder-workspace/.dependencies/checkouts/CryptoSwift/Sources/CryptoSwift/CS_BigInt/Multiplication.swift /Users/admin/builder/spi-builder-workspace/.dependencies/checkouts/CryptoSwift/Sources/CryptoSwift/CS_BigInt/PrimeTest.swift (in target 'CryptoSwift' from project 'CryptoSwift')
SwiftCompile normal arm64 /Users/admin/builder/spi-builder-workspace/.dependencies/checkouts/CryptoSwift/Sources/CryptoSwift/CS_BigInt/Codable.swift (in target 'CryptoSwift' from project 'CryptoSwift')
cd /Users/admin/builder/spi-builder-workspace/.swiftpm/xcode
builtin-SwiftPerFileCompile Codable.swift
SwiftCompile normal arm64 /Users/admin/builder/spi-builder-workspace/.dependencies/checkouts/CryptoSwift/Sources/CryptoSwift/CS_BigInt/Comparable.swift (in target 'CryptoSwift' from project 'CryptoSwift')
cd /Users/admin/builder/spi-builder-workspace/.swiftpm/xcode
builtin-SwiftPerFileCompile Comparable.swift
SwiftCompile normal arm64 /Users/admin/builder/spi-builder-workspace/.dependencies/checkouts/CryptoSwift/Sources/CryptoSwift/CS_BigInt/DataConversion.swift (in target 'CryptoSwift' from project 'CryptoSwift')
cd /Users/admin/builder/spi-builder-workspace/.swiftpm/xcode
builtin-SwiftPerFileCompile DataConversion.swift
SwiftCompile normal arm64 /Users/admin/builder/spi-builder-workspace/.dependencies/checkouts/CryptoSwift/Sources/CryptoSwift/CS_BigInt/Division.swift (in target 'CryptoSwift' from project 'CryptoSwift')
cd /Users/admin/builder/spi-builder-workspace/.swiftpm/xcode
builtin-SwiftPerFileCompile Division.swift
SwiftCompile normal arm64 /Users/admin/builder/spi-builder-workspace/.dependencies/checkouts/CryptoSwift/Sources/CryptoSwift/CS_BigInt/Exponentiation.swift (in target 'CryptoSwift' from project 'CryptoSwift')
cd /Users/admin/builder/spi-builder-workspace/.swiftpm/xcode
builtin-SwiftPerFileCompile Exponentiation.swift
SwiftCompile normal arm64 /Users/admin/builder/spi-builder-workspace/.dependencies/checkouts/CryptoSwift/Sources/CryptoSwift/CS_BigInt/FloatingPointConversion.swift (in target 'CryptoSwift' from project 'CryptoSwift')
cd /Users/admin/builder/spi-builder-workspace/.swiftpm/xcode
builtin-SwiftPerFileCompile FloatingPointConversion.swift
SwiftCompile normal arm64 /Users/admin/builder/spi-builder-workspace/.dependencies/checkouts/CryptoSwift/Sources/CryptoSwift/CS_BigInt/GCD.swift (in target 'CryptoSwift' from project 'CryptoSwift')
cd /Users/admin/builder/spi-builder-workspace/.swiftpm/xcode
builtin-SwiftPerFileCompile GCD.swift
SwiftCompile normal arm64 /Users/admin/builder/spi-builder-workspace/.dependencies/checkouts/CryptoSwift/Sources/CryptoSwift/CS_BigInt/Hashable.swift (in target 'CryptoSwift' from project 'CryptoSwift')
cd /Users/admin/builder/spi-builder-workspace/.swiftpm/xcode
builtin-SwiftPerFileCompile Hashable.swift
SwiftCompile normal arm64 /Users/admin/builder/spi-builder-workspace/.dependencies/checkouts/CryptoSwift/Sources/CryptoSwift/CS_BigInt/IntegerConversion.swift (in target 'CryptoSwift' from project 'CryptoSwift')
cd /Users/admin/builder/spi-builder-workspace/.swiftpm/xcode
builtin-SwiftPerFileCompile IntegerConversion.swift
SwiftCompile normal arm64 /Users/admin/builder/spi-builder-workspace/.dependencies/checkouts/CryptoSwift/Sources/CryptoSwift/CS_BigInt/Multiplication.swift (in target 'CryptoSwift' from project 'CryptoSwift')
cd /Users/admin/builder/spi-builder-workspace/.swiftpm/xcode
builtin-SwiftPerFileCompile Multiplication.swift
SwiftCompile normal arm64 /Users/admin/builder/spi-builder-workspace/.dependencies/checkouts/CryptoSwift/Sources/CryptoSwift/CS_BigInt/PrimeTest.swift (in target 'CryptoSwift' from project 'CryptoSwift')
cd /Users/admin/builder/spi-builder-workspace/.swiftpm/xcode
builtin-SwiftPerFileCompile PrimeTest.swift
SwiftCompile normal arm64 Compiling\ AEAD.swift,\ AEADChaCha20Poly1305.swift,\ AEADXChaCha20Poly1305.swift,\ AES.Cryptors.swift,\ AES.swift,\ ASN1.swift,\ ASN1Decoder.swift,\ ASN1Encoder.swift,\ ASN1Scanner.swift,\ Array+Extension.swift,\ Authenticator.swift,\ BatchedCollection.swift /Users/admin/builder/spi-builder-workspace/.dependencies/checkouts/CryptoSwift/Sources/CryptoSwift/AEAD/AEAD.swift /Users/admin/builder/spi-builder-workspace/.dependencies/checkouts/CryptoSwift/Sources/CryptoSwift/AEAD/AEADChaCha20Poly1305.swift /Users/admin/builder/spi-builder-workspace/.dependencies/checkouts/CryptoSwift/Sources/CryptoSwift/AEAD/AEADXChaCha20Poly1305.swift /Users/admin/builder/spi-builder-workspace/.dependencies/checkouts/CryptoSwift/Sources/CryptoSwift/AES.Cryptors.swift /Users/admin/builder/spi-builder-workspace/.dependencies/checkouts/CryptoSwift/Sources/CryptoSwift/AES.swift /Users/admin/builder/spi-builder-workspace/.dependencies/checkouts/CryptoSwift/Sources/CryptoSwift/ASN1/ASN1.swift /Users/admin/builder/spi-builder-workspace/.dependencies/checkouts/CryptoSwift/Sources/CryptoSwift/ASN1/ASN1Decoder.swift /Users/admin/builder/spi-builder-workspace/.dependencies/checkouts/CryptoSwift/Sources/CryptoSwift/ASN1/ASN1Encoder.swift /Users/admin/builder/spi-builder-workspace/.dependencies/checkouts/CryptoSwift/Sources/CryptoSwift/ASN1/ASN1Scanner.swift /Users/admin/builder/spi-builder-workspace/.dependencies/checkouts/CryptoSwift/Sources/CryptoSwift/Array+Extension.swift /Users/admin/builder/spi-builder-workspace/.dependencies/checkouts/CryptoSwift/Sources/CryptoSwift/Authenticator.swift /Users/admin/builder/spi-builder-workspace/.dependencies/checkouts/CryptoSwift/Sources/CryptoSwift/BatchedCollection.swift (in target 'CryptoSwift' from project 'CryptoSwift')
SwiftCompile normal arm64 /Users/admin/builder/spi-builder-workspace/.dependencies/checkouts/CryptoSwift/Sources/CryptoSwift/AEAD/AEAD.swift (in target 'CryptoSwift' from project 'CryptoSwift')
cd /Users/admin/builder/spi-builder-workspace/.swiftpm/xcode
builtin-SwiftPerFileCompile AEAD.swift
SwiftCompile normal arm64 /Users/admin/builder/spi-builder-workspace/.dependencies/checkouts/CryptoSwift/Sources/CryptoSwift/AEAD/AEADChaCha20Poly1305.swift (in target 'CryptoSwift' from project 'CryptoSwift')
cd /Users/admin/builder/spi-builder-workspace/.swiftpm/xcode
builtin-SwiftPerFileCompile AEADChaCha20Poly1305.swift
SwiftCompile normal arm64 /Users/admin/builder/spi-builder-workspace/.dependencies/checkouts/CryptoSwift/Sources/CryptoSwift/AEAD/AEADXChaCha20Poly1305.swift (in target 'CryptoSwift' from project 'CryptoSwift')
cd /Users/admin/builder/spi-builder-workspace/.swiftpm/xcode
builtin-SwiftPerFileCompile AEADXChaCha20Poly1305.swift
SwiftCompile normal arm64 /Users/admin/builder/spi-builder-workspace/.dependencies/checkouts/CryptoSwift/Sources/CryptoSwift/AES.Cryptors.swift (in target 'CryptoSwift' from project 'CryptoSwift')
cd /Users/admin/builder/spi-builder-workspace/.swiftpm/xcode
builtin-SwiftPerFileCompile AES.Cryptors.swift
SwiftCompile normal arm64 /Users/admin/builder/spi-builder-workspace/.dependencies/checkouts/CryptoSwift/Sources/CryptoSwift/AES.swift (in target 'CryptoSwift' from project 'CryptoSwift')
cd /Users/admin/builder/spi-builder-workspace/.swiftpm/xcode
builtin-SwiftPerFileCompile AES.swift
SwiftCompile normal arm64 /Users/admin/builder/spi-builder-workspace/.dependencies/checkouts/CryptoSwift/Sources/CryptoSwift/ASN1/ASN1.swift (in target 'CryptoSwift' from project 'CryptoSwift')
cd /Users/admin/builder/spi-builder-workspace/.swiftpm/xcode
builtin-SwiftPerFileCompile ASN1.swift
SwiftCompile normal arm64 /Users/admin/builder/spi-builder-workspace/.dependencies/checkouts/CryptoSwift/Sources/CryptoSwift/ASN1/ASN1Decoder.swift (in target 'CryptoSwift' from project 'CryptoSwift')
cd /Users/admin/builder/spi-builder-workspace/.swiftpm/xcode
builtin-SwiftPerFileCompile ASN1Decoder.swift
SwiftCompile normal arm64 /Users/admin/builder/spi-builder-workspace/.dependencies/checkouts/CryptoSwift/Sources/CryptoSwift/ASN1/ASN1Encoder.swift (in target 'CryptoSwift' from project 'CryptoSwift')
cd /Users/admin/builder/spi-builder-workspace/.swiftpm/xcode
builtin-SwiftPerFileCompile ASN1Encoder.swift
SwiftCompile normal arm64 /Users/admin/builder/spi-builder-workspace/.dependencies/checkouts/CryptoSwift/Sources/CryptoSwift/ASN1/ASN1Scanner.swift (in target 'CryptoSwift' from project 'CryptoSwift')
cd /Users/admin/builder/spi-builder-workspace/.swiftpm/xcode
builtin-SwiftPerFileCompile ASN1Scanner.swift
SwiftCompile normal arm64 /Users/admin/builder/spi-builder-workspace/.dependencies/checkouts/CryptoSwift/Sources/CryptoSwift/Array+Extension.swift (in target 'CryptoSwift' from project 'CryptoSwift')
cd /Users/admin/builder/spi-builder-workspace/.swiftpm/xcode
builtin-SwiftPerFileCompile Array+Extension.swift
SwiftCompile normal arm64 /Users/admin/builder/spi-builder-workspace/.dependencies/checkouts/CryptoSwift/Sources/CryptoSwift/Authenticator.swift (in target 'CryptoSwift' from project 'CryptoSwift')
cd /Users/admin/builder/spi-builder-workspace/.swiftpm/xcode
builtin-SwiftPerFileCompile Authenticator.swift
SwiftCompile normal arm64 /Users/admin/builder/spi-builder-workspace/.dependencies/checkouts/CryptoSwift/Sources/CryptoSwift/BatchedCollection.swift (in target 'CryptoSwift' from project 'CryptoSwift')
cd /Users/admin/builder/spi-builder-workspace/.swiftpm/xcode
builtin-SwiftPerFileCompile BatchedCollection.swift
SwiftCompile normal arm64 Compiling\ GCM.swift,\ OCB.swift,\ OFB.swift,\ PCBC.swift,\ Blowfish.swift,\ CBCMAC.swift,\ CMAC.swift,\ Addition.swift,\ BigInt.swift,\ BigUInt.swift,\ BitwiseOps.swift,\ CS.swift /Users/admin/builder/spi-builder-workspace/.dependencies/checkouts/CryptoSwift/Sources/CryptoSwift/BlockMode/GCM.swift /Users/admin/builder/spi-builder-workspace/.dependencies/checkouts/CryptoSwift/Sources/CryptoSwift/BlockMode/OCB.swift /Users/admin/builder/spi-builder-workspace/.dependencies/checkouts/CryptoSwift/Sources/CryptoSwift/BlockMode/OFB.swift /Users/admin/builder/spi-builder-workspace/.dependencies/checkouts/CryptoSwift/Sources/CryptoSwift/BlockMode/PCBC.swift /Users/admin/builder/spi-builder-workspace/.dependencies/checkouts/CryptoSwift/Sources/CryptoSwift/Blowfish.swift /Users/admin/builder/spi-builder-workspace/.dependencies/checkouts/CryptoSwift/Sources/CryptoSwift/CBCMAC.swift /Users/admin/builder/spi-builder-workspace/.dependencies/checkouts/CryptoSwift/Sources/CryptoSwift/CMAC.swift /Users/admin/builder/spi-builder-workspace/.dependencies/checkouts/CryptoSwift/Sources/CryptoSwift/CS_BigInt/Addition.swift /Users/admin/builder/spi-builder-workspace/.dependencies/checkouts/CryptoSwift/Sources/CryptoSwift/CS_BigInt/BigInt.swift /Users/admin/builder/spi-builder-workspace/.dependencies/checkouts/CryptoSwift/Sources/CryptoSwift/CS_BigInt/BigUInt.swift /Users/admin/builder/spi-builder-workspace/.dependencies/checkouts/CryptoSwift/Sources/CryptoSwift/CS_BigInt/BitwiseOps.swift /Users/admin/builder/spi-builder-workspace/.dependencies/checkouts/CryptoSwift/Sources/CryptoSwift/CS_BigInt/CS.swift (in target 'CryptoSwift' from project 'CryptoSwift')
SwiftCompile normal arm64 /Users/admin/builder/spi-builder-workspace/.dependencies/checkouts/CryptoSwift/Sources/CryptoSwift/BlockMode/GCM.swift (in target 'CryptoSwift' from project 'CryptoSwift')
cd /Users/admin/builder/spi-builder-workspace/.swiftpm/xcode
builtin-SwiftPerFileCompile GCM.swift
SwiftCompile normal arm64 /Users/admin/builder/spi-builder-workspace/.dependencies/checkouts/CryptoSwift/Sources/CryptoSwift/BlockMode/OCB.swift (in target 'CryptoSwift' from project 'CryptoSwift')
cd /Users/admin/builder/spi-builder-workspace/.swiftpm/xcode
builtin-SwiftPerFileCompile OCB.swift
SwiftCompile normal arm64 /Users/admin/builder/spi-builder-workspace/.dependencies/checkouts/CryptoSwift/Sources/CryptoSwift/BlockMode/OFB.swift (in target 'CryptoSwift' from project 'CryptoSwift')
cd /Users/admin/builder/spi-builder-workspace/.swiftpm/xcode
builtin-SwiftPerFileCompile OFB.swift
SwiftCompile normal arm64 /Users/admin/builder/spi-builder-workspace/.dependencies/checkouts/CryptoSwift/Sources/CryptoSwift/BlockMode/PCBC.swift (in target 'CryptoSwift' from project 'CryptoSwift')
cd /Users/admin/builder/spi-builder-workspace/.swiftpm/xcode
builtin-SwiftPerFileCompile PCBC.swift
SwiftCompile normal arm64 /Users/admin/builder/spi-builder-workspace/.dependencies/checkouts/CryptoSwift/Sources/CryptoSwift/Blowfish.swift (in target 'CryptoSwift' from project 'CryptoSwift')
cd /Users/admin/builder/spi-builder-workspace/.swiftpm/xcode
builtin-SwiftPerFileCompile Blowfish.swift
SwiftCompile normal arm64 /Users/admin/builder/spi-builder-workspace/.dependencies/checkouts/CryptoSwift/Sources/CryptoSwift/CBCMAC.swift (in target 'CryptoSwift' from project 'CryptoSwift')
cd /Users/admin/builder/spi-builder-workspace/.swiftpm/xcode
builtin-SwiftPerFileCompile CBCMAC.swift
SwiftCompile normal arm64 /Users/admin/builder/spi-builder-workspace/.dependencies/checkouts/CryptoSwift/Sources/CryptoSwift/CMAC.swift (in target 'CryptoSwift' from project 'CryptoSwift')
cd /Users/admin/builder/spi-builder-workspace/.swiftpm/xcode
builtin-SwiftPerFileCompile CMAC.swift
SwiftCompile normal arm64 /Users/admin/builder/spi-builder-workspace/.dependencies/checkouts/CryptoSwift/Sources/CryptoSwift/CS_BigInt/Addition.swift (in target 'CryptoSwift' from project 'CryptoSwift')
cd /Users/admin/builder/spi-builder-workspace/.swiftpm/xcode
builtin-SwiftPerFileCompile Addition.swift
SwiftCompile normal arm64 /Users/admin/builder/spi-builder-workspace/.dependencies/checkouts/CryptoSwift/Sources/CryptoSwift/CS_BigInt/BigInt.swift (in target 'CryptoSwift' from project 'CryptoSwift')
cd /Users/admin/builder/spi-builder-workspace/.swiftpm/xcode
builtin-SwiftPerFileCompile BigInt.swift
SwiftCompile normal arm64 /Users/admin/builder/spi-builder-workspace/.dependencies/checkouts/CryptoSwift/Sources/CryptoSwift/CS_BigInt/BigUInt.swift (in target 'CryptoSwift' from project 'CryptoSwift')
cd /Users/admin/builder/spi-builder-workspace/.swiftpm/xcode
builtin-SwiftPerFileCompile BigUInt.swift
SwiftCompile normal arm64 /Users/admin/builder/spi-builder-workspace/.dependencies/checkouts/CryptoSwift/Sources/CryptoSwift/CS_BigInt/BitwiseOps.swift (in target 'CryptoSwift' from project 'CryptoSwift')
cd /Users/admin/builder/spi-builder-workspace/.swiftpm/xcode
builtin-SwiftPerFileCompile BitwiseOps.swift
SwiftCompile normal arm64 /Users/admin/builder/spi-builder-workspace/.dependencies/checkouts/CryptoSwift/Sources/CryptoSwift/CS_BigInt/CS.swift (in target 'CryptoSwift' from project 'CryptoSwift')
cd /Users/admin/builder/spi-builder-workspace/.swiftpm/xcode
builtin-SwiftPerFileCompile CS.swift
SwiftCompile normal arm64 Compiling\ Random.swift,\ Shifts.swift,\ SquareRoot.swift,\ Strideable.swift,\ StringConversion.swift,\ Subtraction.swift,\ WordsAndBits.swift,\ ChaCha20.swift,\ Checksum.swift,\ Cipher.swift,\ Collection+Extension.swift /Users/admin/builder/spi-builder-workspace/.dependencies/checkouts/CryptoSwift/Sources/CryptoSwift/CS_BigInt/Random.swift /Users/admin/builder/spi-builder-workspace/.dependencies/checkouts/CryptoSwift/Sources/CryptoSwift/CS_BigInt/Shifts.swift /Users/admin/builder/spi-builder-workspace/.dependencies/checkouts/CryptoSwift/Sources/CryptoSwift/CS_BigInt/SquareRoot.swift /Users/admin/builder/spi-builder-workspace/.dependencies/checkouts/CryptoSwift/Sources/CryptoSwift/CS_BigInt/Strideable.swift /Users/admin/builder/spi-builder-workspace/.dependencies/checkouts/CryptoSwift/Sources/CryptoSwift/CS_BigInt/StringConversion.swift /Users/admin/builder/spi-builder-workspace/.dependencies/checkouts/CryptoSwift/Sources/CryptoSwift/CS_BigInt/Subtraction.swift /Users/admin/builder/spi-builder-workspace/.dependencies/checkouts/CryptoSwift/Sources/CryptoSwift/CS_BigInt/WordsAndBits.swift /Users/admin/builder/spi-builder-workspace/.dependencies/checkouts/CryptoSwift/Sources/CryptoSwift/ChaCha20.swift /Users/admin/builder/spi-builder-workspace/.dependencies/checkouts/CryptoSwift/Sources/CryptoSwift/Checksum.swift /Users/admin/builder/spi-builder-workspace/.dependencies/checkouts/CryptoSwift/Sources/CryptoSwift/Cipher.swift /Users/admin/builder/spi-builder-workspace/.dependencies/checkouts/CryptoSwift/Sources/CryptoSwift/Collection+Extension.swift (in target 'CryptoSwift' from project 'CryptoSwift')
SwiftCompile normal arm64 /Users/admin/builder/spi-builder-workspace/.dependencies/checkouts/CryptoSwift/Sources/CryptoSwift/CS_BigInt/Random.swift (in target 'CryptoSwift' from project 'CryptoSwift')
cd /Users/admin/builder/spi-builder-workspace/.swiftpm/xcode
builtin-SwiftPerFileCompile Random.swift
SwiftCompile normal arm64 /Users/admin/builder/spi-builder-workspace/.dependencies/checkouts/CryptoSwift/Sources/CryptoSwift/CS_BigInt/Shifts.swift (in target 'CryptoSwift' from project 'CryptoSwift')
cd /Users/admin/builder/spi-builder-workspace/.swiftpm/xcode
builtin-SwiftPerFileCompile Shifts.swift
SwiftCompile normal arm64 /Users/admin/builder/spi-builder-workspace/.dependencies/checkouts/CryptoSwift/Sources/CryptoSwift/CS_BigInt/SquareRoot.swift (in target 'CryptoSwift' from project 'CryptoSwift')
cd /Users/admin/builder/spi-builder-workspace/.swiftpm/xcode
builtin-SwiftPerFileCompile SquareRoot.swift
SwiftCompile normal arm64 /Users/admin/builder/spi-builder-workspace/.dependencies/checkouts/CryptoSwift/Sources/CryptoSwift/CS_BigInt/Strideable.swift (in target 'CryptoSwift' from project 'CryptoSwift')
cd /Users/admin/builder/spi-builder-workspace/.swiftpm/xcode
builtin-SwiftPerFileCompile Strideable.swift
SwiftCompile normal arm64 /Users/admin/builder/spi-builder-workspace/.dependencies/checkouts/CryptoSwift/Sources/CryptoSwift/CS_BigInt/StringConversion.swift (in target 'CryptoSwift' from project 'CryptoSwift')
cd /Users/admin/builder/spi-builder-workspace/.swiftpm/xcode
builtin-SwiftPerFileCompile StringConversion.swift
SwiftCompile normal arm64 /Users/admin/builder/spi-builder-workspace/.dependencies/checkouts/CryptoSwift/Sources/CryptoSwift/CS_BigInt/Subtraction.swift (in target 'CryptoSwift' from project 'CryptoSwift')
cd /Users/admin/builder/spi-builder-workspace/.swiftpm/xcode
builtin-SwiftPerFileCompile Subtraction.swift
SwiftCompile normal arm64 /Users/admin/builder/spi-builder-workspace/.dependencies/checkouts/CryptoSwift/Sources/CryptoSwift/CS_BigInt/WordsAndBits.swift (in target 'CryptoSwift' from project 'CryptoSwift')
cd /Users/admin/builder/spi-builder-workspace/.swiftpm/xcode
builtin-SwiftPerFileCompile WordsAndBits.swift
SwiftCompile normal arm64 /Users/admin/builder/spi-builder-workspace/.dependencies/checkouts/CryptoSwift/Sources/CryptoSwift/ChaCha20.swift (in target 'CryptoSwift' from project 'CryptoSwift')
cd /Users/admin/builder/spi-builder-workspace/.swiftpm/xcode
builtin-SwiftPerFileCompile ChaCha20.swift
SwiftCompile normal arm64 /Users/admin/builder/spi-builder-workspace/.dependencies/checkouts/CryptoSwift/Sources/CryptoSwift/Checksum.swift (in target 'CryptoSwift' from project 'CryptoSwift')
cd /Users/admin/builder/spi-builder-workspace/.swiftpm/xcode
builtin-SwiftPerFileCompile Checksum.swift
SwiftCompile normal arm64 /Users/admin/builder/spi-builder-workspace/.dependencies/checkouts/CryptoSwift/Sources/CryptoSwift/Cipher.swift (in target 'CryptoSwift' from project 'CryptoSwift')
cd /Users/admin/builder/spi-builder-workspace/.swiftpm/xcode
builtin-SwiftPerFileCompile Cipher.swift
SwiftCompile normal arm64 /Users/admin/builder/spi-builder-workspace/.dependencies/checkouts/CryptoSwift/Sources/CryptoSwift/Collection+Extension.swift (in target 'CryptoSwift' from project 'CryptoSwift')
cd /Users/admin/builder/spi-builder-workspace/.swiftpm/xcode
builtin-SwiftPerFileCompile Collection+Extension.swift
SwiftCompile normal arm64 Compiling\ NoPadding.swift,\ Operators.swift,\ DER.swift,\ PBKDF1.swift,\ PBKDF2.swift,\ PKCS1v15.swift,\ PKCS5.swift,\ PKCS7.swift,\ PKCS7Padding.swift,\ Padding.swift,\ Poly1305.swift /Users/admin/builder/spi-builder-workspace/.dependencies/checkouts/CryptoSwift/Sources/CryptoSwift/NoPadding.swift /Users/admin/builder/spi-builder-workspace/.dependencies/checkouts/CryptoSwift/Sources/CryptoSwift/Operators.swift /Users/admin/builder/spi-builder-workspace/.dependencies/checkouts/CryptoSwift/Sources/CryptoSwift/PEM/DER.swift /Users/admin/builder/spi-builder-workspace/.dependencies/checkouts/CryptoSwift/Sources/CryptoSwift/PKCS/PBKDF1.swift /Users/admin/builder/spi-builder-workspace/.dependencies/checkouts/CryptoSwift/Sources/CryptoSwift/PKCS/PBKDF2.swift /Users/admin/builder/spi-builder-workspace/.dependencies/checkouts/CryptoSwift/Sources/CryptoSwift/PKCS/PKCS1v15.swift /Users/admin/builder/spi-builder-workspace/.dependencies/checkouts/CryptoSwift/Sources/CryptoSwift/PKCS/PKCS5.swift /Users/admin/builder/spi-builder-workspace/.dependencies/checkouts/CryptoSwift/Sources/CryptoSwift/PKCS/PKCS7.swift /Users/admin/builder/spi-builder-workspace/.dependencies/checkouts/CryptoSwift/Sources/CryptoSwift/PKCS/PKCS7Padding.swift /Users/admin/builder/spi-builder-workspace/.dependencies/checkouts/CryptoSwift/Sources/CryptoSwift/Padding.swift /Users/admin/builder/spi-builder-workspace/.dependencies/checkouts/CryptoSwift/Sources/CryptoSwift/Poly1305.swift (in target 'CryptoSwift' from project 'CryptoSwift')
SwiftCompile normal arm64 /Users/admin/builder/spi-builder-workspace/.dependencies/checkouts/CryptoSwift/Sources/CryptoSwift/NoPadding.swift (in target 'CryptoSwift' from project 'CryptoSwift')
cd /Users/admin/builder/spi-builder-workspace/.swiftpm/xcode
builtin-SwiftPerFileCompile NoPadding.swift
SwiftCompile normal arm64 /Users/admin/builder/spi-builder-workspace/.dependencies/checkouts/CryptoSwift/Sources/CryptoSwift/Operators.swift (in target 'CryptoSwift' from project 'CryptoSwift')
cd /Users/admin/builder/spi-builder-workspace/.swiftpm/xcode
builtin-SwiftPerFileCompile Operators.swift
SwiftCompile normal arm64 /Users/admin/builder/spi-builder-workspace/.dependencies/checkouts/CryptoSwift/Sources/CryptoSwift/PEM/DER.swift (in target 'CryptoSwift' from project 'CryptoSwift')
cd /Users/admin/builder/spi-builder-workspace/.swiftpm/xcode
builtin-SwiftPerFileCompile DER.swift
SwiftCompile normal arm64 /Users/admin/builder/spi-builder-workspace/.dependencies/checkouts/CryptoSwift/Sources/CryptoSwift/PKCS/PBKDF1.swift (in target 'CryptoSwift' from project 'CryptoSwift')
cd /Users/admin/builder/spi-builder-workspace/.swiftpm/xcode
builtin-SwiftPerFileCompile PBKDF1.swift
SwiftCompile normal arm64 /Users/admin/builder/spi-builder-workspace/.dependencies/checkouts/CryptoSwift/Sources/CryptoSwift/PKCS/PBKDF2.swift (in target 'CryptoSwift' from project 'CryptoSwift')
cd /Users/admin/builder/spi-builder-workspace/.swiftpm/xcode
builtin-SwiftPerFileCompile PBKDF2.swift
SwiftCompile normal arm64 /Users/admin/builder/spi-builder-workspace/.dependencies/checkouts/CryptoSwift/Sources/CryptoSwift/PKCS/PKCS1v15.swift (in target 'CryptoSwift' from project 'CryptoSwift')
cd /Users/admin/builder/spi-builder-workspace/.swiftpm/xcode
builtin-SwiftPerFileCompile PKCS1v15.swift
SwiftCompile normal arm64 /Users/admin/builder/spi-builder-workspace/.dependencies/checkouts/CryptoSwift/Sources/CryptoSwift/PKCS/PKCS5.swift (in target 'CryptoSwift' from project 'CryptoSwift')
cd /Users/admin/builder/spi-builder-workspace/.swiftpm/xcode
builtin-SwiftPerFileCompile PKCS5.swift
SwiftCompile normal arm64 /Users/admin/builder/spi-builder-workspace/.dependencies/checkouts/CryptoSwift/Sources/CryptoSwift/PKCS/PKCS7.swift (in target 'CryptoSwift' from project 'CryptoSwift')
cd /Users/admin/builder/spi-builder-workspace/.swiftpm/xcode
builtin-SwiftPerFileCompile PKCS7.swift
SwiftCompile normal arm64 /Users/admin/builder/spi-builder-workspace/.dependencies/checkouts/CryptoSwift/Sources/CryptoSwift/PKCS/PKCS7Padding.swift (in target 'CryptoSwift' from project 'CryptoSwift')
cd /Users/admin/builder/spi-builder-workspace/.swiftpm/xcode
builtin-SwiftPerFileCompile PKCS7Padding.swift
SwiftCompile normal arm64 /Users/admin/builder/spi-builder-workspace/.dependencies/checkouts/CryptoSwift/Sources/CryptoSwift/Padding.swift (in target 'CryptoSwift' from project 'CryptoSwift')
cd /Users/admin/builder/spi-builder-workspace/.swiftpm/xcode
builtin-SwiftPerFileCompile Padding.swift
SwiftCompile normal arm64 /Users/admin/builder/spi-builder-workspace/.dependencies/checkouts/CryptoSwift/Sources/CryptoSwift/Poly1305.swift (in target 'CryptoSwift' from project 'CryptoSwift')
cd /Users/admin/builder/spi-builder-workspace/.swiftpm/xcode
builtin-SwiftPerFileCompile Poly1305.swift
SwiftCompile normal arm64 Compiling\ CompactMap.swift,\ Cryptor.swift,\ Cryptors.swift,\ Digest.swift,\ DigestType.swift,\ AES+Foundation.swift,\ Array+Foundation.swift,\ Blowfish+Foundation.swift,\ ChaCha20+Foundation.swift,\ Data+Extension.swift,\ HMAC+Foundation.swift /Users/admin/builder/spi-builder-workspace/.dependencies/checkouts/CryptoSwift/Sources/CryptoSwift/CompactMap.swift /Users/admin/builder/spi-builder-workspace/.dependencies/checkouts/CryptoSwift/Sources/CryptoSwift/Cryptor.swift /Users/admin/builder/spi-builder-workspace/.dependencies/checkouts/CryptoSwift/Sources/CryptoSwift/Cryptors.swift /Users/admin/builder/spi-builder-workspace/.dependencies/checkouts/CryptoSwift/Sources/CryptoSwift/Digest.swift /Users/admin/builder/spi-builder-workspace/.dependencies/checkouts/CryptoSwift/Sources/CryptoSwift/DigestType.swift /Users/admin/builder/spi-builder-workspace/.dependencies/checkouts/CryptoSwift/Sources/CryptoSwift/Foundation/AES+Foundation.swift /Users/admin/builder/spi-builder-workspace/.dependencies/checkouts/CryptoSwift/Sources/CryptoSwift/Foundation/Array+Foundation.swift /Users/admin/builder/spi-builder-workspace/.dependencies/checkouts/CryptoSwift/Sources/CryptoSwift/Foundation/Blowfish+Foundation.swift /Users/admin/builder/spi-builder-workspace/.dependencies/checkouts/CryptoSwift/Sources/CryptoSwift/Foundation/ChaCha20+Foundation.swift /Users/admin/builder/spi-builder-workspace/.dependencies/checkouts/CryptoSwift/Sources/CryptoSwift/Foundation/Data+Extension.swift /Users/admin/builder/spi-builder-workspace/.dependencies/checkouts/CryptoSwift/Sources/CryptoSwift/Foundation/HMAC+Foundation.swift (in target 'CryptoSwift' from project 'CryptoSwift')
SwiftCompile normal arm64 /Users/admin/builder/spi-builder-workspace/.dependencies/checkouts/CryptoSwift/Sources/CryptoSwift/CompactMap.swift (in target 'CryptoSwift' from project 'CryptoSwift')
cd /Users/admin/builder/spi-builder-workspace/.swiftpm/xcode
builtin-SwiftPerFileCompile CompactMap.swift
SwiftCompile normal arm64 /Users/admin/builder/spi-builder-workspace/.dependencies/checkouts/CryptoSwift/Sources/CryptoSwift/Cryptor.swift (in target 'CryptoSwift' from project 'CryptoSwift')
cd /Users/admin/builder/spi-builder-workspace/.swiftpm/xcode
builtin-SwiftPerFileCompile Cryptor.swift
SwiftCompile normal arm64 /Users/admin/builder/spi-builder-workspace/.dependencies/checkouts/CryptoSwift/Sources/CryptoSwift/Cryptors.swift (in target 'CryptoSwift' from project 'CryptoSwift')
cd /Users/admin/builder/spi-builder-workspace/.swiftpm/xcode
builtin-SwiftPerFileCompile Cryptors.swift
SwiftCompile normal arm64 /Users/admin/builder/spi-builder-workspace/.dependencies/checkouts/CryptoSwift/Sources/CryptoSwift/Digest.swift (in target 'CryptoSwift' from project 'CryptoSwift')
cd /Users/admin/builder/spi-builder-workspace/.swiftpm/xcode
builtin-SwiftPerFileCompile Digest.swift
SwiftCompile normal arm64 /Users/admin/builder/spi-builder-workspace/.dependencies/checkouts/CryptoSwift/Sources/CryptoSwift/DigestType.swift (in target 'CryptoSwift' from project 'CryptoSwift')
cd /Users/admin/builder/spi-builder-workspace/.swiftpm/xcode
builtin-SwiftPerFileCompile DigestType.swift
SwiftCompile normal arm64 /Users/admin/builder/spi-builder-workspace/.dependencies/checkouts/CryptoSwift/Sources/CryptoSwift/Foundation/AES+Foundation.swift (in target 'CryptoSwift' from project 'CryptoSwift')
cd /Users/admin/builder/spi-builder-workspace/.swiftpm/xcode
builtin-SwiftPerFileCompile AES+Foundation.swift
SwiftCompile normal arm64 /Users/admin/builder/spi-builder-workspace/.dependencies/checkouts/CryptoSwift/Sources/CryptoSwift/Foundation/Array+Foundation.swift (in target 'CryptoSwift' from project 'CryptoSwift')
cd /Users/admin/builder/spi-builder-workspace/.swiftpm/xcode
builtin-SwiftPerFileCompile Array+Foundation.swift
SwiftCompile normal arm64 /Users/admin/builder/spi-builder-workspace/.dependencies/checkouts/CryptoSwift/Sources/CryptoSwift/Foundation/Blowfish+Foundation.swift (in target 'CryptoSwift' from project 'CryptoSwift')
cd /Users/admin/builder/spi-builder-workspace/.swiftpm/xcode
builtin-SwiftPerFileCompile Blowfish+Foundation.swift
SwiftCompile normal arm64 /Users/admin/builder/spi-builder-workspace/.dependencies/checkouts/CryptoSwift/Sources/CryptoSwift/Foundation/ChaCha20+Foundation.swift (in target 'CryptoSwift' from project 'CryptoSwift')
cd /Users/admin/builder/spi-builder-workspace/.swiftpm/xcode
builtin-SwiftPerFileCompile ChaCha20+Foundation.swift
SwiftCompile normal arm64 /Users/admin/builder/spi-builder-workspace/.dependencies/checkouts/CryptoSwift/Sources/CryptoSwift/Foundation/Data+Extension.swift (in target 'CryptoSwift' from project 'CryptoSwift')
cd /Users/admin/builder/spi-builder-workspace/.swiftpm/xcode
builtin-SwiftPerFileCompile Data+Extension.swift
SwiftCompile normal arm64 /Users/admin/builder/spi-builder-workspace/.dependencies/checkouts/CryptoSwift/Sources/CryptoSwift/Foundation/HMAC+Foundation.swift (in target 'CryptoSwift' from project 'CryptoSwift')
cd /Users/admin/builder/spi-builder-workspace/.swiftpm/xcode
builtin-SwiftPerFileCompile HMAC+Foundation.swift
SwiftCompile normal arm64 Compiling\ Bit.swift,\ BlockCipher.swift,\ BlockDecryptor.swift,\ BlockEncryptor.swift,\ BlockMode.swift,\ BlockModeOptions.swift,\ CBC.swift,\ CCM.swift,\ CFB.swift,\ CTR.swift,\ CipherModeWorker.swift,\ ECB.swift /Users/admin/builder/spi-builder-workspace/.dependencies/checkouts/CryptoSwift/Sources/CryptoSwift/Bit.swift /Users/admin/builder/spi-builder-workspace/.dependencies/checkouts/CryptoSwift/Sources/CryptoSwift/BlockCipher.swift /Users/admin/builder/spi-builder-workspace/.dependencies/checkouts/CryptoSwift/Sources/CryptoSwift/BlockDecryptor.swift /Users/admin/builder/spi-builder-workspace/.dependencies/checkouts/CryptoSwift/Sources/CryptoSwift/BlockEncryptor.swift /Users/admin/builder/spi-builder-workspace/.dependencies/checkouts/CryptoSwift/Sources/CryptoSwift/BlockMode/BlockMode.swift /Users/admin/builder/spi-builder-workspace/.dependencies/checkouts/CryptoSwift/Sources/CryptoSwift/BlockMode/BlockModeOptions.swift /Users/admin/builder/spi-builder-workspace/.dependencies/checkouts/CryptoSwift/Sources/CryptoSwift/BlockMode/CBC.swift /Users/admin/builder/spi-builder-workspace/.dependencies/checkouts/CryptoSwift/Sources/CryptoSwift/BlockMode/CCM.swift /Users/admin/builder/spi-builder-workspace/.dependencies/checkouts/CryptoSwift/Sources/CryptoSwift/BlockMode/CFB.swift /Users/admin/builder/spi-builder-workspace/.dependencies/checkouts/CryptoSwift/Sources/CryptoSwift/BlockMode/CTR.swift /Users/admin/builder/spi-builder-workspace/.dependencies/checkouts/CryptoSwift/Sources/CryptoSwift/BlockMode/CipherModeWorker.swift /Users/admin/builder/spi-builder-workspace/.dependencies/checkouts/CryptoSwift/Sources/CryptoSwift/BlockMode/ECB.swift (in target 'CryptoSwift' from project 'CryptoSwift')
SwiftCompile normal arm64 /Users/admin/builder/spi-builder-workspace/.dependencies/checkouts/CryptoSwift/Sources/CryptoSwift/Bit.swift (in target 'CryptoSwift' from project 'CryptoSwift')
cd /Users/admin/builder/spi-builder-workspace/.swiftpm/xcode
builtin-SwiftPerFileCompile Bit.swift
SwiftCompile normal arm64 /Users/admin/builder/spi-builder-workspace/.dependencies/checkouts/CryptoSwift/Sources/CryptoSwift/BlockCipher.swift (in target 'CryptoSwift' from project 'CryptoSwift')
cd /Users/admin/builder/spi-builder-workspace/.swiftpm/xcode
builtin-SwiftPerFileCompile BlockCipher.swift
SwiftCompile normal arm64 /Users/admin/builder/spi-builder-workspace/.dependencies/checkouts/CryptoSwift/Sources/CryptoSwift/BlockDecryptor.swift (in target 'CryptoSwift' from project 'CryptoSwift')
cd /Users/admin/builder/spi-builder-workspace/.swiftpm/xcode
builtin-SwiftPerFileCompile BlockDecryptor.swift
SwiftCompile normal arm64 /Users/admin/builder/spi-builder-workspace/.dependencies/checkouts/CryptoSwift/Sources/CryptoSwift/BlockEncryptor.swift (in target 'CryptoSwift' from project 'CryptoSwift')
cd /Users/admin/builder/spi-builder-workspace/.swiftpm/xcode
builtin-SwiftPerFileCompile BlockEncryptor.swift
SwiftCompile normal arm64 /Users/admin/builder/spi-builder-workspace/.dependencies/checkouts/CryptoSwift/Sources/CryptoSwift/BlockMode/BlockMode.swift (in target 'CryptoSwift' from project 'CryptoSwift')
cd /Users/admin/builder/spi-builder-workspace/.swiftpm/xcode
builtin-SwiftPerFileCompile BlockMode.swift
SwiftCompile normal arm64 /Users/admin/builder/spi-builder-workspace/.dependencies/checkouts/CryptoSwift/Sources/CryptoSwift/BlockMode/BlockModeOptions.swift (in target 'CryptoSwift' from project 'CryptoSwift')
cd /Users/admin/builder/spi-builder-workspace/.swiftpm/xcode
builtin-SwiftPerFileCompile BlockModeOptions.swift
SwiftCompile normal arm64 /Users/admin/builder/spi-builder-workspace/.dependencies/checkouts/CryptoSwift/Sources/CryptoSwift/BlockMode/CBC.swift (in target 'CryptoSwift' from project 'CryptoSwift')
cd /Users/admin/builder/spi-builder-workspace/.swiftpm/xcode
builtin-SwiftPerFileCompile CBC.swift
SwiftCompile normal arm64 /Users/admin/builder/spi-builder-workspace/.dependencies/checkouts/CryptoSwift/Sources/CryptoSwift/BlockMode/CCM.swift (in target 'CryptoSwift' from project 'CryptoSwift')
cd /Users/admin/builder/spi-builder-workspace/.swiftpm/xcode
builtin-SwiftPerFileCompile CCM.swift
SwiftCompile normal arm64 /Users/admin/builder/spi-builder-workspace/.dependencies/checkouts/CryptoSwift/Sources/CryptoSwift/BlockMode/CFB.swift (in target 'CryptoSwift' from project 'CryptoSwift')
cd /Users/admin/builder/spi-builder-workspace/.swiftpm/xcode
builtin-SwiftPerFileCompile CFB.swift
SwiftCompile normal arm64 /Users/admin/builder/spi-builder-workspace/.dependencies/checkouts/CryptoSwift/Sources/CryptoSwift/BlockMode/CTR.swift (in target 'CryptoSwift' from project 'CryptoSwift')
cd /Users/admin/builder/spi-builder-workspace/.swiftpm/xcode
builtin-SwiftPerFileCompile CTR.swift
SwiftCompile normal arm64 /Users/admin/builder/spi-builder-workspace/.dependencies/checkouts/CryptoSwift/Sources/CryptoSwift/BlockMode/CipherModeWorker.swift (in target 'CryptoSwift' from project 'CryptoSwift')
cd /Users/admin/builder/spi-builder-workspace/.swiftpm/xcode
builtin-SwiftPerFileCompile CipherModeWorker.swift
SwiftCompile normal arm64 /Users/admin/builder/spi-builder-workspace/.dependencies/checkouts/CryptoSwift/Sources/CryptoSwift/BlockMode/ECB.swift (in target 'CryptoSwift' from project 'CryptoSwift')
cd /Users/admin/builder/spi-builder-workspace/.swiftpm/xcode
builtin-SwiftPerFileCompile ECB.swift
SwiftEmitModule normal arm64 Emitting\ module\ for\ CryptoSwift (in target 'CryptoSwift' from project 'CryptoSwift')
SwiftCompile normal arm64 (in target 'CryptoSwift' from project 'CryptoSwift')
cd /Users/admin/builder/spi-builder-workspace/.swiftpm/xcode
SwiftCompile normal arm64 Compiling\ StreamEncryptor.swift,\ String+Extension.swift,\ UInt128.swift,\ UInt16+Extension.swift,\ UInt32+Extension.swift,\ UInt64+Extension.swift,\ UInt8+Extension.swift,\ Updatable.swift,\ Utils.swift,\ XChaCha20.swift,\ ZeroPadding.swift /Users/admin/builder/spi-builder-workspace/.dependencies/checkouts/CryptoSwift/Sources/CryptoSwift/StreamEncryptor.swift /Users/admin/builder/spi-builder-workspace/.dependencies/checkouts/CryptoSwift/Sources/CryptoSwift/String+Extension.swift /Users/admin/builder/spi-builder-workspace/.dependencies/checkouts/CryptoSwift/Sources/CryptoSwift/UInt128.swift /Users/admin/builder/spi-builder-workspace/.dependencies/checkouts/CryptoSwift/Sources/CryptoSwift/UInt16+Extension.swift /Users/admin/builder/spi-builder-workspace/.dependencies/checkouts/CryptoSwift/Sources/CryptoSwift/UInt32+Extension.swift /Users/admin/builder/spi-builder-workspace/.dependencies/checkouts/CryptoSwift/Sources/CryptoSwift/UInt64+Extension.swift /Users/admin/builder/spi-builder-workspace/.dependencies/checkouts/CryptoSwift/Sources/CryptoSwift/UInt8+Extension.swift /Users/admin/builder/spi-builder-workspace/.dependencies/checkouts/CryptoSwift/Sources/CryptoSwift/Updatable.swift /Users/admin/builder/spi-builder-workspace/.dependencies/checkouts/CryptoSwift/Sources/CryptoSwift/Utils.swift /Users/admin/builder/spi-builder-workspace/.dependencies/checkouts/CryptoSwift/Sources/CryptoSwift/XChaCha20.swift /Users/admin/builder/spi-builder-workspace/.dependencies/checkouts/CryptoSwift/Sources/CryptoSwift/ZeroPadding.swift (in target 'CryptoSwift' from project 'CryptoSwift')
SwiftCompile normal arm64 /Users/admin/builder/spi-builder-workspace/.dependencies/checkouts/CryptoSwift/Sources/CryptoSwift/StreamEncryptor.swift (in target 'CryptoSwift' from project 'CryptoSwift')
cd /Users/admin/builder/spi-builder-workspace/.swiftpm/xcode
builtin-SwiftPerFileCompile StreamEncryptor.swift
SwiftCompile normal arm64 /Users/admin/builder/spi-builder-workspace/.dependencies/checkouts/CryptoSwift/Sources/CryptoSwift/String+Extension.swift (in target 'CryptoSwift' from project 'CryptoSwift')
cd /Users/admin/builder/spi-builder-workspace/.swiftpm/xcode
builtin-SwiftPerFileCompile String+Extension.swift
SwiftCompile normal arm64 /Users/admin/builder/spi-builder-workspace/.dependencies/checkouts/CryptoSwift/Sources/CryptoSwift/UInt128.swift (in target 'CryptoSwift' from project 'CryptoSwift')
cd /Users/admin/builder/spi-builder-workspace/.swiftpm/xcode
builtin-SwiftPerFileCompile UInt128.swift
SwiftCompile normal arm64 /Users/admin/builder/spi-builder-workspace/.dependencies/checkouts/CryptoSwift/Sources/CryptoSwift/UInt16+Extension.swift (in target 'CryptoSwift' from project 'CryptoSwift')
cd /Users/admin/builder/spi-builder-workspace/.swiftpm/xcode
builtin-SwiftPerFileCompile UInt16+Extension.swift
SwiftCompile normal arm64 /Users/admin/builder/spi-builder-workspace/.dependencies/checkouts/CryptoSwift/Sources/CryptoSwift/UInt32+Extension.swift (in target 'CryptoSwift' from project 'CryptoSwift')
cd /Users/admin/builder/spi-builder-workspace/.swiftpm/xcode
builtin-SwiftPerFileCompile UInt32+Extension.swift
SwiftCompile normal arm64 /Users/admin/builder/spi-builder-workspace/.dependencies/checkouts/CryptoSwift/Sources/CryptoSwift/UInt64+Extension.swift (in target 'CryptoSwift' from project 'CryptoSwift')
cd /Users/admin/builder/spi-builder-workspace/.swiftpm/xcode
builtin-SwiftPerFileCompile UInt64+Extension.swift
SwiftCompile normal arm64 /Users/admin/builder/spi-builder-workspace/.dependencies/checkouts/CryptoSwift/Sources/CryptoSwift/UInt8+Extension.swift (in target 'CryptoSwift' from project 'CryptoSwift')
cd /Users/admin/builder/spi-builder-workspace/.swiftpm/xcode
builtin-SwiftPerFileCompile UInt8+Extension.swift
SwiftCompile normal arm64 /Users/admin/builder/spi-builder-workspace/.dependencies/checkouts/CryptoSwift/Sources/CryptoSwift/Updatable.swift (in target 'CryptoSwift' from project 'CryptoSwift')
cd /Users/admin/builder/spi-builder-workspace/.swiftpm/xcode
builtin-SwiftPerFileCompile Updatable.swift
SwiftCompile normal arm64 /Users/admin/builder/spi-builder-workspace/.dependencies/checkouts/CryptoSwift/Sources/CryptoSwift/Utils.swift (in target 'CryptoSwift' from project 'CryptoSwift')
cd /Users/admin/builder/spi-builder-workspace/.swiftpm/xcode
builtin-SwiftPerFileCompile Utils.swift
SwiftCompile normal arm64 /Users/admin/builder/spi-builder-workspace/.dependencies/checkouts/CryptoSwift/Sources/CryptoSwift/XChaCha20.swift (in target 'CryptoSwift' from project 'CryptoSwift')
cd /Users/admin/builder/spi-builder-workspace/.swiftpm/xcode
builtin-SwiftPerFileCompile XChaCha20.swift
SwiftCompile normal arm64 /Users/admin/builder/spi-builder-workspace/.dependencies/checkouts/CryptoSwift/Sources/CryptoSwift/ZeroPadding.swift (in target 'CryptoSwift' from project 'CryptoSwift')
cd /Users/admin/builder/spi-builder-workspace/.swiftpm/xcode
builtin-SwiftPerFileCompile ZeroPadding.swift
SwiftCompile normal arm64 Compiling\ Rabbit+Foundation.swift,\ String+FoundationExtension.swift,\ Utils+Foundation.swift,\ XChaCha20+Foundation.swift,\ Generics.swift,\ HKDF.swift,\ HMAC.swift,\ ISO10126Padding.swift,\ ISO78164Padding.swift,\ Int+Extension.swift,\ MD5.swift /Users/admin/builder/spi-builder-workspace/.dependencies/checkouts/CryptoSwift/Sources/CryptoSwift/Foundation/Rabbit+Foundation.swift /Users/admin/builder/spi-builder-workspace/.dependencies/checkouts/CryptoSwift/Sources/CryptoSwift/Foundation/String+FoundationExtension.swift /Users/admin/builder/spi-builder-workspace/.dependencies/checkouts/CryptoSwift/Sources/CryptoSwift/Foundation/Utils+Foundation.swift /Users/admin/builder/spi-builder-workspace/.dependencies/checkouts/CryptoSwift/Sources/CryptoSwift/Foundation/XChaCha20+Foundation.swift /Users/admin/builder/spi-builder-workspace/.dependencies/checkouts/CryptoSwift/Sources/CryptoSwift/Generics.swift /Users/admin/builder/spi-builder-workspace/.dependencies/checkouts/CryptoSwift/Sources/CryptoSwift/HKDF.swift /Users/admin/builder/spi-builder-workspace/.dependencies/checkouts/CryptoSwift/Sources/CryptoSwift/HMAC.swift /Users/admin/builder/spi-builder-workspace/.dependencies/checkouts/CryptoSwift/Sources/CryptoSwift/ISO10126Padding.swift /Users/admin/builder/spi-builder-workspace/.dependencies/checkouts/CryptoSwift/Sources/CryptoSwift/ISO78164Padding.swift /Users/admin/builder/spi-builder-workspace/.dependencies/checkouts/CryptoSwift/Sources/CryptoSwift/Int+Extension.swift /Users/admin/builder/spi-builder-workspace/.dependencies/checkouts/CryptoSwift/Sources/CryptoSwift/MD5.swift (in target 'CryptoSwift' from project 'CryptoSwift')
SwiftCompile normal arm64 /Users/admin/builder/spi-builder-workspace/.dependencies/checkouts/CryptoSwift/Sources/CryptoSwift/Foundation/Rabbit+Foundation.swift (in target 'CryptoSwift' from project 'CryptoSwift')
cd /Users/admin/builder/spi-builder-workspace/.swiftpm/xcode
builtin-SwiftPerFileCompile Rabbit+Foundation.swift
SwiftCompile normal arm64 /Users/admin/builder/spi-builder-workspace/.dependencies/checkouts/CryptoSwift/Sources/CryptoSwift/Foundation/String+FoundationExtension.swift (in target 'CryptoSwift' from project 'CryptoSwift')
cd /Users/admin/builder/spi-builder-workspace/.swiftpm/xcode
builtin-SwiftPerFileCompile String+FoundationExtension.swift
SwiftCompile normal arm64 /Users/admin/builder/spi-builder-workspace/.dependencies/checkouts/CryptoSwift/Sources/CryptoSwift/Foundation/Utils+Foundation.swift (in target 'CryptoSwift' from project 'CryptoSwift')
cd /Users/admin/builder/spi-builder-workspace/.swiftpm/xcode
builtin-SwiftPerFileCompile Utils+Foundation.swift
SwiftCompile normal arm64 /Users/admin/builder/spi-builder-workspace/.dependencies/checkouts/CryptoSwift/Sources/CryptoSwift/Foundation/XChaCha20+Foundation.swift (in target 'CryptoSwift' from project 'CryptoSwift')
cd /Users/admin/builder/spi-builder-workspace/.swiftpm/xcode
builtin-SwiftPerFileCompile XChaCha20+Foundation.swift
SwiftCompile normal arm64 /Users/admin/builder/spi-builder-workspace/.dependencies/checkouts/CryptoSwift/Sources/CryptoSwift/Generics.swift (in target 'CryptoSwift' from project 'CryptoSwift')
cd /Users/admin/builder/spi-builder-workspace/.swiftpm/xcode
builtin-SwiftPerFileCompile Generics.swift
SwiftCompile normal arm64 /Users/admin/builder/spi-builder-workspace/.dependencies/checkouts/CryptoSwift/Sources/CryptoSwift/HKDF.swift (in target 'CryptoSwift' from project 'CryptoSwift')
cd /Users/admin/builder/spi-builder-workspace/.swiftpm/xcode
builtin-SwiftPerFileCompile HKDF.swift
SwiftCompile normal arm64 /Users/admin/builder/spi-builder-workspace/.dependencies/checkouts/CryptoSwift/Sources/CryptoSwift/HMAC.swift (in target 'CryptoSwift' from project 'CryptoSwift')
cd /Users/admin/builder/spi-builder-workspace/.swiftpm/xcode
builtin-SwiftPerFileCompile HMAC.swift
SwiftCompile normal arm64 /Users/admin/builder/spi-builder-workspace/.dependencies/checkouts/CryptoSwift/Sources/CryptoSwift/ISO10126Padding.swift (in target 'CryptoSwift' from project 'CryptoSwift')
cd /Users/admin/builder/spi-builder-workspace/.swiftpm/xcode
builtin-SwiftPerFileCompile ISO10126Padding.swift
SwiftCompile normal arm64 /Users/admin/builder/spi-builder-workspace/.dependencies/checkouts/CryptoSwift/Sources/CryptoSwift/ISO78164Padding.swift (in target 'CryptoSwift' from project 'CryptoSwift')
cd /Users/admin/builder/spi-builder-workspace/.swiftpm/xcode
builtin-SwiftPerFileCompile ISO78164Padding.swift
SwiftCompile normal arm64 /Users/admin/builder/spi-builder-workspace/.dependencies/checkouts/CryptoSwift/Sources/CryptoSwift/Int+Extension.swift (in target 'CryptoSwift' from project 'CryptoSwift')
cd /Users/admin/builder/spi-builder-workspace/.swiftpm/xcode
builtin-SwiftPerFileCompile Int+Extension.swift
SwiftCompile normal arm64 /Users/admin/builder/spi-builder-workspace/.dependencies/checkouts/CryptoSwift/Sources/CryptoSwift/MD5.swift (in target 'CryptoSwift' from project 'CryptoSwift')
cd /Users/admin/builder/spi-builder-workspace/.swiftpm/xcode
builtin-SwiftPerFileCompile MD5.swift
SwiftDriverJobDiscovery normal arm64 Compiling Bit.swift, BlockCipher.swift, BlockDecryptor.swift, BlockEncryptor.swift, BlockMode.swift, BlockModeOptions.swift, CBC.swift, CCM.swift, CFB.swift, CTR.swift, CipherModeWorker.swift, ECB.swift (in target 'CryptoSwift' from project 'CryptoSwift')
SwiftCompile normal arm64 Compiling\ RSA+Cipher.swift,\ RSA+Signature.swift,\ RSA.swift,\ Rabbit.swift,\ SHA1.swift,\ SHA2.swift,\ SHA3.swift,\ Scrypt.swift,\ SecureBytes.swift,\ Signature.swift,\ StreamDecryptor.swift /Users/admin/builder/spi-builder-workspace/.dependencies/checkouts/CryptoSwift/Sources/CryptoSwift/RSA/RSA+Cipher.swift /Users/admin/builder/spi-builder-workspace/.dependencies/checkouts/CryptoSwift/Sources/CryptoSwift/RSA/RSA+Signature.swift /Users/admin/builder/spi-builder-workspace/.dependencies/checkouts/CryptoSwift/Sources/CryptoSwift/RSA/RSA.swift /Users/admin/builder/spi-builder-workspace/.dependencies/checkouts/CryptoSwift/Sources/CryptoSwift/Rabbit.swift /Users/admin/builder/spi-builder-workspace/.dependencies/checkouts/CryptoSwift/Sources/CryptoSwift/SHA1.swift /Users/admin/builder/spi-builder-workspace/.dependencies/checkouts/CryptoSwift/Sources/CryptoSwift/SHA2.swift /Users/admin/builder/spi-builder-workspace/.dependencies/checkouts/CryptoSwift/Sources/CryptoSwift/SHA3.swift /Users/admin/builder/spi-builder-workspace/.dependencies/checkouts/CryptoSwift/Sources/CryptoSwift/Scrypt.swift /Users/admin/builder/spi-builder-workspace/.dependencies/checkouts/CryptoSwift/Sources/CryptoSwift/SecureBytes.swift /Users/admin/builder/spi-builder-workspace/.dependencies/checkouts/CryptoSwift/Sources/CryptoSwift/Signature.swift /Users/admin/builder/spi-builder-workspace/.dependencies/checkouts/CryptoSwift/Sources/CryptoSwift/StreamDecryptor.swift (in target 'CryptoSwift' from project 'CryptoSwift')
SwiftCompile normal arm64 /Users/admin/builder/spi-builder-workspace/.dependencies/checkouts/CryptoSwift/Sources/CryptoSwift/RSA/RSA+Cipher.swift (in target 'CryptoSwift' from project 'CryptoSwift')
cd /Users/admin/builder/spi-builder-workspace/.swiftpm/xcode
builtin-SwiftPerFileCompile RSA+Cipher.swift
SwiftCompile normal arm64 /Users/admin/builder/spi-builder-workspace/.dependencies/checkouts/CryptoSwift/Sources/CryptoSwift/RSA/RSA+Signature.swift (in target 'CryptoSwift' from project 'CryptoSwift')
cd /Users/admin/builder/spi-builder-workspace/.swiftpm/xcode
builtin-SwiftPerFileCompile RSA+Signature.swift
SwiftCompile normal arm64 /Users/admin/builder/spi-builder-workspace/.dependencies/checkouts/CryptoSwift/Sources/CryptoSwift/RSA/RSA.swift (in target 'CryptoSwift' from project 'CryptoSwift')
cd /Users/admin/builder/spi-builder-workspace/.swiftpm/xcode
builtin-SwiftPerFileCompile RSA.swift
SwiftCompile normal arm64 /Users/admin/builder/spi-builder-workspace/.dependencies/checkouts/CryptoSwift/Sources/CryptoSwift/Rabbit.swift (in target 'CryptoSwift' from project 'CryptoSwift')
cd /Users/admin/builder/spi-builder-workspace/.swiftpm/xcode
builtin-SwiftPerFileCompile Rabbit.swift
SwiftCompile normal arm64 /Users/admin/builder/spi-builder-workspace/.dependencies/checkouts/CryptoSwift/Sources/CryptoSwift/SHA1.swift (in target 'CryptoSwift' from project 'CryptoSwift')
cd /Users/admin/builder/spi-builder-workspace/.swiftpm/xcode
builtin-SwiftPerFileCompile SHA1.swift
SwiftCompile normal arm64 /Users/admin/builder/spi-builder-workspace/.dependencies/checkouts/CryptoSwift/Sources/CryptoSwift/SHA2.swift (in target 'CryptoSwift' from project 'CryptoSwift')
cd /Users/admin/builder/spi-builder-workspace/.swiftpm/xcode
builtin-SwiftPerFileCompile SHA2.swift
SwiftCompile normal arm64 /Users/admin/builder/spi-builder-workspace/.dependencies/checkouts/CryptoSwift/Sources/CryptoSwift/SHA3.swift (in target 'CryptoSwift' from project 'CryptoSwift')
cd /Users/admin/builder/spi-builder-workspace/.swiftpm/xcode
builtin-SwiftPerFileCompile SHA3.swift
SwiftCompile normal arm64 /Users/admin/builder/spi-builder-workspace/.dependencies/checkouts/CryptoSwift/Sources/CryptoSwift/Scrypt.swift (in target 'CryptoSwift' from project 'CryptoSwift')
cd /Users/admin/builder/spi-builder-workspace/.swiftpm/xcode
builtin-SwiftPerFileCompile Scrypt.swift
SwiftCompile normal arm64 /Users/admin/builder/spi-builder-workspace/.dependencies/checkouts/CryptoSwift/Sources/CryptoSwift/SecureBytes.swift (in target 'CryptoSwift' from project 'CryptoSwift')
cd /Users/admin/builder/spi-builder-workspace/.swiftpm/xcode
builtin-SwiftPerFileCompile SecureBytes.swift
SwiftCompile normal arm64 /Users/admin/builder/spi-builder-workspace/.dependencies/checkouts/CryptoSwift/Sources/CryptoSwift/Signature.swift (in target 'CryptoSwift' from project 'CryptoSwift')
cd /Users/admin/builder/spi-builder-workspace/.swiftpm/xcode
builtin-SwiftPerFileCompile Signature.swift
SwiftCompile normal arm64 /Users/admin/builder/spi-builder-workspace/.dependencies/checkouts/CryptoSwift/Sources/CryptoSwift/StreamDecryptor.swift (in target 'CryptoSwift' from project 'CryptoSwift')
cd /Users/admin/builder/spi-builder-workspace/.swiftpm/xcode
builtin-SwiftPerFileCompile StreamDecryptor.swift
SwiftDriverJobDiscovery normal arm64 Compiling resource_bundle_accessor.swift (in target 'CryptoSwiftResources' from project 'CryptoSwift')
SwiftDriver\ Compilation CryptoSwiftResources normal arm64 com.apple.xcode.tools.swift.compiler (in target 'CryptoSwiftResources' from project 'CryptoSwift')
cd /Users/admin/builder/spi-builder-workspace/.swiftpm/xcode
builtin-Swift-Compilation -- /Applications/Xcode-27.0.0-Release.Candidate.app/Contents/Developer/Toolchains/XcodeDefault.xctoolchain/usr/bin/swiftc -parse-as-library -module-name CryptoSwiftResources -Onone @/Users/admin/builder/spi-builder-workspace/.derivedData/Build/Intermediates.noindex/CryptoSwift.build/Debug-iphoneos/CryptoSwiftResources-t.build/Objects-normal/arm64/CryptoSwiftResources.SwiftFileList -DSWIFT_PACKAGE -DDEBUG -DSWIFT_MODULE_RESOURCE_BUNDLE_AVAILABLE -DXcode -plugin-path /Applications/Xcode-27.0.0-Release.Candidate.app/Contents/Developer/Toolchains/XcodeDefault.xctoolchain/usr/lib/swift/host/plugins/testing -enable-experimental-feature DebugDescriptionMacro -sdk /Applications/Xcode-27.0.0-Release.Candidate.app/Contents/Developer/Platforms/iPhoneOS.platform/Developer/SDKs/iPhoneOS27.0.sdk -target arm64-apple-ios15.0 -g -module-cache-path /Users/admin/builder/spi-builder-workspace/.derivedData/ModuleCache.noindex -Xfrontend -serialize-debugging-options -enable-testing -suppress-warnings -index-store-path /Users/admin/builder/spi-builder-workspace/.derivedData/Index.noindex/DataStore -Xcc -D_LIBCPP_HARDENING_MODE\=_LIBCPP_HARDENING_MODE_DEBUG -swift-version 5 -I /Users/admin/builder/spi-builder-workspace/.derivedData/Build/Products/Debug-iphoneos -Isystem /Applications/Xcode-27.0.0-Release.Candidate.app/Contents/Developer/Platforms/iPhoneOS.platform/Developer/usr/lib -F /Users/admin/builder/spi-builder-workspace/.derivedData/Build/Products/Debug-iphoneos -F /Applications/Xcode-27.0.0-Release.Candidate.app/Contents/Developer/Platforms/iPhoneOS.platform/Developer/Library/Frameworks -F /Applications/Xcode-27.0.0-Release.Candidate.app/Contents/Developer/Platforms/iPhoneOS.platform/Developer/SDKs/iPhoneOS27.0.sdk/Developer/Library/Frameworks -c -j10 -enable-batch-mode -incremental -Xcc -ivfsstatcache -Xcc /Users/admin/builder/spi-builder-workspace/.derivedData/SDKStatCaches.noindex/iphoneos27.0-24A430-e829b21a6f8c9b70876ba0858053c04440ceaa042ed91876912b2eeea4e3aa14.sdkstatcache -output-file-map /Users/admin/builder/spi-builder-workspace/.derivedData/Build/Intermediates.noindex/CryptoSwift.build/Debug-iphoneos/CryptoSwiftResources-t.build/Objects-normal/arm64/CryptoSwiftResources-OutputFileMap.json -save-temps -no-color-diagnostics -explicit-module-build -module-cache-path /Users/admin/builder/spi-builder-workspace/.derivedData/Build/Intermediates.noindex/SwiftExplicitPrecompiledModules -clang-scanner-module-cache-path /Users/admin/builder/spi-builder-workspace/.derivedData/ModuleCache.noindex -sdk-module-cache-path /Users/admin/builder/spi-builder-workspace/.derivedData/SDKExplicitPrecompiledModules -emit-dependencies -emit-module -emit-module-path /Users/admin/builder/spi-builder-workspace/.derivedData/Build/Intermediates.noindex/CryptoSwift.build/Debug-iphoneos/CryptoSwiftResources-t.build/Objects-normal/arm64/CryptoSwiftResources.swiftmodule -serialize-diagnostics -dependency-scan-serialize-diagnostics-path /Users/admin/builder/spi-builder-workspace/.derivedData/Build/Intermediates.noindex/CryptoSwift.build/Debug-iphoneos/CryptoSwiftResources-t.build/Objects-normal/arm64/CryptoSwiftResources-dependency-scan.dia -validate-clang-modules-once -clang-build-session-file /Users/admin/builder/spi-builder-workspace/.derivedData/ModuleCache.noindex/Session.modulevalidation -Xcc -fmodules-prune-interval\=86400 -Xcc -fmodules-prune-after\=345600 -emit-const-values -const-gather-protocols-list /Users/admin/builder/spi-builder-workspace/.derivedData/Build/Intermediates.noindex/CryptoSwift.build/Debug-iphoneos/CryptoSwiftResources-t.build/Objects-normal/arm64/CryptoSwiftResources_const_extract_protocols.json -Xcc -I/Users/admin/builder/spi-builder-workspace/.derivedData/Build/Products/Debug-iphoneos/include -Xcc -I/Users/admin/builder/spi-builder-workspace/.derivedData/Build/Intermediates.noindex/CryptoSwift.build/Debug-iphoneos/CryptoSwiftResources-t.build/DerivedSources-normal/arm64 -Xcc -I/Users/admin/builder/spi-builder-workspace/.derivedData/Build/Intermediates.noindex/CryptoSwift.build/Debug-iphoneos/CryptoSwiftResources-t.build/DerivedSources/arm64 -Xcc -I/Users/admin/builder/spi-builder-workspace/.derivedData/Build/Intermediates.noindex/CryptoSwift.build/Debug-iphoneos/CryptoSwiftResources-t.build/DerivedSources -Xcc -DSWIFT_PACKAGE -Xcc -DDEBUG\=1 -emit-objc-header -emit-objc-header-path /Users/admin/builder/spi-builder-workspace/.derivedData/Build/Intermediates.noindex/CryptoSwift.build/Debug-iphoneos/CryptoSwiftResources-t.build/Objects-normal/arm64/CryptoSwiftResources-Swift.h -working-directory /Users/admin/builder/spi-builder-workspace/.swiftpm/xcode -experimental-emit-module-separately -disable-cmo
SwiftDriverJobDiscovery normal arm64 Compiling CompactMap.swift, Cryptor.swift, Cryptors.swift, Digest.swift, DigestType.swift, AES+Foundation.swift, Array+Foundation.swift, Blowfish+Foundation.swift, ChaCha20+Foundation.swift, Data+Extension.swift, HMAC+Foundation.swift (in target 'CryptoSwift' from project 'CryptoSwift')
Ld /Users/admin/builder/spi-builder-workspace/.derivedData/Build/Products/Debug-iphoneos/CryptoSwiftResources.o normal (in target 'CryptoSwiftResources' from project 'CryptoSwift')
cd /Users/admin/builder/spi-builder-workspace/.dependencies/checkouts/CryptoSwift
/Applications/Xcode-27.0.0-Release.Candidate.app/Contents/Developer/Toolchains/XcodeDefault.xctoolchain/usr/bin/clang -Xlinker -reproducible -target arm64-apple-ios15.0 -r -isysroot /Applications/Xcode-27.0.0-Release.Candidate.app/Contents/Developer/Platforms/iPhoneOS.platform/Developer/SDKs/iPhoneOS27.0.sdk -O0 -w -Xlinker -no_warn_duplicate_libraries -F/Users/admin/builder/spi-builder-workspace/.derivedData/Build/Intermediates.noindex/EagerLinkingTBDs/Debug-iphoneos -F/Users/admin/builder/spi-builder-workspace/.derivedData/Build/Products/Debug-iphoneos -iframework /Applications/Xcode-27.0.0-Release.Candidate.app/Contents/Developer/Platforms/iPhoneOS.platform/Developer/Library/Frameworks -iframework /Applications/Xcode-27.0.0-Release.Candidate.app/Contents/Developer/Platforms/iPhoneOS.platform/Developer/SDKs/iPhoneOS27.0.sdk/Developer/Library/Frameworks -filelist /Users/admin/builder/spi-builder-workspace/.derivedData/Build/Intermediates.noindex/CryptoSwift.build/Debug-iphoneos/CryptoSwiftResources-t.build/Objects-normal/arm64/CryptoSwiftResources.LinkFileList -nostdlib -Xlinker -object_path_lto -Xlinker /Users/admin/builder/spi-builder-workspace/.derivedData/Build/Intermediates.noindex/CryptoSwift.build/Debug-iphoneos/CryptoSwiftResources-t.build/Objects-normal/arm64/CryptoSwiftResources_lto.o -Xlinker -no_deduplicate -Xlinker -dependency_info -Xlinker /Users/admin/builder/spi-builder-workspace/.derivedData/Build/Intermediates.noindex/CryptoSwift.build/Debug-iphoneos/CryptoSwiftResources-t.build/Objects-normal/arm64/CryptoSwiftResources_dependency_info.dat -fobjc-link-runtime -L/Applications/Xcode-27.0.0-Release.Candidate.app/Contents/Developer/Toolchains/XcodeDefault.xctoolchain/usr/lib/swift/iphoneos -L/usr/lib/swift -Xlinker -add_ast_path -Xlinker /Users/admin/builder/spi-builder-workspace/.derivedData/Build/Intermediates.noindex/CryptoSwift.build/Debug-iphoneos/CryptoSwiftResources-t.build/Objects-normal/arm64/CryptoSwiftResources.swiftmodule -o /Users/admin/builder/spi-builder-workspace/.derivedData/Build/Products/Debug-iphoneos/CryptoSwiftResources.o
ExtractAppIntentsMetadata (in target 'CryptoSwiftResources' from project 'CryptoSwift')
cd /Users/admin/builder/spi-builder-workspace/.dependencies/checkouts/CryptoSwift
/Applications/Xcode-27.0.0-Release.Candidate.app/Contents/Developer/Toolchains/XcodeDefault.xctoolchain/usr/bin/appintentsmetadataprocessor --toolchain-dir /var/run/com.apple.security.cryptexd/mnt/com.apple.MobileAsset.MetalToolchain-v27.1.266.1.xk7QZa/Metal.xctoolchain --module-name CryptoSwiftResources --sdk-root /Applications/Xcode-27.0.0-Release.Candidate.app/Contents/Developer/Platforms/iPhoneOS.platform/Developer/SDKs/iPhoneOS27.0.sdk --xcode-version 27A266a --platform-family iOS --deployment-target 15.0 --bundle-identifier cryptoswift.CryptoSwiftResources --output /Users/admin/builder/spi-builder-workspace/.derivedData/Build/Products/Debug-iphoneos/CryptoSwiftResources.appintents --target-triple arm64-apple-ios15.0 --binary-file /Users/admin/builder/spi-builder-workspace/.derivedData/Build/Products/Debug-iphoneos/CryptoSwiftResources.o --dependency-file /Users/admin/builder/spi-builder-workspace/.derivedData/Build/Intermediates.noindex/CryptoSwift.build/Debug-iphoneos/CryptoSwiftResources-t.build/Objects-normal/arm64/CryptoSwiftResources_dependency_info.dat --stringsdata-file /Users/admin/builder/spi-builder-workspace/.derivedData/Build/Intermediates.noindex/CryptoSwift.build/Debug-iphoneos/CryptoSwiftResources-t.build/Objects-normal/arm64/ExtractedAppShortcutsMetadata.stringsdata --source-file-list /Users/admin/builder/spi-builder-workspace/.derivedData/Build/Intermediates.noindex/CryptoSwift.build/Debug-iphoneos/CryptoSwiftResources-t.build/Objects-normal/arm64/CryptoSwiftResources.SwiftFileList --metadata-file-list /Users/admin/builder/spi-builder-workspace/.derivedData/Build/Intermediates.noindex/CryptoSwift.build/Debug-iphoneos/CryptoSwiftResources-t.build/CryptoSwiftResources.DependencyMetadataFileList --static-metadata-file-list /Users/admin/builder/spi-builder-workspace/.derivedData/Build/Intermediates.noindex/CryptoSwift.build/Debug-iphoneos/CryptoSwiftResources-t.build/CryptoSwiftResources.DependencyStaticMetadataFileList --swift-const-vals-list /Users/admin/builder/spi-builder-workspace/.derivedData/Build/Intermediates.noindex/CryptoSwift.build/Debug-iphoneos/CryptoSwiftResources-t.build/Objects-normal/arm64/CryptoSwiftResources.SwiftConstValuesFileList --force --compile-time-extraction --deployment-aware-processing --no-app-shortcuts-localization
2026-09-19 03:28:28.888 appintentsmetadataprocessor[861:5338] Starting appintentsmetadataprocessor export
2026-09-19 03:28:28.985 appintentsmetadataprocessor[861:5338] Extracted no relevant App Intents symbols, skipping writing output
SwiftDriverJobDiscovery normal arm64 Compiling StreamEncryptor.swift, String+Extension.swift, UInt128.swift, UInt16+Extension.swift, UInt32+Extension.swift, UInt64+Extension.swift, UInt8+Extension.swift, Updatable.swift, Utils.swift, XChaCha20.swift, ZeroPadding.swift (in target 'CryptoSwift' from project 'CryptoSwift')
SwiftDriverJobDiscovery normal arm64 Compiling Codable.swift, Comparable.swift, DataConversion.swift, Division.swift, Exponentiation.swift, FloatingPointConversion.swift, GCD.swift, Hashable.swift, IntegerConversion.swift, Multiplication.swift, PrimeTest.swift (in target 'CryptoSwift' from project 'CryptoSwift')
SwiftDriverJobDiscovery normal arm64 Compiling NoPadding.swift, Operators.swift, DER.swift, PBKDF1.swift, PBKDF2.swift, PKCS1v15.swift, PKCS5.swift, PKCS7.swift, PKCS7Padding.swift, Padding.swift, Poly1305.swift (in target 'CryptoSwift' from project 'CryptoSwift')
SwiftDriverJobDiscovery normal arm64 Compiling Random.swift, Shifts.swift, SquareRoot.swift, Strideable.swift, StringConversion.swift, Subtraction.swift, WordsAndBits.swift, ChaCha20.swift, Checksum.swift, Cipher.swift, Collection+Extension.swift (in target 'CryptoSwift' from project 'CryptoSwift')
SwiftDriverJobDiscovery normal arm64 Compiling GCM.swift, OCB.swift, OFB.swift, PCBC.swift, Blowfish.swift, CBCMAC.swift, CMAC.swift, Addition.swift, BigInt.swift, BigUInt.swift, BitwiseOps.swift, CS.swift (in target 'CryptoSwift' from project 'CryptoSwift')
SwiftDriverJobDiscovery normal arm64 Emitting module for CryptoSwift (in target 'CryptoSwift' from project 'CryptoSwift')
SwiftDriver\ Compilation\ Requirements CryptoSwift normal arm64 com.apple.xcode.tools.swift.compiler (in target 'CryptoSwift' from project 'CryptoSwift')
cd /Users/admin/builder/spi-builder-workspace/.swiftpm/xcode
builtin-Swift-Compilation-Requirements -- /Applications/Xcode-27.0.0-Release.Candidate.app/Contents/Developer/Toolchains/XcodeDefault.xctoolchain/usr/bin/swiftc -parse-as-library -module-name CryptoSwift -Onone @/Users/admin/builder/spi-builder-workspace/.derivedData/Build/Intermediates.noindex/CryptoSwift.build/Debug-iphoneos/CryptoSwift-t.build/Objects-normal/arm64/CryptoSwift.SwiftFileList -DSWIFT_PACKAGE -DDEBUG -DSWIFT_MODULE_RESOURCE_BUNDLE_UNAVAILABLE -DXcode -plugin-path /Applications/Xcode-27.0.0-Release.Candidate.app/Contents/Developer/Toolchains/XcodeDefault.xctoolchain/usr/lib/swift/host/plugins/testing -enable-experimental-feature DebugDescriptionMacro -sdk /Applications/Xcode-27.0.0-Release.Candidate.app/Contents/Developer/Platforms/iPhoneOS.platform/Developer/SDKs/iPhoneOS27.0.sdk -target arm64-apple-ios15.0 -g -module-cache-path /Users/admin/builder/spi-builder-workspace/.derivedData/ModuleCache.noindex -Xfrontend -serialize-debugging-options -enable-testing -suppress-warnings -index-store-path /Users/admin/builder/spi-builder-workspace/.derivedData/Index.noindex/DataStore -Xcc -D_LIBCPP_HARDENING_MODE\=_LIBCPP_HARDENING_MODE_DEBUG -swift-version 5 -I /Users/admin/builder/spi-builder-workspace/.derivedData/Build/Products/Debug-iphoneos -Isystem /Applications/Xcode-27.0.0-Release.Candidate.app/Contents/Developer/Platforms/iPhoneOS.platform/Developer/usr/lib -F /Users/admin/builder/spi-builder-workspace/.derivedData/Build/Products/Debug-iphoneos/PackageFrameworks -F /Users/admin/builder/spi-builder-workspace/.derivedData/Build/Products/Debug-iphoneos -F /Applications/Xcode-27.0.0-Release.Candidate.app/Contents/Developer/Platforms/iPhoneOS.platform/Developer/Library/Frameworks -F /Applications/Xcode-27.0.0-Release.Candidate.app/Contents/Developer/Platforms/iPhoneOS.platform/Developer/SDKs/iPhoneOS27.0.sdk/Developer/Library/Frameworks -c -j10 -enable-batch-mode -incremental -Xcc -ivfsstatcache -Xcc /Users/admin/builder/spi-builder-workspace/.derivedData/SDKStatCaches.noindex/iphoneos27.0-24A430-e829b21a6f8c9b70876ba0858053c04440ceaa042ed91876912b2eeea4e3aa14.sdkstatcache -output-file-map /Users/admin/builder/spi-builder-workspace/.derivedData/Build/Intermediates.noindex/CryptoSwift.build/Debug-iphoneos/CryptoSwift-t.build/Objects-normal/arm64/CryptoSwift-OutputFileMap.json -save-temps -no-color-diagnostics -explicit-module-build -module-cache-path /Users/admin/builder/spi-builder-workspace/.derivedData/Build/Intermediates.noindex/SwiftExplicitPrecompiledModules -clang-scanner-module-cache-path /Users/admin/builder/spi-builder-workspace/.derivedData/ModuleCache.noindex -sdk-module-cache-path /Users/admin/builder/spi-builder-workspace/.derivedData/SDKExplicitPrecompiledModules -emit-dependencies -emit-module -emit-module-path /Users/admin/builder/spi-builder-workspace/.derivedData/Build/Intermediates.noindex/CryptoSwift.build/Debug-iphoneos/CryptoSwift-t.build/Objects-normal/arm64/CryptoSwift.swiftmodule -serialize-diagnostics -dependency-scan-serialize-diagnostics-path /Users/admin/builder/spi-builder-workspace/.derivedData/Build/Intermediates.noindex/CryptoSwift.build/Debug-iphoneos/CryptoSwift-t.build/Objects-normal/arm64/CryptoSwift-dependency-scan.dia -validate-clang-modules-once -clang-build-session-file /Users/admin/builder/spi-builder-workspace/.derivedData/ModuleCache.noindex/Session.modulevalidation -Xcc -fmodules-prune-interval\=86400 -Xcc -fmodules-prune-after\=345600 -emit-const-values -const-gather-protocols-list /Users/admin/builder/spi-builder-workspace/.derivedData/Build/Intermediates.noindex/CryptoSwift.build/Debug-iphoneos/CryptoSwift-t.build/Objects-normal/arm64/CryptoSwift_const_extract_protocols.json -Xcc -I/Users/admin/builder/spi-builder-workspace/.derivedData/Build/Products/Debug-iphoneos/include -Xcc -I/Users/admin/builder/spi-builder-workspace/.derivedData/Build/Intermediates.noindex/CryptoSwift.build/Debug-iphoneos/CryptoSwift-t.build/DerivedSources-normal/arm64 -Xcc -I/Users/admin/builder/spi-builder-workspace/.derivedData/Build/Intermediates.noindex/CryptoSwift.build/Debug-iphoneos/CryptoSwift-t.build/DerivedSources/arm64 -Xcc -I/Users/admin/builder/spi-builder-workspace/.derivedData/Build/Intermediates.noindex/CryptoSwift.build/Debug-iphoneos/CryptoSwift-t.build/DerivedSources -Xcc -DSWIFT_PACKAGE -Xcc -DDEBUG\=1 -emit-objc-header -emit-objc-header-path /Users/admin/builder/spi-builder-workspace/.derivedData/Build/Intermediates.noindex/CryptoSwift.build/Debug-iphoneos/CryptoSwift-t.build/Objects-normal/arm64/CryptoSwift-Swift.h -working-directory /Users/admin/builder/spi-builder-workspace/.swiftpm/xcode -experimental-emit-module-separately -disable-cmo
SwiftMergeGeneratedHeaders /Users/admin/builder/spi-builder-workspace/.derivedData/Build/Intermediates.noindex/GeneratedModuleMaps-iphoneos/CryptoSwift-Swift.h /Users/admin/builder/spi-builder-workspace/.derivedData/Build/Intermediates.noindex/CryptoSwift.build/Debug-iphoneos/CryptoSwift-t.build/Objects-normal/arm64/CryptoSwift-Swift.h (in target 'CryptoSwift' from project 'CryptoSwift')
cd /Users/admin/builder/spi-builder-workspace/.dependencies/checkouts/CryptoSwift
builtin-swiftHeaderTool -arch arm64 /Users/admin/builder/spi-builder-workspace/.derivedData/Build/Intermediates.noindex/CryptoSwift.build/Debug-iphoneos/CryptoSwift-t.build/Objects-normal/arm64/CryptoSwift-Swift.h -o /Users/admin/builder/spi-builder-workspace/.derivedData/Build/Intermediates.noindex/GeneratedModuleMaps-iphoneos/CryptoSwift-Swift.h
Copy /Users/admin/builder/spi-builder-workspace/.derivedData/Build/Products/Debug-iphoneos/CryptoSwift.swiftmodule/arm64-apple-ios.swiftmodule /Users/admin/builder/spi-builder-workspace/.derivedData/Build/Intermediates.noindex/CryptoSwift.build/Debug-iphoneos/CryptoSwift-t.build/Objects-normal/arm64/CryptoSwift.swiftmodule (in target 'CryptoSwift' from project 'CryptoSwift')
cd /Users/admin/builder/spi-builder-workspace/.dependencies/checkouts/CryptoSwift
builtin-copy -exclude .DS_Store -exclude CVS -exclude .svn -exclude .git -exclude .hg -resolve-src-symlinks -rename /Users/admin/builder/spi-builder-workspace/.derivedData/Build/Intermediates.noindex/CryptoSwift.build/Debug-iphoneos/CryptoSwift-t.build/Objects-normal/arm64/CryptoSwift.swiftmodule /Users/admin/builder/spi-builder-workspace/.derivedData/Build/Products/Debug-iphoneos/CryptoSwift.swiftmodule/arm64-apple-ios.swiftmodule
Copy /Users/admin/builder/spi-builder-workspace/.derivedData/Build/Products/Debug-iphoneos/CryptoSwift.swiftmodule/arm64-apple-ios.abi.json /Users/admin/builder/spi-builder-workspace/.derivedData/Build/Intermediates.noindex/CryptoSwift.build/Debug-iphoneos/CryptoSwift-t.build/Objects-normal/arm64/CryptoSwift.abi.json (in target 'CryptoSwift' from project 'CryptoSwift')
cd /Users/admin/builder/spi-builder-workspace/.dependencies/checkouts/CryptoSwift
builtin-copy -exclude .DS_Store -exclude CVS -exclude .svn -exclude .git -exclude .hg -resolve-src-symlinks -rename /Users/admin/builder/spi-builder-workspace/.derivedData/Build/Intermediates.noindex/CryptoSwift.build/Debug-iphoneos/CryptoSwift-t.build/Objects-normal/arm64/CryptoSwift.abi.json /Users/admin/builder/spi-builder-workspace/.derivedData/Build/Products/Debug-iphoneos/CryptoSwift.swiftmodule/arm64-apple-ios.abi.json
Copy /Users/admin/builder/spi-builder-workspace/.derivedData/Build/Products/Debug-iphoneos/CryptoSwift.swiftmodule/arm64-apple-ios.swiftdoc /Users/admin/builder/spi-builder-workspace/.derivedData/Build/Intermediates.noindex/CryptoSwift.build/Debug-iphoneos/CryptoSwift-t.build/Objects-normal/arm64/CryptoSwift.swiftdoc (in target 'CryptoSwift' from project 'CryptoSwift')
cd /Users/admin/builder/spi-builder-workspace/.dependencies/checkouts/CryptoSwift
builtin-copy -exclude .DS_Store -exclude CVS -exclude .svn -exclude .git -exclude .hg -resolve-src-symlinks -rename /Users/admin/builder/spi-builder-workspace/.derivedData/Build/Intermediates.noindex/CryptoSwift.build/Debug-iphoneos/CryptoSwift-t.build/Objects-normal/arm64/CryptoSwift.swiftdoc /Users/admin/builder/spi-builder-workspace/.derivedData/Build/Products/Debug-iphoneos/CryptoSwift.swiftmodule/arm64-apple-ios.swiftdoc
Copy /Users/admin/builder/spi-builder-workspace/.derivedData/Build/Products/Debug-iphoneos/CryptoSwift.swiftmodule/Project/arm64-apple-ios.swiftsourceinfo /Users/admin/builder/spi-builder-workspace/.derivedData/Build/Intermediates.noindex/CryptoSwift.build/Debug-iphoneos/CryptoSwift-t.build/Objects-normal/arm64/CryptoSwift.swiftsourceinfo (in target 'CryptoSwift' from project 'CryptoSwift')
cd /Users/admin/builder/spi-builder-workspace/.dependencies/checkouts/CryptoSwift
builtin-copy -exclude .DS_Store -exclude CVS -exclude .svn -exclude .git -exclude .hg -resolve-src-symlinks -rename /Users/admin/builder/spi-builder-workspace/.derivedData/Build/Intermediates.noindex/CryptoSwift.build/Debug-iphoneos/CryptoSwift-t.build/Objects-normal/arm64/CryptoSwift.swiftsourceinfo /Users/admin/builder/spi-builder-workspace/.derivedData/Build/Products/Debug-iphoneos/CryptoSwift.swiftmodule/Project/arm64-apple-ios.swiftsourceinfo
ScanDependencies /Users/admin/builder/spi-builder-workspace/.derivedData/Build/Intermediates.noindex/CaptureSDK.build/Debug-iphoneos/CryptoSwiftCaptureSDK-t.build/Objects-normal/arm64/CryptoSwiftDummy.o /Users/admin/builder/spi-builder-workspace/.dependencies/checkouts/swift-package-capturesdk/Sources/CryptoSwiftDummy/CryptoSwiftDummy.m normal arm64 objective-c com.apple.compilers.llvm.clang.1_0.compiler (in target 'CryptoSwiftCaptureSDK' from project 'CaptureSDK')
cd /Users/admin/builder/spi-builder-workspace/.swiftpm/xcode
Using response file: /Users/admin/builder/spi-builder-workspace/.derivedData/Build/Intermediates.noindex/CaptureSDK.build/Debug-iphoneos/CryptoSwiftCaptureSDK-t.build/Objects-normal/arm64/e6072d4f65d7061329687fe24e3d63a7-common-args.resp
builtin-ScanDependencies -o /Users/admin/builder/spi-builder-workspace/.derivedData/Build/Intermediates.noindex/CaptureSDK.build/Debug-iphoneos/CryptoSwiftCaptureSDK-t.build/Objects-normal/arm64/CryptoSwiftDummy.o.scan -- /Applications/Xcode-27.0.0-Release.Candidate.app/Contents/Developer/Toolchains/XcodeDefault.xctoolchain/usr/bin/clang -x objective-c -ivfsstatcache /Users/admin/builder/spi-builder-workspace/.derivedData/SDKStatCaches.noindex/iphoneos27.0-24A430-e829b21a6f8c9b70876ba0858053c04440ceaa042ed91876912b2eeea4e3aa14.sdkstatcache -target arm64-apple-ios15.0 -fmessage-length\=0 -fdiagnostics-show-note-include-stack -fmacro-backtrace-limit\=0 -fno-color-diagnostics -fmodules-prune-interval\=86400 -fmodules-prune-after\=345600 -fbuild-session-file\=/Users/admin/builder/spi-builder-workspace/.derivedData/ModuleCache.noindex/Session.modulevalidation -fmodules-validate-once-per-build-session -Wnon-modular-include-in-framework-module -Werror\=non-modular-include-in-framework-module -Wno-trigraphs -Wno-missing-field-initializers -Wno-missing-prototypes -Wno-return-type -Wno-implicit-atomic-properties -Wno-objc-interface-ivars -Wno-arc-repeated-use-of-weak -Wno-missing-braces -Wparentheses -Wswitch -Wno-unused-function -Wno-unused-label -Wno-unused-parameter -Wno-unused-variable -Wunused-value -Wno-empty-body -Wno-uninitialized -Wno-unknown-pragmas -w -Wno-shadow -Wno-four-char-constants -Wno-conversion -Wno-constant-conversion -Wno-int-conversion -Wno-bool-conversion -Wno-enum-conversion -Wno-float-conversion -Wno-non-literal-null-conversion -Wno-objc-literal-conversion -Wshorten-64-to-32 -Wpointer-sign -Wno-newline-eof -Wno-selector -Wno-strict-selector-match -Wno-undeclared-selector -Wno-deprecated-implementations -Wno-implicit-fallthrough -isysroot /Applications/Xcode-27.0.0-Release.Candidate.app/Contents/Developer/Platforms/iPhoneOS.platform/Developer/SDKs/iPhoneOS27.0.sdk -fstrict-aliasing -Wprotocol -Wdeprecated-declarations -Wno-sign-conversion -Wno-infinite-recursion -Wno-comma -Wno-block-capture-autoreleasing -Wno-strict-prototypes -Wno-semicolon-before-method-body -index-store-path /Users/admin/builder/spi-builder-workspace/.derivedData/Index.noindex/DataStore @/Users/admin/builder/spi-builder-workspace/.derivedData/Build/Intermediates.noindex/CaptureSDK.build/Debug-iphoneos/CryptoSwiftCaptureSDK-t.build/Objects-normal/arm64/e6072d4f65d7061329687fe24e3d63a7-common-args.resp -MMD -MT dependencies -MF /Users/admin/builder/spi-builder-workspace/.derivedData/Build/Intermediates.noindex/CaptureSDK.build/Debug-iphoneos/CryptoSwiftCaptureSDK-t.build/Objects-normal/arm64/CryptoSwiftDummy.d --serialize-diagnostics /Users/admin/builder/spi-builder-workspace/.derivedData/Build/Intermediates.noindex/CaptureSDK.build/Debug-iphoneos/CryptoSwiftCaptureSDK-t.build/Objects-normal/arm64/CryptoSwiftDummy.dia -c /Users/admin/builder/spi-builder-workspace/.dependencies/checkouts/swift-package-capturesdk/Sources/CryptoSwiftDummy/CryptoSwiftDummy.m -o /Users/admin/builder/spi-builder-workspace/.derivedData/Build/Intermediates.noindex/CaptureSDK.build/Debug-iphoneos/CryptoSwiftCaptureSDK-t.build/Objects-normal/arm64/CryptoSwiftDummy.o -index-unit-output-path /CaptureSDK.build/Debug-iphoneos/CryptoSwiftCaptureSDK-t.build/Objects-normal/arm64/CryptoSwiftDummy.o
SwiftDriver Maraca normal arm64 com.apple.xcode.tools.swift.compiler (in target 'Maraca' from project 'Maraca')
cd /Users/admin/builder/spi-builder-workspace/.swiftpm/xcode
builtin-SwiftDriver -- /Applications/Xcode-27.0.0-Release.Candidate.app/Contents/Developer/Toolchains/XcodeDefault.xctoolchain/usr/bin/swiftc -parse-as-library -module-name Maraca -Onone @/Users/admin/builder/spi-builder-workspace/.derivedData/Build/Intermediates.noindex/Maraca.build/Debug-iphoneos/Maraca-t.build/Objects-normal/arm64/Maraca.SwiftFileList -DSWIFT_PACKAGE -DDEBUG -DSWIFT_MODULE_RESOURCE_BUNDLE_UNAVAILABLE -Xcc -fmodule-map-file\=/Users/admin/builder/spi-builder-workspace/.derivedData/Build/Intermediates.noindex/GeneratedModuleMaps-iphoneos/CryptoSwiftCaptureSDK.modulemap -Xcc -fmodule-map-file\=/Users/admin/builder/spi-builder-workspace/.derivedData/Build/Intermediates.noindex/GeneratedModuleMaps-iphoneos/SwiftDecoderCaptureSDK.modulemap -Xcc -fmodule-map-file\=/Users/admin/builder/spi-builder-workspace/.derivedData/Build/Intermediates.noindex/GeneratedModuleMaps-iphoneos/CaptureSDKFramework.modulemap -DXcode -plugin-path /Applications/Xcode-27.0.0-Release.Candidate.app/Contents/Developer/Toolchains/XcodeDefault.xctoolchain/usr/lib/swift/host/plugins/testing -enable-experimental-feature DebugDescriptionMacro -sdk /Applications/Xcode-27.0.0-Release.Candidate.app/Contents/Developer/Platforms/iPhoneOS.platform/Developer/SDKs/iPhoneOS27.0.sdk -target arm64-apple-ios15.0 -g -module-cache-path /Users/admin/builder/spi-builder-workspace/.derivedData/ModuleCache.noindex -Xfrontend -serialize-debugging-options -enable-testing -index-store-path /Users/admin/builder/spi-builder-workspace/.derivedData/Index.noindex/DataStore -Xcc -D_LIBCPP_HARDENING_MODE\=_LIBCPP_HARDENING_MODE_DEBUG -swift-version 5 -I /Users/admin/builder/spi-builder-workspace/.derivedData/Build/Products/Debug-iphoneos -Isystem /Applications/Xcode-27.0.0-Release.Candidate.app/Contents/Developer/Platforms/iPhoneOS.platform/Developer/usr/lib -F /Users/admin/builder/spi-builder-workspace/.derivedData/Build/Products/Debug-iphoneos/PackageFrameworks -F /Users/admin/builder/spi-builder-workspace/.derivedData/Build/Products/Debug-iphoneos -F /Applications/Xcode-27.0.0-Release.Candidate.app/Contents/Developer/Platforms/iPhoneOS.platform/Developer/Library/Frameworks -F /Applications/Xcode-27.0.0-Release.Candidate.app/Contents/Developer/Platforms/iPhoneOS.platform/Developer/SDKs/iPhoneOS27.0.sdk/Developer/Library/Frameworks -c -j10 -enable-batch-mode -incremental -Xcc -ivfsstatcache -Xcc /Users/admin/builder/spi-builder-workspace/.derivedData/SDKStatCaches.noindex/iphoneos27.0-24A430-e829b21a6f8c9b70876ba0858053c04440ceaa042ed91876912b2eeea4e3aa14.sdkstatcache -output-file-map /Users/admin/builder/spi-builder-workspace/.derivedData/Build/Intermediates.noindex/Maraca.build/Debug-iphoneos/Maraca-t.build/Objects-normal/arm64/Maraca-OutputFileMap.json -save-temps -no-color-diagnostics -explicit-module-build -module-cache-path /Users/admin/builder/spi-builder-workspace/.derivedData/Build/Intermediates.noindex/SwiftExplicitPrecompiledModules -clang-scanner-module-cache-path /Users/admin/builder/spi-builder-workspace/.derivedData/ModuleCache.noindex -sdk-module-cache-path /Users/admin/builder/spi-builder-workspace/.derivedData/SDKExplicitPrecompiledModules -emit-dependencies -emit-module -emit-module-path /Users/admin/builder/spi-builder-workspace/.derivedData/Build/Intermediates.noindex/Maraca.build/Debug-iphoneos/Maraca-t.build/Objects-normal/arm64/Maraca.swiftmodule -serialize-diagnostics -dependency-scan-serialize-diagnostics-path /Users/admin/builder/spi-builder-workspace/.derivedData/Build/Intermediates.noindex/Maraca.build/Debug-iphoneos/Maraca-t.build/Objects-normal/arm64/Maraca-dependency-scan.dia -validate-clang-modules-once -clang-build-session-file /Users/admin/builder/spi-builder-workspace/.derivedData/ModuleCache.noindex/Session.modulevalidation -Xcc -fmodules-prune-interval\=86400 -Xcc -fmodules-prune-after\=345600 -emit-const-values -const-gather-protocols-list /Users/admin/builder/spi-builder-workspace/.derivedData/Build/Intermediates.noindex/Maraca.build/Debug-iphoneos/Maraca-t.build/Objects-normal/arm64/Maraca_const_extract_protocols.json -Xcc -I/Users/admin/builder/spi-builder-workspace/.dependencies/checkouts/swift-package-capturesdk/Sources/CryptoSwiftDummy/include -Xcc -I/Users/admin/builder/spi-builder-workspace/.dependencies/checkouts/swift-package-capturesdk/Sources/SwiftDecoderDummy/include -Xcc -I/Users/admin/builder/spi-builder-workspace/.dependencies/checkouts/swift-package-capturesdk/Sources/CaptureSDKDummy/include -Xcc -I/Users/admin/builder/spi-builder-workspace/.derivedData/Build/Products/Debug-iphoneos/include -Xcc -I/Users/admin/builder/spi-builder-workspace/.derivedData/Build/Intermediates.noindex/Maraca.build/Debug-iphoneos/Maraca-t.build/DerivedSources-normal/arm64 -Xcc -I/Users/admin/builder/spi-builder-workspace/.derivedData/Build/Intermediates.noindex/Maraca.build/Debug-iphoneos/Maraca-t.build/DerivedSources/arm64 -Xcc -I/Users/admin/builder/spi-builder-workspace/.derivedData/Build/Intermediates.noindex/Maraca.build/Debug-iphoneos/Maraca-t.build/DerivedSources -Xcc -DSWIFT_PACKAGE -Xcc -DDEBUG\=1 -emit-objc-header -emit-objc-header-path /Users/admin/builder/spi-builder-workspace/.derivedData/Build/Intermediates.noindex/Maraca.build/Debug-iphoneos/Maraca-t.build/Objects-normal/arm64/Maraca-Swift.h -working-directory /Users/admin/builder/spi-builder-workspace/.swiftpm/xcode -experimental-emit-module-separately -disable-cmo
CompileC /Users/admin/builder/spi-builder-workspace/.derivedData/Build/Intermediates.noindex/CaptureSDK.build/Debug-iphoneos/CryptoSwiftCaptureSDK-t.build/Objects-normal/arm64/CryptoSwiftDummy.o /Users/admin/builder/spi-builder-workspace/.dependencies/checkouts/swift-package-capturesdk/Sources/CryptoSwiftDummy/CryptoSwiftDummy.m normal arm64 objective-c com.apple.compilers.llvm.clang.1_0.compiler (in target 'CryptoSwiftCaptureSDK' from project 'CaptureSDK')
cd /Users/admin/builder/spi-builder-workspace/.swiftpm/xcode
Using response file: /Users/admin/builder/spi-builder-workspace/.derivedData/Build/Intermediates.noindex/CaptureSDK.build/Debug-iphoneos/CryptoSwiftCaptureSDK-t.build/Objects-normal/arm64/e6072d4f65d7061329687fe24e3d63a7-common-args.resp
/Applications/Xcode-27.0.0-Release.Candidate.app/Contents/Developer/Toolchains/XcodeDefault.xctoolchain/usr/bin/clang -x objective-c -ivfsstatcache /Users/admin/builder/spi-builder-workspace/.derivedData/SDKStatCaches.noindex/iphoneos27.0-24A430-e829b21a6f8c9b70876ba0858053c04440ceaa042ed91876912b2eeea4e3aa14.sdkstatcache -target arm64-apple-ios15.0 -fmessage-length\=0 -fdiagnostics-show-note-include-stack -fmacro-backtrace-limit\=0 -fno-color-diagnostics -fmodules-prune-interval\=86400 -fmodules-prune-after\=345600 -fbuild-session-file\=/Users/admin/builder/spi-builder-workspace/.derivedData/ModuleCache.noindex/Session.modulevalidation -fmodules-validate-once-per-build-session -Wnon-modular-include-in-framework-module -Werror\=non-modular-include-in-framework-module -Wno-trigraphs -Wno-missing-field-initializers -Wno-missing-prototypes -Wno-return-type -Wno-implicit-atomic-properties -Wno-objc-interface-ivars -Wno-arc-repeated-use-of-weak -Wno-missing-braces -Wparentheses -Wswitch -Wno-unused-function -Wno-unused-label -Wno-unused-parameter -Wno-unused-variable -Wunused-value -Wno-empty-body -Wno-uninitialized -Wno-unknown-pragmas -w -Wno-shadow -Wno-four-char-constants -Wno-conversion -Wno-constant-conversion -Wno-int-conversion -Wno-bool-conversion -Wno-enum-conversion -Wno-float-conversion -Wno-non-literal-null-conversion -Wno-objc-literal-conversion -Wshorten-64-to-32 -Wpointer-sign -Wno-newline-eof -Wno-selector -Wno-strict-selector-match -Wno-undeclared-selector -Wno-deprecated-implementations -Wno-implicit-fallthrough -isysroot /Applications/Xcode-27.0.0-Release.Candidate.app/Contents/Developer/Platforms/iPhoneOS.platform/Developer/SDKs/iPhoneOS27.0.sdk -fstrict-aliasing -Wprotocol -Wdeprecated-declarations -Wno-sign-conversion -Wno-infinite-recursion -Wno-comma -Wno-block-capture-autoreleasing -Wno-strict-prototypes -Wno-semicolon-before-method-body -index-store-path /Users/admin/builder/spi-builder-workspace/.derivedData/Index.noindex/DataStore @/Users/admin/builder/spi-builder-workspace/.derivedData/Build/Intermediates.noindex/CaptureSDK.build/Debug-iphoneos/CryptoSwiftCaptureSDK-t.build/Objects-normal/arm64/e6072d4f65d7061329687fe24e3d63a7-common-args.resp -MMD -MT dependencies -MF /Users/admin/builder/spi-builder-workspace/.derivedData/Build/Intermediates.noindex/CaptureSDK.build/Debug-iphoneos/CryptoSwiftCaptureSDK-t.build/Objects-normal/arm64/CryptoSwiftDummy.d --serialize-diagnostics /Users/admin/builder/spi-builder-workspace/.derivedData/Build/Intermediates.noindex/CaptureSDK.build/Debug-iphoneos/CryptoSwiftCaptureSDK-t.build/Objects-normal/arm64/CryptoSwiftDummy.dia -c /Users/admin/builder/spi-builder-workspace/.dependencies/checkouts/swift-package-capturesdk/Sources/CryptoSwiftDummy/CryptoSwiftDummy.m -o /Users/admin/builder/spi-builder-workspace/.derivedData/Build/Intermediates.noindex/CaptureSDK.build/Debug-iphoneos/CryptoSwiftCaptureSDK-t.build/Objects-normal/arm64/CryptoSwiftDummy.o -index-unit-output-path /CaptureSDK.build/Debug-iphoneos/CryptoSwiftCaptureSDK-t.build/Objects-normal/arm64/CryptoSwiftDummy.o
SwiftDriverJobDiscovery normal arm64 Compiling Rabbit+Foundation.swift, String+FoundationExtension.swift, Utils+Foundation.swift, XChaCha20+Foundation.swift, Generics.swift, HKDF.swift, HMAC.swift, ISO10126Padding.swift, ISO78164Padding.swift, Int+Extension.swift, MD5.swift (in target 'CryptoSwift' from project 'CryptoSwift')
SwiftDriverJobDiscovery normal arm64 Compiling AEAD.swift, AEADChaCha20Poly1305.swift, AEADXChaCha20Poly1305.swift, AES.Cryptors.swift, AES.swift, ASN1.swift, ASN1Decoder.swift, ASN1Encoder.swift, ASN1Scanner.swift, Array+Extension.swift, Authenticator.swift, BatchedCollection.swift (in target 'CryptoSwift' from project 'CryptoSwift')
SwiftExplicitDependencyGeneratePcm arm64 /Users/admin/builder/spi-builder-workspace/.derivedData/SDKExplicitPrecompiledModules/UniformTypeIdentifiers-BAZNP8JOBB5DGLB3JJRQE38CC.pcm
SwiftExplicitDependencyGeneratePcm arm64 /Users/admin/builder/spi-builder-workspace/.derivedData/SDKExplicitPrecompiledModules/UIUtilities-8DXCI8OECK24P5C5R5YJCPY6S.pcm
SwiftExplicitDependencyGeneratePcm arm64 /Users/admin/builder/spi-builder-workspace/.derivedData/SDKExplicitPrecompiledModules/DataDetection-CA8WF2CE1MBR989EWQ1QHKSM7.pcm
SwiftExplicitDependencyGeneratePcm arm64 /Users/admin/builder/spi-builder-workspace/.derivedData/SDKExplicitPrecompiledModules/_Builtin_stdatomic-CLJVNIOHLPNAVPMY1PCE07PC6.pcm
SwiftExplicitDependencyGeneratePcm arm64 /Users/admin/builder/spi-builder-workspace/.derivedData/SDKExplicitPrecompiledModules/CoreMIDI-2IH8BX8EAI7QJWH8Q91L467O.pcm
SwiftExplicitDependencyGeneratePcm arm64 /Users/admin/builder/spi-builder-workspace/.derivedData/Build/Intermediates.noindex/SwiftExplicitPrecompiledModules/CaptureSDK-7GKT9QTJBIEWPSLQGO4ZJARPZ.pcm
SwiftExplicitDependencyGeneratePcm arm64 /Users/admin/builder/spi-builder-workspace/.derivedData/SDKExplicitPrecompiledModules/DeveloperToolsSupport-AUYQ7RZGQ59TXNGR56E2ZGE17.pcm
SwiftExplicitDependencyGeneratePcm arm64 /Users/admin/builder/spi-builder-workspace/.derivedData/SDKExplicitPrecompiledModules/IOSurface-ETZE23103L23AFRV5RIY98B8R.pcm
SwiftExplicitDependencyGeneratePcm arm64 /Users/admin/builder/spi-builder-workspace/.derivedData/SDKExplicitPrecompiledModules/UserNotifications-9FDDTQ4F448NASNBJ73LL08CW.pcm
SwiftExplicitDependencyGeneratePcm arm64 /Users/admin/builder/spi-builder-workspace/.derivedData/SDKExplicitPrecompiledModules/dnssd-2HMC2ZPZHRV7WTQL52S1JXICJ.pcm
SwiftExplicitDependencyGeneratePcm arm64 /Users/admin/builder/spi-builder-workspace/.derivedData/SDKExplicitPrecompiledModules/_Builtin_intrinsics-M7DSWA69W6IRMFV5G3UL303L.pcm
SwiftExplicitDependencyGeneratePcm arm64 /Users/admin/builder/spi-builder-workspace/.derivedData/SDKExplicitPrecompiledModules/CoreAudioTypes-5TNF2EJXR20ST0PBDR1AWITTL.pcm
SwiftExplicitDependencyGeneratePcm arm64 /Users/admin/builder/spi-builder-workspace/.derivedData/SDKExplicitPrecompiledModules/CoreTransferable-F2IYO4PZDTT6W3BB17OMMFU8H.pcm
SwiftExplicitDependencyGeneratePcm arm64 /Users/admin/builder/spi-builder-workspace/.derivedData/SDKExplicitPrecompiledModules/_Builtin_tgmath-5HH7TKWQY3C2P6USS0J5RO1BK.pcm
SwiftExplicitDependencyGeneratePcm arm64 /Users/admin/builder/spi-builder-workspace/.derivedData/SDKExplicitPrecompiledModules/CoreGraphics-1SD6JR1OD1L9VFTHCRUEAA4HT.pcm
SwiftExplicitDependencyGeneratePcm arm64 /Users/admin/builder/spi-builder-workspace/.derivedData/SDKExplicitPrecompiledModules/Metal-2DZ2IJBFDYZ2K88YOFG23YY5D.pcm
SwiftExplicitDependencyGeneratePcm arm64 /Users/admin/builder/spi-builder-workspace/.derivedData/SDKExplicitPrecompiledModules/OpenGLES-6R0N0LGQ7JHCUNYMW2UQWI7N8.pcm
SwiftExplicitDependencyGeneratePcm arm64 /Users/admin/builder/spi-builder-workspace/.derivedData/SDKExplicitPrecompiledModules/MachO-4OVT5NEPGSOC5S7WJ8A4CI9HQ.pcm
SwiftDriverJobDiscovery normal arm64 Compiling RSA+Cipher.swift, RSA+Signature.swift, RSA.swift, Rabbit.swift, SHA1.swift, SHA2.swift, SHA3.swift, Scrypt.swift, SecureBytes.swift, Signature.swift, StreamDecryptor.swift (in target 'CryptoSwift' from project 'CryptoSwift')
SwiftExplicitDependencyGeneratePcm arm64 /Users/admin/builder/spi-builder-workspace/.derivedData/SDKExplicitPrecompiledModules/Symbols-2Y2KJ3BWNZVNX5SGRT9OZY58X.pcm
SwiftExplicitDependencyGeneratePcm arm64 /Users/admin/builder/spi-builder-workspace/.derivedData/SDKExplicitPrecompiledModules/_LocationEssentials-9Z1GGK9D5GWZAPSJ6EB6CF1LC.pcm
SwiftExplicitDependencyGeneratePcm arm64 /Users/admin/builder/spi-builder-workspace/.derivedData/SDKExplicitPrecompiledModules/Network-3EQWF3D2LQQA3CHUNALR2OEV3.pcm
SwiftExplicitDependencyGeneratePcm arm64 /Users/admin/builder/spi-builder-workspace/.derivedData/SDKExplicitPrecompiledModules/CoreAudio-2VUW91YZGH0XJJO80VUQL1L8W.pcm
SwiftDriver\ Compilation CryptoSwift normal arm64 com.apple.xcode.tools.swift.compiler (in target 'CryptoSwift' from project 'CryptoSwift')
cd /Users/admin/builder/spi-builder-workspace/.swiftpm/xcode
builtin-Swift-Compilation -- /Applications/Xcode-27.0.0-Release.Candidate.app/Contents/Developer/Toolchains/XcodeDefault.xctoolchain/usr/bin/swiftc -parse-as-library -module-name CryptoSwift -Onone @/Users/admin/builder/spi-builder-workspace/.derivedData/Build/Intermediates.noindex/CryptoSwift.build/Debug-iphoneos/CryptoSwift-t.build/Objects-normal/arm64/CryptoSwift.SwiftFileList -DSWIFT_PACKAGE -DDEBUG -DSWIFT_MODULE_RESOURCE_BUNDLE_UNAVAILABLE -DXcode -plugin-path /Applications/Xcode-27.0.0-Release.Candidate.app/Contents/Developer/Toolchains/XcodeDefault.xctoolchain/usr/lib/swift/host/plugins/testing -enable-experimental-feature DebugDescriptionMacro -sdk /Applications/Xcode-27.0.0-Release.Candidate.app/Contents/Developer/Platforms/iPhoneOS.platform/Developer/SDKs/iPhoneOS27.0.sdk -target arm64-apple-ios15.0 -g -module-cache-path /Users/admin/builder/spi-builder-workspace/.derivedData/ModuleCache.noindex -Xfrontend -serialize-debugging-options -enable-testing -suppress-warnings -index-store-path /Users/admin/builder/spi-builder-workspace/.derivedData/Index.noindex/DataStore -Xcc -D_LIBCPP_HARDENING_MODE\=_LIBCPP_HARDENING_MODE_DEBUG -swift-version 5 -I /Users/admin/builder/spi-builder-workspace/.derivedData/Build/Products/Debug-iphoneos -Isystem /Applications/Xcode-27.0.0-Release.Candidate.app/Contents/Developer/Platforms/iPhoneOS.platform/Developer/usr/lib -F /Users/admin/builder/spi-builder-workspace/.derivedData/Build/Products/Debug-iphoneos/PackageFrameworks -F /Users/admin/builder/spi-builder-workspace/.derivedData/Build/Products/Debug-iphoneos -F /Applications/Xcode-27.0.0-Release.Candidate.app/Contents/Developer/Platforms/iPhoneOS.platform/Developer/Library/Frameworks -F /Applications/Xcode-27.0.0-Release.Candidate.app/Contents/Developer/Platforms/iPhoneOS.platform/Developer/SDKs/iPhoneOS27.0.sdk/Developer/Library/Frameworks -c -j10 -enable-batch-mode -incremental -Xcc -ivfsstatcache -Xcc /Users/admin/builder/spi-builder-workspace/.derivedData/SDKStatCaches.noindex/iphoneos27.0-24A430-e829b21a6f8c9b70876ba0858053c04440ceaa042ed91876912b2eeea4e3aa14.sdkstatcache -output-file-map /Users/admin/builder/spi-builder-workspace/.derivedData/Build/Intermediates.noindex/CryptoSwift.build/Debug-iphoneos/CryptoSwift-t.build/Objects-normal/arm64/CryptoSwift-OutputFileMap.json -save-temps -no-color-diagnostics -explicit-module-build -module-cache-path /Users/admin/builder/spi-builder-workspace/.derivedData/Build/Intermediates.noindex/SwiftExplicitPrecompiledModules -clang-scanner-module-cache-path /Users/admin/builder/spi-builder-workspace/.derivedData/ModuleCache.noindex -sdk-module-cache-path /Users/admin/builder/spi-builder-workspace/.derivedData/SDKExplicitPrecompiledModules -emit-dependencies -emit-module -emit-module-path /Users/admin/builder/spi-builder-workspace/.derivedData/Build/Intermediates.noindex/CryptoSwift.build/Debug-iphoneos/CryptoSwift-t.build/Objects-normal/arm64/CryptoSwift.swiftmodule -serialize-diagnostics -dependency-scan-serialize-diagnostics-path /Users/admin/builder/spi-builder-workspace/.derivedData/Build/Intermediates.noindex/CryptoSwift.build/Debug-iphoneos/CryptoSwift-t.build/Objects-normal/arm64/CryptoSwift-dependency-scan.dia -validate-clang-modules-once -clang-build-session-file /Users/admin/builder/spi-builder-workspace/.derivedData/ModuleCache.noindex/Session.modulevalidation -Xcc -fmodules-prune-interval\=86400 -Xcc -fmodules-prune-after\=345600 -emit-const-values -const-gather-protocols-list /Users/admin/builder/spi-builder-workspace/.derivedData/Build/Intermediates.noindex/CryptoSwift.build/Debug-iphoneos/CryptoSwift-t.build/Objects-normal/arm64/CryptoSwift_const_extract_protocols.json -Xcc -I/Users/admin/builder/spi-builder-workspace/.derivedData/Build/Products/Debug-iphoneos/include -Xcc -I/Users/admin/builder/spi-builder-workspace/.derivedData/Build/Intermediates.noindex/CryptoSwift.build/Debug-iphoneos/CryptoSwift-t.build/DerivedSources-normal/arm64 -Xcc -I/Users/admin/builder/spi-builder-workspace/.derivedData/Build/Intermediates.noindex/CryptoSwift.build/Debug-iphoneos/CryptoSwift-t.build/DerivedSources/arm64 -Xcc -I/Users/admin/builder/spi-builder-workspace/.derivedData/Build/Intermediates.noindex/CryptoSwift.build/Debug-iphoneos/CryptoSwift-t.build/DerivedSources -Xcc -DSWIFT_PACKAGE -Xcc -DDEBUG\=1 -emit-objc-header -emit-objc-header-path /Users/admin/builder/spi-builder-workspace/.derivedData/Build/Intermediates.noindex/CryptoSwift.build/Debug-iphoneos/CryptoSwift-t.build/Objects-normal/arm64/CryptoSwift-Swift.h -working-directory /Users/admin/builder/spi-builder-workspace/.swiftpm/xcode -experimental-emit-module-separately -disable-cmo
SwiftExplicitDependencyGeneratePcm arm64 /Users/admin/builder/spi-builder-workspace/.derivedData/SDKExplicitPrecompiledModules/AudioToolbox-9TNWLCUL701Z59L15MQN2P5HX.pcm
Ld /Users/admin/builder/spi-builder-workspace/.derivedData/Build/Products/Debug-iphoneos/CryptoSwift.o normal (in target 'CryptoSwift' from project 'CryptoSwift')
cd /Users/admin/builder/spi-builder-workspace/.dependencies/checkouts/CryptoSwift
/Applications/Xcode-27.0.0-Release.Candidate.app/Contents/Developer/Toolchains/XcodeDefault.xctoolchain/usr/bin/clang -Xlinker -reproducible -target arm64-apple-ios15.0 -r -isysroot /Applications/Xcode-27.0.0-Release.Candidate.app/Contents/Developer/Platforms/iPhoneOS.platform/Developer/SDKs/iPhoneOS27.0.sdk -O0 -w -Xlinker -no_warn_duplicate_libraries -F/Users/admin/builder/spi-builder-workspace/.derivedData/Build/Intermediates.noindex/EagerLinkingTBDs/Debug-iphoneos -F/Users/admin/builder/spi-builder-workspace/.derivedData/Build/Products/Debug-iphoneos/PackageFrameworks -F/Users/admin/builder/spi-builder-workspace/.derivedData/Build/Products/Debug-iphoneos -iframework /Applications/Xcode-27.0.0-Release.Candidate.app/Contents/Developer/Platforms/iPhoneOS.platform/Developer/Library/Frameworks -iframework /Applications/Xcode-27.0.0-Release.Candidate.app/Contents/Developer/Platforms/iPhoneOS.platform/Developer/SDKs/iPhoneOS27.0.sdk/Developer/Library/Frameworks -filelist /Users/admin/builder/spi-builder-workspace/.derivedData/Build/Intermediates.noindex/CryptoSwift.build/Debug-iphoneos/CryptoSwift-t.build/Objects-normal/arm64/CryptoSwift.LinkFileList -nostdlib -Xlinker -object_path_lto -Xlinker /Users/admin/builder/spi-builder-workspace/.derivedData/Build/Intermediates.noindex/CryptoSwift.build/Debug-iphoneos/CryptoSwift-t.build/Objects-normal/arm64/CryptoSwift_lto.o -Xlinker -no_deduplicate -Xlinker -dependency_info -Xlinker /Users/admin/builder/spi-builder-workspace/.derivedData/Build/Intermediates.noindex/CryptoSwift.build/Debug-iphoneos/CryptoSwift-t.build/Objects-normal/arm64/CryptoSwift_dependency_info.dat -fobjc-link-runtime -L/Applications/Xcode-27.0.0-Release.Candidate.app/Contents/Developer/Toolchains/XcodeDefault.xctoolchain/usr/lib/swift/iphoneos -L/usr/lib/swift -Xlinker -add_ast_path -Xlinker /Users/admin/builder/spi-builder-workspace/.derivedData/Build/Intermediates.noindex/CryptoSwift.build/Debug-iphoneos/CryptoSwift-t.build/Objects-normal/arm64/CryptoSwift.swiftmodule -o /Users/admin/builder/spi-builder-workspace/.derivedData/Build/Products/Debug-iphoneos/CryptoSwift.o
SwiftExplicitDependencyGeneratePcm arm64 /Users/admin/builder/spi-builder-workspace/.derivedData/SDKExplicitPrecompiledModules/CoreLocation-BD444BXGOOIA7L0V53QX85MNI.pcm
SwiftExplicitDependencyGeneratePcm arm64 /Users/admin/builder/spi-builder-workspace/.derivedData/SDKExplicitPrecompiledModules/os-D19NGWGGCIMHTFO5YUINIK4A7.pcm
SwiftExplicitDependencyGeneratePcm arm64 /Users/admin/builder/spi-builder-workspace/.derivedData/SDKExplicitPrecompiledModules/ImageIO-91Z2U50YQ9DUO5YI1T6XL5QLM.pcm
SwiftExplicitDependencyGeneratePcm arm64 /Users/admin/builder/spi-builder-workspace/.derivedData/SDKExplicitPrecompiledModules/CoreText-7UJ9MLJ6XI3NZT2FHSJYBCGXM.pcm
SwiftExplicitDependencyGeneratePcm arm64 /Users/admin/builder/spi-builder-workspace/.derivedData/SDKExplicitPrecompiledModules/Accessibility-BJV1JRVLK0A4KO4XJY098MPDJ.pcm
SwiftExplicitDependencyGeneratePcm arm64 /Users/admin/builder/spi-builder-workspace/.derivedData/SDKExplicitPrecompiledModules/FileProvider-CTM92XO97O83GMGPZ80IAZ2MH.pcm
SwiftExplicitDependencyGeneratePcm arm64 /Users/admin/builder/spi-builder-workspace/.derivedData/SDKExplicitPrecompiledModules/AVRouting-7DYLKQYFELND3QUHUFAXVEHL7.pcm
SwiftExplicitDependencyGeneratePcm arm64 /Users/admin/builder/spi-builder-workspace/.derivedData/SDKExplicitPrecompiledModules/OSLog-4FSJLRO1OMLINRFU9E5FDJ6LG.pcm
ExtractAppIntentsMetadata (in target 'CryptoSwift' from project 'CryptoSwift')
cd /Users/admin/builder/spi-builder-workspace/.dependencies/checkouts/CryptoSwift
/Applications/Xcode-27.0.0-Release.Candidate.app/Contents/Developer/Toolchains/XcodeDefault.xctoolchain/usr/bin/appintentsmetadataprocessor --toolchain-dir /var/run/com.apple.security.cryptexd/mnt/com.apple.MobileAsset.MetalToolchain-v27.1.266.1.xk7QZa/Metal.xctoolchain --module-name CryptoSwift --sdk-root /Applications/Xcode-27.0.0-Release.Candidate.app/Contents/Developer/Platforms/iPhoneOS.platform/Developer/SDKs/iPhoneOS27.0.sdk --xcode-version 27A266a --platform-family iOS --deployment-target 15.0 --bundle-identifier cryptoswift.CryptoSwift --output /Users/admin/builder/spi-builder-workspace/.derivedData/Build/Products/Debug-iphoneos/CryptoSwift.appintents --target-triple arm64-apple-ios15.0 --binary-file /Users/admin/builder/spi-builder-workspace/.derivedData/Build/Products/Debug-iphoneos/CryptoSwift.o --dependency-file /Users/admin/builder/spi-builder-workspace/.derivedData/Build/Intermediates.noindex/CryptoSwift.build/Debug-iphoneos/CryptoSwift-t.build/Objects-normal/arm64/CryptoSwift_dependency_info.dat --stringsdata-file /Users/admin/builder/spi-builder-workspace/.derivedData/Build/Intermediates.noindex/CryptoSwift.build/Debug-iphoneos/CryptoSwift-t.build/Objects-normal/arm64/ExtractedAppShortcutsMetadata.stringsdata --source-file-list /Users/admin/builder/spi-builder-workspace/.derivedData/Build/Intermediates.noindex/CryptoSwift.build/Debug-iphoneos/CryptoSwift-t.build/Objects-normal/arm64/CryptoSwift.SwiftFileList --metadata-file-list /Users/admin/builder/spi-builder-workspace/.derivedData/Build/Intermediates.noindex/CryptoSwift.build/Debug-iphoneos/CryptoSwift-t.build/CryptoSwift.DependencyMetadataFileList --static-metadata-file-list /Users/admin/builder/spi-builder-workspace/.derivedData/Build/Intermediates.noindex/CryptoSwift.build/Debug-iphoneos/CryptoSwift-t.build/CryptoSwift.DependencyStaticMetadataFileList --swift-const-vals-list /Users/admin/builder/spi-builder-workspace/.derivedData/Build/Intermediates.noindex/CryptoSwift.build/Debug-iphoneos/CryptoSwift-t.build/Objects-normal/arm64/CryptoSwift.SwiftConstValuesFileList --force --compile-time-extraction --deployment-aware-processing --no-app-shortcuts-localization
2026-09-19 03:28:30.218 appintentsmetadataprocessor[896:5544] Starting appintentsmetadataprocessor export
2026-09-19 03:28:30.293 appintentsmetadataprocessor[896:5544] Extracted no relevant App Intents symbols, skipping writing output
SwiftExplicitDependencyGeneratePcm arm64 /Users/admin/builder/spi-builder-workspace/.derivedData/SDKExplicitPrecompiledModules/CoreMotion-E9UFJY6R1E7D280SQ6U747G2Z.pcm
SwiftExplicitDependencyGeneratePcm arm64 /Users/admin/builder/spi-builder-workspace/.derivedData/SDKExplicitPrecompiledModules/CoreVideo-9UJJUBLTF80Q66OBIQIGNMH63.pcm
SwiftExplicitDependencyGeneratePcm arm64 /Users/admin/builder/spi-builder-workspace/.derivedData/SDKExplicitPrecompiledModules/simd-DI8CY2CM6ND6C9DF4BMO8B2Y4.pcm
SwiftExplicitDependencyGeneratePcm arm64 /Users/admin/builder/spi-builder-workspace/.derivedData/SDKExplicitPrecompiledModules/QuartzCore-4IHGQVC232A50LDRYLP2TOVKU.pcm
SwiftExplicitDependencyGeneratePcm arm64 /Users/admin/builder/spi-builder-workspace/.derivedData/SDKExplicitPrecompiledModules/CoreImage-21I9NDJ5BALJVG03DUUN2CO83.pcm
SwiftExplicitDependencyGeneratePcm arm64 /Users/admin/builder/spi-builder-workspace/.derivedData/SDKExplicitPrecompiledModules/CoreMedia-F1OP8LOTHMIPKHX92XFOG88LS.pcm
Ld /Users/admin/builder/spi-builder-workspace/.derivedData/Build/Products/Debug-iphoneos/CryptoSwiftCaptureSDK.o normal (in target 'CryptoSwiftCaptureSDK' from project 'CaptureSDK')
cd /Users/admin/builder/spi-builder-workspace/.dependencies/checkouts/swift-package-capturesdk
/Applications/Xcode-27.0.0-Release.Candidate.app/Contents/Developer/Toolchains/XcodeDefault.xctoolchain/usr/bin/clang -Xlinker -reproducible -target arm64-apple-ios15.0 -r -isysroot /Applications/Xcode-27.0.0-Release.Candidate.app/Contents/Developer/Platforms/iPhoneOS.platform/Developer/SDKs/iPhoneOS27.0.sdk -O0 -w -Xlinker -no_warn_duplicate_libraries -F/Users/admin/builder/spi-builder-workspace/.derivedData/Build/Intermediates.noindex/EagerLinkingTBDs/Debug-iphoneos -F/Users/admin/builder/spi-builder-workspace/.derivedData/Build/Products/Debug-iphoneos/PackageFrameworks -F/Users/admin/builder/spi-builder-workspace/.derivedData/Build/Products/Debug-iphoneos -iframework /Applications/Xcode-27.0.0-Release.Candidate.app/Contents/Developer/Platforms/iPhoneOS.platform/Developer/Library/Frameworks -iframework /Applications/Xcode-27.0.0-Release.Candidate.app/Contents/Developer/Platforms/iPhoneOS.platform/Developer/SDKs/iPhoneOS27.0.sdk/Developer/Library/Frameworks -filelist /Users/admin/builder/spi-builder-workspace/.derivedData/Build/Intermediates.noindex/CaptureSDK.build/Debug-iphoneos/CryptoSwiftCaptureSDK-t.build/Objects-normal/arm64/CryptoSwiftCaptureSDK.LinkFileList -nostdlib -Xlinker -object_path_lto -Xlinker /Users/admin/builder/spi-builder-workspace/.derivedData/Build/Intermediates.noindex/CaptureSDK.build/Debug-iphoneos/CryptoSwiftCaptureSDK-t.build/Objects-normal/arm64/CryptoSwiftCaptureSDK_lto.o -Xlinker -no_deduplicate -Xlinker -dependency_info -Xlinker /Users/admin/builder/spi-builder-workspace/.derivedData/Build/Intermediates.noindex/CaptureSDK.build/Debug-iphoneos/CryptoSwiftCaptureSDK-t.build/Objects-normal/arm64/CryptoSwiftCaptureSDK_dependency_info.dat -fobjc-arc -fobjc-link-runtime -o /Users/admin/builder/spi-builder-workspace/.derivedData/Build/Products/Debug-iphoneos/CryptoSwiftCaptureSDK.o
SwiftExplicitDependencyGeneratePcm arm64 /Users/admin/builder/spi-builder-workspace/.derivedData/SDKExplicitPrecompiledModules/SwiftUICore-4RQ9X0AQHR9QCPZW2HYVJZKLF.pcm
SwiftExplicitDependencyGeneratePcm arm64 /Users/admin/builder/spi-builder-workspace/.derivedData/SDKExplicitPrecompiledModules/MediaToolbox-97JNZXVPIBQYKJXRI0DG9SLB8.pcm
SwiftExplicitDependencyGeneratePcm arm64 /Users/admin/builder/spi-builder-workspace/.derivedData/SDKExplicitPrecompiledModules/VideoToolbox-5ZB5VMUME2GSAJLXARS4UPJ8G.pcm
SwiftExplicitDependencyGeneratePcm arm64 /Users/admin/builder/spi-builder-workspace/.derivedData/SDKExplicitPrecompiledModules/AVFAudio-6FLU0V1VD06L498EGP5G72M36.pcm
SwiftExplicitDependencyGeneratePcm arm64 /Users/admin/builder/spi-builder-workspace/.derivedData/SDKExplicitPrecompiledModules/UIKit-VI413NSJWB5Y7QFX1PY597WP.pcm
SwiftExplicitDependencyGeneratePcm arm64 /Users/admin/builder/spi-builder-workspace/.derivedData/SDKExplicitPrecompiledModules/AVFoundation-BAX01WL6PB4QGPQMCMJSQ4G8G.pcm
SwiftExplicitDependencyGeneratePcm arm64 /Users/admin/builder/spi-builder-workspace/.derivedData/SDKExplicitPrecompiledModules/Spatial-7901ZPGJYLUDNLYCSVBTOCJ2R.pcm
SwiftExplicitDependencyGeneratePcm arm64 /Users/admin/builder/spi-builder-workspace/.derivedData/SDKExplicitPrecompiledModules/WebKit-2ROUE8KWM3BUSZHADJK0HJNPV.pcm
SwiftExplicitDependencyCompileModuleFromInterface arm64 /Users/admin/builder/spi-builder-workspace/.derivedData/Build/Intermediates.noindex/SwiftExplicitPrecompiledModules/CaptureSDK-1W0YJCEBFX6AI.swiftmodule
SwiftEmitModule normal arm64 Emitting\ module\ for\ Maraca (in target 'Maraca' from project 'Maraca')
SwiftCompile normal arm64 (in target 'Maraca' from project 'Maraca')
cd /Users/admin/builder/spi-builder-workspace/.swiftpm/xcode
SwiftCompile normal arm64 Compiling\ Utility.swift /Users/admin/builder/spi-builder-workspace/Sources/Maraca/Utility.swift (in target 'Maraca' from project 'Maraca')
SwiftCompile normal arm64 /Users/admin/builder/spi-builder-workspace/Sources/Maraca/Utility.swift (in target 'Maraca' from project 'Maraca')
cd /Users/admin/builder/spi-builder-workspace/.swiftpm/xcode
builtin-SwiftPerFileCompile Utility.swift
SwiftCompile normal arm64 Compiling\ MaracaConstants.swift /Users/admin/builder/spi-builder-workspace/Sources/Maraca/MaracaConstants.swift (in target 'Maraca' from project 'Maraca')
SwiftCompile normal arm64 /Users/admin/builder/spi-builder-workspace/Sources/Maraca/MaracaConstants.swift (in target 'Maraca' from project 'Maraca')
cd /Users/admin/builder/spi-builder-workspace/.swiftpm/xcode
builtin-SwiftPerFileCompile MaracaConstants.swift
SwiftCompile normal arm64 Compiling\ JsonRPCObject.swift /Users/admin/builder/spi-builder-workspace/Sources/Maraca/JsonRPCObject.swift (in target 'Maraca' from project 'Maraca')
SwiftCompile normal arm64 /Users/admin/builder/spi-builder-workspace/Sources/Maraca/JsonRPCObject.swift (in target 'Maraca' from project 'Maraca')
cd /Users/admin/builder/spi-builder-workspace/.swiftpm/xcode
builtin-SwiftPerFileCompile JsonRPCObject.swift
SwiftCompile normal arm64 Compiling\ Maraca.swift /Users/admin/builder/spi-builder-workspace/Sources/Maraca/Maraca.swift (in target 'Maraca' from project 'Maraca')
SwiftCompile normal arm64 /Users/admin/builder/spi-builder-workspace/Sources/Maraca/Maraca.swift (in target 'Maraca' from project 'Maraca')
cd /Users/admin/builder/spi-builder-workspace/.swiftpm/xcode
builtin-SwiftPerFileCompile Maraca.swift
SwiftCompile normal arm64 Compiling\ Protocol+Declarations.swift /Users/admin/builder/spi-builder-workspace/Sources/Maraca/Protocol+Declarations.swift (in target 'Maraca' from project 'Maraca')
SwiftCompile normal arm64 /Users/admin/builder/spi-builder-workspace/Sources/Maraca/Protocol+Declarations.swift (in target 'Maraca' from project 'Maraca')
cd /Users/admin/builder/spi-builder-workspace/.swiftpm/xcode
builtin-SwiftPerFileCompile Protocol+Declarations.swift
SwiftCompile normal arm64 Compiling\ LeakAvoider.swift /Users/admin/builder/spi-builder-workspace/Sources/Maraca/LeakAvoider.swift (in target 'Maraca' from project 'Maraca')
SwiftCompile normal arm64 /Users/admin/builder/spi-builder-workspace/Sources/Maraca/LeakAvoider.swift (in target 'Maraca' from project 'Maraca')
cd /Users/admin/builder/spi-builder-workspace/.swiftpm/xcode
builtin-SwiftPerFileCompile LeakAvoider.swift
SwiftCompile normal arm64 Compiling\ Client.swift,\ ClientDevice.swift /Users/admin/builder/spi-builder-workspace/Sources/Maraca/Client.swift /Users/admin/builder/spi-builder-workspace/Sources/Maraca/ClientDevice.swift (in target 'Maraca' from project 'Maraca')
SwiftCompile normal arm64 /Users/admin/builder/spi-builder-workspace/Sources/Maraca/Client.swift (in target 'Maraca' from project 'Maraca')
cd /Users/admin/builder/spi-builder-workspace/.swiftpm/xcode
builtin-SwiftPerFileCompile Client.swift
SwiftCompile normal arm64 /Users/admin/builder/spi-builder-workspace/Sources/Maraca/ClientDevice.swift (in target 'Maraca' from project 'Maraca')
cd /Users/admin/builder/spi-builder-workspace/.swiftpm/xcode
builtin-SwiftPerFileCompile ClientDevice.swift
SwiftCompile normal arm64 Compiling\ JavascriptMessageInterpreter.swift /Users/admin/builder/spi-builder-workspace/Sources/Maraca/JavascriptMessageInterpreter.swift (in target 'Maraca' from project 'Maraca')
SwiftCompile normal arm64 /Users/admin/builder/spi-builder-workspace/Sources/Maraca/JavascriptMessageInterpreter.swift (in target 'Maraca' from project 'Maraca')
cd /Users/admin/builder/spi-builder-workspace/.swiftpm/xcode
builtin-SwiftPerFileCompile JavascriptMessageInterpreter.swift
SwiftCompile normal arm64 Compiling\ ActiveClientManager.swift,\ CaptureLayer.swift /Users/admin/builder/spi-builder-workspace/Sources/Maraca/ActiveClientManager.swift /Users/admin/builder/spi-builder-workspace/Sources/Maraca/CaptureLayer.swift (in target 'Maraca' from project 'Maraca')
/Users/admin/builder/spi-builder-workspace/Sources/Maraca/CaptureLayer.swift:21:16: error: type 'SKTCaptureLayer' does not conform to protocol 'CaptureHelperDeviceManagerDiscoveryDelegate'
19 |
20 | /// Manages events from `SKTCapture` and notifies receiver
21 | internal class SKTCaptureLayer: NSObject, CaptureHelperAllDelegate {
| |- error: type 'SKTCaptureLayer' does not conform to protocol 'CaptureHelperDeviceManagerDiscoveryDelegate'
| `- note: add stubs for conformance
22 |
23 | internal var errorEventHandler: SKTCaptureErrorResultHandler?
CaptureSDK.CaptureHelperDeviceManagerDiscoveryDelegate.didDiscoverDevice:2:6: note: protocol requires function 'didDiscoverDevice(_:fromDeviceManager:)' with type '(String, CaptureHelperDeviceManager) -> ()'
1 | protocol CaptureHelperDeviceManagerDiscoveryDelegate {
2 | func didDiscoverDevice(_ device: String, fromDeviceManager deviceManager: CaptureSDK.CaptureHelperDeviceManager)}
| `- note: protocol requires function 'didDiscoverDevice(_:fromDeviceManager:)' with type '(String, CaptureHelperDeviceManager) -> ()'
3 |
CaptureSDK.CaptureHelperDeviceManagerDiscoveryDelegate.didEndDiscoveryWithResult:2:6: note: protocol requires function 'didEndDiscoveryWithResult(_:fromDeviceManager:)' with type '(SKTResult, CaptureHelperDeviceManager) -> ()' (aka '(SKTCaptureErrors, CaptureHelperDeviceManager) -> ()')
1 | protocol CaptureHelperDeviceManagerDiscoveryDelegate {
2 | func didEndDiscoveryWithResult(_ result: SKTResult, fromDeviceManager deviceManager: CaptureSDK.CaptureHelperDeviceManager)}
| `- note: protocol requires function 'didEndDiscoveryWithResult(_:fromDeviceManager:)' with type '(SKTResult, CaptureHelperDeviceManager) -> ()' (aka '(SKTCaptureErrors, CaptureHelperDeviceManager) -> ()')
3 |
Failed frontend command:
/Applications/Xcode-27.0.0-Release.Candidate.app/Contents/Developer/Toolchains/XcodeDefault.xctoolchain/usr/bin/swift-frontend -frontend -c -primary-file /Users/admin/builder/spi-builder-workspace/Sources/Maraca/ActiveClientManager.swift -primary-file /Users/admin/builder/spi-builder-workspace/Sources/Maraca/CaptureLayer.swift /Users/admin/builder/spi-builder-workspace/Sources/Maraca/Client.swift /Users/admin/builder/spi-builder-workspace/Sources/Maraca/ClientDevice.swift /Users/admin/builder/spi-builder-workspace/Sources/Maraca/DebugLogger.swift /Users/admin/builder/spi-builder-workspace/Sources/Maraca/JavascriptMessageInterpreter.swift /Users/admin/builder/spi-builder-workspace/Sources/Maraca/JsonRPCObject.swift /Users/admin/builder/spi-builder-workspace/Sources/Maraca/LeakAvoider.swift /Users/admin/builder/spi-builder-workspace/Sources/Maraca/Maraca.swift /Users/admin/builder/spi-builder-workspace/Sources/Maraca/MaracaConstants.swift /Users/admin/builder/spi-builder-workspace/Sources/Maraca/Protocol+Declarations.swift /Users/admin/builder/spi-builder-workspace/Sources/Maraca/Utility.swift -emit-dependencies-path /Users/admin/builder/spi-builder-workspace/.derivedData/Build/Intermediates.noindex/Maraca.build/Debug-iphoneos/Maraca-t.build/Objects-normal/arm64/ActiveClientManager.d -emit-const-values-path /Users/admin/builder/spi-builder-workspace/.derivedData/Build/Intermediates.noindex/Maraca.build/Debug-iphoneos/Maraca-t.build/Objects-normal/arm64/ActiveClientManager.swiftconstvalues -emit-reference-dependencies-path /Users/admin/builder/spi-builder-workspace/.derivedData/Build/Intermediates.noindex/Maraca.build/Debug-iphoneos/Maraca-t.build/Objects-normal/arm64/ActiveClientManager.swiftdeps -serialize-diagnostics-path /Users/admin/builder/spi-builder-workspace/.derivedData/Build/Intermediates.noindex/Maraca.build/Debug-iphoneos/Maraca-t.build/Objects-normal/arm64/ActiveClientManager.dia -emit-dependencies-path /Users/admin/builder/spi-builder-workspace/.derivedData/Build/Intermediates.noindex/Maraca.build/Debug-iphoneos/Maraca-t.build/Objects-normal/arm64/CaptureLayer.d -emit-const-values-path /Users/admin/builder/spi-builder-workspace/.derivedData/Build/Intermediates.noindex/Maraca.build/Debug-iphoneos/Maraca-t.build/Objects-normal/arm64/CaptureLayer.swiftconstvalues -emit-reference-dependencies-path /Users/admin/builder/spi-builder-workspace/.derivedData/Build/Intermediates.noindex/Maraca.build/Debug-iphoneos/Maraca-t.build/Objects-normal/arm64/CaptureLayer.swiftdeps -serialize-diagnostics-path /Users/admin/builder/spi-builder-workspace/.derivedData/Build/Intermediates.noindex/Maraca.build/Debug-iphoneos/Maraca-t.build/Objects-normal/arm64/CaptureLayer.dia -target arm64-apple-ios15.0 -disable-cross-import-overlay-search -swift-module-cross-import WebKit /Applications/Xcode-27.0.0-Release.Candidate.app/Contents/Developer/Platforms/iPhoneOS.platform/Developer/SDKs/iPhoneOS.sdk/System/Cryptexes/OS/System/Library/Frameworks/WebKit.framework/Modules/WebKit.swiftcrossimport/SwiftUI.swiftoverlay -swift-module-cross-import WebKit /Applications/Xcode-27.0.0-Release.Candidate.app/Contents/Developer/Platforms/iPhoneOS.platform/Developer/SDKs/iPhoneOS27.0.sdk/System/Library/Frameworks/WebKit.framework/Modules/WebKit.swiftcrossimport/SwiftUI.swiftoverlay -load-resolved-plugin /Applications/Xcode-27.0.0-Release.Candidate.app/Contents/Developer/Platforms/iPhoneOS.platform/Developer/usr/lib/swift/host/plugins/libFoundationMacros.dylib\#/Applications/Xcode-27.0.0-Release.Candidate.app/Contents/Developer/Platforms/iPhoneOS.platform/Developer/usr/bin/swift-plugin-server\#FoundationMacros -load-resolved-plugin /Applications/Xcode-27.0.0-Release.Candidate.app/Contents/Developer/Platforms/iPhoneOS.platform/Developer/usr/lib/swift/host/plugins/libObservationMacros.dylib\#/Applications/Xcode-27.0.0-Release.Candidate.app/Contents/Developer/Platforms/iPhoneOS.platform/Developer/usr/bin/swift-plugin-server\#ObservationMacros -load-resolved-plugin /Applications/Xcode-27.0.0-Release.Candidate.app/Contents/Developer/Platforms/iPhoneOS.platform/Developer/usr/lib/swift/host/plugins/libPreviewsMacros.dylib\#/Applications/Xcode-27.0.0-Release.Candidate.app/Contents/Developer/Platforms/iPhoneOS.platform/Developer/usr/bin/swift-plugin-server\#PreviewsMacros -load-resolved-plugin /Applications/Xcode-27.0.0-Release.Candidate.app/Contents/Developer/Platforms/iPhoneOS.platform/Developer/usr/lib/swift/host/plugins/libSwiftMacros.dylib\#/Applications/Xcode-27.0.0-Release.Candidate.app/Contents/Developer/Platforms/iPhoneOS.platform/Developer/usr/bin/swift-plugin-server\#SwiftMacros -load-resolved-plugin /Applications/Xcode-27.0.0-Release.Candidate.app/Contents/Developer/Platforms/iPhoneOS.platform/Developer/usr/lib/swift/host/plugins/libSwiftUIMacros.dylib\#/Applications/Xcode-27.0.0-Release.Candidate.app/Contents/Developer/Platforms/iPhoneOS.platform/Developer/usr/bin/swift-plugin-server\#SwiftUIMacros -disable-implicit-swift-modules -Xcc -fno-implicit-modules -Xcc -fno-implicit-module-maps -explicit-swift-module-map-file /Users/admin/builder/spi-builder-workspace/.derivedData/Build/Intermediates.noindex/Maraca.build/Debug-iphoneos/Maraca-t.build/Objects-normal/arm64/Maraca-dependencies-1.json -Xllvm -aarch64-use-tbi -enable-objc-interop -stack-check -sdk /Applications/Xcode-27.0.0-Release.Candidate.app/Contents/Developer/Platforms/iPhoneOS.platform/Developer/SDKs/iPhoneOS27.0.sdk -I /Users/admin/builder/spi-builder-workspace/.derivedData/Build/Products/Debug-iphoneos -Isystem /Applications/Xcode-27.0.0-Release.Candidate.app/Contents/Developer/Platforms/iPhoneOS.platform/Developer/usr/lib -F /Users/admin/builder/spi-builder-workspace/.derivedData/Build/Products/Debug-iphoneos/PackageFrameworks -F /Users/admin/builder/spi-builder-workspace/.derivedData/Build/Products/Debug-iphoneos -F /Applications/Xcode-27.0.0-Release.Candidate.app/Contents/Developer/Platforms/iPhoneOS.platform/Developer/Library/Frameworks -F /Applications/Xcode-27.0.0-Release.Candidate.app/Contents/Developer/Platforms/iPhoneOS.platform/Developer/SDKs/iPhoneOS27.0.sdk/Developer/Library/Frameworks -module-cache-path /Users/admin/builder/spi-builder-workspace/.derivedData/Build/Intermediates.noindex/SwiftExplicitPrecompiledModules -no-color-diagnostics -Xcc -fno-color-diagnostics -enable-testing -g -debug-info-format\=dwarf -dwarf-version\=4 -swift-version 5 -Onone -D SWIFT_PACKAGE -D DEBUG -D SWIFT_MODULE_RESOURCE_BUNDLE_UNAVAILABLE -D Xcode -serialize-debugging-options -enable-experimental-feature DebugDescriptionMacro -empty-abi-descriptor -validate-clang-modules-once -clang-build-session-file /Users/admin/builder/spi-builder-workspace/.derivedData/ModuleCache.noindex/Session.modulevalidation -Xcc -working-directory -Xcc /Users/admin/builder/spi-builder-workspace/.swiftpm/xcode -enable-anonymous-context-mangled-names -file-compilation-dir /Users/admin/builder/spi-builder-workspace/.swiftpm/xcode -Xcc -fmodule-map-file\=/Users/admin/builder/spi-builder-workspace/.derivedData/Build/Intermediates.noindex/GeneratedModuleMaps-iphoneos/CryptoSwiftCaptureSDK.modulemap -Xcc -fmodule-map-file\=/Users/admin/builder/spi-builder-workspace/.derivedData/Build/Intermediates.noindex/GeneratedModuleMaps-iphoneos/SwiftDecoderCaptureSDK.modulemap -Xcc -fmodule-map-file\=/Users/admin/builder/spi-builder-workspace/.derivedData/Build/Intermediates.noindex/GeneratedModuleMaps-iphoneos/CaptureSDKFramework.modulemap -Xcc -D_LIBCPP_HARDENING_MODE\=_LIBCPP_HARDENING_MODE_DEBUG -Xcc -ivfsstatcache -Xcc /Users/admin/builder/spi-builder-workspace/.derivedData/SDKStatCaches.noindex/iphoneos27.0-24A430-e829b21a6f8c9b70876ba0858053c04440ceaa042ed91876912b2eeea4e3aa14.sdkstatcache -Xcc -fmodules-prune-interval\=86400 -Xcc -fmodules-prune-after\=345600 -Xcc -I/Users/admin/builder/spi-builder-workspace/.dependencies/checkouts/swift-package-capturesdk/Sources/CryptoSwiftDummy/include -Xcc -I/Users/admin/builder/spi-builder-workspace/.dependencies/checkouts/swift-package-capturesdk/Sources/SwiftDecoderDummy/include -Xcc -I/Users/admin/builder/spi-builder-workspace/.dependencies/checkouts/swift-package-capturesdk/Sources/CaptureSDKDummy/include -Xcc -I/Users/admin/builder/spi-builder-workspace/.derivedData/Build/Products/Debug-iphoneos/include -Xcc -I/Users/admin/builder/spi-builder-workspace/.derivedData/Build/Intermediates.noindex/Maraca.build/Debug-iphoneos/Maraca-t.build/DerivedSources-normal/arm64 -Xcc -I/Users/admin/builder/spi-builder-workspace/.derivedData/Build/Intermediates.noindex/Maraca.build/Debug-iphoneos/Maraca-t.build/DerivedSources/arm64 -Xcc -I/Users/admin/builder/spi-builder-workspace/.derivedData/Build/Intermediates.noindex/Maraca.build/Debug-iphoneos/Maraca-t.build/DerivedSources -Xcc -DSWIFT_PACKAGE -Xcc -DDEBUG\=1 -no-auto-bridging-header-chaining -module-name Maraca -const-gather-protocols-file /Users/admin/builder/spi-builder-workspace/.derivedData/Build/Intermediates.noindex/Maraca.build/Debug-iphoneos/Maraca-t.build/Objects-normal/arm64/Maraca_const_extract_protocols.json -disable-clang-spi -clang-target arm64-apple-ios27.0 -target-sdk-version 27.0 -target-sdk-name iphoneos27.0 -in-process-plugin-server-path /Applications/Xcode-27.0.0-Release.Candidate.app/Contents/Developer/Toolchains/XcodeDefault.xctoolchain/usr/lib/swift/host/libSwiftInProcPluginServer.dylib -parse-as-library -o /Users/admin/builder/spi-builder-workspace/.derivedData/Build/Intermediates.noindex/Maraca.build/Debug-iphoneos/Maraca-t.build/Objects-normal/arm64/ActiveClientManager.o -o /Users/admin/builder/spi-builder-workspace/.derivedData/Build/Intermediates.noindex/Maraca.build/Debug-iphoneos/Maraca-t.build/Objects-normal/arm64/CaptureLayer.o -debug-module-path /Users/admin/builder/spi-builder-workspace/.derivedData/Build/Intermediates.noindex/Maraca.build/Debug-iphoneos/Maraca-t.build/Objects-normal/arm64/Maraca.swiftmodule -index-unit-output-path /Maraca.build/Debug-iphoneos/Maraca-t.build/Objects-normal/arm64/ActiveClientManager.o -index-unit-output-path /Maraca.build/Debug-iphoneos/Maraca-t.build/Objects-normal/arm64/CaptureLayer.o -index-store-path /Users/admin/builder/spi-builder-workspace/.derivedData/Index.noindex/DataStore -index-system-modules
SwiftCompile normal arm64 /Users/admin/builder/spi-builder-workspace/Sources/Maraca/ActiveClientManager.swift (in target 'Maraca' from project 'Maraca')
cd /Users/admin/builder/spi-builder-workspace/.swiftpm/xcode
builtin-SwiftPerFileCompile ActiveClientManager.swift
SwiftCompile normal arm64 /Users/admin/builder/spi-builder-workspace/Sources/Maraca/CaptureLayer.swift (in target 'Maraca' from project 'Maraca')
cd /Users/admin/builder/spi-builder-workspace/.swiftpm/xcode
builtin-SwiftPerFileCompile CaptureLayer.swift
SwiftCompile normal arm64 Compiling\ DebugLogger.swift /Users/admin/builder/spi-builder-workspace/Sources/Maraca/DebugLogger.swift (in target 'Maraca' from project 'Maraca')
SwiftCompile normal arm64 /Users/admin/builder/spi-builder-workspace/Sources/Maraca/DebugLogger.swift (in target 'Maraca' from project 'Maraca')
cd /Users/admin/builder/spi-builder-workspace/.swiftpm/xcode
builtin-SwiftPerFileCompile DebugLogger.swift
SwiftDriverJobDiscovery normal arm64 Compiling MaracaConstants.swift (in target 'Maraca' from project 'Maraca')
SwiftDriverJobDiscovery normal arm64 Compiling JsonRPCObject.swift (in target 'Maraca' from project 'Maraca')
PruneExplicitPrecompiledModules /Users/admin/builder/spi-builder-workspace/.derivedData/Build/Intermediates.noindex/SwiftExplicitPrecompiledModules
PruneExplicitPrecompiledModules /Users/admin/builder/spi-builder-workspace/.derivedData/Build/Intermediates.noindex/ExplicitPrecompiledModules
PruneExplicitPrecompiledModules /Users/admin/builder/spi-builder-workspace/.derivedData/SDKExplicitPrecompiledModules
2026-09-19 03:28:23.378 xcodebuild[764:4789] [MT] IDERunDestination: Supported platforms for the buildables in the current scheme is empty.
** BUILD FAILED **
The following build commands failed:
SwiftCompile normal arm64 Compiling\ ActiveClientManager.swift,\ CaptureLayer.swift /Users/admin/builder/spi-builder-workspace/Sources/Maraca/ActiveClientManager.swift /Users/admin/builder/spi-builder-workspace/Sources/Maraca/CaptureLayer.swift (in target 'Maraca' from project 'Maraca')
SwiftCompile normal arm64 /Users/admin/builder/spi-builder-workspace/Sources/Maraca/CaptureLayer.swift (in target 'Maraca' from project 'Maraca')
Building workspace Maraca with scheme Maraca
(3 failures)
Command line invocation:
/Applications/Xcode-27.0.0-Release.Candidate.app/Contents/Developer/usr/bin/xcodebuild -IDEClonedSourcePackagesDirPathOverride=/Users/admin/builder/spi-builder-workspace/.dependencies -resolvePackageDependencies
Resolve Package Graph
Resolved source packages:
CaptureSDK: https://github.com/SocketMobile/swift-package-capturesdk @ 1.9.170
SwiftDecoderSDK: https://github.com/SocketMobile/swift-package-swiftdecodersdk.git @ 6.2.3
Maraca: /Users/admin/builder/spi-builder-workspace
CryptoSwift: https://github.com/krzyzanowskim/CryptoSwift.git @ 1.10.0
resolved source packages: CaptureSDK, SwiftDecoderSDK, Maraca, CryptoSwift
2026-09-19 03:28:32.736 xcodebuild[925:5644] [MT] IDERunDestination: Supported platforms for the buildables in the current scheme is empty.
{
"dependencies" : [
{
"identity" : "swift-package-capturesdk",
"requirement" : {
"range" : [
{
"lower_bound" : "1.6.39",
"upper_bound" : "2.0.0"
}
]
},
"type" : "sourceControl",
"url" : "https://github.com/SocketMobile/swift-package-capturesdk"
}
],
"manifest_display_name" : "Maraca",
"name" : "Maraca",
"path" : "/Users/admin/builder/spi-builder-workspace",
"platforms" : [
{
"name" : "ios",
"version" : "11.0"
}
],
"products" : [
{
"name" : "Maraca",
"targets" : [
"Maraca"
],
"type" : {
"library" : [
"automatic"
]
}
}
],
"targets" : [
{
"c99name" : "Maraca",
"module_type" : "SwiftTarget",
"name" : "Maraca",
"path" : "Sources/Maraca",
"product_dependencies" : [
"CaptureSDK"
],
"product_memberships" : [
"Maraca"
],
"sources" : [
"ActiveClientManager.swift",
"CaptureLayer.swift",
"Client.swift",
"ClientDevice.swift",
"DebugLogger.swift",
"JavascriptMessageInterpreter.swift",
"JsonRPCObject.swift",
"LeakAvoider.swift",
"Maraca.swift",
"MaracaConstants.swift",
"Protocol+Declarations.swift",
"Utility.swift"
],
"type" : "library"
}
],
"tools_version" : "5.6"
}
{
"workspace" : {
"name" : "Maraca",
"schemes" : [
"Maraca"
]
}
}
2026-09-19 03:28:34.025 xcodebuild[933:5713] [MT] IDERunDestination: Supported platforms for the buildables in the current scheme is empty.
Running build ...
env DEVELOPER_DIR=/Applications/Xcode-27.0.0-Release.Candidate.app xcrun xcodebuild -IDEClonedSourcePackagesDirPathOverride=$PWD/.dependencies -skipMacroValidation -skipPackagePluginValidation -derivedDataPath $PWD/.derivedData build -scheme Maraca -destination generic/platform=iOS
Command line invocation:
/Applications/Xcode-27.0.0-Release.Candidate.app/Contents/Developer/usr/bin/xcodebuild -IDEClonedSourcePackagesDirPathOverride=/Users/admin/builder/spi-builder-workspace/.dependencies -skipMacroValidation -skipPackagePluginValidation -derivedDataPath /Users/admin/builder/spi-builder-workspace/.derivedData build -scheme Maraca -destination generic/platform=iOS
Resolve Package Graph
Resolved source packages:
CaptureSDK: https://github.com/SocketMobile/swift-package-capturesdk @ 1.9.170
Maraca: /Users/admin/builder/spi-builder-workspace
CryptoSwift: https://github.com/krzyzanowskim/CryptoSwift.git @ 1.10.0
SwiftDecoderSDK: https://github.com/SocketMobile/swift-package-swiftdecodersdk.git @ 6.2.3
ComputePackagePrebuildTargetDependencyGraph
Prepare packages
CreateBuildRequest
SendProjectDescription
CreateBuildOperation
ComputeTargetDependencyGraph
note: Building targets in dependency order
note: Target dependency graph (11 targets)
Target 'Maraca-product' in project 'Maraca'
➜ Explicit dependency on target 'Maraca' in project 'Maraca'
➜ Explicit dependency on target 'CaptureSDK-product' in project 'CaptureSDK'
Target 'Maraca' in project 'Maraca'
➜ Explicit dependency on target 'CaptureSDK-product' in project 'CaptureSDK'
Target 'CaptureSDK-product' in project 'CaptureSDK'
➜ Explicit dependency on target 'CaptureSDKFramework' in project 'CaptureSDK'
➜ Explicit dependency on target 'SwiftDecoderCaptureSDK' in project 'CaptureSDK'
➜ Explicit dependency on target 'CryptoSwiftCaptureSDK' in project 'CaptureSDK'
➜ Explicit dependency on target 'SwiftDecoderSDK-product' in project 'SwiftDecoderSDK'
➜ Explicit dependency on target 'CryptoSwift-product' in project 'CryptoSwift'
Target 'CryptoSwiftCaptureSDK' in project 'CaptureSDK'
➜ Explicit dependency on target 'CryptoSwift-product' in project 'CryptoSwift'
Target 'CryptoSwift-product' in project 'CryptoSwift'
➜ Explicit dependency on target 'CryptoSwift' in project 'CryptoSwift'
➜ Explicit dependency on target 'CryptoSwiftResources' in project 'CryptoSwift'
Target 'CryptoSwift' in project 'CryptoSwift'
➜ Explicit dependency on target 'CryptoSwiftResources' in project 'CryptoSwift'
Target 'CryptoSwiftResources' in project 'CryptoSwift'
➜ Explicit dependency on target 'CryptoSwift_CryptoSwiftResources' in project 'CryptoSwift'
Target 'CryptoSwift_CryptoSwiftResources' in project 'CryptoSwift' (no dependencies)
Target 'SwiftDecoderCaptureSDK' in project 'CaptureSDK'
➜ Explicit dependency on target 'SwiftDecoderSDK-product' in project 'SwiftDecoderSDK'
Target 'SwiftDecoderSDK-product' in project 'SwiftDecoderSDK' (no dependencies)
Target 'CaptureSDKFramework' in project 'CaptureSDK' (no dependencies)
GatherProvisioningInputs
CreateBuildDescription
ClangStatCache /Applications/Xcode-27.0.0-Release.Candidate.app/Contents/Developer/Toolchains/XcodeDefault.xctoolchain/usr/bin/clang-stat-cache /Applications/Xcode-27.0.0-Release.Candidate.app/Contents/Developer/Platforms/iPhoneOS.platform/Developer/SDKs/iPhoneOS27.0.sdk /Users/admin/builder/spi-builder-workspace/.derivedData/SDKStatCaches.noindex/iphoneos27.0-24A430-e829b21a6f8c9b70876ba0858053c04440ceaa042ed91876912b2eeea4e3aa14.sdkstatcache
cd /Users/admin/builder/spi-builder-workspace/.swiftpm/xcode
/Applications/Xcode-27.0.0-Release.Candidate.app/Contents/Developer/Toolchains/XcodeDefault.xctoolchain/usr/bin/clang-stat-cache /Applications/Xcode-27.0.0-Release.Candidate.app/Contents/Developer/Platforms/iPhoneOS.platform/Developer/SDKs/iPhoneOS27.0.sdk -o /Users/admin/builder/spi-builder-workspace/.derivedData/SDKStatCaches.noindex/iphoneos27.0-24A430-e829b21a6f8c9b70876ba0858053c04440ceaa042ed91876912b2eeea4e3aa14.sdkstatcache
SwiftDriver Maraca normal arm64 com.apple.xcode.tools.swift.compiler (in target 'Maraca' from project 'Maraca')
cd /Users/admin/builder/spi-builder-workspace/.swiftpm/xcode
builtin-SwiftDriver -- /Applications/Xcode-27.0.0-Release.Candidate.app/Contents/Developer/Toolchains/XcodeDefault.xctoolchain/usr/bin/swiftc -parse-as-library -module-name Maraca -Onone @/Users/admin/builder/spi-builder-workspace/.derivedData/Build/Intermediates.noindex/Maraca.build/Debug-iphoneos/Maraca-t.build/Objects-normal/arm64/Maraca.SwiftFileList -DSWIFT_PACKAGE -DDEBUG -DSWIFT_MODULE_RESOURCE_BUNDLE_UNAVAILABLE -Xcc -fmodule-map-file\=/Users/admin/builder/spi-builder-workspace/.derivedData/Build/Intermediates.noindex/GeneratedModuleMaps-iphoneos/CryptoSwiftCaptureSDK.modulemap -Xcc -fmodule-map-file\=/Users/admin/builder/spi-builder-workspace/.derivedData/Build/Intermediates.noindex/GeneratedModuleMaps-iphoneos/SwiftDecoderCaptureSDK.modulemap -Xcc -fmodule-map-file\=/Users/admin/builder/spi-builder-workspace/.derivedData/Build/Intermediates.noindex/GeneratedModuleMaps-iphoneos/CaptureSDKFramework.modulemap -DXcode -plugin-path /Applications/Xcode-27.0.0-Release.Candidate.app/Contents/Developer/Toolchains/XcodeDefault.xctoolchain/usr/lib/swift/host/plugins/testing -enable-experimental-feature DebugDescriptionMacro -sdk /Applications/Xcode-27.0.0-Release.Candidate.app/Contents/Developer/Platforms/iPhoneOS.platform/Developer/SDKs/iPhoneOS27.0.sdk -target arm64-apple-ios15.0 -g -module-cache-path /Users/admin/builder/spi-builder-workspace/.derivedData/ModuleCache.noindex -Xfrontend -serialize-debugging-options -enable-testing -index-store-path /Users/admin/builder/spi-builder-workspace/.derivedData/Index.noindex/DataStore -Xcc -D_LIBCPP_HARDENING_MODE\=_LIBCPP_HARDENING_MODE_DEBUG -swift-version 5 -I /Users/admin/builder/spi-builder-workspace/.derivedData/Build/Products/Debug-iphoneos -Isystem /Applications/Xcode-27.0.0-Release.Candidate.app/Contents/Developer/Platforms/iPhoneOS.platform/Developer/usr/lib -F /Users/admin/builder/spi-builder-workspace/.derivedData/Build/Products/Debug-iphoneos/PackageFrameworks -F /Users/admin/builder/spi-builder-workspace/.derivedData/Build/Products/Debug-iphoneos -F /Applications/Xcode-27.0.0-Release.Candidate.app/Contents/Developer/Platforms/iPhoneOS.platform/Developer/Library/Frameworks -F /Applications/Xcode-27.0.0-Release.Candidate.app/Contents/Developer/Platforms/iPhoneOS.platform/Developer/SDKs/iPhoneOS27.0.sdk/Developer/Library/Frameworks -c -j10 -enable-batch-mode -incremental -Xcc -ivfsstatcache -Xcc /Users/admin/builder/spi-builder-workspace/.derivedData/SDKStatCaches.noindex/iphoneos27.0-24A430-e829b21a6f8c9b70876ba0858053c04440ceaa042ed91876912b2eeea4e3aa14.sdkstatcache -output-file-map /Users/admin/builder/spi-builder-workspace/.derivedData/Build/Intermediates.noindex/Maraca.build/Debug-iphoneos/Maraca-t.build/Objects-normal/arm64/Maraca-OutputFileMap.json -save-temps -no-color-diagnostics -explicit-module-build -module-cache-path /Users/admin/builder/spi-builder-workspace/.derivedData/Build/Intermediates.noindex/SwiftExplicitPrecompiledModules -clang-scanner-module-cache-path /Users/admin/builder/spi-builder-workspace/.derivedData/ModuleCache.noindex -sdk-module-cache-path /Users/admin/builder/spi-builder-workspace/.derivedData/SDKExplicitPrecompiledModules -emit-dependencies -emit-module -emit-module-path /Users/admin/builder/spi-builder-workspace/.derivedData/Build/Intermediates.noindex/Maraca.build/Debug-iphoneos/Maraca-t.build/Objects-normal/arm64/Maraca.swiftmodule -serialize-diagnostics -dependency-scan-serialize-diagnostics-path /Users/admin/builder/spi-builder-workspace/.derivedData/Build/Intermediates.noindex/Maraca.build/Debug-iphoneos/Maraca-t.build/Objects-normal/arm64/Maraca-dependency-scan.dia -validate-clang-modules-once -clang-build-session-file /Users/admin/builder/spi-builder-workspace/.derivedData/ModuleCache.noindex/Session.modulevalidation -Xcc -fmodules-prune-interval\=86400 -Xcc -fmodules-prune-after\=345600 -emit-const-values -const-gather-protocols-list /Users/admin/builder/spi-builder-workspace/.derivedData/Build/Intermediates.noindex/Maraca.build/Debug-iphoneos/Maraca-t.build/Objects-normal/arm64/Maraca_const_extract_protocols.json -Xcc -I/Users/admin/builder/spi-builder-workspace/.dependencies/checkouts/swift-package-capturesdk/Sources/CryptoSwiftDummy/include -Xcc -I/Users/admin/builder/spi-builder-workspace/.dependencies/checkouts/swift-package-capturesdk/Sources/SwiftDecoderDummy/include -Xcc -I/Users/admin/builder/spi-builder-workspace/.dependencies/checkouts/swift-package-capturesdk/Sources/CaptureSDKDummy/include -Xcc -I/Users/admin/builder/spi-builder-workspace/.derivedData/Build/Products/Debug-iphoneos/include -Xcc -I/Users/admin/builder/spi-builder-workspace/.derivedData/Build/Intermediates.noindex/Maraca.build/Debug-iphoneos/Maraca-t.build/DerivedSources-normal/arm64 -Xcc -I/Users/admin/builder/spi-builder-workspace/.derivedData/Build/Intermediates.noindex/Maraca.build/Debug-iphoneos/Maraca-t.build/DerivedSources/arm64 -Xcc -I/Users/admin/builder/spi-builder-workspace/.derivedData/Build/Intermediates.noindex/Maraca.build/Debug-iphoneos/Maraca-t.build/DerivedSources -Xcc -DSWIFT_PACKAGE -Xcc -DDEBUG\=1 -emit-objc-header -emit-objc-header-path /Users/admin/builder/spi-builder-workspace/.derivedData/Build/Intermediates.noindex/Maraca.build/Debug-iphoneos/Maraca-t.build/Objects-normal/arm64/Maraca-Swift.h -working-directory /Users/admin/builder/spi-builder-workspace/.swiftpm/xcode -experimental-emit-module-separately -disable-cmo
SwiftCompile normal arm64 Compiling\ ClientDevice.swift /Users/admin/builder/spi-builder-workspace/Sources/Maraca/ClientDevice.swift (in target 'Maraca' from project 'Maraca')
SwiftCompile normal arm64 /Users/admin/builder/spi-builder-workspace/Sources/Maraca/ClientDevice.swift (in target 'Maraca' from project 'Maraca')
cd /Users/admin/builder/spi-builder-workspace/.swiftpm/xcode
builtin-SwiftPerFileCompile ClientDevice.swift
SwiftCompile normal arm64 Compiling\ CaptureLayer.swift /Users/admin/builder/spi-builder-workspace/Sources/Maraca/CaptureLayer.swift (in target 'Maraca' from project 'Maraca')
/Users/admin/builder/spi-builder-workspace/Sources/Maraca/CaptureLayer.swift:21:16: error: type 'SKTCaptureLayer' does not conform to protocol 'CaptureHelperDeviceManagerDiscoveryDelegate'
19 |
20 | /// Manages events from `SKTCapture` and notifies receiver
21 | internal class SKTCaptureLayer: NSObject, CaptureHelperAllDelegate {
| |- error: type 'SKTCaptureLayer' does not conform to protocol 'CaptureHelperDeviceManagerDiscoveryDelegate'
| `- note: add stubs for conformance
22 |
23 | internal var errorEventHandler: SKTCaptureErrorResultHandler?
CaptureSDK.CaptureHelperDeviceManagerDiscoveryDelegate.didDiscoverDevice:2:6: note: protocol requires function 'didDiscoverDevice(_:fromDeviceManager:)' with type '(String, CaptureHelperDeviceManager) -> ()'
1 | protocol CaptureHelperDeviceManagerDiscoveryDelegate {
2 | func didDiscoverDevice(_ device: String, fromDeviceManager deviceManager: CaptureSDK.CaptureHelperDeviceManager)}
| `- note: protocol requires function 'didDiscoverDevice(_:fromDeviceManager:)' with type '(String, CaptureHelperDeviceManager) -> ()'
3 |
CaptureSDK.CaptureHelperDeviceManagerDiscoveryDelegate.didEndDiscoveryWithResult:2:6: note: protocol requires function 'didEndDiscoveryWithResult(_:fromDeviceManager:)' with type '(SKTResult, CaptureHelperDeviceManager) -> ()' (aka '(SKTCaptureErrors, CaptureHelperDeviceManager) -> ()')
1 | protocol CaptureHelperDeviceManagerDiscoveryDelegate {
2 | func didEndDiscoveryWithResult(_ result: SKTResult, fromDeviceManager deviceManager: CaptureSDK.CaptureHelperDeviceManager)}
| `- note: protocol requires function 'didEndDiscoveryWithResult(_:fromDeviceManager:)' with type '(SKTResult, CaptureHelperDeviceManager) -> ()' (aka '(SKTCaptureErrors, CaptureHelperDeviceManager) -> ()')
3 |
Failed frontend command:
/Applications/Xcode-27.0.0-Release.Candidate.app/Contents/Developer/Toolchains/XcodeDefault.xctoolchain/usr/bin/swift-frontend -frontend -c /Users/admin/builder/spi-builder-workspace/Sources/Maraca/ActiveClientManager.swift -primary-file /Users/admin/builder/spi-builder-workspace/Sources/Maraca/CaptureLayer.swift /Users/admin/builder/spi-builder-workspace/Sources/Maraca/Client.swift /Users/admin/builder/spi-builder-workspace/Sources/Maraca/ClientDevice.swift /Users/admin/builder/spi-builder-workspace/Sources/Maraca/DebugLogger.swift /Users/admin/builder/spi-builder-workspace/Sources/Maraca/JavascriptMessageInterpreter.swift /Users/admin/builder/spi-builder-workspace/Sources/Maraca/JsonRPCObject.swift /Users/admin/builder/spi-builder-workspace/Sources/Maraca/LeakAvoider.swift /Users/admin/builder/spi-builder-workspace/Sources/Maraca/Maraca.swift /Users/admin/builder/spi-builder-workspace/Sources/Maraca/MaracaConstants.swift /Users/admin/builder/spi-builder-workspace/Sources/Maraca/Protocol+Declarations.swift /Users/admin/builder/spi-builder-workspace/Sources/Maraca/Utility.swift -emit-dependencies-path /Users/admin/builder/spi-builder-workspace/.derivedData/Build/Intermediates.noindex/Maraca.build/Debug-iphoneos/Maraca-t.build/Objects-normal/arm64/CaptureLayer.d -emit-const-values-path /Users/admin/builder/spi-builder-workspace/.derivedData/Build/Intermediates.noindex/Maraca.build/Debug-iphoneos/Maraca-t.build/Objects-normal/arm64/CaptureLayer.swiftconstvalues -emit-reference-dependencies-path /Users/admin/builder/spi-builder-workspace/.derivedData/Build/Intermediates.noindex/Maraca.build/Debug-iphoneos/Maraca-t.build/Objects-normal/arm64/CaptureLayer.swiftdeps -serialize-diagnostics-path /Users/admin/builder/spi-builder-workspace/.derivedData/Build/Intermediates.noindex/Maraca.build/Debug-iphoneos/Maraca-t.build/Objects-normal/arm64/CaptureLayer.dia -target arm64-apple-ios15.0 -disable-cross-import-overlay-search -swift-module-cross-import WebKit /Applications/Xcode-27.0.0-Release.Candidate.app/Contents/Developer/Platforms/iPhoneOS.platform/Developer/SDKs/iPhoneOS.sdk/System/Cryptexes/OS/System/Library/Frameworks/WebKit.framework/Modules/WebKit.swiftcrossimport/SwiftUI.swiftoverlay -swift-module-cross-import WebKit /Applications/Xcode-27.0.0-Release.Candidate.app/Contents/Developer/Platforms/iPhoneOS.platform/Developer/SDKs/iPhoneOS27.0.sdk/System/Library/Frameworks/WebKit.framework/Modules/WebKit.swiftcrossimport/SwiftUI.swiftoverlay -load-resolved-plugin /Applications/Xcode-27.0.0-Release.Candidate.app/Contents/Developer/Platforms/iPhoneOS.platform/Developer/usr/lib/swift/host/plugins/libFoundationMacros.dylib\#/Applications/Xcode-27.0.0-Release.Candidate.app/Contents/Developer/Platforms/iPhoneOS.platform/Developer/usr/bin/swift-plugin-server\#FoundationMacros -load-resolved-plugin /Applications/Xcode-27.0.0-Release.Candidate.app/Contents/Developer/Platforms/iPhoneOS.platform/Developer/usr/lib/swift/host/plugins/libObservationMacros.dylib\#/Applications/Xcode-27.0.0-Release.Candidate.app/Contents/Developer/Platforms/iPhoneOS.platform/Developer/usr/bin/swift-plugin-server\#ObservationMacros -load-resolved-plugin /Applications/Xcode-27.0.0-Release.Candidate.app/Contents/Developer/Platforms/iPhoneOS.platform/Developer/usr/lib/swift/host/plugins/libPreviewsMacros.dylib\#/Applications/Xcode-27.0.0-Release.Candidate.app/Contents/Developer/Platforms/iPhoneOS.platform/Developer/usr/bin/swift-plugin-server\#PreviewsMacros -load-resolved-plugin /Applications/Xcode-27.0.0-Release.Candidate.app/Contents/Developer/Platforms/iPhoneOS.platform/Developer/usr/lib/swift/host/plugins/libSwiftMacros.dylib\#/Applications/Xcode-27.0.0-Release.Candidate.app/Contents/Developer/Platforms/iPhoneOS.platform/Developer/usr/bin/swift-plugin-server\#SwiftMacros -load-resolved-plugin /Applications/Xcode-27.0.0-Release.Candidate.app/Contents/Developer/Platforms/iPhoneOS.platform/Developer/usr/lib/swift/host/plugins/libSwiftUIMacros.dylib\#/Applications/Xcode-27.0.0-Release.Candidate.app/Contents/Developer/Platforms/iPhoneOS.platform/Developer/usr/bin/swift-plugin-server\#SwiftUIMacros -disable-implicit-swift-modules -Xcc -fno-implicit-modules -Xcc -fno-implicit-module-maps -explicit-swift-module-map-file /Users/admin/builder/spi-builder-workspace/.derivedData/Build/Intermediates.noindex/Maraca.build/Debug-iphoneos/Maraca-t.build/Objects-normal/arm64/Maraca-dependencies-1.json -Xllvm -aarch64-use-tbi -enable-objc-interop -stack-check -sdk /Applications/Xcode-27.0.0-Release.Candidate.app/Contents/Developer/Platforms/iPhoneOS.platform/Developer/SDKs/iPhoneOS27.0.sdk -I /Users/admin/builder/spi-builder-workspace/.derivedData/Build/Products/Debug-iphoneos -Isystem /Applications/Xcode-27.0.0-Release.Candidate.app/Contents/Developer/Platforms/iPhoneOS.platform/Developer/usr/lib -F /Users/admin/builder/spi-builder-workspace/.derivedData/Build/Products/Debug-iphoneos/PackageFrameworks -F /Users/admin/builder/spi-builder-workspace/.derivedData/Build/Products/Debug-iphoneos -F /Applications/Xcode-27.0.0-Release.Candidate.app/Contents/Developer/Platforms/iPhoneOS.platform/Developer/Library/Frameworks -F /Applications/Xcode-27.0.0-Release.Candidate.app/Contents/Developer/Platforms/iPhoneOS.platform/Developer/SDKs/iPhoneOS27.0.sdk/Developer/Library/Frameworks -module-cache-path /Users/admin/builder/spi-builder-workspace/.derivedData/Build/Intermediates.noindex/SwiftExplicitPrecompiledModules -no-color-diagnostics -Xcc -fno-color-diagnostics -enable-testing -g -debug-info-format\=dwarf -dwarf-version\=4 -swift-version 5 -Onone -D SWIFT_PACKAGE -D DEBUG -D SWIFT_MODULE_RESOURCE_BUNDLE_UNAVAILABLE -D Xcode -serialize-debugging-options -enable-experimental-feature DebugDescriptionMacro -empty-abi-descriptor -validate-clang-modules-once -clang-build-session-file /Users/admin/builder/spi-builder-workspace/.derivedData/ModuleCache.noindex/Session.modulevalidation -Xcc -working-directory -Xcc /Users/admin/builder/spi-builder-workspace/.swiftpm/xcode -enable-anonymous-context-mangled-names -file-compilation-dir /Users/admin/builder/spi-builder-workspace/.swiftpm/xcode -Xcc -fmodule-map-file\=/Users/admin/builder/spi-builder-workspace/.derivedData/Build/Intermediates.noindex/GeneratedModuleMaps-iphoneos/CryptoSwiftCaptureSDK.modulemap -Xcc -fmodule-map-file\=/Users/admin/builder/spi-builder-workspace/.derivedData/Build/Intermediates.noindex/GeneratedModuleMaps-iphoneos/SwiftDecoderCaptureSDK.modulemap -Xcc -fmodule-map-file\=/Users/admin/builder/spi-builder-workspace/.derivedData/Build/Intermediates.noindex/GeneratedModuleMaps-iphoneos/CaptureSDKFramework.modulemap -Xcc -D_LIBCPP_HARDENING_MODE\=_LIBCPP_HARDENING_MODE_DEBUG -Xcc -ivfsstatcache -Xcc /Users/admin/builder/spi-builder-workspace/.derivedData/SDKStatCaches.noindex/iphoneos27.0-24A430-e829b21a6f8c9b70876ba0858053c04440ceaa042ed91876912b2eeea4e3aa14.sdkstatcache -Xcc -fmodules-prune-interval\=86400 -Xcc -fmodules-prune-after\=345600 -Xcc -I/Users/admin/builder/spi-builder-workspace/.dependencies/checkouts/swift-package-capturesdk/Sources/CryptoSwiftDummy/include -Xcc -I/Users/admin/builder/spi-builder-workspace/.dependencies/checkouts/swift-package-capturesdk/Sources/SwiftDecoderDummy/include -Xcc -I/Users/admin/builder/spi-builder-workspace/.dependencies/checkouts/swift-package-capturesdk/Sources/CaptureSDKDummy/include -Xcc -I/Users/admin/builder/spi-builder-workspace/.derivedData/Build/Products/Debug-iphoneos/include -Xcc -I/Users/admin/builder/spi-builder-workspace/.derivedData/Build/Intermediates.noindex/Maraca.build/Debug-iphoneos/Maraca-t.build/DerivedSources-normal/arm64 -Xcc -I/Users/admin/builder/spi-builder-workspace/.derivedData/Build/Intermediates.noindex/Maraca.build/Debug-iphoneos/Maraca-t.build/DerivedSources/arm64 -Xcc -I/Users/admin/builder/spi-builder-workspace/.derivedData/Build/Intermediates.noindex/Maraca.build/Debug-iphoneos/Maraca-t.build/DerivedSources -Xcc -DSWIFT_PACKAGE -Xcc -DDEBUG\=1 -no-auto-bridging-header-chaining -module-name Maraca -const-gather-protocols-file /Users/admin/builder/spi-builder-workspace/.derivedData/Build/Intermediates.noindex/Maraca.build/Debug-iphoneos/Maraca-t.build/Objects-normal/arm64/Maraca_const_extract_protocols.json -disable-clang-spi -clang-target arm64-apple-ios27.0 -target-sdk-version 27.0 -target-sdk-name iphoneos27.0 -in-process-plugin-server-path /Applications/Xcode-27.0.0-Release.Candidate.app/Contents/Developer/Toolchains/XcodeDefault.xctoolchain/usr/lib/swift/host/libSwiftInProcPluginServer.dylib -parse-as-library -o /Users/admin/builder/spi-builder-workspace/.derivedData/Build/Intermediates.noindex/Maraca.build/Debug-iphoneos/Maraca-t.build/Objects-normal/arm64/CaptureLayer.o -debug-module-path /Users/admin/builder/spi-builder-workspace/.derivedData/Build/Intermediates.noindex/Maraca.build/Debug-iphoneos/Maraca-t.build/Objects-normal/arm64/Maraca.swiftmodule -index-unit-output-path /Maraca.build/Debug-iphoneos/Maraca-t.build/Objects-normal/arm64/CaptureLayer.o -index-store-path /Users/admin/builder/spi-builder-workspace/.derivedData/Index.noindex/DataStore -index-system-modules
SwiftCompile normal arm64 /Users/admin/builder/spi-builder-workspace/Sources/Maraca/CaptureLayer.swift (in target 'Maraca' from project 'Maraca')
cd /Users/admin/builder/spi-builder-workspace/.swiftpm/xcode
builtin-SwiftPerFileCompile CaptureLayer.swift
SwiftCompile normal arm64 Compiling\ Client.swift /Users/admin/builder/spi-builder-workspace/Sources/Maraca/Client.swift (in target 'Maraca' from project 'Maraca')
SwiftCompile normal arm64 /Users/admin/builder/spi-builder-workspace/Sources/Maraca/Client.swift (in target 'Maraca' from project 'Maraca')
cd /Users/admin/builder/spi-builder-workspace/.swiftpm/xcode
builtin-SwiftPerFileCompile Client.swift
SwiftCompile normal arm64 Compiling\ LeakAvoider.swift /Users/admin/builder/spi-builder-workspace/Sources/Maraca/LeakAvoider.swift (in target 'Maraca' from project 'Maraca')
SwiftCompile normal arm64 /Users/admin/builder/spi-builder-workspace/Sources/Maraca/LeakAvoider.swift (in target 'Maraca' from project 'Maraca')
cd /Users/admin/builder/spi-builder-workspace/.swiftpm/xcode
builtin-SwiftPerFileCompile LeakAvoider.swift
SwiftCompile normal arm64 Compiling\ Protocol+Declarations.swift /Users/admin/builder/spi-builder-workspace/Sources/Maraca/Protocol+Declarations.swift (in target 'Maraca' from project 'Maraca')
SwiftCompile normal arm64 /Users/admin/builder/spi-builder-workspace/Sources/Maraca/Protocol+Declarations.swift (in target 'Maraca' from project 'Maraca')
cd /Users/admin/builder/spi-builder-workspace/.swiftpm/xcode
builtin-SwiftPerFileCompile Protocol+Declarations.swift
SwiftCompile normal arm64 Compiling\ Utility.swift /Users/admin/builder/spi-builder-workspace/Sources/Maraca/Utility.swift (in target 'Maraca' from project 'Maraca')
SwiftCompile normal arm64 /Users/admin/builder/spi-builder-workspace/Sources/Maraca/Utility.swift (in target 'Maraca' from project 'Maraca')
cd /Users/admin/builder/spi-builder-workspace/.swiftpm/xcode
builtin-SwiftPerFileCompile Utility.swift
SwiftCompile normal arm64 Compiling\ ActiveClientManager.swift /Users/admin/builder/spi-builder-workspace/Sources/Maraca/ActiveClientManager.swift (in target 'Maraca' from project 'Maraca')
SwiftCompile normal arm64 /Users/admin/builder/spi-builder-workspace/Sources/Maraca/ActiveClientManager.swift (in target 'Maraca' from project 'Maraca')
cd /Users/admin/builder/spi-builder-workspace/.swiftpm/xcode
builtin-SwiftPerFileCompile ActiveClientManager.swift
SwiftCompile normal arm64 Compiling\ JavascriptMessageInterpreter.swift /Users/admin/builder/spi-builder-workspace/Sources/Maraca/JavascriptMessageInterpreter.swift (in target 'Maraca' from project 'Maraca')
SwiftCompile normal arm64 /Users/admin/builder/spi-builder-workspace/Sources/Maraca/JavascriptMessageInterpreter.swift (in target 'Maraca' from project 'Maraca')
cd /Users/admin/builder/spi-builder-workspace/.swiftpm/xcode
builtin-SwiftPerFileCompile JavascriptMessageInterpreter.swift
SwiftCompile normal arm64 Compiling\ Maraca.swift /Users/admin/builder/spi-builder-workspace/Sources/Maraca/Maraca.swift (in target 'Maraca' from project 'Maraca')
SwiftCompile normal arm64 /Users/admin/builder/spi-builder-workspace/Sources/Maraca/Maraca.swift (in target 'Maraca' from project 'Maraca')
cd /Users/admin/builder/spi-builder-workspace/.swiftpm/xcode
builtin-SwiftPerFileCompile Maraca.swift
SwiftEmitModule normal arm64 Emitting\ module\ for\ Maraca (in target 'Maraca' from project 'Maraca')
SwiftCompile normal arm64 (in target 'Maraca' from project 'Maraca')
cd /Users/admin/builder/spi-builder-workspace/.swiftpm/xcode
SwiftCompile normal arm64 Compiling\ DebugLogger.swift /Users/admin/builder/spi-builder-workspace/Sources/Maraca/DebugLogger.swift (in target 'Maraca' from project 'Maraca')
SwiftCompile normal arm64 /Users/admin/builder/spi-builder-workspace/Sources/Maraca/DebugLogger.swift (in target 'Maraca' from project 'Maraca')
cd /Users/admin/builder/spi-builder-workspace/.swiftpm/xcode
builtin-SwiftPerFileCompile DebugLogger.swift
PruneExplicitPrecompiledModules /Users/admin/builder/spi-builder-workspace/.derivedData/Build/Intermediates.noindex/ExplicitPrecompiledModules
PruneExplicitPrecompiledModules /Users/admin/builder/spi-builder-workspace/.derivedData/Build/Intermediates.noindex/SwiftExplicitPrecompiledModules
PruneExplicitPrecompiledModules /Users/admin/builder/spi-builder-workspace/.derivedData/SDKExplicitPrecompiledModules
2026-09-19 03:28:35.117 xcodebuild[934:5742] [MT] IDERunDestination: Supported platforms for the buildables in the current scheme is empty.
** BUILD FAILED **
The following build commands failed:
SwiftCompile normal arm64 Compiling\ CaptureLayer.swift /Users/admin/builder/spi-builder-workspace/Sources/Maraca/CaptureLayer.swift (in target 'Maraca' from project 'Maraca')
SwiftCompile normal arm64 /Users/admin/builder/spi-builder-workspace/Sources/Maraca/CaptureLayer.swift (in target 'Maraca' from project 'Maraca')
Building workspace Maraca with scheme Maraca
(3 failures)
BUILD FAILURE 6.4 iOS