Build Information
Failed to build PrecisionLevelSlider, reference 3.0.0 (c546d7), with Swift 6.2 for watchOS using Xcode 26.3 on 17 Aug 2026 16:33:45 UTC.
Build Command
No build command. This typically means the build failed at an early stage where we determine the build command.Build Log
========================================
RunAll
========================================
Builder version: 5.0.2
Interrupt handler set up.
========================================
Checkout
========================================
Clone URL: https://github.com/FluidGroup/PrecisionLevelSlider.git
Reference: 3.0.0
Initialized empty Git repository in /Users/admin/builder/spi-builder-workspace/.git/
From https://github.com/FluidGroup/PrecisionLevelSlider
* tag 3.0.0 -> FETCH_HEAD
HEAD is now at c546d7a Update hosting dependency (#13)
Cloned https://github.com/FluidGroup/PrecisionLevelSlider.git
Revision (git rev-parse @):
c546d7a420bfc05fd9f96d3b1c0d3aab1a40db26
SUCCESS checkout https://github.com/FluidGroup/PrecisionLevelSlider.git at 3.0.0
========================================
Build
========================================
Selected platform: watchOS
Swift version: 6.2
Building package at path: $PWD
https://github.com/FluidGroup/PrecisionLevelSlider.git
Command line invocation:
/Applications/Xcode-26.3.0.app/Contents/Developer/usr/bin/xcodebuild -IDEClonedSourcePackagesDirPathOverride=/Users/admin/builder/spi-builder-workspace/.dependencies -resolvePackageDependencies
Resolve Package Graph
package 'spi-builder-workspace' is using Swift tools version 6.3.0 but the installed version is 6.2.4
Resolved source packages:
spi-builder-workspace: (null)
2026-08-17 12:33:45.035 xcodebuild[538:3115] Writing error result bundle to /var/folders/xq/y_g06wb113726d38xsyx71_h0000gn/T/ResultBundle_2026-17-08_12-33-0045.xcresult
xcodebuild: error: Could not resolve package dependencies:
package 'spi-builder-workspace' is using Swift tools version 6.3.0 but the installed version is 6.2.4
Command line invocation:
/Applications/Xcode-26.3.0.app/Contents/Developer/usr/bin/xcodebuild -IDEClonedSourcePackagesDirPathOverride=/Users/admin/builder/spi-builder-workspace/.dependencies -resolvePackageDependencies
Resolve Package Graph
package 'spi-builder-workspace' is using Swift tools version 6.3.0 but the installed version is 6.2.4
Resolved source packages:
spi-builder-workspace: (null)
2026-08-17 12:33:45.910 xcodebuild[600:3635] Writing error result bundle to /var/folders/xq/y_g06wb113726d38xsyx71_h0000gn/T/ResultBundle_2026-17-08_12-33-0045.xcresult
xcodebuild: error: Could not resolve package dependencies:
package 'spi-builder-workspace' is using Swift tools version 6.3.0 but the installed version is 6.2.4
BUILD FAILURE 6.2 watchOS