The Swift Package Index logo.Swift Package Index

Build Information

Failed to build AstraConnect, reference main (b7b62e), with Swift 6.4 for watchOS using Xcode 27.0 on 23 Sep 2026 08:11:40 UTC.

Build Command

No build command. This typically means the build failed at an early stage where we determine the build command.

Build Log

========================================
RunAll
========================================
Builder version: 5.1.0
Interrupt handler set up.
========================================
Checkout
========================================
Clone URL: https://github.com/BCSuite/AstraConnect.git
Reference: main
Initialized empty Git repository in /Users/admin/builder/spi-builder-workspace/.git/
From https://github.com/BCSuite/AstraConnect
 * branch            main       -> FETCH_HEAD
 * [new branch]      main       -> origin/main
HEAD is now at b7b62e4 README.md updation.
Cloned https://github.com/BCSuite/AstraConnect.git
Revision (git rev-parse @):
b7b62e45729936c0dbbb6e64de5d4534d1ce5f97
SUCCESS checkout https://github.com/BCSuite/AstraConnect.git at main
========================================
Build
========================================
Selected platform:         watchOS
Swift version:             6.4
Building package at path:  $PWD
https://github.com/BCSuite/AstraConnect.git
Command line invocation:
    /Applications/Xcode-27.0.0-Release.Candidate.app/Contents/Developer/usr/bin/xcodebuild -IDEClonedSourcePackagesDirPathOverride=/Users/admin/builder/spi-builder-workspace/.dependencies -resolvePackageDependencies
Resolve Package Graph
the package at '/Users/admin/builder/AstraConnect' cannot be accessed (/Users/admin/builder/AstraConnect doesn't exist in file system)
2026-09-23 04:11:38.209 xcodebuild[529:3007] Writing error result bundle to /var/folders/xq/y_g06wb113726d38xsyx71_h0000gn/T/ResultBundle_2026-23-09_04-11-0038.xcresult
xcodebuild: error: Could not resolve package dependencies:
  the package at '/Users/admin/builder/AstraConnect' cannot be accessed (/Users/admin/builder/AstraConnect doesn't exist in file system)
Command line invocation:
    /Applications/Xcode-27.0.0-Release.Candidate.app/Contents/Developer/usr/bin/xcodebuild -IDEClonedSourcePackagesDirPathOverride=/Users/admin/builder/spi-builder-workspace/.dependencies -resolvePackageDependencies
Resolve Package Graph
the package at '/Users/admin/builder/AstraConnect' cannot be accessed (/Users/admin/builder/AstraConnect doesn't exist in file system)
2026-09-23 04:11:40.115 xcodebuild[581:3464] Writing error result bundle to /var/folders/xq/y_g06wb113726d38xsyx71_h0000gn/T/ResultBundle_2026-23-09_04-11-0040.xcresult
xcodebuild: error: Could not resolve package dependencies:
  the package at '/Users/admin/builder/AstraConnect' cannot be accessed (/Users/admin/builder/AstraConnect doesn't exist in file system)
BUILD FAILURE 6.4 watchOS