The Swift Package Index logo.Swift Package Index

Build Information

Failed to build Macaw, reference master (273964), with Swift 6.4 for tvOS using Xcode 27.0 on 18 Sep 2026 08:07:06 UTC.

Build Command

env DEVELOPER_DIR=/Applications/Xcode-27.0.0-Release.Candidate.app xcrun xcodebuild -IDEClonedSourcePackagesDirPathOverride=$PWD/.dependencies -skipMacroValidation -skipPackagePluginValidation -derivedDataPath $PWD/.derivedData build -scheme Macaw -destination generic/platform=tvOS

Build Log

    cd /Users/admin/builder/spi-builder-workspace/.swiftpm/xcode
    builtin-SwiftPerFileCompile PathFunctions.swift
SwiftCompile normal arm64 /Users/admin/builder/spi-builder-workspace/Source/animation/types/AnimationSequence.swift (in target 'Macaw' from project 'Macaw')
    cd /Users/admin/builder/spi-builder-workspace/.swiftpm/xcode
    builtin-SwiftPerFileCompile AnimationSequence.swift
SwiftCompile normal arm64 /Users/admin/builder/spi-builder-workspace/Source/animation/types/CombineAnimation.swift (in target 'Macaw' from project 'Macaw')
    cd /Users/admin/builder/spi-builder-workspace/.swiftpm/xcode
    builtin-SwiftPerFileCompile CombineAnimation.swift
SwiftCompile normal arm64 Compiling\ LineJoin.swift,\ LinearGradient.swift,\ OffsetEffect.swift,\ Pattern.swift,\ RadialGradient.swift,\ Stop.swift,\ Stroke.swift,\ Arc.swift,\ Circle.swift,\ Ellipse.swift,\ GeomUtils.swift,\ Insets.swift,\ Line.swift,\ Locus.swift /Users/admin/builder/spi-builder-workspace/Source/model/draw/LineJoin.swift /Users/admin/builder/spi-builder-workspace/Source/model/draw/LinearGradient.swift /Users/admin/builder/spi-builder-workspace/Source/model/draw/OffsetEffect.swift /Users/admin/builder/spi-builder-workspace/Source/model/draw/Pattern.swift /Users/admin/builder/spi-builder-workspace/Source/model/draw/RadialGradient.swift /Users/admin/builder/spi-builder-workspace/Source/model/draw/Stop.swift /Users/admin/builder/spi-builder-workspace/Source/model/draw/Stroke.swift /Users/admin/builder/spi-builder-workspace/Source/model/geom2d/Arc.swift /Users/admin/builder/spi-builder-workspace/Source/model/geom2d/Circle.swift /Users/admin/builder/spi-builder-workspace/Source/model/geom2d/Ellipse.swift /Users/admin/builder/spi-builder-workspace/Source/model/geom2d/GeomUtils.swift /Users/admin/builder/spi-builder-workspace/Source/model/geom2d/Insets.swift /Users/admin/builder/spi-builder-workspace/Source/model/geom2d/Line.swift /Users/admin/builder/spi-builder-workspace/Source/model/geom2d/Locus.swift (in target 'Macaw' from project 'Macaw')
SwiftCompile normal arm64 /Users/admin/builder/spi-builder-workspace/Source/model/draw/LineJoin.swift (in target 'Macaw' from project 'Macaw')
    cd /Users/admin/builder/spi-builder-workspace/.swiftpm/xcode
    builtin-SwiftPerFileCompile LineJoin.swift
SwiftCompile normal arm64 /Users/admin/builder/spi-builder-workspace/Source/model/draw/LinearGradient.swift (in target 'Macaw' from project 'Macaw')
    cd /Users/admin/builder/spi-builder-workspace/.swiftpm/xcode
    builtin-SwiftPerFileCompile LinearGradient.swift
SwiftCompile normal arm64 /Users/admin/builder/spi-builder-workspace/Source/model/draw/OffsetEffect.swift (in target 'Macaw' from project 'Macaw')
    cd /Users/admin/builder/spi-builder-workspace/.swiftpm/xcode
    builtin-SwiftPerFileCompile OffsetEffect.swift
SwiftCompile normal arm64 /Users/admin/builder/spi-builder-workspace/Source/model/draw/Pattern.swift (in target 'Macaw' from project 'Macaw')
    cd /Users/admin/builder/spi-builder-workspace/.swiftpm/xcode
    builtin-SwiftPerFileCompile Pattern.swift
SwiftCompile normal arm64 /Users/admin/builder/spi-builder-workspace/Source/model/draw/RadialGradient.swift (in target 'Macaw' from project 'Macaw')
    cd /Users/admin/builder/spi-builder-workspace/.swiftpm/xcode
    builtin-SwiftPerFileCompile RadialGradient.swift
SwiftCompile normal arm64 /Users/admin/builder/spi-builder-workspace/Source/model/draw/Stop.swift (in target 'Macaw' from project 'Macaw')
    cd /Users/admin/builder/spi-builder-workspace/.swiftpm/xcode
    builtin-SwiftPerFileCompile Stop.swift
SwiftCompile normal arm64 /Users/admin/builder/spi-builder-workspace/Source/model/draw/Stroke.swift (in target 'Macaw' from project 'Macaw')
    cd /Users/admin/builder/spi-builder-workspace/.swiftpm/xcode
    builtin-SwiftPerFileCompile Stroke.swift
SwiftCompile normal arm64 /Users/admin/builder/spi-builder-workspace/Source/model/geom2d/Arc.swift (in target 'Macaw' from project 'Macaw')
    cd /Users/admin/builder/spi-builder-workspace/.swiftpm/xcode
    builtin-SwiftPerFileCompile Arc.swift
SwiftCompile normal arm64 /Users/admin/builder/spi-builder-workspace/Source/model/geom2d/Circle.swift (in target 'Macaw' from project 'Macaw')
    cd /Users/admin/builder/spi-builder-workspace/.swiftpm/xcode
    builtin-SwiftPerFileCompile Circle.swift
SwiftCompile normal arm64 /Users/admin/builder/spi-builder-workspace/Source/model/geom2d/Ellipse.swift (in target 'Macaw' from project 'Macaw')
    cd /Users/admin/builder/spi-builder-workspace/.swiftpm/xcode
    builtin-SwiftPerFileCompile Ellipse.swift
SwiftCompile normal arm64 /Users/admin/builder/spi-builder-workspace/Source/model/geom2d/GeomUtils.swift (in target 'Macaw' from project 'Macaw')
    cd /Users/admin/builder/spi-builder-workspace/.swiftpm/xcode
    builtin-SwiftPerFileCompile GeomUtils.swift
SwiftCompile normal arm64 /Users/admin/builder/spi-builder-workspace/Source/model/geom2d/Insets.swift (in target 'Macaw' from project 'Macaw')
    cd /Users/admin/builder/spi-builder-workspace/.swiftpm/xcode
    builtin-SwiftPerFileCompile Insets.swift
SwiftCompile normal arm64 /Users/admin/builder/spi-builder-workspace/Source/model/geom2d/Line.swift (in target 'Macaw' from project 'Macaw')
    cd /Users/admin/builder/spi-builder-workspace/.swiftpm/xcode
    builtin-SwiftPerFileCompile Line.swift
SwiftCompile normal arm64 /Users/admin/builder/spi-builder-workspace/Source/model/geom2d/Locus.swift (in target 'Macaw' from project 'Macaw')
    cd /Users/admin/builder/spi-builder-workspace/.swiftpm/xcode
    builtin-SwiftPerFileCompile Locus.swift
SwiftCompile normal arm64 Compiling\ TimingFunction.swift,\ TransformGenerator.swift,\ Disposable.swift,\ GroupDisposable.swift,\ Variable.swift,\ Event.swift,\ PanEvent.swift,\ PinchEvent.swift,\ RotateEvent.swift,\ TapEvent.swift,\ TouchEvent.swift,\ MacawView+PDF.swift,\ ContentLayout.swift,\ Align.swift /Users/admin/builder/spi-builder-workspace/Source/animation/types/animation_generators/TimingFunction.swift /Users/admin/builder/spi-builder-workspace/Source/animation/types/animation_generators/TransformGenerator.swift /Users/admin/builder/spi-builder-workspace/Source/bindings/Disposable.swift /Users/admin/builder/spi-builder-workspace/Source/bindings/GroupDisposable.swift /Users/admin/builder/spi-builder-workspace/Source/bindings/Variable.swift /Users/admin/builder/spi-builder-workspace/Source/events/Event.swift /Users/admin/builder/spi-builder-workspace/Source/events/PanEvent.swift /Users/admin/builder/spi-builder-workspace/Source/events/PinchEvent.swift /Users/admin/builder/spi-builder-workspace/Source/events/RotateEvent.swift /Users/admin/builder/spi-builder-workspace/Source/events/TapEvent.swift /Users/admin/builder/spi-builder-workspace/Source/events/TouchEvent.swift /Users/admin/builder/spi-builder-workspace/Source/export/MacawView+PDF.swift /Users/admin/builder/spi-builder-workspace/Source/layout/ContentLayout.swift /Users/admin/builder/spi-builder-workspace/Source/model/draw/Align.swift (in target 'Macaw' from project 'Macaw')
/Users/admin/builder/spi-builder-workspace/Source/animation/types/animation_generators/TimingFunction.swift:7:44: error: cannot find type 'CAMediaTimingFunction' in scope
 5 | #endif
 6 |
 7 | func caTimingFunction(_ easing: Easing) -> CAMediaTimingFunction {
   |                                            `- error: cannot find type 'CAMediaTimingFunction' in scope
 8 |     if easing === Easing.ease {
 9 |         return CAMediaTimingFunction(name: MCAMediaTimingFunctionName.default)
/Users/admin/builder/spi-builder-workspace/Source/animation/types/animation_generators/TimingFunction.swift:9:16: error: cannot find 'CAMediaTimingFunction' in scope
 7 | func caTimingFunction(_ easing: Easing) -> CAMediaTimingFunction {
 8 |     if easing === Easing.ease {
 9 |         return CAMediaTimingFunction(name: MCAMediaTimingFunctionName.default)
   |                `- error: cannot find 'CAMediaTimingFunction' in scope
10 |     }
11 |     if easing === Easing.linear {
/Users/admin/builder/spi-builder-workspace/Source/animation/types/animation_generators/TimingFunction.swift:9:44: error: cannot find 'MCAMediaTimingFunctionName' in scope
 7 | func caTimingFunction(_ easing: Easing) -> CAMediaTimingFunction {
 8 |     if easing === Easing.ease {
 9 |         return CAMediaTimingFunction(name: MCAMediaTimingFunctionName.default)
   |                                            `- error: cannot find 'MCAMediaTimingFunctionName' in scope
10 |     }
11 |     if easing === Easing.linear {
/Users/admin/builder/spi-builder-workspace/Source/animation/types/animation_generators/TimingFunction.swift:12:16: error: cannot find 'CAMediaTimingFunction' in scope
10 |     }
11 |     if easing === Easing.linear {
12 |         return CAMediaTimingFunction(name: MCAMediaTimingFunctionName.linear)
   |                `- error: cannot find 'CAMediaTimingFunction' in scope
13 |     }
14 |     if easing === Easing.easeIn {
/Users/admin/builder/spi-builder-workspace/Source/animation/types/animation_generators/TimingFunction.swift:12:44: error: cannot find 'MCAMediaTimingFunctionName' in scope
10 |     }
11 |     if easing === Easing.linear {
12 |         return CAMediaTimingFunction(name: MCAMediaTimingFunctionName.linear)
   |                                            `- error: cannot find 'MCAMediaTimingFunctionName' in scope
13 |     }
14 |     if easing === Easing.easeIn {
/Users/admin/builder/spi-builder-workspace/Source/animation/types/animation_generators/TimingFunction.swift:15:16: error: cannot find 'CAMediaTimingFunction' in scope
13 |     }
14 |     if easing === Easing.easeIn {
15 |         return CAMediaTimingFunction(name: MCAMediaTimingFunctionName.easeIn)
   |                `- error: cannot find 'CAMediaTimingFunction' in scope
16 |     }
17 |     if easing === Easing.easeOut {
/Users/admin/builder/spi-builder-workspace/Source/animation/types/animation_generators/TimingFunction.swift:15:44: error: cannot find 'MCAMediaTimingFunctionName' in scope
13 |     }
14 |     if easing === Easing.easeIn {
15 |         return CAMediaTimingFunction(name: MCAMediaTimingFunctionName.easeIn)
   |                                            `- error: cannot find 'MCAMediaTimingFunctionName' in scope
16 |     }
17 |     if easing === Easing.easeOut {
/Users/admin/builder/spi-builder-workspace/Source/animation/types/animation_generators/TimingFunction.swift:18:16: error: cannot find 'CAMediaTimingFunction' in scope
16 |     }
17 |     if easing === Easing.easeOut {
18 |         return CAMediaTimingFunction(name: MCAMediaTimingFunctionName.easeOut)
   |                `- error: cannot find 'CAMediaTimingFunction' in scope
19 |     }
20 |     if easing === Easing.easeInOut {
/Users/admin/builder/spi-builder-workspace/Source/animation/types/animation_generators/TimingFunction.swift:18:44: error: cannot find 'MCAMediaTimingFunctionName' in scope
16 |     }
17 |     if easing === Easing.easeOut {
18 |         return CAMediaTimingFunction(name: MCAMediaTimingFunctionName.easeOut)
   |                                            `- error: cannot find 'MCAMediaTimingFunctionName' in scope
19 |     }
20 |     if easing === Easing.easeInOut {
/Users/admin/builder/spi-builder-workspace/Source/animation/types/animation_generators/TimingFunction.swift:21:16: error: cannot find 'CAMediaTimingFunction' in scope
19 |     }
20 |     if easing === Easing.easeInOut {
21 |         return CAMediaTimingFunction(name: MCAMediaTimingFunctionName.easeInEaseOut)
   |                `- error: cannot find 'CAMediaTimingFunction' in scope
22 |     }
23 |     return CAMediaTimingFunction(name: MCAMediaTimingFunctionName.linear)
/Users/admin/builder/spi-builder-workspace/Source/animation/types/animation_generators/TimingFunction.swift:21:44: error: cannot find 'MCAMediaTimingFunctionName' in scope
19 |     }
20 |     if easing === Easing.easeInOut {
21 |         return CAMediaTimingFunction(name: MCAMediaTimingFunctionName.easeInEaseOut)
   |                                            `- error: cannot find 'MCAMediaTimingFunctionName' in scope
22 |     }
23 |     return CAMediaTimingFunction(name: MCAMediaTimingFunctionName.linear)
/Users/admin/builder/spi-builder-workspace/Source/animation/types/animation_generators/TimingFunction.swift:23:12: error: cannot find 'CAMediaTimingFunction' in scope
21 |         return CAMediaTimingFunction(name: MCAMediaTimingFunctionName.easeInEaseOut)
22 |     }
23 |     return CAMediaTimingFunction(name: MCAMediaTimingFunctionName.linear)
   |            `- error: cannot find 'CAMediaTimingFunction' in scope
24 | }
25 |
/Users/admin/builder/spi-builder-workspace/Source/animation/types/animation_generators/TimingFunction.swift:23:40: error: cannot find 'MCAMediaTimingFunctionName' in scope
21 |         return CAMediaTimingFunction(name: MCAMediaTimingFunctionName.easeInEaseOut)
22 |     }
23 |     return CAMediaTimingFunction(name: MCAMediaTimingFunctionName.linear)
   |                                        `- error: cannot find 'MCAMediaTimingFunctionName' in scope
24 | }
25 |
/Users/admin/builder/spi-builder-workspace/Source/animation/types/animation_generators/TransformGenerator.swift:9:98: error: cannot find type 'CALayer' in scope
  7 | #endif
  8 |
  9 | func addTransformAnimation(_ animation: BasicAnimation, _ context: AnimationContext, sceneLayer: CALayer?, completion: @escaping (() -> Void)) {
    |                                                                                                  `- error: cannot find type 'CALayer' in scope
 10 |     guard let transformAnimation = animation as? TransformAnimation else {
 11 |         return
/Users/admin/builder/spi-builder-workspace/Source/animation/types/animation_generators/TransformGenerator.swift:89:141: error: cannot find type 'CAAnimation' in scope
 87 | }
 88 |
 89 | func transformAnimationByFunc(_ animation: TransformAnimation, _ context: AnimationContext, duration: Double, offset: Double, fps: UInt) -> CAAnimation {
    |                                                                                                                                             `- error: cannot find type 'CAAnimation' in scope
 90 |
 91 |     let valueFunc = animation.getVFunc()
/Users/admin/builder/spi-builder-workspace/Source/animation/types/animation_generators/TransformGenerator.swift:22:32: error: cannot find 'CATransaction' in scope
 20 |     }
 21 |
 22 |     let transactionsDisabled = CATransaction.disableActions()
    |                                `- error: cannot find 'CATransaction' in scope
 23 |     CATransaction.setDisableActions(true)
 24 |
/Users/admin/builder/spi-builder-workspace/Source/animation/types/animation_generators/TransformGenerator.swift:23:5: error: cannot find 'CATransaction' in scope
 21 |
 22 |     let transactionsDisabled = CATransaction.disableActions()
 23 |     CATransaction.setDisableActions(true)
    |     `- error: cannot find 'CATransaction' in scope
 24 |
 25 |     let layer = AnimationUtils.layerForNodeRenderer(renderer, animation: animation, shouldRenderContent: true)
/Users/admin/builder/spi-builder-workspace/Source/animation/types/animation_generators/TransformGenerator.swift:36:37: error: cannot infer type of closure parameter 'progress' without a type annotation
 34 |     generatedAnimation.repeatCount = Float(animation.repeatCount)
 35 |
 36 |     generatedAnimation.progress = { progress in
    |                                     `- error: cannot infer type of closure parameter 'progress' without a type annotation
 37 |         let t = Double(progress)
 38 |         animation.progress = t
/Users/admin/builder/spi-builder-workspace/Source/animation/types/animation_generators/TransformGenerator.swift:57:9: error: cannot find 'CATransaction' in scope
 55 |         }
 56 |
 57 |         CATransaction.begin()
    |         `- error: cannot find 'CATransaction' in scope
 58 |         CATransaction.setValue(kCFBooleanTrue, forKey: kCATransactionDisableActions)
 59 |         renderer.layer?.animationLayer.transform = CATransform3DMakeAffineTransform(node.place.toCG())
/Users/admin/builder/spi-builder-workspace/Source/animation/types/animation_generators/TransformGenerator.swift:58:9: error: cannot find 'CATransaction' in scope
 56 |
 57 |         CATransaction.begin()
 58 |         CATransaction.setValue(kCFBooleanTrue, forKey: kCATransactionDisableActions)
    |         `- error: cannot find 'CATransaction' in scope
 59 |         renderer.layer?.animationLayer.transform = CATransform3DMakeAffineTransform(node.place.toCG())
 60 |         CATransaction.commit()
/Users/admin/builder/spi-builder-workspace/Source/animation/types/animation_generators/TransformGenerator.swift:58:56: error: cannot find 'kCATransactionDisableActions' in scope
 56 |
 57 |         CATransaction.begin()
 58 |         CATransaction.setValue(kCFBooleanTrue, forKey: kCATransactionDisableActions)
    |                                                        `- error: cannot find 'kCATransactionDisableActions' in scope
 59 |         renderer.layer?.animationLayer.transform = CATransform3DMakeAffineTransform(node.place.toCG())
 60 |         CATransaction.commit()
/Users/admin/builder/spi-builder-workspace/Source/animation/types/animation_generators/TransformGenerator.swift:59:52: error: cannot find 'CATransform3DMakeAffineTransform' in scope
 57 |         CATransaction.begin()
 58 |         CATransaction.setValue(kCFBooleanTrue, forKey: kCATransactionDisableActions)
 59 |         renderer.layer?.animationLayer.transform = CATransform3DMakeAffineTransform(node.place.toCG())
    |                                                    `- error: cannot find 'CATransform3DMakeAffineTransform' in scope
 60 |         CATransaction.commit()
 61 |
/Users/admin/builder/spi-builder-workspace/Source/animation/types/animation_generators/TransformGenerator.swift:60:9: error: cannot find 'CATransaction' in scope
 58 |         CATransaction.setValue(kCFBooleanTrue, forKey: kCATransactionDisableActions)
 59 |         renderer.layer?.animationLayer.transform = CATransform3DMakeAffineTransform(node.place.toCG())
 60 |         CATransaction.commit()
    |         `- error: cannot find 'CATransaction' in scope
 61 |
 62 |         if !animation.paused {
/Users/admin/builder/spi-builder-workspace/Source/animation/types/animation_generators/TransformGenerator.swift:42:39: error: cannot infer type of closure parameter 'finished' without a type annotation
 40 |     }
 41 |
 42 |     generatedAnimation.completion = { finished in
    |                                       `- error: cannot infer type of closure parameter 'finished' without a type annotation
 43 |
 44 |         if animation.paused {
/Users/admin/builder/spi-builder-workspace/Source/animation/types/animation_generators/TransformGenerator.swift:78:11: error: value of type 'ShapeLayer' has no member 'add'
 76 |
 77 |     let animationId = animation.ID
 78 |     layer.add(generatedAnimation, forKey: animationId)
    |           `- error: value of type 'ShapeLayer' has no member 'add'
 79 |     animation.removeFunc = { [weak layer] in
 80 |         node.animations.removeAll { $0 === animation }
/Users/admin/builder/spi-builder-workspace/Source/animation/types/animation_generators/TransformGenerator.swift:81:16: error: value of type 'ShapeLayer' has no member 'removeAnimation'
 79 |     animation.removeFunc = { [weak layer] in
 80 |         node.animations.removeAll { $0 === animation }
 81 |         layer?.removeAnimation(forKey: animationId)
    |                `- error: value of type 'ShapeLayer' has no member 'removeAnimation'
 82 |     }
 83 |
/Users/admin/builder/spi-builder-workspace/Source/animation/types/animation_generators/TransformGenerator.swift:85:9: error: cannot find 'CATransaction' in scope
 83 |
 84 |     if !transactionsDisabled {
 85 |         CATransaction.commit()
    |         `- error: cannot find 'CATransaction' in scope
 86 |     }
 87 | }
/Users/admin/builder/spi-builder-workspace/Source/animation/types/animation_generators/TransformGenerator.swift:94:29: error: cannot find 'CAKeyframeAnimation' in scope
 92 |
 93 |     if let trajectory = animation.trajectory {
 94 |         let pathAnimation = CAKeyframeAnimation(keyPath: "position")
    |                             `- error: cannot find 'CAKeyframeAnimation' in scope
 95 |         pathAnimation.timingFunction = caTimingFunction(animation.easing)
 96 |         pathAnimation.duration = duration / 2
/Users/admin/builder/spi-builder-workspace/Source/animation/types/animation_generators/TransformGenerator.swift:98:34: error: cannot find 'MCAMediaTimingFillMode' in scope
 96 |         pathAnimation.duration = duration / 2
 97 |         pathAnimation.autoreverses = animation.autoreverses
 98 |         pathAnimation.fillMode = MCAMediaTimingFillMode.forwards
    |                                  `- error: cannot find 'MCAMediaTimingFillMode' in scope
 99 |         pathAnimation.isRemovedOnCompletion = false
100 |         pathAnimation.path = trajectory.toCGPath()
/Users/admin/builder/spi-builder-workspace/Source/utils/CGMappings.swift:123:24: error: cannot find type 'CGPath' in scope
121 | public extension Locus {
122 |
123 |     func toCGPath() -> CGPath {
    |                        `- error: cannot find type 'CGPath' in scope
124 |         return RenderUtils.toCGPath(self)
125 |     }
/Users/admin/builder/spi-builder-workspace/Source/animation/types/animation_generators/TransformGenerator.swift:105:28: error: cannot find 'CATransform3D' in scope
103 |     }
104 |
105 |     var transformValues = [CATransform3D]()
    |                            `- error: cannot find 'CATransform3D' in scope
106 |     let step = 1.0 / (duration * Double(fps))
107 |     var tValue = Array(stride(from: 0.0, to: 1.0, by: step))
/Users/admin/builder/spi-builder-workspace/Source/animation/types/animation_generators/TransformGenerator.swift:105:27: error: cannot call value of non-function type '[Element]'
103 |     }
104 |
105 |     var transformValues = [CATransform3D]()
    |                           `- error: cannot call value of non-function type '[Element]'
106 |     let step = 1.0 / (duration * Double(fps))
107 |     var tValue = Array(stride(from: 0.0, to: 1.0, by: step))
/Users/admin/builder/spi-builder-workspace/Source/animation/types/animation_generators/TransformGenerator.swift:112:23: error: cannot find 'CATransform3DMakeAffineTransform' in scope
110 |         let progress = animation.easing.progressFor(time: t)
111 |         let value = valueFunc(offset + progress)
112 |         let cgValue = CATransform3DMakeAffineTransform(value.toCG())
    |                       `- error: cannot find 'CATransform3DMakeAffineTransform' in scope
113 |         transformValues.append(cgValue)
114 |     }
/Users/admin/builder/spi-builder-workspace/Source/animation/types/animation_generators/TransformGenerator.swift:116:30: error: cannot find 'CAKeyframeAnimation' in scope
114 |     }
115 |
116 |     let transformAnimation = CAKeyframeAnimation(keyPath: "transform")
    |                              `- error: cannot find 'CAKeyframeAnimation' in scope
117 |     transformAnimation.duration = duration
118 |     transformAnimation.values = transformValues
/Users/admin/builder/spi-builder-workspace/Source/animation/types/animation_generators/TransformGenerator.swift:119:35: error: cannot find 'MCAMediaTimingFillMode' in scope
117 |     transformAnimation.duration = duration
118 |     transformAnimation.values = transformValues
119 |     transformAnimation.fillMode = MCAMediaTimingFillMode.forwards
    |                                   `- error: cannot find 'MCAMediaTimingFillMode' in scope
120 |     transformAnimation.isRemovedOnCompletion = false
121 |
/Users/admin/builder/spi-builder-workspace/Source/events/TouchEvent.swift:23:19: error: cannot find type 'CGPoint' in scope
21 | class NodePath {
22 |     let node: Node
23 |     let location: CGPoint
   |                   `- error: cannot find type 'CGPoint' in scope
24 |     let parent: NodePath?
25 |
/Users/admin/builder/spi-builder-workspace/Source/events/TouchEvent.swift:26:32: error: cannot find type 'CGPoint' in scope
24 |     let parent: NodePath?
25 |
26 |     init(node: Node, location: CGPoint, parent: NodePath? = nil) {
   |                                `- error: cannot find type 'CGPoint' in scope
27 |         self.node = node
28 |         self.location = location
/Users/admin/builder/spi-builder-workspace/Source/views/MacawView.swift:14:23: error: cannot find type 'MView' in scope
 12 | ///
 13 |
 14 | open class MacawView: MView, MGestureRecognizerDelegate {
    |                       `- error: cannot find type 'MView' in scope
 15 |
 16 |     internal var drawingView = DrawingView()
/Users/admin/builder/spi-builder-workspace/Source/views/MacawView.swift:14:30: error: cannot find type 'MGestureRecognizerDelegate' in scope
 12 | ///
 13 |
 14 | open class MacawView: MView, MGestureRecognizerDelegate {
    |                              `- error: cannot find type 'MGestureRecognizerDelegate' in scope
 15 |
 16 |     internal var drawingView = DrawingView()
/Users/admin/builder/spi-builder-workspace/Source/export/MacawView+PDF.swift:14:28: error: cannot find 'backgroundColor' in scope
12 | public extension MacawView {
13 |     func toPDF(size: CGSize, path: URL) {
14 |         let currentColor = backgroundColor
   |                            `- error: cannot find 'backgroundColor' in scope
15 |         backgroundColor = MColor.white
16 |         defer {
/Users/admin/builder/spi-builder-workspace/Source/export/MacawView+PDF.swift:15:9: error: cannot find 'backgroundColor' in scope
13 |     func toPDF(size: CGSize, path: URL) {
14 |         let currentColor = backgroundColor
15 |         backgroundColor = MColor.white
   |         `- error: cannot find 'backgroundColor' in scope
16 |         defer {
17 |             backgroundColor = currentColor
/Users/admin/builder/spi-builder-workspace/Source/export/MacawView+PDF.swift:15:27: error: cannot find 'MColor' in scope
13 |     func toPDF(size: CGSize, path: URL) {
14 |         let currentColor = backgroundColor
15 |         backgroundColor = MColor.white
   |                           `- error: cannot find 'MColor' in scope
16 |         defer {
17 |             backgroundColor = currentColor
/Users/admin/builder/spi-builder-workspace/Source/export/MacawView+PDF.swift:17:13: error: cannot find 'backgroundColor' in scope
15 |         backgroundColor = MColor.white
16 |         defer {
17 |             backgroundColor = currentColor
   |             `- error: cannot find 'backgroundColor' in scope
18 |         }
19 |
/Users/admin/builder/spi-builder-workspace/Source/export/MacawView+PDF.swift:26:29: error: cannot find 'bounds' in scope
24 |         ctx.translateBy(x: 0.0, y: size.height)
25 |         ctx.scaleBy(
26 |             x: size.width / bounds.width,
   |                             `- error: cannot find 'bounds' in scope
27 |             y: -size.height / bounds.height
28 |         )
/Users/admin/builder/spi-builder-workspace/Source/export/MacawView+PDF.swift:27:31: error: cannot find 'bounds' in scope
25 |         ctx.scaleBy(
26 |             x: size.width / bounds.width,
27 |             y: -size.height / bounds.height
   |                               `- error: cannot find 'bounds' in scope
28 |         )
29 |
/Users/admin/builder/spi-builder-workspace/Source/views/MacawView.swift:16:44: error: missing argument for parameter 'coder' in call
 14 | open class MacawView: MView, MGestureRecognizerDelegate {
 15 |
 16 |     internal var drawingView = DrawingView()
    |                                            `- error: missing argument for parameter 'coder' in call
 17 |
 18 |     public lazy var zoom = MacawZoom(view: self)
    :
295 |     }
296 |
297 |     @objc public required init?(coder aDecoder: NSCoder) {
    |                           `- note: 'init(coder:)' declared here
298 |         super.init(coder: aDecoder)
299 |     }
/Users/admin/builder/spi-builder-workspace/Source/layout/ContentLayout.swift:23:40: error: cannot find type 'MViewContentMode' in scope
21 |     }
22 |
23 |     public static func of(contentMode: MViewContentMode) -> ContentLayout {
   |                                        `- error: cannot find type 'MViewContentMode' in scope
24 |         switch contentMode {
25 |         case .scaleToFill:
Failed frontend command:
/Applications/Xcode-27.0.0-Release.Candidate.app/Contents/Developer/Toolchains/XcodeDefault.xctoolchain/usr/bin/swift-frontend -frontend -c -filelist /Users/admin/builder/spi-builder-workspace/.derivedData/Build/Intermediates.noindex/Macaw.build/Debug-appletvos/Macaw-t.build/Objects-normal/arm64/sources-1 -primary-file /Users/admin/builder/spi-builder-workspace/Source/animation/types/animation_generators/TimingFunction.swift -primary-file /Users/admin/builder/spi-builder-workspace/Source/animation/types/animation_generators/TransformGenerator.swift -primary-file /Users/admin/builder/spi-builder-workspace/Source/bindings/Disposable.swift -primary-file /Users/admin/builder/spi-builder-workspace/Source/bindings/GroupDisposable.swift -primary-file /Users/admin/builder/spi-builder-workspace/Source/bindings/Variable.swift -primary-file /Users/admin/builder/spi-builder-workspace/Source/events/Event.swift -primary-file /Users/admin/builder/spi-builder-workspace/Source/events/PanEvent.swift -primary-file /Users/admin/builder/spi-builder-workspace/Source/events/PinchEvent.swift -primary-file /Users/admin/builder/spi-builder-workspace/Source/events/RotateEvent.swift -primary-file /Users/admin/builder/spi-builder-workspace/Source/events/TapEvent.swift -primary-file /Users/admin/builder/spi-builder-workspace/Source/events/TouchEvent.swift -primary-file /Users/admin/builder/spi-builder-workspace/Source/export/MacawView+PDF.swift -primary-file /Users/admin/builder/spi-builder-workspace/Source/layout/ContentLayout.swift -primary-file /Users/admin/builder/spi-builder-workspace/Source/model/draw/Align.swift -supplementary-output-file-map /Users/admin/builder/spi-builder-workspace/.derivedData/Build/Intermediates.noindex/Macaw.build/Debug-appletvos/Macaw-t.build/Objects-normal/arm64/supplementaryOutputs-4 -target arm64-apple-tvos15.0 -disable-cross-import-overlay-search -load-resolved-plugin /Applications/Xcode-27.0.0-Release.Candidate.app/Contents/Developer/Platforms/AppleTVOS.platform/Developer/usr/lib/swift/host/plugins/libFoundationMacros.dylib\#/Applications/Xcode-27.0.0-Release.Candidate.app/Contents/Developer/Platforms/AppleTVOS.platform/Developer/usr/bin/swift-plugin-server\#FoundationMacros -load-resolved-plugin /Applications/Xcode-27.0.0-Release.Candidate.app/Contents/Developer/Platforms/AppleTVOS.platform/Developer/usr/lib/swift/host/plugins/libObservationMacros.dylib\#/Applications/Xcode-27.0.0-Release.Candidate.app/Contents/Developer/Platforms/AppleTVOS.platform/Developer/usr/bin/swift-plugin-server\#ObservationMacros -load-resolved-plugin /Applications/Xcode-27.0.0-Release.Candidate.app/Contents/Developer/Platforms/AppleTVOS.platform/Developer/usr/lib/swift/host/plugins/libSwiftMacros.dylib\#/Applications/Xcode-27.0.0-Release.Candidate.app/Contents/Developer/Platforms/AppleTVOS.platform/Developer/usr/bin/swift-plugin-server\#SwiftMacros -disable-implicit-swift-modules -Xcc -fno-implicit-modules -Xcc -fno-implicit-module-maps -explicit-swift-module-map-file /Users/admin/builder/spi-builder-workspace/.derivedData/Build/Intermediates.noindex/Macaw.build/Debug-appletvos/Macaw-t.build/Objects-normal/arm64/Macaw-dependencies-1.json -Xllvm -aarch64-use-tbi -enable-objc-interop -stack-check -sdk /Applications/Xcode-27.0.0-Release.Candidate.app/Contents/Developer/Platforms/AppleTVOS.platform/Developer/SDKs/AppleTVOS27.0.sdk -I /Users/admin/builder/spi-builder-workspace/.derivedData/Build/Products/Debug-appletvos -Isystem /Applications/Xcode-27.0.0-Release.Candidate.app/Contents/Developer/Platforms/AppleTVOS.platform/Developer/usr/lib -F /Users/admin/builder/spi-builder-workspace/.derivedData/Build/Products/Debug-appletvos/PackageFrameworks -F /Users/admin/builder/spi-builder-workspace/.derivedData/Build/Products/Debug-appletvos -F /Applications/Xcode-27.0.0-Release.Candidate.app/Contents/Developer/Platforms/AppleTVOS.platform/Developer/Library/Frameworks -F /Applications/Xcode-27.0.0-Release.Candidate.app/Contents/Developer/Platforms/AppleTVOS.platform/Developer/SDKs/AppleTVOS27.0.sdk/Developer/Library/Frameworks -module-cache-path /Users/admin/builder/spi-builder-workspace/.derivedData/Build/Intermediates.noindex/SwiftExplicitPrecompiledModules -no-color-diagnostics -Xcc -fno-color-diagnostics -enable-testing -g -debug-info-format\=dwarf -dwarf-version\=4 -profile-generate -profile-coverage-mapping -swift-version 5 -Onone -D SWIFT_PACKAGE -D DEBUG -D SWIFT_MODULE_RESOURCE_BUNDLE_UNAVAILABLE -D Xcode -serialize-debugging-options -enable-experimental-feature DebugDescriptionMacro -empty-abi-descriptor -validate-clang-modules-once -clang-build-session-file /Users/admin/builder/spi-builder-workspace/.derivedData/ModuleCache.noindex/Session.modulevalidation -Xcc -working-directory -Xcc /Users/admin/builder/spi-builder-workspace/.swiftpm/xcode -enable-anonymous-context-mangled-names -file-compilation-dir /Users/admin/builder/spi-builder-workspace/.swiftpm/xcode -Xcc -D_LIBCPP_HARDENING_MODE\=_LIBCPP_HARDENING_MODE_DEBUG -Xcc -ivfsstatcache -Xcc /Users/admin/builder/spi-builder-workspace/.derivedData/SDKStatCaches.noindex/appletvos27.0-24J360-e829b21a6f8c9b70876ba0858053c044b32bfd8d43560033f8d89884cdb90028.sdkstatcache -Xcc -fmodules-prune-interval\=86400 -Xcc -fmodules-prune-after\=345600 -Xcc -I/Users/admin/builder/spi-builder-workspace/.derivedData/Build/Products/Debug-appletvos/include -Xcc -I/Users/admin/builder/spi-builder-workspace/.derivedData/Build/Intermediates.noindex/Macaw.build/Debug-appletvos/Macaw-t.build/DerivedSources-normal/arm64 -Xcc -I/Users/admin/builder/spi-builder-workspace/.derivedData/Build/Intermediates.noindex/Macaw.build/Debug-appletvos/Macaw-t.build/DerivedSources/arm64 -Xcc -I/Users/admin/builder/spi-builder-workspace/.derivedData/Build/Intermediates.noindex/Macaw.build/Debug-appletvos/Macaw-t.build/DerivedSources -Xcc -DSWIFT_PACKAGE -Xcc -DDEBUG\=1 -no-auto-bridging-header-chaining -module-name Macaw -const-gather-protocols-file /Users/admin/builder/spi-builder-workspace/.derivedData/Build/Intermediates.noindex/Macaw.build/Debug-appletvos/Macaw-t.build/Objects-normal/arm64/Macaw_const_extract_protocols.json -disable-clang-spi -clang-target arm64-apple-tvos27.0 -target-sdk-version 27.0 -target-sdk-name appletvos27.0 -in-process-plugin-server-path /Applications/Xcode-27.0.0-Release.Candidate.app/Contents/Developer/Toolchains/XcodeDefault.xctoolchain/usr/lib/swift/host/libSwiftInProcPluginServer.dylib -parse-as-library -o /Users/admin/builder/spi-builder-workspace/.derivedData/Build/Intermediates.noindex/Macaw.build/Debug-appletvos/Macaw-t.build/Objects-normal/arm64/TimingFunction.o -o /Users/admin/builder/spi-builder-workspace/.derivedData/Build/Intermediates.noindex/Macaw.build/Debug-appletvos/Macaw-t.build/Objects-normal/arm64/TransformGenerator.o -o /Users/admin/builder/spi-builder-workspace/.derivedData/Build/Intermediates.noindex/Macaw.build/Debug-appletvos/Macaw-t.build/Objects-normal/arm64/Disposable.o -o /Users/admin/builder/spi-builder-workspace/.derivedData/Build/Intermediates.noindex/Macaw.build/Debug-appletvos/Macaw-t.build/Objects-normal/arm64/GroupDisposable.o -o /Users/admin/builder/spi-builder-workspace/.derivedData/Build/Intermediates.noindex/Macaw.build/Debug-appletvos/Macaw-t.build/Objects-normal/arm64/Variable.o -o /Users/admin/builder/spi-builder-workspace/.derivedData/Build/Intermediates.noindex/Macaw.build/Debug-appletvos/Macaw-t.build/Objects-normal/arm64/Event.o -o /Users/admin/builder/spi-builder-workspace/.derivedData/Build/Intermediates.noindex/Macaw.build/Debug-appletvos/Macaw-t.build/Objects-normal/arm64/PanEvent.o -o /Users/admin/builder/spi-builder-workspace/.derivedData/Build/Intermediates.noindex/Macaw.build/Debug-appletvos/Macaw-t.build/Objects-normal/arm64/PinchEvent.o -o /Users/admin/builder/spi-builder-workspace/.derivedData/Build/Intermediates.noindex/Macaw.build/Debug-appletvos/Macaw-t.build/Objects-normal/arm64/RotateEvent.o -o /Users/admin/builder/spi-builder-workspace/.derivedData/Build/Intermediates.noindex/Macaw.build/Debug-appletvos/Macaw-t.build/Objects-normal/arm64/TapEvent.o -o /Users/admin/builder/spi-builder-workspace/.derivedData/Build/Intermediates.noindex/Macaw.build/Debug-appletvos/Macaw-t.build/Objects-normal/arm64/TouchEvent.o -o /Users/admin/builder/spi-builder-workspace/.derivedData/Build/Intermediates.noindex/Macaw.build/Debug-appletvos/Macaw-t.build/Objects-normal/arm64/MacawView+PDF.o -o /Users/admin/builder/spi-builder-workspace/.derivedData/Build/Intermediates.noindex/Macaw.build/Debug-appletvos/Macaw-t.build/Objects-normal/arm64/ContentLayout.o -o /Users/admin/builder/spi-builder-workspace/.derivedData/Build/Intermediates.noindex/Macaw.build/Debug-appletvos/Macaw-t.build/Objects-normal/arm64/Align.o -debug-module-path /Users/admin/builder/spi-builder-workspace/.derivedData/Build/Intermediates.noindex/Macaw.build/Debug-appletvos/Macaw-t.build/Objects-normal/arm64/Macaw.swiftmodule -index-unit-output-path /Macaw.build/Debug-appletvos/Macaw-t.build/Objects-normal/arm64/TimingFunction.o -index-unit-output-path /Macaw.build/Debug-appletvos/Macaw-t.build/Objects-normal/arm64/TransformGenerator.o -index-unit-output-path /Macaw.build/Debug-appletvos/Macaw-t.build/Objects-normal/arm64/Disposable.o -index-unit-output-path /Macaw.build/Debug-appletvos/Macaw-t.build/Objects-normal/arm64/GroupDisposable.o -index-unit-output-path /Macaw.build/Debug-appletvos/Macaw-t.build/Objects-normal/arm64/Variable.o -index-unit-output-path /Macaw.build/Debug-appletvos/Macaw-t.build/Objects-normal/arm64/Event.o -index-unit-output-path /Macaw.build/Debug-appletvos/Macaw-t.build/Objects-normal/arm64/PanEvent.o -index-unit-output-path /Macaw.build/Debug-appletvos/Macaw-t.build/Objects-normal/arm64/PinchEvent.o -index-unit-output-path /Macaw.build/Debug-appletvos/Macaw-t.build/Objects-normal/arm64/RotateEvent.o -index-unit-output-path /Macaw.build/Debug-appletvos/Macaw-t.build/Objects-normal/arm64/TapEvent.o -index-unit-output-path /Macaw.build/Debug-appletvos/Macaw-t.build/Objects-normal/arm64/TouchEvent.o -index-unit-output-path /Macaw.build/Debug-appletvos/Macaw-t.build/Objects-normal/arm64/MacawView+PDF.o -index-unit-output-path /Macaw.build/Debug-appletvos/Macaw-t.build/Objects-normal/arm64/ContentLayout.o -index-unit-output-path /Macaw.build/Debug-appletvos/Macaw-t.build/Objects-normal/arm64/Align.o -index-store-path /Users/admin/builder/spi-builder-workspace/.derivedData/Index.noindex/DataStore -index-system-modules
SwiftCompile normal arm64 /Users/admin/builder/spi-builder-workspace/Source/animation/types/animation_generators/TimingFunction.swift (in target 'Macaw' from project 'Macaw')
    cd /Users/admin/builder/spi-builder-workspace/.swiftpm/xcode
    builtin-SwiftPerFileCompile TimingFunction.swift
SwiftCompile normal arm64 /Users/admin/builder/spi-builder-workspace/Source/animation/types/animation_generators/TransformGenerator.swift (in target 'Macaw' from project 'Macaw')
    cd /Users/admin/builder/spi-builder-workspace/.swiftpm/xcode
    builtin-SwiftPerFileCompile TransformGenerator.swift
SwiftCompile normal arm64 /Users/admin/builder/spi-builder-workspace/Source/bindings/Disposable.swift (in target 'Macaw' from project 'Macaw')
    cd /Users/admin/builder/spi-builder-workspace/.swiftpm/xcode
    builtin-SwiftPerFileCompile Disposable.swift
SwiftCompile normal arm64 /Users/admin/builder/spi-builder-workspace/Source/bindings/GroupDisposable.swift (in target 'Macaw' from project 'Macaw')
    cd /Users/admin/builder/spi-builder-workspace/.swiftpm/xcode
    builtin-SwiftPerFileCompile GroupDisposable.swift
SwiftCompile normal arm64 /Users/admin/builder/spi-builder-workspace/Source/bindings/Variable.swift (in target 'Macaw' from project 'Macaw')
    cd /Users/admin/builder/spi-builder-workspace/.swiftpm/xcode
    builtin-SwiftPerFileCompile Variable.swift
SwiftCompile normal arm64 /Users/admin/builder/spi-builder-workspace/Source/events/Event.swift (in target 'Macaw' from project 'Macaw')
    cd /Users/admin/builder/spi-builder-workspace/.swiftpm/xcode
    builtin-SwiftPerFileCompile Event.swift
SwiftCompile normal arm64 /Users/admin/builder/spi-builder-workspace/Source/events/PanEvent.swift (in target 'Macaw' from project 'Macaw')
    cd /Users/admin/builder/spi-builder-workspace/.swiftpm/xcode
    builtin-SwiftPerFileCompile PanEvent.swift
SwiftCompile normal arm64 /Users/admin/builder/spi-builder-workspace/Source/events/PinchEvent.swift (in target 'Macaw' from project 'Macaw')
    cd /Users/admin/builder/spi-builder-workspace/.swiftpm/xcode
    builtin-SwiftPerFileCompile PinchEvent.swift
SwiftCompile normal arm64 /Users/admin/builder/spi-builder-workspace/Source/events/RotateEvent.swift (in target 'Macaw' from project 'Macaw')
    cd /Users/admin/builder/spi-builder-workspace/.swiftpm/xcode
    builtin-SwiftPerFileCompile RotateEvent.swift
SwiftCompile normal arm64 /Users/admin/builder/spi-builder-workspace/Source/events/TapEvent.swift (in target 'Macaw' from project 'Macaw')
    cd /Users/admin/builder/spi-builder-workspace/.swiftpm/xcode
    builtin-SwiftPerFileCompile TapEvent.swift
SwiftCompile normal arm64 /Users/admin/builder/spi-builder-workspace/Source/events/TouchEvent.swift (in target 'Macaw' from project 'Macaw')
    cd /Users/admin/builder/spi-builder-workspace/.swiftpm/xcode
    builtin-SwiftPerFileCompile TouchEvent.swift
SwiftCompile normal arm64 /Users/admin/builder/spi-builder-workspace/Source/export/MacawView+PDF.swift (in target 'Macaw' from project 'Macaw')
    cd /Users/admin/builder/spi-builder-workspace/.swiftpm/xcode
    builtin-SwiftPerFileCompile MacawView+PDF.swift
SwiftCompile normal arm64 /Users/admin/builder/spi-builder-workspace/Source/layout/ContentLayout.swift (in target 'Macaw' from project 'Macaw')
    cd /Users/admin/builder/spi-builder-workspace/.swiftpm/xcode
    builtin-SwiftPerFileCompile ContentLayout.swift
SwiftCompile normal arm64 /Users/admin/builder/spi-builder-workspace/Source/model/draw/Align.swift (in target 'Macaw' from project 'Macaw')
    cd /Users/admin/builder/spi-builder-workspace/.swiftpm/xcode
    builtin-SwiftPerFileCompile Align.swift
SwiftCompile normal arm64 Compiling\ MCAMediaTimingFillMode_iOS.swift,\ MCAMediaTimingFillMode_macOS.swift,\ MCAMediaTimingFunctionName_iOS.swift,\ MCAMediaTimingFunctionName_macOS.swift,\ MCAShapeLayerLineCap_iOS.swift,\ MCAShapeLayerLineCap_macOS.swift,\ MCAShapeLayerLineJoin_iOS.swift,\ MCAShapeLayerLineJoin_macOS.swift,\ AnimatableVariable.swift,\ Animation.swift,\ AnimationImpl.swift,\ AnimationProducer.swift,\ AnimationUtils.swift,\ Easing.swift /Users/admin/builder/spi-builder-workspace/Source/MCAMediaTimingFillMode_iOS.swift /Users/admin/builder/spi-builder-workspace/Source/MCAMediaTimingFillMode_macOS.swift /Users/admin/builder/spi-builder-workspace/Source/MCAMediaTimingFunctionName_iOS.swift /Users/admin/builder/spi-builder-workspace/Source/MCAMediaTimingFunctionName_macOS.swift /Users/admin/builder/spi-builder-workspace/Source/MCAShapeLayerLineCap_iOS.swift /Users/admin/builder/spi-builder-workspace/Source/MCAShapeLayerLineCap_macOS.swift /Users/admin/builder/spi-builder-workspace/Source/MCAShapeLayerLineJoin_iOS.swift /Users/admin/builder/spi-builder-workspace/Source/MCAShapeLayerLineJoin_macOS.swift /Users/admin/builder/spi-builder-workspace/Source/animation/AnimatableVariable.swift /Users/admin/builder/spi-builder-workspace/Source/animation/Animation.swift /Users/admin/builder/spi-builder-workspace/Source/animation/AnimationImpl.swift /Users/admin/builder/spi-builder-workspace/Source/animation/AnimationProducer.swift /Users/admin/builder/spi-builder-workspace/Source/animation/AnimationUtils.swift /Users/admin/builder/spi-builder-workspace/Source/animation/Easing.swift (in target 'Macaw' from project 'Macaw')
SwiftCompile normal arm64 /Users/admin/builder/spi-builder-workspace/Source/MCAMediaTimingFillMode_iOS.swift (in target 'Macaw' from project 'Macaw')
    cd /Users/admin/builder/spi-builder-workspace/.swiftpm/xcode
    builtin-SwiftPerFileCompile MCAMediaTimingFillMode_iOS.swift
SwiftCompile normal arm64 /Users/admin/builder/spi-builder-workspace/Source/MCAMediaTimingFillMode_macOS.swift (in target 'Macaw' from project 'Macaw')
    cd /Users/admin/builder/spi-builder-workspace/.swiftpm/xcode
    builtin-SwiftPerFileCompile MCAMediaTimingFillMode_macOS.swift
SwiftCompile normal arm64 /Users/admin/builder/spi-builder-workspace/Source/MCAMediaTimingFunctionName_iOS.swift (in target 'Macaw' from project 'Macaw')
    cd /Users/admin/builder/spi-builder-workspace/.swiftpm/xcode
    builtin-SwiftPerFileCompile MCAMediaTimingFunctionName_iOS.swift
SwiftCompile normal arm64 /Users/admin/builder/spi-builder-workspace/Source/MCAMediaTimingFunctionName_macOS.swift (in target 'Macaw' from project 'Macaw')
    cd /Users/admin/builder/spi-builder-workspace/.swiftpm/xcode
    builtin-SwiftPerFileCompile MCAMediaTimingFunctionName_macOS.swift
SwiftCompile normal arm64 /Users/admin/builder/spi-builder-workspace/Source/MCAShapeLayerLineCap_iOS.swift (in target 'Macaw' from project 'Macaw')
    cd /Users/admin/builder/spi-builder-workspace/.swiftpm/xcode
    builtin-SwiftPerFileCompile MCAShapeLayerLineCap_iOS.swift
SwiftCompile normal arm64 /Users/admin/builder/spi-builder-workspace/Source/MCAShapeLayerLineCap_macOS.swift (in target 'Macaw' from project 'Macaw')
    cd /Users/admin/builder/spi-builder-workspace/.swiftpm/xcode
    builtin-SwiftPerFileCompile MCAShapeLayerLineCap_macOS.swift
SwiftCompile normal arm64 /Users/admin/builder/spi-builder-workspace/Source/MCAShapeLayerLineJoin_iOS.swift (in target 'Macaw' from project 'Macaw')
    cd /Users/admin/builder/spi-builder-workspace/.swiftpm/xcode
    builtin-SwiftPerFileCompile MCAShapeLayerLineJoin_iOS.swift
SwiftCompile normal arm64 /Users/admin/builder/spi-builder-workspace/Source/MCAShapeLayerLineJoin_macOS.swift (in target 'Macaw' from project 'Macaw')
    cd /Users/admin/builder/spi-builder-workspace/.swiftpm/xcode
    builtin-SwiftPerFileCompile MCAShapeLayerLineJoin_macOS.swift
SwiftCompile normal arm64 /Users/admin/builder/spi-builder-workspace/Source/animation/AnimatableVariable.swift (in target 'Macaw' from project 'Macaw')
    cd /Users/admin/builder/spi-builder-workspace/.swiftpm/xcode
    builtin-SwiftPerFileCompile AnimatableVariable.swift
SwiftCompile normal arm64 /Users/admin/builder/spi-builder-workspace/Source/animation/Animation.swift (in target 'Macaw' from project 'Macaw')
    cd /Users/admin/builder/spi-builder-workspace/.swiftpm/xcode
    builtin-SwiftPerFileCompile Animation.swift
SwiftCompile normal arm64 /Users/admin/builder/spi-builder-workspace/Source/animation/AnimationImpl.swift (in target 'Macaw' from project 'Macaw')
    cd /Users/admin/builder/spi-builder-workspace/.swiftpm/xcode
    builtin-SwiftPerFileCompile AnimationImpl.swift
SwiftCompile normal arm64 /Users/admin/builder/spi-builder-workspace/Source/animation/AnimationProducer.swift (in target 'Macaw' from project 'Macaw')
    cd /Users/admin/builder/spi-builder-workspace/.swiftpm/xcode
    builtin-SwiftPerFileCompile AnimationProducer.swift
SwiftCompile normal arm64 /Users/admin/builder/spi-builder-workspace/Source/animation/AnimationUtils.swift (in target 'Macaw' from project 'Macaw')
    cd /Users/admin/builder/spi-builder-workspace/.swiftpm/xcode
    builtin-SwiftPerFileCompile AnimationUtils.swift
SwiftCompile normal arm64 /Users/admin/builder/spi-builder-workspace/Source/animation/Easing.swift (in target 'Macaw' from project 'Macaw')
    cd /Users/admin/builder/spi-builder-workspace/.swiftpm/xcode
    builtin-SwiftPerFileCompile Easing.swift
SwiftDriverJobDiscovery normal arm64 Compiling XMLIndexer+XMLIndexerDeserializable.swift (in target 'SWXMLHash' from project 'SWXMLHash')
SwiftCompile normal arm64 Compiling\ ContentsAnimation.swift,\ MorphingAnimation.swift,\ OpacityAnimation.swift,\ PathAnimation.swift,\ ShapeAnimation.swift,\ TransformAnimation.swift,\ AnimationCache.swift,\ NodeHashable.swift,\ TransformHashable.swift,\ CombinationAnimationGenerator.swift,\ MorphingGenerator.swift,\ OpacityGenerator.swift,\ PathAnimationGenerator.swift,\ ShapeAnimationGenerator.swift /Users/admin/builder/spi-builder-workspace/Source/animation/types/ContentsAnimation.swift /Users/admin/builder/spi-builder-workspace/Source/animation/types/MorphingAnimation.swift /Users/admin/builder/spi-builder-workspace/Source/animation/types/OpacityAnimation.swift /Users/admin/builder/spi-builder-workspace/Source/animation/types/PathAnimation.swift /Users/admin/builder/spi-builder-workspace/Source/animation/types/ShapeAnimation.swift /Users/admin/builder/spi-builder-workspace/Source/animation/types/TransformAnimation.swift /Users/admin/builder/spi-builder-workspace/Source/animation/types/animation_generators/Cache/AnimationCache.swift /Users/admin/builder/spi-builder-workspace/Source/animation/types/animation_generators/Cache/NodeHashable.swift /Users/admin/builder/spi-builder-workspace/Source/animation/types/animation_generators/Cache/TransformHashable.swift /Users/admin/builder/spi-builder-workspace/Source/animation/types/animation_generators/CombinationAnimationGenerator.swift /Users/admin/builder/spi-builder-workspace/Source/animation/types/animation_generators/MorphingGenerator.swift /Users/admin/builder/spi-builder-workspace/Source/animation/types/animation_generators/OpacityGenerator.swift /Users/admin/builder/spi-builder-workspace/Source/animation/types/animation_generators/PathAnimationGenerator.swift /Users/admin/builder/spi-builder-workspace/Source/animation/types/animation_generators/ShapeAnimationGenerator.swift (in target 'Macaw' from project 'Macaw')
SwiftCompile normal arm64 /Users/admin/builder/spi-builder-workspace/Source/animation/types/ContentsAnimation.swift (in target 'Macaw' from project 'Macaw')
    cd /Users/admin/builder/spi-builder-workspace/.swiftpm/xcode
    builtin-SwiftPerFileCompile ContentsAnimation.swift
SwiftCompile normal arm64 /Users/admin/builder/spi-builder-workspace/Source/animation/types/MorphingAnimation.swift (in target 'Macaw' from project 'Macaw')
    cd /Users/admin/builder/spi-builder-workspace/.swiftpm/xcode
    builtin-SwiftPerFileCompile MorphingAnimation.swift
SwiftCompile normal arm64 /Users/admin/builder/spi-builder-workspace/Source/animation/types/OpacityAnimation.swift (in target 'Macaw' from project 'Macaw')
    cd /Users/admin/builder/spi-builder-workspace/.swiftpm/xcode
    builtin-SwiftPerFileCompile OpacityAnimation.swift
SwiftCompile normal arm64 /Users/admin/builder/spi-builder-workspace/Source/animation/types/PathAnimation.swift (in target 'Macaw' from project 'Macaw')
    cd /Users/admin/builder/spi-builder-workspace/.swiftpm/xcode
    builtin-SwiftPerFileCompile PathAnimation.swift
SwiftCompile normal arm64 /Users/admin/builder/spi-builder-workspace/Source/animation/types/ShapeAnimation.swift (in target 'Macaw' from project 'Macaw')
    cd /Users/admin/builder/spi-builder-workspace/.swiftpm/xcode
    builtin-SwiftPerFileCompile ShapeAnimation.swift
SwiftCompile normal arm64 /Users/admin/builder/spi-builder-workspace/Source/animation/types/TransformAnimation.swift (in target 'Macaw' from project 'Macaw')
    cd /Users/admin/builder/spi-builder-workspace/.swiftpm/xcode
    builtin-SwiftPerFileCompile TransformAnimation.swift
SwiftCompile normal arm64 /Users/admin/builder/spi-builder-workspace/Source/animation/types/animation_generators/Cache/AnimationCache.swift (in target 'Macaw' from project 'Macaw')
    cd /Users/admin/builder/spi-builder-workspace/.swiftpm/xcode
    builtin-SwiftPerFileCompile AnimationCache.swift
SwiftCompile normal arm64 /Users/admin/builder/spi-builder-workspace/Source/animation/types/animation_generators/Cache/NodeHashable.swift (in target 'Macaw' from project 'Macaw')
    cd /Users/admin/builder/spi-builder-workspace/.swiftpm/xcode
    builtin-SwiftPerFileCompile NodeHashable.swift
SwiftCompile normal arm64 /Users/admin/builder/spi-builder-workspace/Source/animation/types/animation_generators/Cache/TransformHashable.swift (in target 'Macaw' from project 'Macaw')
    cd /Users/admin/builder/spi-builder-workspace/.swiftpm/xcode
    builtin-SwiftPerFileCompile TransformHashable.swift
SwiftCompile normal arm64 /Users/admin/builder/spi-builder-workspace/Source/animation/types/animation_generators/CombinationAnimationGenerator.swift (in target 'Macaw' from project 'Macaw')
    cd /Users/admin/builder/spi-builder-workspace/.swiftpm/xcode
    builtin-SwiftPerFileCompile CombinationAnimationGenerator.swift
SwiftCompile normal arm64 /Users/admin/builder/spi-builder-workspace/Source/animation/types/animation_generators/MorphingGenerator.swift (in target 'Macaw' from project 'Macaw')
    cd /Users/admin/builder/spi-builder-workspace/.swiftpm/xcode
    builtin-SwiftPerFileCompile MorphingGenerator.swift
SwiftCompile normal arm64 /Users/admin/builder/spi-builder-workspace/Source/animation/types/animation_generators/OpacityGenerator.swift (in target 'Macaw' from project 'Macaw')
    cd /Users/admin/builder/spi-builder-workspace/.swiftpm/xcode
    builtin-SwiftPerFileCompile OpacityGenerator.swift
SwiftCompile normal arm64 /Users/admin/builder/spi-builder-workspace/Source/animation/types/animation_generators/PathAnimationGenerator.swift (in target 'Macaw' from project 'Macaw')
    cd /Users/admin/builder/spi-builder-workspace/.swiftpm/xcode
    builtin-SwiftPerFileCompile PathAnimationGenerator.swift
SwiftCompile normal arm64 /Users/admin/builder/spi-builder-workspace/Source/animation/types/animation_generators/ShapeAnimationGenerator.swift (in target 'Macaw' from project 'Macaw')
    cd /Users/admin/builder/spi-builder-workspace/.swiftpm/xcode
    builtin-SwiftPerFileCompile ShapeAnimationGenerator.swift
PruneExplicitPrecompiledModules /Users/admin/builder/spi-builder-workspace/.derivedData/Build/Intermediates.noindex/ExplicitPrecompiledModules
PruneExplicitPrecompiledModules /Users/admin/builder/spi-builder-workspace/.derivedData/SDKExplicitPrecompiledModules
PruneExplicitPrecompiledModules /Users/admin/builder/spi-builder-workspace/.derivedData/Build/Intermediates.noindex/SwiftExplicitPrecompiledModules
2026-09-18 04:06:56.658 xcodebuild[742:4704] [MT] IDERunDestination: Supported platforms for the buildables in the current scheme is empty.
** BUILD FAILED **
The following build commands failed:
	SwiftCompile normal arm64 Compiling\ TimingFunction.swift,\ TransformGenerator.swift,\ Disposable.swift,\ GroupDisposable.swift,\ Variable.swift,\ Event.swift,\ PanEvent.swift,\ PinchEvent.swift,\ RotateEvent.swift,\ TapEvent.swift,\ TouchEvent.swift,\ MacawView+PDF.swift,\ ContentLayout.swift,\ Align.swift /Users/admin/builder/spi-builder-workspace/Source/animation/types/animation_generators/TimingFunction.swift /Users/admin/builder/spi-builder-workspace/Source/animation/types/animation_generators/TransformGenerator.swift /Users/admin/builder/spi-builder-workspace/Source/bindings/Disposable.swift /Users/admin/builder/spi-builder-workspace/Source/bindings/GroupDisposable.swift /Users/admin/builder/spi-builder-workspace/Source/bindings/Variable.swift /Users/admin/builder/spi-builder-workspace/Source/events/Event.swift /Users/admin/builder/spi-builder-workspace/Source/events/PanEvent.swift /Users/admin/builder/spi-builder-workspace/Source/events/PinchEvent.swift /Users/admin/builder/spi-builder-workspace/Source/events/RotateEvent.swift /Users/admin/builder/spi-builder-workspace/Source/events/TapEvent.swift /Users/admin/builder/spi-builder-workspace/Source/events/TouchEvent.swift /Users/admin/builder/spi-builder-workspace/Source/export/MacawView+PDF.swift /Users/admin/builder/spi-builder-workspace/Source/layout/ContentLayout.swift /Users/admin/builder/spi-builder-workspace/Source/model/draw/Align.swift (in target 'Macaw' from project 'Macaw')
	SwiftCompile normal arm64 /Users/admin/builder/spi-builder-workspace/Source/animation/types/animation_generators/TimingFunction.swift (in target 'Macaw' from project 'Macaw')
	SwiftCompile normal arm64 /Users/admin/builder/spi-builder-workspace/Source/animation/types/animation_generators/TransformGenerator.swift (in target 'Macaw' from project 'Macaw')
	SwiftCompile normal arm64 /Users/admin/builder/spi-builder-workspace/Source/events/TouchEvent.swift (in target 'Macaw' from project 'Macaw')
	SwiftCompile normal arm64 /Users/admin/builder/spi-builder-workspace/Source/export/MacawView+PDF.swift (in target 'Macaw' from project 'Macaw')
	SwiftCompile normal arm64 /Users/admin/builder/spi-builder-workspace/Source/layout/ContentLayout.swift (in target 'Macaw' from project 'Macaw')
	Building workspace Macaw with scheme Macaw
(7 failures)
Command line invocation:
    /Applications/Xcode-27.0.0-Release.Candidate.app/Contents/Developer/usr/bin/xcodebuild -IDEClonedSourcePackagesDirPathOverride=/Users/admin/builder/spi-builder-workspace/.dependencies -resolvePackageDependencies
Resolve Package Graph
Resolved source packages:
  SWXMLHash: https://github.com/drmohundro/SWXMLHash @ 6.0.0
  Macaw: /Users/admin/builder/spi-builder-workspace
resolved source packages: SWXMLHash, Macaw
2026-09-18 04:07:02.561 xcodebuild[811:5073] [MT] IDERunDestination: Supported platforms for the buildables in the current scheme is empty.
{
  "dependencies" : [
    {
      "identity" : "swxmlhash",
      "requirement" : {
        "range" : [
          {
            "lower_bound" : "6.0.0",
            "upper_bound" : "7.0.0"
          }
        ]
      },
      "type" : "sourceControl",
      "url" : "https://github.com/drmohundro/SWXMLHash"
    }
  ],
  "manifest_display_name" : "Macaw",
  "name" : "Macaw",
  "path" : "/Users/admin/builder/spi-builder-workspace",
  "platforms" : [
    {
      "name" : "macos",
      "version" : "10.12"
    },
    {
      "name" : "ios",
      "version" : "9.0"
    }
  ],
  "products" : [
    {
      "name" : "Macaw",
      "targets" : [
        "Macaw"
      ],
      "type" : {
        "library" : [
          "automatic"
        ]
      }
    }
  ],
  "swift_languages_versions" : [
    "5"
  ],
  "targets" : [
    {
      "c99name" : "MacawTests",
      "module_type" : "SwiftTarget",
      "name" : "MacawTests",
      "path" : "MacawTests",
      "sources" : [
        "Animation/AnimationUtilsTests.swift",
        "Animation/CombineAnimationTests.swift",
        "Animation/ControlStatesTests.swift",
        "Animation/DelayedAnimationTests.swift",
        "Animation/SequenceAnimationTests.swift",
        "Bounds/ImageBoundsTests.swift",
        "Bounds/NodeBoundsTests.swift",
        "MacawSVGTests.swift",
        "MacawTests.swift",
        "SVGParserTest.swift",
        "SceneSerialization.swift",
        "TestUtils.swift"
      ],
      "target_dependencies" : [
        "Macaw"
      ],
      "type" : "test"
    },
    {
      "c99name" : "Macaw",
      "module_type" : "SwiftTarget",
      "name" : "Macaw",
      "path" : "Source",
      "product_dependencies" : [
        "SWXMLHash"
      ],
      "product_memberships" : [
        "Macaw"
      ],
      "sources" : [
        "MCAMediaTimingFillMode_iOS.swift",
        "MCAMediaTimingFillMode_macOS.swift",
        "MCAMediaTimingFunctionName_iOS.swift",
        "MCAMediaTimingFunctionName_macOS.swift",
        "MCAShapeLayerLineCap_iOS.swift",
        "MCAShapeLayerLineCap_macOS.swift",
        "MCAShapeLayerLineJoin_iOS.swift",
        "MCAShapeLayerLineJoin_macOS.swift",
        "animation/AnimatableVariable.swift",
        "animation/Animation.swift",
        "animation/AnimationImpl.swift",
        "animation/AnimationProducer.swift",
        "animation/AnimationUtils.swift",
        "animation/Easing.swift",
        "animation/layer_animation/Extensions/AnimOperators.swift",
        "animation/layer_animation/Extensions/ContentsInterpolation.swift",
        "animation/layer_animation/Extensions/DoubleInterpolation.swift",
        "animation/layer_animation/Extensions/FillInterpolation.swift",
        "animation/layer_animation/Extensions/Interpolable.swift",
        "animation/layer_animation/Extensions/LocusInterpolation.swift",
        "animation/layer_animation/Extensions/ShapeInterpolation.swift",
        "animation/layer_animation/Extensions/StrokeInterpolation.swift",
        "animation/layer_animation/Extensions/TransformInterpolation.swift",
        "animation/layer_animation/FuncBounds.swift",
        "animation/layer_animation/PathBounds.swift",
        "animation/layer_animation/PathFunctions.swift",
        "animation/types/AnimationSequence.swift",
        "animation/types/CombineAnimation.swift",
        "animation/types/ContentsAnimation.swift",
        "animation/types/MorphingAnimation.swift",
        "animation/types/OpacityAnimation.swift",
        "animation/types/PathAnimation.swift",
        "animation/types/ShapeAnimation.swift",
        "animation/types/TransformAnimation.swift",
        "animation/types/animation_generators/Cache/AnimationCache.swift",
        "animation/types/animation_generators/Cache/NodeHashable.swift",
        "animation/types/animation_generators/Cache/TransformHashable.swift",
        "animation/types/animation_generators/CombinationAnimationGenerator.swift",
        "animation/types/animation_generators/MorphingGenerator.swift",
        "animation/types/animation_generators/OpacityGenerator.swift",
        "animation/types/animation_generators/PathAnimationGenerator.swift",
        "animation/types/animation_generators/ShapeAnimationGenerator.swift",
        "animation/types/animation_generators/TimingFunction.swift",
        "animation/types/animation_generators/TransformGenerator.swift",
        "bindings/Disposable.swift",
        "bindings/GroupDisposable.swift",
        "bindings/Variable.swift",
        "events/Event.swift",
        "events/PanEvent.swift",
        "events/PinchEvent.swift",
        "events/RotateEvent.swift",
        "events/TapEvent.swift",
        "events/TouchEvent.swift",
        "export/MacawView+PDF.swift",
        "layout/ContentLayout.swift",
        "model/draw/Align.swift",
        "model/draw/AlphaEffect.swift",
        "model/draw/AspectRatio.swift",
        "model/draw/Baseline.swift",
        "model/draw/BlendEffect.swift",
        "model/draw/Color.swift",
        "model/draw/ColorMatrix.swift",
        "model/draw/ColorMatrixEffect.swift",
        "model/draw/Drawable.swift",
        "model/draw/Effect.swift",
        "model/draw/Fill.swift",
        "model/draw/Font.swift",
        "model/draw/GaussianBlur.swift",
        "model/draw/Gradient.swift",
        "model/draw/LineCap.swift",
        "model/draw/LineJoin.swift",
        "model/draw/LinearGradient.swift",
        "model/draw/OffsetEffect.swift",
        "model/draw/Pattern.swift",
        "model/draw/RadialGradient.swift",
        "model/draw/Stop.swift",
        "model/draw/Stroke.swift",
        "model/geom2d/Arc.swift",
        "model/geom2d/Circle.swift",
        "model/geom2d/Ellipse.swift",
        "model/geom2d/GeomUtils.swift",
        "model/geom2d/Insets.swift",
        "model/geom2d/Line.swift",
        "model/geom2d/Locus.swift",
        "model/geom2d/MoveTo.swift",
        "model/geom2d/Path.swift",
        "model/geom2d/PathBuilder.swift",
        "model/geom2d/PathSegment.swift",
        "model/geom2d/PathSegmentType.swift",
        "model/geom2d/Point.swift",
        "model/geom2d/Polygon.swift",
        "model/geom2d/Polyline.swift",
        "model/geom2d/Rect.swift",
        "model/geom2d/RoundRect.swift",
        "model/geom2d/Size.swift",
        "model/geom2d/Transform.swift",
        "model/geom2d/TransformedLocus.swift",
        "model/scene/Group.swift",
        "model/scene/Image.swift",
        "model/scene/Node.swift",
        "model/scene/SceneUtils.swift",
        "model/scene/Shape.swift",
        "model/scene/Text.swift",
        "platform/MDisplayLink.swift",
        "platform/iOS/Common_iOS.swift",
        "platform/iOS/Graphics_iOS.swift",
        "platform/iOS/MDisplayLink_iOS.swift",
        "platform/iOS/MView_iOS.swift",
        "platform/macOS/Common_macOS.swift",
        "platform/macOS/Graphics_macOS.swift",
        "platform/macOS/MBezierPath+Extension_macOS.swift",
        "platform/macOS/MDisplayLink_macOS.swift",
        "platform/macOS/MView_macOS.swift",
        "render/GroupRenderer.swift",
        "render/ImageRenderer.swift",
        "render/NodeRenderer.swift",
        "render/RenderContext.swift",
        "render/RenderUtils.swift",
        "render/ShapeRenderer.swift",
        "render/TextRenderer.swift",
        "svg/CSSParser.swift",
        "svg/SVGCanvas.swift",
        "svg/SVGConstants.swift",
        "svg/SVGNodeLayout.swift",
        "svg/SVGParser.swift",
        "svg/SVGParserError.swift",
        "svg/SVGSerializer.swift",
        "svg/SVGView.swift",
        "thirdparty/CAAnimationClosure.swift",
        "thirdparty/CGFloat+Double.swift",
        "thirdparty/NSTimer+Closure.swift",
        "utils/BoundsUtils.swift",
        "utils/CGMappings.swift",
        "utils/CommonError.swift",
        "utils/DescriptionExtensions.swift",
        "utils/UIImage2Image.swift",
        "views/MacawView.swift",
        "views/MacawZoom.swift",
        "views/ShapeLayer.swift",
        "views/Touchable.swift"
      ],
      "type" : "library"
    }
  ],
  "tools_version" : "5.1"
}
{
  "workspace" : {
    "name" : "Macaw",
    "schemes" : [
      "Macaw"
    ]
  }
}
2026-09-18 04:07:03.901 xcodebuild[819:5139] [MT] IDERunDestination: Supported platforms for the buildables in the current scheme is empty.
Running build ...
env DEVELOPER_DIR=/Applications/Xcode-27.0.0-Release.Candidate.app xcrun xcodebuild -IDEClonedSourcePackagesDirPathOverride=$PWD/.dependencies -skipMacroValidation -skipPackagePluginValidation -derivedDataPath $PWD/.derivedData build -scheme Macaw -destination generic/platform=tvOS
Command line invocation:
    /Applications/Xcode-27.0.0-Release.Candidate.app/Contents/Developer/usr/bin/xcodebuild -IDEClonedSourcePackagesDirPathOverride=/Users/admin/builder/spi-builder-workspace/.dependencies -skipMacroValidation -skipPackagePluginValidation -derivedDataPath /Users/admin/builder/spi-builder-workspace/.derivedData build -scheme Macaw -destination generic/platform=tvOS
Resolve Package Graph
Resolved source packages:
  SWXMLHash: https://github.com/drmohundro/SWXMLHash @ 6.0.0
  Macaw: /Users/admin/builder/spi-builder-workspace
ComputePackagePrebuildTargetDependencyGraph
Prepare packages
CreateBuildRequest
SendProjectDescription
CreateBuildOperation
ComputeTargetDependencyGraph
note: Building targets in dependency order
note: Target dependency graph (4 targets)
    Target 'Macaw-product' in project 'Macaw'
        ➜ Explicit dependency on target 'Macaw' in project 'Macaw'
        ➜ Explicit dependency on target 'SWXMLHash-product' in project 'SWXMLHash'
    Target 'Macaw' in project 'Macaw'
        ➜ Explicit dependency on target 'SWXMLHash-product' in project 'SWXMLHash'
    Target 'SWXMLHash-product' in project 'SWXMLHash'
        ➜ Explicit dependency on target 'SWXMLHash' in project 'SWXMLHash'
    Target 'SWXMLHash' in project 'SWXMLHash' (no dependencies)
GatherProvisioningInputs
CreateBuildDescription
ClangStatCache /Applications/Xcode-27.0.0-Release.Candidate.app/Contents/Developer/Toolchains/XcodeDefault.xctoolchain/usr/bin/clang-stat-cache /Applications/Xcode-27.0.0-Release.Candidate.app/Contents/Developer/Platforms/AppleTVOS.platform/Developer/SDKs/AppleTVOS27.0.sdk /Users/admin/builder/spi-builder-workspace/.derivedData/SDKStatCaches.noindex/appletvos27.0-24J360-e829b21a6f8c9b70876ba0858053c044b32bfd8d43560033f8d89884cdb90028.sdkstatcache
    cd /Users/admin/builder/spi-builder-workspace/.swiftpm/xcode
    /Applications/Xcode-27.0.0-Release.Candidate.app/Contents/Developer/Toolchains/XcodeDefault.xctoolchain/usr/bin/clang-stat-cache /Applications/Xcode-27.0.0-Release.Candidate.app/Contents/Developer/Platforms/AppleTVOS.platform/Developer/SDKs/AppleTVOS27.0.sdk -o /Users/admin/builder/spi-builder-workspace/.derivedData/SDKStatCaches.noindex/appletvos27.0-24J360-e829b21a6f8c9b70876ba0858053c044b32bfd8d43560033f8d89884cdb90028.sdkstatcache
SwiftDriver Macaw normal arm64 com.apple.xcode.tools.swift.compiler (in target 'Macaw' from project 'Macaw')
    cd /Users/admin/builder/spi-builder-workspace/.swiftpm/xcode
    builtin-SwiftDriver -- /Applications/Xcode-27.0.0-Release.Candidate.app/Contents/Developer/Toolchains/XcodeDefault.xctoolchain/usr/bin/swiftc -parse-as-library -module-name Macaw -Onone @/Users/admin/builder/spi-builder-workspace/.derivedData/Build/Intermediates.noindex/Macaw.build/Debug-appletvos/Macaw-t.build/Objects-normal/arm64/Macaw.SwiftFileList -DSWIFT_PACKAGE -DDEBUG -DSWIFT_MODULE_RESOURCE_BUNDLE_UNAVAILABLE -DXcode -plugin-path /Applications/Xcode-27.0.0-Release.Candidate.app/Contents/Developer/Toolchains/XcodeDefault.xctoolchain/usr/lib/swift/host/plugins/testing -enable-experimental-feature DebugDescriptionMacro -sdk /Applications/Xcode-27.0.0-Release.Candidate.app/Contents/Developer/Platforms/AppleTVOS.platform/Developer/SDKs/AppleTVOS27.0.sdk -target arm64-apple-tvos15.0 -g -module-cache-path /Users/admin/builder/spi-builder-workspace/.derivedData/ModuleCache.noindex -Xfrontend -serialize-debugging-options -profile-coverage-mapping -profile-generate -enable-testing -index-store-path /Users/admin/builder/spi-builder-workspace/.derivedData/Index.noindex/DataStore -Xcc -D_LIBCPP_HARDENING_MODE\=_LIBCPP_HARDENING_MODE_DEBUG -swift-version 5 -I /Users/admin/builder/spi-builder-workspace/.derivedData/Build/Products/Debug-appletvos -Isystem /Applications/Xcode-27.0.0-Release.Candidate.app/Contents/Developer/Platforms/AppleTVOS.platform/Developer/usr/lib -F /Users/admin/builder/spi-builder-workspace/.derivedData/Build/Products/Debug-appletvos/PackageFrameworks -F /Users/admin/builder/spi-builder-workspace/.derivedData/Build/Products/Debug-appletvos -F /Applications/Xcode-27.0.0-Release.Candidate.app/Contents/Developer/Platforms/AppleTVOS.platform/Developer/Library/Frameworks -F /Applications/Xcode-27.0.0-Release.Candidate.app/Contents/Developer/Platforms/AppleTVOS.platform/Developer/SDKs/AppleTVOS27.0.sdk/Developer/Library/Frameworks -c -j10 -enable-batch-mode -incremental -Xcc -ivfsstatcache -Xcc /Users/admin/builder/spi-builder-workspace/.derivedData/SDKStatCaches.noindex/appletvos27.0-24J360-e829b21a6f8c9b70876ba0858053c044b32bfd8d43560033f8d89884cdb90028.sdkstatcache -output-file-map /Users/admin/builder/spi-builder-workspace/.derivedData/Build/Intermediates.noindex/Macaw.build/Debug-appletvos/Macaw-t.build/Objects-normal/arm64/Macaw-OutputFileMap.json -save-temps -no-color-diagnostics -explicit-module-build -module-cache-path /Users/admin/builder/spi-builder-workspace/.derivedData/Build/Intermediates.noindex/SwiftExplicitPrecompiledModules -clang-scanner-module-cache-path /Users/admin/builder/spi-builder-workspace/.derivedData/ModuleCache.noindex -sdk-module-cache-path /Users/admin/builder/spi-builder-workspace/.derivedData/SDKExplicitPrecompiledModules -emit-dependencies -emit-module -emit-module-path /Users/admin/builder/spi-builder-workspace/.derivedData/Build/Intermediates.noindex/Macaw.build/Debug-appletvos/Macaw-t.build/Objects-normal/arm64/Macaw.swiftmodule -serialize-diagnostics -dependency-scan-serialize-diagnostics-path /Users/admin/builder/spi-builder-workspace/.derivedData/Build/Intermediates.noindex/Macaw.build/Debug-appletvos/Macaw-t.build/Objects-normal/arm64/Macaw-dependency-scan.dia -validate-clang-modules-once -clang-build-session-file /Users/admin/builder/spi-builder-workspace/.derivedData/ModuleCache.noindex/Session.modulevalidation -Xcc -fmodules-prune-interval\=86400 -Xcc -fmodules-prune-after\=345600 -emit-const-values -const-gather-protocols-list /Users/admin/builder/spi-builder-workspace/.derivedData/Build/Intermediates.noindex/Macaw.build/Debug-appletvos/Macaw-t.build/Objects-normal/arm64/Macaw_const_extract_protocols.json -Xcc -I/Users/admin/builder/spi-builder-workspace/.derivedData/Build/Products/Debug-appletvos/include -Xcc -I/Users/admin/builder/spi-builder-workspace/.derivedData/Build/Intermediates.noindex/Macaw.build/Debug-appletvos/Macaw-t.build/DerivedSources-normal/arm64 -Xcc -I/Users/admin/builder/spi-builder-workspace/.derivedData/Build/Intermediates.noindex/Macaw.build/Debug-appletvos/Macaw-t.build/DerivedSources/arm64 -Xcc -I/Users/admin/builder/spi-builder-workspace/.derivedData/Build/Intermediates.noindex/Macaw.build/Debug-appletvos/Macaw-t.build/DerivedSources -Xcc -DSWIFT_PACKAGE -Xcc -DDEBUG\=1 -emit-objc-header -emit-objc-header-path /Users/admin/builder/spi-builder-workspace/.derivedData/Build/Intermediates.noindex/Macaw.build/Debug-appletvos/Macaw-t.build/Objects-normal/arm64/Macaw-Swift.h -working-directory /Users/admin/builder/spi-builder-workspace/.swiftpm/xcode -experimental-emit-module-separately -disable-cmo
SwiftDriver SWXMLHash normal arm64 com.apple.xcode.tools.swift.compiler (in target 'SWXMLHash' from project 'SWXMLHash')
    cd /Users/admin/builder/spi-builder-workspace/.swiftpm/xcode
    builtin-SwiftDriver -- /Applications/Xcode-27.0.0-Release.Candidate.app/Contents/Developer/Toolchains/XcodeDefault.xctoolchain/usr/bin/swiftc -parse-as-library -module-name SWXMLHash -Onone @/Users/admin/builder/spi-builder-workspace/.derivedData/Build/Intermediates.noindex/SWXMLHash.build/Debug-appletvos/SWXMLHash-t.build/Objects-normal/arm64/SWXMLHash.SwiftFileList -DSWIFT_PACKAGE -DDEBUG -DSWIFT_MODULE_RESOURCE_BUNDLE_UNAVAILABLE -DXcode -plugin-path /Applications/Xcode-27.0.0-Release.Candidate.app/Contents/Developer/Toolchains/XcodeDefault.xctoolchain/usr/lib/swift/host/plugins/testing -enable-experimental-feature DebugDescriptionMacro -sdk /Applications/Xcode-27.0.0-Release.Candidate.app/Contents/Developer/Platforms/AppleTVOS.platform/Developer/SDKs/AppleTVOS27.0.sdk -target arm64-apple-tvos15.0 -g -module-cache-path /Users/admin/builder/spi-builder-workspace/.derivedData/ModuleCache.noindex -Xfrontend -serialize-debugging-options -profile-coverage-mapping -profile-generate -enable-testing -suppress-warnings -index-store-path /Users/admin/builder/spi-builder-workspace/.derivedData/Index.noindex/DataStore -Xcc -D_LIBCPP_HARDENING_MODE\=_LIBCPP_HARDENING_MODE_DEBUG -swift-version 5 -I /Users/admin/builder/spi-builder-workspace/.derivedData/Build/Products/Debug-appletvos -Isystem /Applications/Xcode-27.0.0-Release.Candidate.app/Contents/Developer/Platforms/AppleTVOS.platform/Developer/usr/lib -F /Users/admin/builder/spi-builder-workspace/.derivedData/Build/Products/Debug-appletvos -F /Applications/Xcode-27.0.0-Release.Candidate.app/Contents/Developer/Platforms/AppleTVOS.platform/Developer/Library/Frameworks -F /Applications/Xcode-27.0.0-Release.Candidate.app/Contents/Developer/Platforms/AppleTVOS.platform/Developer/SDKs/AppleTVOS27.0.sdk/Developer/Library/Frameworks -c -j10 -enable-batch-mode -incremental -Xcc -ivfsstatcache -Xcc /Users/admin/builder/spi-builder-workspace/.derivedData/SDKStatCaches.noindex/appletvos27.0-24J360-e829b21a6f8c9b70876ba0858053c044b32bfd8d43560033f8d89884cdb90028.sdkstatcache -output-file-map /Users/admin/builder/spi-builder-workspace/.derivedData/Build/Intermediates.noindex/SWXMLHash.build/Debug-appletvos/SWXMLHash-t.build/Objects-normal/arm64/SWXMLHash-OutputFileMap.json -save-temps -no-color-diagnostics -explicit-module-build -module-cache-path /Users/admin/builder/spi-builder-workspace/.derivedData/Build/Intermediates.noindex/SwiftExplicitPrecompiledModules -clang-scanner-module-cache-path /Users/admin/builder/spi-builder-workspace/.derivedData/ModuleCache.noindex -sdk-module-cache-path /Users/admin/builder/spi-builder-workspace/.derivedData/SDKExplicitPrecompiledModules -emit-dependencies -emit-module -emit-module-path /Users/admin/builder/spi-builder-workspace/.derivedData/Build/Intermediates.noindex/SWXMLHash.build/Debug-appletvos/SWXMLHash-t.build/Objects-normal/arm64/SWXMLHash.swiftmodule -serialize-diagnostics -dependency-scan-serialize-diagnostics-path /Users/admin/builder/spi-builder-workspace/.derivedData/Build/Intermediates.noindex/SWXMLHash.build/Debug-appletvos/SWXMLHash-t.build/Objects-normal/arm64/SWXMLHash-dependency-scan.dia -validate-clang-modules-once -clang-build-session-file /Users/admin/builder/spi-builder-workspace/.derivedData/ModuleCache.noindex/Session.modulevalidation -Xcc -fmodules-prune-interval\=86400 -Xcc -fmodules-prune-after\=345600 -emit-const-values -const-gather-protocols-list /Users/admin/builder/spi-builder-workspace/.derivedData/Build/Intermediates.noindex/SWXMLHash.build/Debug-appletvos/SWXMLHash-t.build/Objects-normal/arm64/SWXMLHash_const_extract_protocols.json -Xcc -I/Users/admin/builder/spi-builder-workspace/.derivedData/Build/Products/Debug-appletvos/include -Xcc -I/Users/admin/builder/spi-builder-workspace/.derivedData/Build/Intermediates.noindex/SWXMLHash.build/Debug-appletvos/SWXMLHash-t.build/DerivedSources-normal/arm64 -Xcc -I/Users/admin/builder/spi-builder-workspace/.derivedData/Build/Intermediates.noindex/SWXMLHash.build/Debug-appletvos/SWXMLHash-t.build/DerivedSources/arm64 -Xcc -I/Users/admin/builder/spi-builder-workspace/.derivedData/Build/Intermediates.noindex/SWXMLHash.build/Debug-appletvos/SWXMLHash-t.build/DerivedSources -Xcc -DSWIFT_PACKAGE -Xcc -DDEBUG\=1 -emit-objc-header -emit-objc-header-path /Users/admin/builder/spi-builder-workspace/.derivedData/Build/Intermediates.noindex/SWXMLHash.build/Debug-appletvos/SWXMLHash-t.build/Objects-normal/arm64/SWXMLHash-Swift.h -working-directory /Users/admin/builder/spi-builder-workspace/.swiftpm/xcode -experimental-emit-module-separately -disable-cmo
SwiftEmitModule normal arm64 Emitting\ module\ for\ SWXMLHash (in target 'SWXMLHash' from project 'SWXMLHash')
SwiftCompile normal arm64 (in target 'SWXMLHash' from project 'SWXMLHash')
    cd /Users/admin/builder/spi-builder-workspace/.swiftpm/xcode

SwiftCompile normal arm64 Compiling\ XMLHash.swift /Users/admin/builder/spi-builder-workspace/.dependencies/checkouts/SWXMLHash/Source/XMLHash.swift (in target 'SWXMLHash' from project 'SWXMLHash')
SwiftCompile normal arm64 /Users/admin/builder/spi-builder-workspace/.dependencies/checkouts/SWXMLHash/Source/XMLHash.swift (in target 'SWXMLHash' from project 'SWXMLHash')
    cd /Users/admin/builder/spi-builder-workspace/.swiftpm/xcode
    builtin-SwiftPerFileCompile XMLHash.swift
SwiftCompile normal arm64 Compiling\ ContentsAnimation.swift,\ MorphingAnimation.swift,\ OpacityAnimation.swift,\ PathAnimation.swift,\ ShapeAnimation.swift,\ TransformAnimation.swift,\ AnimationCache.swift,\ NodeHashable.swift,\ TransformHashable.swift,\ CombinationAnimationGenerator.swift,\ MorphingGenerator.swift,\ OpacityGenerator.swift,\ PathAnimationGenerator.swift,\ ShapeAnimationGenerator.swift /Users/admin/builder/spi-builder-workspace/Source/animation/types/ContentsAnimation.swift /Users/admin/builder/spi-builder-workspace/Source/animation/types/MorphingAnimation.swift /Users/admin/builder/spi-builder-workspace/Source/animation/types/OpacityAnimation.swift /Users/admin/builder/spi-builder-workspace/Source/animation/types/PathAnimation.swift /Users/admin/builder/spi-builder-workspace/Source/animation/types/ShapeAnimation.swift /Users/admin/builder/spi-builder-workspace/Source/animation/types/TransformAnimation.swift /Users/admin/builder/spi-builder-workspace/Source/animation/types/animation_generators/Cache/AnimationCache.swift /Users/admin/builder/spi-builder-workspace/Source/animation/types/animation_generators/Cache/NodeHashable.swift /Users/admin/builder/spi-builder-workspace/Source/animation/types/animation_generators/Cache/TransformHashable.swift /Users/admin/builder/spi-builder-workspace/Source/animation/types/animation_generators/CombinationAnimationGenerator.swift /Users/admin/builder/spi-builder-workspace/Source/animation/types/animation_generators/MorphingGenerator.swift /Users/admin/builder/spi-builder-workspace/Source/animation/types/animation_generators/OpacityGenerator.swift /Users/admin/builder/spi-builder-workspace/Source/animation/types/animation_generators/PathAnimationGenerator.swift /Users/admin/builder/spi-builder-workspace/Source/animation/types/animation_generators/ShapeAnimationGenerator.swift (in target 'Macaw' from project 'Macaw')
/Users/admin/builder/spi-builder-workspace/Source/animation/types/animation_generators/Cache/AnimationCache.swift:15:47: error: cannot find 'CATransform3DMakeAffineTransform' in scope
 13 |         let node = renderer.node
 14 |         if let cachedLayer = renderer.layer {
 15 |             cachedLayer.rootLayer.transform = CATransform3DMakeAffineTransform(uncachedParentsPlace(renderer).toCG())
    |                                               `- error: cannot find 'CATransform3DMakeAffineTransform' in scope
 16 |             cachedLayer.animationLayer.opacity = Float(node.opacity)
 17 |             return cachedLayer.animationLayer
/Users/admin/builder/spi-builder-workspace/Source/animation/types/animation_generators/Cache/AnimationCache.swift:15:35: error: value of type 'ShapeLayer' has no member 'transform'
 13 |         let node = renderer.node
 14 |         if let cachedLayer = renderer.layer {
 15 |             cachedLayer.rootLayer.transform = CATransform3DMakeAffineTransform(uncachedParentsPlace(renderer).toCG())
    |                                   `- error: value of type 'ShapeLayer' has no member 'transform'
 16 |             cachedLayer.animationLayer.opacity = Float(node.opacity)
 17 |             return cachedLayer.animationLayer
/Users/admin/builder/spi-builder-workspace/Source/animation/types/animation_generators/Cache/AnimationCache.swift:16:40: error: value of type 'ShapeLayer' has no member 'opacity'
 14 |         if let cachedLayer = renderer.layer {
 15 |             cachedLayer.rootLayer.transform = CATransform3DMakeAffineTransform(uncachedParentsPlace(renderer).toCG())
 16 |             cachedLayer.animationLayer.opacity = Float(node.opacity)
    |                                        `- error: value of type 'ShapeLayer' has no member 'opacity'
 17 |             return cachedLayer.animationLayer
 18 |         }
/Users/admin/builder/spi-builder-workspace/Source/animation/types/animation_generators/Cache/AnimationCache.swift:25:15: error: value of type 'ShapeLayer' has no member 'addSublayer'
 23 |
 24 |         let layer = ShapeLayer()
 25 |         layer.addSublayer(sublayer)
    |               `- error: value of type 'ShapeLayer' has no member 'addSublayer'
 26 |         layer.masksToBounds = false
 27 |
/Users/admin/builder/spi-builder-workspace/Source/animation/types/animation_generators/Cache/AnimationCache.swift:26:15: error: value of type 'ShapeLayer' has no member 'masksToBounds'
 24 |         let layer = ShapeLayer()
 25 |         layer.addSublayer(sublayer)
 26 |         layer.masksToBounds = false
    |               `- error: value of type 'ShapeLayer' has no member 'masksToBounds'
 27 |
 28 |         // Use to debug animation layers
/Users/admin/builder/spi-builder-workspace/Source/animation/types/animation_generators/Cache/AnimationCache.swift:45:19: error: value of type 'ShapeLayer' has no member 'bounds'
 43 |             )
 44 |
 45 |             layer.bounds = cgRect
    |                   `- error: value of type 'ShapeLayer' has no member 'bounds'
 46 |             sublayer.bounds = cgRect
 47 |             layer.anchorPoint = anchorPoint
/Users/admin/builder/spi-builder-workspace/Source/animation/types/animation_generators/Cache/AnimationCache.swift:46:22: error: value of type 'ShapeLayer' has no member 'bounds'
 44 |
 45 |             layer.bounds = cgRect
 46 |             sublayer.bounds = cgRect
    |                      `- error: value of type 'ShapeLayer' has no member 'bounds'
 47 |             layer.anchorPoint = anchorPoint
 48 |             sublayer.anchorPoint = anchorPoint
/Users/admin/builder/spi-builder-workspace/Source/animation/types/animation_generators/Cache/AnimationCache.swift:47:19: error: value of type 'ShapeLayer' has no member 'anchorPoint'
 45 |             layer.bounds = cgRect
 46 |             sublayer.bounds = cgRect
 47 |             layer.anchorPoint = anchorPoint
    |                   `- error: value of type 'ShapeLayer' has no member 'anchorPoint'
 48 |             sublayer.anchorPoint = anchorPoint
 49 |             layer.zPosition = CGFloat(renderer.zPosition)
/Users/admin/builder/spi-builder-workspace/Source/animation/types/animation_generators/Cache/AnimationCache.swift:48:22: error: value of type 'ShapeLayer' has no member 'anchorPoint'
 46 |             sublayer.bounds = cgRect
 47 |             layer.anchorPoint = anchorPoint
 48 |             sublayer.anchorPoint = anchorPoint
    |                      `- error: value of type 'ShapeLayer' has no member 'anchorPoint'
 49 |             layer.zPosition = CGFloat(renderer.zPosition)
 50 |
/Users/admin/builder/spi-builder-workspace/Source/animation/types/animation_generators/Cache/AnimationCache.swift:49:19: error: value of type 'ShapeLayer' has no member 'zPosition'
 47 |             layer.anchorPoint = anchorPoint
 48 |             sublayer.anchorPoint = anchorPoint
 49 |             layer.zPosition = CGFloat(renderer.zPosition)
    |                   `- error: value of type 'ShapeLayer' has no member 'zPosition'
 50 |
 51 |             // Clip
/Users/admin/builder/spi-builder-workspace/Source/animation/types/animation_generators/Cache/AnimationCache.swift:53:33: error: cannot find 'CAShapeLayer' in scope
 51 |             // Clip
 52 |             if let clip = AbsoluteUtils.absoluteClip(renderer) {
 53 |                 let maskLayer = CAShapeLayer()
    |                                 `- error: cannot find 'CAShapeLayer' in scope
 54 |                 maskLayer.path = clip.toCGPath()
 55 |                 layer.mask = maskLayer
/Users/admin/builder/spi-builder-workspace/Source/utils/CGMappings.swift:123:24: error: cannot find type 'CGPath' in scope
121 | public extension Locus {
122 |
123 |     func toCGPath() -> CGPath {
    |                        `- error: cannot find type 'CGPath' in scope
124 |         return RenderUtils.toCGPath(self)
125 |     }
/Users/admin/builder/spi-builder-workspace/Source/animation/types/animation_generators/Cache/AnimationCache.swift:55:23: error: value of type 'ShapeLayer' has no member 'mask'
 53 |                 let maskLayer = CAShapeLayer()
 54 |                 maskLayer.path = clip.toCGPath()
 55 |                 layer.mask = maskLayer
    |                       `- error: value of type 'ShapeLayer' has no member 'mask'
 56 |             }
 57 |         }
/Users/admin/builder/spi-builder-workspace/Source/animation/types/animation_generators/Cache/AnimationCache.swift:59:18: error: value of type 'ShapeLayer' has no member 'opacity'
 57 |         }
 58 |
 59 |         sublayer.opacity = Float(node.opacity)
    |                  `- error: value of type 'ShapeLayer' has no member 'opacity'
 60 |         sublayer.renderer = renderer
 61 |         sublayer.contentsScale = calculateAnimationScale(animation: animation)
/Users/admin/builder/spi-builder-workspace/Source/animation/types/animation_generators/Cache/AnimationCache.swift:61:18: error: value of type 'ShapeLayer' has no member 'contentsScale'
 59 |         sublayer.opacity = Float(node.opacity)
 60 |         sublayer.renderer = renderer
 61 |         sublayer.contentsScale = calculateAnimationScale(animation: animation)
    |                  `- error: value of type 'ShapeLayer' has no member 'contentsScale'
 62 |         sublayer.setNeedsDisplay()
 63 |
SwiftCompile normal arm64 /Users/admin/builder/spi-builder-workspace/Source/animation/types/ContentsAnimation.swift (in target 'Macaw' from project 'Macaw')
    cd /Users/admin/builder/spi-builder-workspace/.swiftpm/xcode
    builtin-SwiftPerFileCompile ContentsAnimation.swift
SwiftCompile normal arm64 /Users/admin/builder/spi-builder-workspace/Source/animation/types/MorphingAnimation.swift (in target 'Macaw' from project 'Macaw')
    cd /Users/admin/builder/spi-builder-workspace/.swiftpm/xcode
    builtin-SwiftPerFileCompile MorphingAnimation.swift
SwiftCompile normal arm64 /Users/admin/builder/spi-builder-workspace/Source/animation/types/OpacityAnimation.swift (in target 'Macaw' from project 'Macaw')
    cd /Users/admin/builder/spi-builder-workspace/.swiftpm/xcode
    builtin-SwiftPerFileCompile OpacityAnimation.swift
SwiftCompile normal arm64 /Users/admin/builder/spi-builder-workspace/Source/animation/types/PathAnimation.swift (in target 'Macaw' from project 'Macaw')
    cd /Users/admin/builder/spi-builder-workspace/.swiftpm/xcode
    builtin-SwiftPerFileCompile PathAnimation.swift
SwiftCompile normal arm64 /Users/admin/builder/spi-builder-workspace/Source/animation/types/ShapeAnimation.swift (in target 'Macaw' from project 'Macaw')
    cd /Users/admin/builder/spi-builder-workspace/.swiftpm/xcode
    builtin-SwiftPerFileCompile ShapeAnimation.swift
SwiftCompile normal arm64 /Users/admin/builder/spi-builder-workspace/Source/animation/types/TransformAnimation.swift (in target 'Macaw' from project 'Macaw')
    cd /Users/admin/builder/spi-builder-workspace/.swiftpm/xcode
    builtin-SwiftPerFileCompile TransformAnimation.swift
SwiftCompile normal arm64 /Users/admin/builder/spi-builder-workspace/Source/animation/types/animation_generators/Cache/AnimationCache.swift (in target 'Macaw' from project 'Macaw')
    cd /Users/admin/builder/spi-builder-workspace/.swiftpm/xcode
    builtin-SwiftPerFileCompile AnimationCache.swift
SwiftCompile normal arm64 /Users/admin/builder/spi-builder-workspace/Source/animation/types/animation_generators/Cache/NodeHashable.swift (in target 'Macaw' from project 'Macaw')
    cd /Users/admin/builder/spi-builder-workspace/.swiftpm/xcode
    builtin-SwiftPerFileCompile NodeHashable.swift
SwiftCompile normal arm64 /Users/admin/builder/spi-builder-workspace/Source/animation/types/animation_generators/Cache/TransformHashable.swift (in target 'Macaw' from project 'Macaw')
    cd /Users/admin/builder/spi-builder-workspace/.swiftpm/xcode
    builtin-SwiftPerFileCompile TransformHashable.swift
SwiftCompile normal arm64 /Users/admin/builder/spi-builder-workspace/Source/animation/types/animation_generators/CombinationAnimationGenerator.swift (in target 'Macaw' from project 'Macaw')
    cd /Users/admin/builder/spi-builder-workspace/.swiftpm/xcode
    builtin-SwiftPerFileCompile CombinationAnimationGenerator.swift
SwiftCompile normal arm64 /Users/admin/builder/spi-builder-workspace/Source/animation/types/animation_generators/MorphingGenerator.swift (in target 'Macaw' from project 'Macaw')
    cd /Users/admin/builder/spi-builder-workspace/.swiftpm/xcode
    builtin-SwiftPerFileCompile MorphingGenerator.swift
SwiftCompile normal arm64 /Users/admin/builder/spi-builder-workspace/Source/animation/types/animation_generators/OpacityGenerator.swift (in target 'Macaw' from project 'Macaw')
    cd /Users/admin/builder/spi-builder-workspace/.swiftpm/xcode
    builtin-SwiftPerFileCompile OpacityGenerator.swift
SwiftCompile normal arm64 /Users/admin/builder/spi-builder-workspace/Source/animation/types/animation_generators/PathAnimationGenerator.swift (in target 'Macaw' from project 'Macaw')
    cd /Users/admin/builder/spi-builder-workspace/.swiftpm/xcode
    builtin-SwiftPerFileCompile PathAnimationGenerator.swift
SwiftCompile normal arm64 /Users/admin/builder/spi-builder-workspace/Source/animation/types/animation_generators/ShapeAnimationGenerator.swift (in target 'Macaw' from project 'Macaw')
    cd /Users/admin/builder/spi-builder-workspace/.swiftpm/xcode
    builtin-SwiftPerFileCompile ShapeAnimationGenerator.swift
SwiftCompile normal arm64 Compiling\ TimingFunction.swift,\ TransformGenerator.swift,\ Disposable.swift,\ GroupDisposable.swift,\ Variable.swift,\ Event.swift,\ PanEvent.swift,\ PinchEvent.swift,\ RotateEvent.swift,\ TapEvent.swift,\ TouchEvent.swift,\ MacawView+PDF.swift,\ ContentLayout.swift,\ Align.swift /Users/admin/builder/spi-builder-workspace/Source/animation/types/animation_generators/TimingFunction.swift /Users/admin/builder/spi-builder-workspace/Source/animation/types/animation_generators/TransformGenerator.swift /Users/admin/builder/spi-builder-workspace/Source/bindings/Disposable.swift /Users/admin/builder/spi-builder-workspace/Source/bindings/GroupDisposable.swift /Users/admin/builder/spi-builder-workspace/Source/bindings/Variable.swift /Users/admin/builder/spi-builder-workspace/Source/events/Event.swift /Users/admin/builder/spi-builder-workspace/Source/events/PanEvent.swift /Users/admin/builder/spi-builder-workspace/Source/events/PinchEvent.swift /Users/admin/builder/spi-builder-workspace/Source/events/RotateEvent.swift /Users/admin/builder/spi-builder-workspace/Source/events/TapEvent.swift /Users/admin/builder/spi-builder-workspace/Source/events/TouchEvent.swift /Users/admin/builder/spi-builder-workspace/Source/export/MacawView+PDF.swift /Users/admin/builder/spi-builder-workspace/Source/layout/ContentLayout.swift /Users/admin/builder/spi-builder-workspace/Source/model/draw/Align.swift (in target 'Macaw' from project 'Macaw')
/Users/admin/builder/spi-builder-workspace/Source/animation/types/animation_generators/TimingFunction.swift:7:44: error: cannot find type 'CAMediaTimingFunction' in scope
 5 | #endif
 6 |
 7 | func caTimingFunction(_ easing: Easing) -> CAMediaTimingFunction {
   |                                            `- error: cannot find type 'CAMediaTimingFunction' in scope
 8 |     if easing === Easing.ease {
 9 |         return CAMediaTimingFunction(name: MCAMediaTimingFunctionName.default)
/Users/admin/builder/spi-builder-workspace/Source/animation/types/animation_generators/TimingFunction.swift:9:16: error: cannot find 'CAMediaTimingFunction' in scope
 7 | func caTimingFunction(_ easing: Easing) -> CAMediaTimingFunction {
 8 |     if easing === Easing.ease {
 9 |         return CAMediaTimingFunction(name: MCAMediaTimingFunctionName.default)
   |                `- error: cannot find 'CAMediaTimingFunction' in scope
10 |     }
11 |     if easing === Easing.linear {
/Users/admin/builder/spi-builder-workspace/Source/animation/types/animation_generators/TimingFunction.swift:9:44: error: cannot find 'MCAMediaTimingFunctionName' in scope
 7 | func caTimingFunction(_ easing: Easing) -> CAMediaTimingFunction {
 8 |     if easing === Easing.ease {
 9 |         return CAMediaTimingFunction(name: MCAMediaTimingFunctionName.default)
   |                                            `- error: cannot find 'MCAMediaTimingFunctionName' in scope
10 |     }
11 |     if easing === Easing.linear {
/Users/admin/builder/spi-builder-workspace/Source/animation/types/animation_generators/TimingFunction.swift:12:16: error: cannot find 'CAMediaTimingFunction' in scope
10 |     }
11 |     if easing === Easing.linear {
12 |         return CAMediaTimingFunction(name: MCAMediaTimingFunctionName.linear)
   |                `- error: cannot find 'CAMediaTimingFunction' in scope
13 |     }
14 |     if easing === Easing.easeIn {
/Users/admin/builder/spi-builder-workspace/Source/animation/types/animation_generators/TimingFunction.swift:12:44: error: cannot find 'MCAMediaTimingFunctionName' in scope
10 |     }
11 |     if easing === Easing.linear {
12 |         return CAMediaTimingFunction(name: MCAMediaTimingFunctionName.linear)
   |                                            `- error: cannot find 'MCAMediaTimingFunctionName' in scope
13 |     }
14 |     if easing === Easing.easeIn {
/Users/admin/builder/spi-builder-workspace/Source/animation/types/animation_generators/TimingFunction.swift:15:16: error: cannot find 'CAMediaTimingFunction' in scope
13 |     }
14 |     if easing === Easing.easeIn {
15 |         return CAMediaTimingFunction(name: MCAMediaTimingFunctionName.easeIn)
   |                `- error: cannot find 'CAMediaTimingFunction' in scope
16 |     }
17 |     if easing === Easing.easeOut {
/Users/admin/builder/spi-builder-workspace/Source/animation/types/animation_generators/TimingFunction.swift:15:44: error: cannot find 'MCAMediaTimingFunctionName' in scope
13 |     }
14 |     if easing === Easing.easeIn {
15 |         return CAMediaTimingFunction(name: MCAMediaTimingFunctionName.easeIn)
   |                                            `- error: cannot find 'MCAMediaTimingFunctionName' in scope
16 |     }
17 |     if easing === Easing.easeOut {
/Users/admin/builder/spi-builder-workspace/Source/animation/types/animation_generators/TimingFunction.swift:18:16: error: cannot find 'CAMediaTimingFunction' in scope
16 |     }
17 |     if easing === Easing.easeOut {
18 |         return CAMediaTimingFunction(name: MCAMediaTimingFunctionName.easeOut)
   |                `- error: cannot find 'CAMediaTimingFunction' in scope
19 |     }
20 |     if easing === Easing.easeInOut {
/Users/admin/builder/spi-builder-workspace/Source/animation/types/animation_generators/TimingFunction.swift:18:44: error: cannot find 'MCAMediaTimingFunctionName' in scope
16 |     }
17 |     if easing === Easing.easeOut {
18 |         return CAMediaTimingFunction(name: MCAMediaTimingFunctionName.easeOut)
   |                                            `- error: cannot find 'MCAMediaTimingFunctionName' in scope
19 |     }
20 |     if easing === Easing.easeInOut {
/Users/admin/builder/spi-builder-workspace/Source/animation/types/animation_generators/TimingFunction.swift:21:16: error: cannot find 'CAMediaTimingFunction' in scope
19 |     }
20 |     if easing === Easing.easeInOut {
21 |         return CAMediaTimingFunction(name: MCAMediaTimingFunctionName.easeInEaseOut)
   |                `- error: cannot find 'CAMediaTimingFunction' in scope
22 |     }
23 |     return CAMediaTimingFunction(name: MCAMediaTimingFunctionName.linear)
/Users/admin/builder/spi-builder-workspace/Source/animation/types/animation_generators/TimingFunction.swift:21:44: error: cannot find 'MCAMediaTimingFunctionName' in scope
19 |     }
20 |     if easing === Easing.easeInOut {
21 |         return CAMediaTimingFunction(name: MCAMediaTimingFunctionName.easeInEaseOut)
   |                                            `- error: cannot find 'MCAMediaTimingFunctionName' in scope
22 |     }
23 |     return CAMediaTimingFunction(name: MCAMediaTimingFunctionName.linear)
/Users/admin/builder/spi-builder-workspace/Source/animation/types/animation_generators/TimingFunction.swift:23:12: error: cannot find 'CAMediaTimingFunction' in scope
21 |         return CAMediaTimingFunction(name: MCAMediaTimingFunctionName.easeInEaseOut)
22 |     }
23 |     return CAMediaTimingFunction(name: MCAMediaTimingFunctionName.linear)
   |            `- error: cannot find 'CAMediaTimingFunction' in scope
24 | }
25 |
/Users/admin/builder/spi-builder-workspace/Source/animation/types/animation_generators/TimingFunction.swift:23:40: error: cannot find 'MCAMediaTimingFunctionName' in scope
21 |         return CAMediaTimingFunction(name: MCAMediaTimingFunctionName.easeInEaseOut)
22 |     }
23 |     return CAMediaTimingFunction(name: MCAMediaTimingFunctionName.linear)
   |                                        `- error: cannot find 'MCAMediaTimingFunctionName' in scope
24 | }
25 |
/Users/admin/builder/spi-builder-workspace/Source/animation/types/animation_generators/TransformGenerator.swift:9:98: error: cannot find type 'CALayer' in scope
  7 | #endif
  8 |
  9 | func addTransformAnimation(_ animation: BasicAnimation, _ context: AnimationContext, sceneLayer: CALayer?, completion: @escaping (() -> Void)) {
    |                                                                                                  `- error: cannot find type 'CALayer' in scope
 10 |     guard let transformAnimation = animation as? TransformAnimation else {
 11 |         return
/Users/admin/builder/spi-builder-workspace/Source/animation/types/animation_generators/TransformGenerator.swift:89:141: error: cannot find type 'CAAnimation' in scope
 87 | }
 88 |
 89 | func transformAnimationByFunc(_ animation: TransformAnimation, _ context: AnimationContext, duration: Double, offset: Double, fps: UInt) -> CAAnimation {
    |                                                                                                                                             `- error: cannot find type 'CAAnimation' in scope
 90 |
 91 |     let valueFunc = animation.getVFunc()
/Users/admin/builder/spi-builder-workspace/Source/animation/types/animation_generators/TransformGenerator.swift:22:32: error: cannot find 'CATransaction' in scope
 20 |     }
 21 |
 22 |     let transactionsDisabled = CATransaction.disableActions()
    |                                `- error: cannot find 'CATransaction' in scope
 23 |     CATransaction.setDisableActions(true)
 24 |
/Users/admin/builder/spi-builder-workspace/Source/animation/types/animation_generators/TransformGenerator.swift:23:5: error: cannot find 'CATransaction' in scope
 21 |
 22 |     let transactionsDisabled = CATransaction.disableActions()
 23 |     CATransaction.setDisableActions(true)
    |     `- error: cannot find 'CATransaction' in scope
 24 |
 25 |     let layer = AnimationUtils.layerForNodeRenderer(renderer, animation: animation, shouldRenderContent: true)
/Users/admin/builder/spi-builder-workspace/Source/animation/types/animation_generators/TransformGenerator.swift:36:37: error: cannot infer type of closure parameter 'progress' without a type annotation
 34 |     generatedAnimation.repeatCount = Float(animation.repeatCount)
 35 |
 36 |     generatedAnimation.progress = { progress in
    |                                     `- error: cannot infer type of closure parameter 'progress' without a type annotation
 37 |         let t = Double(progress)
 38 |         animation.progress = t
/Users/admin/builder/spi-builder-workspace/Source/animation/types/animation_generators/TransformGenerator.swift:57:9: error: cannot find 'CATransaction' in scope
 55 |         }
 56 |
 57 |         CATransaction.begin()
    |         `- error: cannot find 'CATransaction' in scope
 58 |         CATransaction.setValue(kCFBooleanTrue, forKey: kCATransactionDisableActions)
 59 |         renderer.layer?.animationLayer.transform = CATransform3DMakeAffineTransform(node.place.toCG())
/Users/admin/builder/spi-builder-workspace/Source/animation/types/animation_generators/TransformGenerator.swift:58:9: error: cannot find 'CATransaction' in scope
 56 |
 57 |         CATransaction.begin()
 58 |         CATransaction.setValue(kCFBooleanTrue, forKey: kCATransactionDisableActions)
    |         `- error: cannot find 'CATransaction' in scope
 59 |         renderer.layer?.animationLayer.transform = CATransform3DMakeAffineTransform(node.place.toCG())
 60 |         CATransaction.commit()
/Users/admin/builder/spi-builder-workspace/Source/animation/types/animation_generators/TransformGenerator.swift:58:56: error: cannot find 'kCATransactionDisableActions' in scope
 56 |
 57 |         CATransaction.begin()
 58 |         CATransaction.setValue(kCFBooleanTrue, forKey: kCATransactionDisableActions)
    |                                                        `- error: cannot find 'kCATransactionDisableActions' in scope
 59 |         renderer.layer?.animationLayer.transform = CATransform3DMakeAffineTransform(node.place.toCG())
 60 |         CATransaction.commit()
/Users/admin/builder/spi-builder-workspace/Source/animation/types/animation_generators/TransformGenerator.swift:59:52: error: cannot find 'CATransform3DMakeAffineTransform' in scope
 57 |         CATransaction.begin()
 58 |         CATransaction.setValue(kCFBooleanTrue, forKey: kCATransactionDisableActions)
 59 |         renderer.layer?.animationLayer.transform = CATransform3DMakeAffineTransform(node.place.toCG())
    |                                                    `- error: cannot find 'CATransform3DMakeAffineTransform' in scope
 60 |         CATransaction.commit()
 61 |
/Users/admin/builder/spi-builder-workspace/Source/animation/types/animation_generators/TransformGenerator.swift:60:9: error: cannot find 'CATransaction' in scope
 58 |         CATransaction.setValue(kCFBooleanTrue, forKey: kCATransactionDisableActions)
 59 |         renderer.layer?.animationLayer.transform = CATransform3DMakeAffineTransform(node.place.toCG())
 60 |         CATransaction.commit()
    |         `- error: cannot find 'CATransaction' in scope
 61 |
 62 |         if !animation.paused {
/Users/admin/builder/spi-builder-workspace/Source/animation/types/animation_generators/TransformGenerator.swift:42:39: error: cannot infer type of closure parameter 'finished' without a type annotation
 40 |     }
 41 |
 42 |     generatedAnimation.completion = { finished in
    |                                       `- error: cannot infer type of closure parameter 'finished' without a type annotation
 43 |
 44 |         if animation.paused {
/Users/admin/builder/spi-builder-workspace/Source/animation/types/animation_generators/TransformGenerator.swift:78:11: error: value of type 'ShapeLayer' has no member 'add'
 76 |
 77 |     let animationId = animation.ID
 78 |     layer.add(generatedAnimation, forKey: animationId)
    |           `- error: value of type 'ShapeLayer' has no member 'add'
 79 |     animation.removeFunc = { [weak layer] in
 80 |         node.animations.removeAll { $0 === animation }
/Users/admin/builder/spi-builder-workspace/Source/animation/types/animation_generators/TransformGenerator.swift:81:16: error: value of type 'ShapeLayer' has no member 'removeAnimation'
 79 |     animation.removeFunc = { [weak layer] in
 80 |         node.animations.removeAll { $0 === animation }
 81 |         layer?.removeAnimation(forKey: animationId)
    |                `- error: value of type 'ShapeLayer' has no member 'removeAnimation'
 82 |     }
 83 |
/Users/admin/builder/spi-builder-workspace/Source/animation/types/animation_generators/TransformGenerator.swift:85:9: error: cannot find 'CATransaction' in scope
 83 |
 84 |     if !transactionsDisabled {
 85 |         CATransaction.commit()
    |         `- error: cannot find 'CATransaction' in scope
 86 |     }
 87 | }
/Users/admin/builder/spi-builder-workspace/Source/animation/types/animation_generators/TransformGenerator.swift:94:29: error: cannot find 'CAKeyframeAnimation' in scope
 92 |
 93 |     if let trajectory = animation.trajectory {
 94 |         let pathAnimation = CAKeyframeAnimation(keyPath: "position")
    |                             `- error: cannot find 'CAKeyframeAnimation' in scope
 95 |         pathAnimation.timingFunction = caTimingFunction(animation.easing)
 96 |         pathAnimation.duration = duration / 2
/Users/admin/builder/spi-builder-workspace/Source/animation/types/animation_generators/TransformGenerator.swift:98:34: error: cannot find 'MCAMediaTimingFillMode' in scope
 96 |         pathAnimation.duration = duration / 2
 97 |         pathAnimation.autoreverses = animation.autoreverses
 98 |         pathAnimation.fillMode = MCAMediaTimingFillMode.forwards
    |                                  `- error: cannot find 'MCAMediaTimingFillMode' in scope
 99 |         pathAnimation.isRemovedOnCompletion = false
100 |         pathAnimation.path = trajectory.toCGPath()
/Users/admin/builder/spi-builder-workspace/Source/utils/CGMappings.swift:123:24: error: cannot find type 'CGPath' in scope
121 | public extension Locus {
122 |
123 |     func toCGPath() -> CGPath {
    |                        `- error: cannot find type 'CGPath' in scope
124 |         return RenderUtils.toCGPath(self)
125 |     }
/Users/admin/builder/spi-builder-workspace/Source/animation/types/animation_generators/TransformGenerator.swift:105:28: error: cannot find 'CATransform3D' in scope
103 |     }
104 |
105 |     var transformValues = [CATransform3D]()
    |                            `- error: cannot find 'CATransform3D' in scope
106 |     let step = 1.0 / (duration * Double(fps))
107 |     var tValue = Array(stride(from: 0.0, to: 1.0, by: step))
/Users/admin/builder/spi-builder-workspace/Source/animation/types/animation_generators/TransformGenerator.swift:105:27: error: cannot call value of non-function type '[Element]'
103 |     }
104 |
105 |     var transformValues = [CATransform3D]()
    |                           `- error: cannot call value of non-function type '[Element]'
106 |     let step = 1.0 / (duration * Double(fps))
107 |     var tValue = Array(stride(from: 0.0, to: 1.0, by: step))
/Users/admin/builder/spi-builder-workspace/Source/animation/types/animation_generators/TransformGenerator.swift:112:23: error: cannot find 'CATransform3DMakeAffineTransform' in scope
110 |         let progress = animation.easing.progressFor(time: t)
111 |         let value = valueFunc(offset + progress)
112 |         let cgValue = CATransform3DMakeAffineTransform(value.toCG())
    |                       `- error: cannot find 'CATransform3DMakeAffineTransform' in scope
113 |         transformValues.append(cgValue)
114 |     }
/Users/admin/builder/spi-builder-workspace/Source/animation/types/animation_generators/TransformGenerator.swift:116:30: error: cannot find 'CAKeyframeAnimation' in scope
114 |     }
115 |
116 |     let transformAnimation = CAKeyframeAnimation(keyPath: "transform")
    |                              `- error: cannot find 'CAKeyframeAnimation' in scope
117 |     transformAnimation.duration = duration
118 |     transformAnimation.values = transformValues
/Users/admin/builder/spi-builder-workspace/Source/animation/types/animation_generators/TransformGenerator.swift:119:35: error: cannot find 'MCAMediaTimingFillMode' in scope
117 |     transformAnimation.duration = duration
118 |     transformAnimation.values = transformValues
119 |     transformAnimation.fillMode = MCAMediaTimingFillMode.forwards
    |                                   `- error: cannot find 'MCAMediaTimingFillMode' in scope
120 |     transformAnimation.isRemovedOnCompletion = false
121 |
/Users/admin/builder/spi-builder-workspace/Source/events/TouchEvent.swift:23:19: error: cannot find type 'CGPoint' in scope
21 | class NodePath {
22 |     let node: Node
23 |     let location: CGPoint
   |                   `- error: cannot find type 'CGPoint' in scope
24 |     let parent: NodePath?
25 |
/Users/admin/builder/spi-builder-workspace/Source/events/TouchEvent.swift:26:32: error: cannot find type 'CGPoint' in scope
24 |     let parent: NodePath?
25 |
26 |     init(node: Node, location: CGPoint, parent: NodePath? = nil) {
   |                                `- error: cannot find type 'CGPoint' in scope
27 |         self.node = node
28 |         self.location = location
/Users/admin/builder/spi-builder-workspace/Source/views/MacawView.swift:14:23: error: cannot find type 'MView' in scope
 12 | ///
 13 |
 14 | open class MacawView: MView, MGestureRecognizerDelegate {
    |                       `- error: cannot find type 'MView' in scope
 15 |
 16 |     internal var drawingView = DrawingView()
/Users/admin/builder/spi-builder-workspace/Source/views/MacawView.swift:14:30: error: cannot find type 'MGestureRecognizerDelegate' in scope
 12 | ///
 13 |
 14 | open class MacawView: MView, MGestureRecognizerDelegate {
    |                              `- error: cannot find type 'MGestureRecognizerDelegate' in scope
 15 |
 16 |     internal var drawingView = DrawingView()
/Users/admin/builder/spi-builder-workspace/Source/export/MacawView+PDF.swift:14:28: error: cannot find 'backgroundColor' in scope
12 | public extension MacawView {
13 |     func toPDF(size: CGSize, path: URL) {
14 |         let currentColor = backgroundColor
   |                            `- error: cannot find 'backgroundColor' in scope
15 |         backgroundColor = MColor.white
16 |         defer {
/Users/admin/builder/spi-builder-workspace/Source/export/MacawView+PDF.swift:15:9: error: cannot find 'backgroundColor' in scope
13 |     func toPDF(size: CGSize, path: URL) {
14 |         let currentColor = backgroundColor
15 |         backgroundColor = MColor.white
   |         `- error: cannot find 'backgroundColor' in scope
16 |         defer {
17 |             backgroundColor = currentColor
/Users/admin/builder/spi-builder-workspace/Source/export/MacawView+PDF.swift:15:27: error: cannot find 'MColor' in scope
13 |     func toPDF(size: CGSize, path: URL) {
14 |         let currentColor = backgroundColor
15 |         backgroundColor = MColor.white
   |                           `- error: cannot find 'MColor' in scope
16 |         defer {
17 |             backgroundColor = currentColor
/Users/admin/builder/spi-builder-workspace/Source/export/MacawView+PDF.swift:17:13: error: cannot find 'backgroundColor' in scope
15 |         backgroundColor = MColor.white
16 |         defer {
17 |             backgroundColor = currentColor
   |             `- error: cannot find 'backgroundColor' in scope
18 |         }
19 |
/Users/admin/builder/spi-builder-workspace/Source/export/MacawView+PDF.swift:26:29: error: cannot find 'bounds' in scope
24 |         ctx.translateBy(x: 0.0, y: size.height)
25 |         ctx.scaleBy(
26 |             x: size.width / bounds.width,
   |                             `- error: cannot find 'bounds' in scope
27 |             y: -size.height / bounds.height
28 |         )
/Users/admin/builder/spi-builder-workspace/Source/export/MacawView+PDF.swift:27:31: error: cannot find 'bounds' in scope
25 |         ctx.scaleBy(
26 |             x: size.width / bounds.width,
27 |             y: -size.height / bounds.height
   |                               `- error: cannot find 'bounds' in scope
28 |         )
29 |
/Users/admin/builder/spi-builder-workspace/Source/views/MacawView.swift:16:44: error: missing argument for parameter 'coder' in call
 14 | open class MacawView: MView, MGestureRecognizerDelegate {
 15 |
 16 |     internal var drawingView = DrawingView()
    |                                            `- error: missing argument for parameter 'coder' in call
 17 |
 18 |     public lazy var zoom = MacawZoom(view: self)
    :
295 |     }
296 |
297 |     @objc public required init?(coder aDecoder: NSCoder) {
    |                           `- note: 'init(coder:)' declared here
298 |         super.init(coder: aDecoder)
299 |     }
/Users/admin/builder/spi-builder-workspace/Source/layout/ContentLayout.swift:23:40: error: cannot find type 'MViewContentMode' in scope
21 |     }
22 |
23 |     public static func of(contentMode: MViewContentMode) -> ContentLayout {
   |                                        `- error: cannot find type 'MViewContentMode' in scope
24 |         switch contentMode {
25 |         case .scaleToFill:
Failed frontend command:
/Applications/Xcode-27.0.0-Release.Candidate.app/Contents/Developer/Toolchains/XcodeDefault.xctoolchain/usr/bin/swift-frontend -frontend -c -filelist /Users/admin/builder/spi-builder-workspace/.derivedData/Build/Intermediates.noindex/Macaw.build/Debug-appletvos/Macaw-t.build/Objects-normal/arm64/sources-1 -primary-file /Users/admin/builder/spi-builder-workspace/Source/animation/types/animation_generators/TimingFunction.swift -primary-file /Users/admin/builder/spi-builder-workspace/Source/animation/types/animation_generators/TransformGenerator.swift -primary-file /Users/admin/builder/spi-builder-workspace/Source/bindings/Disposable.swift -primary-file /Users/admin/builder/spi-builder-workspace/Source/bindings/GroupDisposable.swift -primary-file /Users/admin/builder/spi-builder-workspace/Source/bindings/Variable.swift -primary-file /Users/admin/builder/spi-builder-workspace/Source/events/Event.swift -primary-file /Users/admin/builder/spi-builder-workspace/Source/events/PanEvent.swift -primary-file /Users/admin/builder/spi-builder-workspace/Source/events/PinchEvent.swift -primary-file /Users/admin/builder/spi-builder-workspace/Source/events/RotateEvent.swift -primary-file /Users/admin/builder/spi-builder-workspace/Source/events/TapEvent.swift -primary-file /Users/admin/builder/spi-builder-workspace/Source/events/TouchEvent.swift -primary-file /Users/admin/builder/spi-builder-workspace/Source/export/MacawView+PDF.swift -primary-file /Users/admin/builder/spi-builder-workspace/Source/layout/ContentLayout.swift -primary-file /Users/admin/builder/spi-builder-workspace/Source/model/draw/Align.swift -supplementary-output-file-map /Users/admin/builder/spi-builder-workspace/.derivedData/Build/Intermediates.noindex/Macaw.build/Debug-appletvos/Macaw-t.build/Objects-normal/arm64/supplementaryOutputs-4 -target arm64-apple-tvos15.0 -disable-cross-import-overlay-search -load-resolved-plugin /Applications/Xcode-27.0.0-Release.Candidate.app/Contents/Developer/Platforms/AppleTVOS.platform/Developer/usr/lib/swift/host/plugins/libFoundationMacros.dylib\#/Applications/Xcode-27.0.0-Release.Candidate.app/Contents/Developer/Platforms/AppleTVOS.platform/Developer/usr/bin/swift-plugin-server\#FoundationMacros -load-resolved-plugin /Applications/Xcode-27.0.0-Release.Candidate.app/Contents/Developer/Platforms/AppleTVOS.platform/Developer/usr/lib/swift/host/plugins/libObservationMacros.dylib\#/Applications/Xcode-27.0.0-Release.Candidate.app/Contents/Developer/Platforms/AppleTVOS.platform/Developer/usr/bin/swift-plugin-server\#ObservationMacros -load-resolved-plugin /Applications/Xcode-27.0.0-Release.Candidate.app/Contents/Developer/Platforms/AppleTVOS.platform/Developer/usr/lib/swift/host/plugins/libSwiftMacros.dylib\#/Applications/Xcode-27.0.0-Release.Candidate.app/Contents/Developer/Platforms/AppleTVOS.platform/Developer/usr/bin/swift-plugin-server\#SwiftMacros -disable-implicit-swift-modules -Xcc -fno-implicit-modules -Xcc -fno-implicit-module-maps -explicit-swift-module-map-file /Users/admin/builder/spi-builder-workspace/.derivedData/Build/Intermediates.noindex/Macaw.build/Debug-appletvos/Macaw-t.build/Objects-normal/arm64/Macaw-dependencies-1.json -Xllvm -aarch64-use-tbi -enable-objc-interop -stack-check -sdk /Applications/Xcode-27.0.0-Release.Candidate.app/Contents/Developer/Platforms/AppleTVOS.platform/Developer/SDKs/AppleTVOS27.0.sdk -I /Users/admin/builder/spi-builder-workspace/.derivedData/Build/Products/Debug-appletvos -Isystem /Applications/Xcode-27.0.0-Release.Candidate.app/Contents/Developer/Platforms/AppleTVOS.platform/Developer/usr/lib -F /Users/admin/builder/spi-builder-workspace/.derivedData/Build/Products/Debug-appletvos/PackageFrameworks -F /Users/admin/builder/spi-builder-workspace/.derivedData/Build/Products/Debug-appletvos -F /Applications/Xcode-27.0.0-Release.Candidate.app/Contents/Developer/Platforms/AppleTVOS.platform/Developer/Library/Frameworks -F /Applications/Xcode-27.0.0-Release.Candidate.app/Contents/Developer/Platforms/AppleTVOS.platform/Developer/SDKs/AppleTVOS27.0.sdk/Developer/Library/Frameworks -module-cache-path /Users/admin/builder/spi-builder-workspace/.derivedData/Build/Intermediates.noindex/SwiftExplicitPrecompiledModules -no-color-diagnostics -Xcc -fno-color-diagnostics -enable-testing -g -debug-info-format\=dwarf -dwarf-version\=4 -profile-generate -profile-coverage-mapping -swift-version 5 -Onone -D SWIFT_PACKAGE -D DEBUG -D SWIFT_MODULE_RESOURCE_BUNDLE_UNAVAILABLE -D Xcode -serialize-debugging-options -enable-experimental-feature DebugDescriptionMacro -empty-abi-descriptor -validate-clang-modules-once -clang-build-session-file /Users/admin/builder/spi-builder-workspace/.derivedData/ModuleCache.noindex/Session.modulevalidation -Xcc -working-directory -Xcc /Users/admin/builder/spi-builder-workspace/.swiftpm/xcode -enable-anonymous-context-mangled-names -file-compilation-dir /Users/admin/builder/spi-builder-workspace/.swiftpm/xcode -Xcc -D_LIBCPP_HARDENING_MODE\=_LIBCPP_HARDENING_MODE_DEBUG -Xcc -ivfsstatcache -Xcc /Users/admin/builder/spi-builder-workspace/.derivedData/SDKStatCaches.noindex/appletvos27.0-24J360-e829b21a6f8c9b70876ba0858053c044b32bfd8d43560033f8d89884cdb90028.sdkstatcache -Xcc -fmodules-prune-interval\=86400 -Xcc -fmodules-prune-after\=345600 -Xcc -I/Users/admin/builder/spi-builder-workspace/.derivedData/Build/Products/Debug-appletvos/include -Xcc -I/Users/admin/builder/spi-builder-workspace/.derivedData/Build/Intermediates.noindex/Macaw.build/Debug-appletvos/Macaw-t.build/DerivedSources-normal/arm64 -Xcc -I/Users/admin/builder/spi-builder-workspace/.derivedData/Build/Intermediates.noindex/Macaw.build/Debug-appletvos/Macaw-t.build/DerivedSources/arm64 -Xcc -I/Users/admin/builder/spi-builder-workspace/.derivedData/Build/Intermediates.noindex/Macaw.build/Debug-appletvos/Macaw-t.build/DerivedSources -Xcc -DSWIFT_PACKAGE -Xcc -DDEBUG\=1 -no-auto-bridging-header-chaining -module-name Macaw -const-gather-protocols-file /Users/admin/builder/spi-builder-workspace/.derivedData/Build/Intermediates.noindex/Macaw.build/Debug-appletvos/Macaw-t.build/Objects-normal/arm64/Macaw_const_extract_protocols.json -disable-clang-spi -clang-target arm64-apple-tvos27.0 -target-sdk-version 27.0 -target-sdk-name appletvos27.0 -in-process-plugin-server-path /Applications/Xcode-27.0.0-Release.Candidate.app/Contents/Developer/Toolchains/XcodeDefault.xctoolchain/usr/lib/swift/host/libSwiftInProcPluginServer.dylib -parse-as-library -o /Users/admin/builder/spi-builder-workspace/.derivedData/Build/Intermediates.noindex/Macaw.build/Debug-appletvos/Macaw-t.build/Objects-normal/arm64/TimingFunction.o -o /Users/admin/builder/spi-builder-workspace/.derivedData/Build/Intermediates.noindex/Macaw.build/Debug-appletvos/Macaw-t.build/Objects-normal/arm64/TransformGenerator.o -o /Users/admin/builder/spi-builder-workspace/.derivedData/Build/Intermediates.noindex/Macaw.build/Debug-appletvos/Macaw-t.build/Objects-normal/arm64/Disposable.o -o /Users/admin/builder/spi-builder-workspace/.derivedData/Build/Intermediates.noindex/Macaw.build/Debug-appletvos/Macaw-t.build/Objects-normal/arm64/GroupDisposable.o -o /Users/admin/builder/spi-builder-workspace/.derivedData/Build/Intermediates.noindex/Macaw.build/Debug-appletvos/Macaw-t.build/Objects-normal/arm64/Variable.o -o /Users/admin/builder/spi-builder-workspace/.derivedData/Build/Intermediates.noindex/Macaw.build/Debug-appletvos/Macaw-t.build/Objects-normal/arm64/Event.o -o /Users/admin/builder/spi-builder-workspace/.derivedData/Build/Intermediates.noindex/Macaw.build/Debug-appletvos/Macaw-t.build/Objects-normal/arm64/PanEvent.o -o /Users/admin/builder/spi-builder-workspace/.derivedData/Build/Intermediates.noindex/Macaw.build/Debug-appletvos/Macaw-t.build/Objects-normal/arm64/PinchEvent.o -o /Users/admin/builder/spi-builder-workspace/.derivedData/Build/Intermediates.noindex/Macaw.build/Debug-appletvos/Macaw-t.build/Objects-normal/arm64/RotateEvent.o -o /Users/admin/builder/spi-builder-workspace/.derivedData/Build/Intermediates.noindex/Macaw.build/Debug-appletvos/Macaw-t.build/Objects-normal/arm64/TapEvent.o -o /Users/admin/builder/spi-builder-workspace/.derivedData/Build/Intermediates.noindex/Macaw.build/Debug-appletvos/Macaw-t.build/Objects-normal/arm64/TouchEvent.o -o /Users/admin/builder/spi-builder-workspace/.derivedData/Build/Intermediates.noindex/Macaw.build/Debug-appletvos/Macaw-t.build/Objects-normal/arm64/MacawView+PDF.o -o /Users/admin/builder/spi-builder-workspace/.derivedData/Build/Intermediates.noindex/Macaw.build/Debug-appletvos/Macaw-t.build/Objects-normal/arm64/ContentLayout.o -o /Users/admin/builder/spi-builder-workspace/.derivedData/Build/Intermediates.noindex/Macaw.build/Debug-appletvos/Macaw-t.build/Objects-normal/arm64/Align.o -debug-module-path /Users/admin/builder/spi-builder-workspace/.derivedData/Build/Intermediates.noindex/Macaw.build/Debug-appletvos/Macaw-t.build/Objects-normal/arm64/Macaw.swiftmodule -index-unit-output-path /Macaw.build/Debug-appletvos/Macaw-t.build/Objects-normal/arm64/TimingFunction.o -index-unit-output-path /Macaw.build/Debug-appletvos/Macaw-t.build/Objects-normal/arm64/TransformGenerator.o -index-unit-output-path /Macaw.build/Debug-appletvos/Macaw-t.build/Objects-normal/arm64/Disposable.o -index-unit-output-path /Macaw.build/Debug-appletvos/Macaw-t.build/Objects-normal/arm64/GroupDisposable.o -index-unit-output-path /Macaw.build/Debug-appletvos/Macaw-t.build/Objects-normal/arm64/Variable.o -index-unit-output-path /Macaw.build/Debug-appletvos/Macaw-t.build/Objects-normal/arm64/Event.o -index-unit-output-path /Macaw.build/Debug-appletvos/Macaw-t.build/Objects-normal/arm64/PanEvent.o -index-unit-output-path /Macaw.build/Debug-appletvos/Macaw-t.build/Objects-normal/arm64/PinchEvent.o -index-unit-output-path /Macaw.build/Debug-appletvos/Macaw-t.build/Objects-normal/arm64/RotateEvent.o -index-unit-output-path /Macaw.build/Debug-appletvos/Macaw-t.build/Objects-normal/arm64/TapEvent.o -index-unit-output-path /Macaw.build/Debug-appletvos/Macaw-t.build/Objects-normal/arm64/TouchEvent.o -index-unit-output-path /Macaw.build/Debug-appletvos/Macaw-t.build/Objects-normal/arm64/MacawView+PDF.o -index-unit-output-path /Macaw.build/Debug-appletvos/Macaw-t.build/Objects-normal/arm64/ContentLayout.o -index-unit-output-path /Macaw.build/Debug-appletvos/Macaw-t.build/Objects-normal/arm64/Align.o -index-store-path /Users/admin/builder/spi-builder-workspace/.derivedData/Index.noindex/DataStore -index-system-modules
SwiftCompile normal arm64 /Users/admin/builder/spi-builder-workspace/Source/animation/types/animation_generators/TimingFunction.swift (in target 'Macaw' from project 'Macaw')
    cd /Users/admin/builder/spi-builder-workspace/.swiftpm/xcode
    builtin-SwiftPerFileCompile TimingFunction.swift
SwiftCompile normal arm64 /Users/admin/builder/spi-builder-workspace/Source/animation/types/animation_generators/TransformGenerator.swift (in target 'Macaw' from project 'Macaw')
    cd /Users/admin/builder/spi-builder-workspace/.swiftpm/xcode
    builtin-SwiftPerFileCompile TransformGenerator.swift
SwiftCompile normal arm64 /Users/admin/builder/spi-builder-workspace/Source/bindings/Disposable.swift (in target 'Macaw' from project 'Macaw')
    cd /Users/admin/builder/spi-builder-workspace/.swiftpm/xcode
    builtin-SwiftPerFileCompile Disposable.swift
SwiftCompile normal arm64 /Users/admin/builder/spi-builder-workspace/Source/bindings/GroupDisposable.swift (in target 'Macaw' from project 'Macaw')
    cd /Users/admin/builder/spi-builder-workspace/.swiftpm/xcode
    builtin-SwiftPerFileCompile GroupDisposable.swift
SwiftCompile normal arm64 /Users/admin/builder/spi-builder-workspace/Source/bindings/Variable.swift (in target 'Macaw' from project 'Macaw')
    cd /Users/admin/builder/spi-builder-workspace/.swiftpm/xcode
    builtin-SwiftPerFileCompile Variable.swift
SwiftCompile normal arm64 /Users/admin/builder/spi-builder-workspace/Source/events/Event.swift (in target 'Macaw' from project 'Macaw')
    cd /Users/admin/builder/spi-builder-workspace/.swiftpm/xcode
    builtin-SwiftPerFileCompile Event.swift
SwiftCompile normal arm64 /Users/admin/builder/spi-builder-workspace/Source/events/PanEvent.swift (in target 'Macaw' from project 'Macaw')
    cd /Users/admin/builder/spi-builder-workspace/.swiftpm/xcode
    builtin-SwiftPerFileCompile PanEvent.swift
SwiftCompile normal arm64 /Users/admin/builder/spi-builder-workspace/Source/events/PinchEvent.swift (in target 'Macaw' from project 'Macaw')
    cd /Users/admin/builder/spi-builder-workspace/.swiftpm/xcode
    builtin-SwiftPerFileCompile PinchEvent.swift
SwiftCompile normal arm64 /Users/admin/builder/spi-builder-workspace/Source/events/RotateEvent.swift (in target 'Macaw' from project 'Macaw')
    cd /Users/admin/builder/spi-builder-workspace/.swiftpm/xcode
    builtin-SwiftPerFileCompile RotateEvent.swift
SwiftCompile normal arm64 /Users/admin/builder/spi-builder-workspace/Source/events/TapEvent.swift (in target 'Macaw' from project 'Macaw')
    cd /Users/admin/builder/spi-builder-workspace/.swiftpm/xcode
    builtin-SwiftPerFileCompile TapEvent.swift
SwiftCompile normal arm64 /Users/admin/builder/spi-builder-workspace/Source/events/TouchEvent.swift (in target 'Macaw' from project 'Macaw')
    cd /Users/admin/builder/spi-builder-workspace/.swiftpm/xcode
    builtin-SwiftPerFileCompile TouchEvent.swift
SwiftCompile normal arm64 /Users/admin/builder/spi-builder-workspace/Source/export/MacawView+PDF.swift (in target 'Macaw' from project 'Macaw')
    cd /Users/admin/builder/spi-builder-workspace/.swiftpm/xcode
    builtin-SwiftPerFileCompile MacawView+PDF.swift
SwiftCompile normal arm64 /Users/admin/builder/spi-builder-workspace/Source/layout/ContentLayout.swift (in target 'Macaw' from project 'Macaw')
    cd /Users/admin/builder/spi-builder-workspace/.swiftpm/xcode
    builtin-SwiftPerFileCompile ContentLayout.swift
SwiftCompile normal arm64 /Users/admin/builder/spi-builder-workspace/Source/model/draw/Align.swift (in target 'Macaw' from project 'Macaw')
    cd /Users/admin/builder/spi-builder-workspace/.swiftpm/xcode
    builtin-SwiftPerFileCompile Align.swift
SwiftCompile normal arm64 Compiling\ Image.swift,\ Node.swift,\ SceneUtils.swift,\ Shape.swift,\ Text.swift,\ MDisplayLink.swift,\ Common_iOS.swift,\ Graphics_iOS.swift,\ MDisplayLink_iOS.swift,\ MView_iOS.swift,\ Common_macOS.swift,\ Graphics_macOS.swift,\ MBezierPath+Extension_macOS.swift,\ MDisplayLink_macOS.swift /Users/admin/builder/spi-builder-workspace/Source/model/scene/Image.swift /Users/admin/builder/spi-builder-workspace/Source/model/scene/Node.swift /Users/admin/builder/spi-builder-workspace/Source/model/scene/SceneUtils.swift /Users/admin/builder/spi-builder-workspace/Source/model/scene/Shape.swift /Users/admin/builder/spi-builder-workspace/Source/model/scene/Text.swift /Users/admin/builder/spi-builder-workspace/Source/platform/MDisplayLink.swift /Users/admin/builder/spi-builder-workspace/Source/platform/iOS/Common_iOS.swift /Users/admin/builder/spi-builder-workspace/Source/platform/iOS/Graphics_iOS.swift /Users/admin/builder/spi-builder-workspace/Source/platform/iOS/MDisplayLink_iOS.swift /Users/admin/builder/spi-builder-workspace/Source/platform/iOS/MView_iOS.swift /Users/admin/builder/spi-builder-workspace/Source/platform/macOS/Common_macOS.swift /Users/admin/builder/spi-builder-workspace/Source/platform/macOS/Graphics_macOS.swift /Users/admin/builder/spi-builder-workspace/Source/platform/macOS/MBezierPath+Extension_macOS.swift /Users/admin/builder/spi-builder-workspace/Source/platform/macOS/MDisplayLink_macOS.swift (in target 'Macaw' from project 'Macaw')
SwiftCompile normal arm64 /Users/admin/builder/spi-builder-workspace/Source/model/scene/Image.swift (in target 'Macaw' from project 'Macaw')
    cd /Users/admin/builder/spi-builder-workspace/.swiftpm/xcode
    builtin-SwiftPerFileCompile Image.swift
SwiftCompile normal arm64 /Users/admin/builder/spi-builder-workspace/Source/model/scene/Node.swift (in target 'Macaw' from project 'Macaw')
    cd /Users/admin/builder/spi-builder-workspace/.swiftpm/xcode
    builtin-SwiftPerFileCompile Node.swift
SwiftCompile normal arm64 /Users/admin/builder/spi-builder-workspace/Source/model/scene/SceneUtils.swift (in target 'Macaw' from project 'Macaw')
    cd /Users/admin/builder/spi-builder-workspace/.swiftpm/xcode
    builtin-SwiftPerFileCompile SceneUtils.swift
SwiftCompile normal arm64 /Users/admin/builder/spi-builder-workspace/Source/model/scene/Shape.swift (in target 'Macaw' from project 'Macaw')
    cd /Users/admin/builder/spi-builder-workspace/.swiftpm/xcode
    builtin-SwiftPerFileCompile Shape.swift
SwiftCompile normal arm64 /Users/admin/builder/spi-builder-workspace/Source/model/scene/Text.swift (in target 'Macaw' from project 'Macaw')
    cd /Users/admin/builder/spi-builder-workspace/.swiftpm/xcode
    builtin-SwiftPerFileCompile Text.swift
SwiftCompile normal arm64 /Users/admin/builder/spi-builder-workspace/Source/platform/MDisplayLink.swift (in target 'Macaw' from project 'Macaw')
    cd /Users/admin/builder/spi-builder-workspace/.swiftpm/xcode
    builtin-SwiftPerFileCompile MDisplayLink.swift
SwiftCompile normal arm64 /Users/admin/builder/spi-builder-workspace/Source/platform/iOS/Common_iOS.swift (in target 'Macaw' from project 'Macaw')
    cd /Users/admin/builder/spi-builder-workspace/.swiftpm/xcode
    builtin-SwiftPerFileCompile Common_iOS.swift
SwiftCompile normal arm64 /Users/admin/builder/spi-builder-workspace/Source/platform/iOS/Graphics_iOS.swift (in target 'Macaw' from project 'Macaw')
    cd /Users/admin/builder/spi-builder-workspace/.swiftpm/xcode
    builtin-SwiftPerFileCompile Graphics_iOS.swift
SwiftCompile normal arm64 /Users/admin/builder/spi-builder-workspace/Source/platform/iOS/MDisplayLink_iOS.swift (in target 'Macaw' from project 'Macaw')
    cd /Users/admin/builder/spi-builder-workspace/.swiftpm/xcode
    builtin-SwiftPerFileCompile MDisplayLink_iOS.swift
SwiftCompile normal arm64 /Users/admin/builder/spi-builder-workspace/Source/platform/iOS/MView_iOS.swift (in target 'Macaw' from project 'Macaw')
    cd /Users/admin/builder/spi-builder-workspace/.swiftpm/xcode
    builtin-SwiftPerFileCompile MView_iOS.swift
SwiftCompile normal arm64 /Users/admin/builder/spi-builder-workspace/Source/platform/macOS/Common_macOS.swift (in target 'Macaw' from project 'Macaw')
    cd /Users/admin/builder/spi-builder-workspace/.swiftpm/xcode
    builtin-SwiftPerFileCompile Common_macOS.swift
SwiftCompile normal arm64 /Users/admin/builder/spi-builder-workspace/Source/platform/macOS/Graphics_macOS.swift (in target 'Macaw' from project 'Macaw')
    cd /Users/admin/builder/spi-builder-workspace/.swiftpm/xcode
    builtin-SwiftPerFileCompile Graphics_macOS.swift
SwiftCompile normal arm64 /Users/admin/builder/spi-builder-workspace/Source/platform/macOS/MBezierPath+Extension_macOS.swift (in target 'Macaw' from project 'Macaw')
    cd /Users/admin/builder/spi-builder-workspace/.swiftpm/xcode
    builtin-SwiftPerFileCompile MBezierPath+Extension_macOS.swift
SwiftCompile normal arm64 /Users/admin/builder/spi-builder-workspace/Source/platform/macOS/MDisplayLink_macOS.swift (in target 'Macaw' from project 'Macaw')
    cd /Users/admin/builder/spi-builder-workspace/.swiftpm/xcode
    builtin-SwiftPerFileCompile MDisplayLink_macOS.swift
/Users/admin/builder/spi-builder-workspace/Source/model/scene/Image.swift:72:24: error: cannot find type 'MImage' in scope
 70 |     }
 71 |
 72 |     public init(image: MImage, xAlign: Align = .min, yAlign: Align = .min, aspectRatio: AspectRatio = .none, w: Int = 0, h: Int = 0, place: Transform = Transform.identity, opaque: Bool = true, opacity: Double = 1, clip: Locus? = nil, effect: Effect? = nil, visible: Bool = true, tag: [String] = []) {
    |                        `- error: cannot find type 'MImage' in scope
 73 |
 74 |         var oldId: String?
/Users/admin/builder/spi-builder-workspace/Source/model/scene/Image.swift:47:25: error: cannot find type 'MImage' in scope
 45 |     }
 46 |
 47 |     private var mImage: MImage?
    |                         `- error: cannot find type 'MImage' in scope
 48 |
 49 |     public init(src: String, xAlign: Align = .min, yAlign: Align = .min, aspectRatio: AspectRatio = .none, w: Int = 0, h: Int = 0, place: Transform = Transform.identity, opaque: Bool = true, opacity: Double = 1, clip: Locus? = nil, mask: Node? = nil, effect: Effect? = nil, visible: Bool = true, tag: [String] = []) {
/Users/admin/builder/spi-builder-workspace/Source/model/scene/Image.swift:139:21: error: cannot find type 'MImage' in scope
137 |     }
138 |
139 |     func image() -> MImage? {
    |                     `- error: cannot find type 'MImage' in scope
140 |
141 |         // image already loaded
/Users/admin/builder/spi-builder-workspace/Source/model/scene/Image.swift:68:19: error: reference to member 'mImage' cannot be resolved without a contextual type
 66 |
 67 |         srcVar.onChange { [weak self] _ in
 68 |             self?.mImage = nil
    |                   `- error: reference to member 'mImage' cannot be resolved without a contextual type
 69 |         }
 70 |     }
/Users/admin/builder/spi-builder-workspace/Source/utils/UIImage2Image.swift:15:26: error: cannot find 'MImage' in scope
13 | #endif
14 |
15 | var imagesMap = [String: MImage]()
   |                          `- error: cannot find 'MImage' in scope
16 |
17 | public extension MImage {
/Users/admin/builder/spi-builder-workspace/Source/utils/UIImage2Image.swift:15:17: error: cannot call value of non-function type '[String.Type : Value]'
13 | #endif
14 |
15 | var imagesMap = [String: MImage]()
   |                 `- error: cannot call value of non-function type '[String.Type : Value]'
16 |
17 | public extension MImage {
/Users/admin/builder/spi-builder-workspace/Source/utils/UIImage2Image.swift:15:17: error: type 'String.Type' cannot conform to 'Hashable' [#ProtocolTypeNonConformance]
13 | #endif
14 |
15 | var imagesMap = [String: MImage]()
   |                 |- error: type 'String.Type' cannot conform to 'Hashable' [#ProtocolTypeNonConformance]
   |                 |- note: only concrete types such as structs, enums and classes can conform to protocols
   |                 `- note: required by generic struct 'Dictionary' where 'Key' = 'String.Type'
16 |
17 | public extension MImage {
/Users/admin/builder/spi-builder-workspace/Source/model/scene/Image.swift:79:27: error: cannot find 'UUID' in scope
 77 |         }
 78 |
 79 |         let id = oldId ?? UUID().uuidString
    |                           `- error: cannot find 'UUID' in scope
 80 |         imagesMap[id] = image
 81 |
/Users/admin/builder/spi-builder-workspace/Source/model/scene/Image.swift:99:19: error: reference to member 'mImage' cannot be resolved without a contextual type
 97 |
 98 |         srcVar.onChange { [weak self] _ in
 99 |             self?.mImage = nil
    |                   `- error: reference to member 'mImage' cannot be resolved without a contextual type
100 |         }
101 |     }
/Users/admin/builder/spi-builder-workspace/Source/utils/BoundsUtils.swift:18:50: error: cannot find type 'MImage' in scope
16 |
17 | final internal class BoundsUtils {
18 |     class func getRect(of image: Image?, mImage: MImage) -> CGRect? {
   |                                                  `- error: cannot find type 'MImage' in scope
19 |         guard let image = image else {
20 |             return .none
/Users/admin/builder/spi-builder-workspace/Source/model/scene/Image.swift:127:31: error: cannot find 'MImageJPEGRepresentation' in scope
125 |             switch type {
126 |             case .JPEG:
127 |                 if let data = MImageJPEGRepresentation(image) {
    |                               `- error: cannot find 'MImageJPEGRepresentation' in scope
128 |                     return data.base64EncodedString()
129 |                 }
/Users/admin/builder/spi-builder-workspace/Source/model/scene/Image.swift:131:31: error: cannot find 'MImagePNGRepresentation' in scope
129 |                 }
130 |             case .PNG:
131 |                 if let data = MImagePNGRepresentation(image) {
    |                               `- error: cannot find 'MImagePNGRepresentation' in scope
132 |                     return data.base64EncodedString()
133 |                 }
/Users/admin/builder/spi-builder-workspace/Source/model/scene/Image.swift:158:41: error: cannot find 'Data' in scope
156 |             if src.hasPrefix(prefix) {
157 |                 let src = String(self.src.suffix(from: prefix.endIndex))
158 |                 guard let decodedData = Data(base64Encoded: src, options: .ignoreUnknownCharacters) else {
    |                                         `- error: cannot find 'Data' in scope
159 |                     return .none
160 |                 }
SwiftCompile normal arm64 Compiling\ MView_macOS.swift,\ GroupRenderer.swift,\ ImageRenderer.swift,\ NodeRenderer.swift,\ RenderContext.swift,\ RenderUtils.swift,\ ShapeRenderer.swift,\ TextRenderer.swift,\ CSSParser.swift,\ SVGCanvas.swift,\ SVGConstants.swift,\ SVGNodeLayout.swift,\ SVGParser.swift,\ SVGParserError.swift /Users/admin/builder/spi-builder-workspace/Source/platform/macOS/MView_macOS.swift /Users/admin/builder/spi-builder-workspace/Source/render/GroupRenderer.swift /Users/admin/builder/spi-builder-workspace/Source/render/ImageRenderer.swift /Users/admin/builder/spi-builder-workspace/Source/render/NodeRenderer.swift /Users/admin/builder/spi-builder-workspace/Source/render/RenderContext.swift /Users/admin/builder/spi-builder-workspace/Source/render/RenderUtils.swift /Users/admin/builder/spi-builder-workspace/Source/render/ShapeRenderer.swift /Users/admin/builder/spi-builder-workspace/Source/render/TextRenderer.swift /Users/admin/builder/spi-builder-workspace/Source/svg/CSSParser.swift /Users/admin/builder/spi-builder-workspace/Source/svg/SVGCanvas.swift /Users/admin/builder/spi-builder-workspace/Source/svg/SVGConstants.swift /Users/admin/builder/spi-builder-workspace/Source/svg/SVGNodeLayout.swift /Users/admin/builder/spi-builder-workspace/Source/svg/SVGParser.swift /Users/admin/builder/spi-builder-workspace/Source/svg/SVGParserError.swift (in target 'Macaw' from project 'Macaw')
/Users/admin/builder/spi-builder-workspace/Source/render/GroupRenderer.swift:41:40: error: cannot find type 'CGContext' in scope
39 |     }
40 |
41 |     override func doRender(in context: CGContext, force: Bool, opacity: Double, coloringMode: ColoringMode = .rgb) {
   |                                        `- error: cannot find type 'CGContext' in scope
42 |         renderers.forEach { renderer in
43 |             if !renderer.isAnimating() {
/Users/admin/builder/spi-builder-workspace/Source/render/GroupRenderer.swift:49:53: error: cannot find type 'CGContext' in scope
47 |     }
48 |
49 |     override func doFindNodeAt(path: NodePath, ctx: CGContext) -> NodePath? {
   |                                                     `- error: cannot find type 'CGContext' in scope
50 |         for renderer in renderers.reversed() {
51 |             if let result = renderer.findNodeAt(parentNodePath: path, ctx: ctx) {
/Users/admin/builder/spi-builder-workspace/Source/render/NodeRenderer.swift:125:42: error: cannot find type 'CGContext' in scope
123 |     }
124 |
125 |     final public func render(in context: CGContext, force: Bool, opacity: Double, coloringMode: ColoringMode = .rgb) {
    |                                          `- error: cannot find type 'CGContext' in scope
126 |         context.saveGState()
127 |         defer {
/Users/admin/builder/spi-builder-workspace/Source/render/NodeRenderer.swift:278:51: error: cannot find type 'CGContext' in scope
276 |     }
277 |
278 |     final func findNodeAt(location: CGPoint, ctx: CGContext) -> NodePath? {
    |                                                   `- error: cannot find type 'CGContext' in scope
279 |         guard node.opaque, let inverted = node.place.invert() else {
280 |             return .none
/Users/admin/builder/spi-builder-workspace/Source/render/NodeRenderer.swift:296:58: error: cannot find type 'CGContext' in scope
294 |     }
295 |
296 |     final func findNodeAt(parentNodePath: NodePath, ctx: CGContext) -> NodePath? {
    |                                                          `- error: cannot find type 'CGContext' in scope
297 |         guard node.opaque, let inverted = node.place.invert() else {
298 |             return .none
/Users/admin/builder/spi-builder-workspace/Source/render/ImageRenderer.swift:14:25: error: cannot find type 'CGPath' in scope
12 |     var image: Image
13 |
14 |     var renderedPaths: [CGPath] = [CGPath]()
   |                         `- error: cannot find type 'CGPath' in scope
15 |
16 |     override var node: Node {
/Users/admin/builder/spi-builder-workspace/Source/render/ImageRenderer.swift:14:36: error: cannot find 'CGPath' in scope
12 |     var image: Image
13 |
14 |     var renderedPaths: [CGPath] = [CGPath]()
   |                                    `- error: cannot find 'CGPath' in scope
15 |
16 |     override var node: Node {
/Users/admin/builder/spi-builder-workspace/Source/render/ImageRenderer.swift:14:35: error: cannot call value of non-function type '[Element]'
12 |     var image: Image
13 |
14 |     var renderedPaths: [CGPath] = [CGPath]()
   |                                   `- error: cannot call value of non-function type '[Element]'
15 |
16 |     override var node: Node {
/Users/admin/builder/spi-builder-workspace/Source/render/ImageRenderer.swift:40:40: error: cannot find type 'CGContext' in scope
38 |     }
39 |
40 |     override func doRender(in context: CGContext, force: Bool, opacity: Double, coloringMode: ColoringMode = .rgb) {
   |                                        `- error: cannot find type 'CGContext' in scope
41 |
42 |         var mImage: MImage?
/Users/admin/builder/spi-builder-workspace/Source/render/ImageRenderer.swift:59:53: error: cannot find type 'CGContext' in scope
57 |     }
58 |
59 |     override func doFindNodeAt(path: NodePath, ctx: CGContext) -> NodePath? {
   |                                                     `- error: cannot find type 'CGContext' in scope
60 |
61 |         if let mImage = MImage(named: image.src),
/Users/admin/builder/spi-builder-workspace/Source/render/ImageRenderer.swift:42:21: error: cannot find type 'MImage' in scope
40 |     override func doRender(in context: CGContext, force: Bool, opacity: Double, coloringMode: ColoringMode = .rgb) {
41 |
42 |         var mImage: MImage?
   |                     `- error: cannot find type 'MImage' in scope
43 |         if image.src.contains("memory") {
44 |             let id = image.src.replacingOccurrences(of: "memory://", with: "")
/Users/admin/builder/spi-builder-workspace/Source/utils/UIImage2Image.swift:15:26: error: cannot find 'MImage' in scope
13 | #endif
14 |
15 | var imagesMap = [String: MImage]()
   |                          `- error: cannot find 'MImage' in scope
16 |
17 | public extension MImage {
/Users/admin/builder/spi-builder-workspace/Source/utils/UIImage2Image.swift:15:17: error: cannot call value of non-function type '[String.Type : Value]'
13 | #endif
14 |
15 | var imagesMap = [String: MImage]()
   |                 `- error: cannot call value of non-function type '[String.Type : Value]'
16 |
17 | public extension MImage {
/Users/admin/builder/spi-builder-workspace/Source/utils/UIImage2Image.swift:15:17: error: type 'String.Type' cannot conform to 'Hashable' [#ProtocolTypeNonConformance]
13 | #endif
14 |
15 | var imagesMap = [String: MImage]()
   |                 |- error: type 'String.Type' cannot conform to 'Hashable' [#ProtocolTypeNonConformance]
   |                 |- note: only concrete types such as structs, enums and classes can conform to protocols
   |                 `- note: required by generic struct 'Dictionary' where 'Key' = 'String.Type'
16 |
17 | public extension MImage {
/Users/admin/builder/spi-builder-workspace/Source/model/scene/Image.swift:139:21: error: cannot find type 'MImage' in scope
137 |     }
138 |
139 |     func image() -> MImage? {
    |                     `- error: cannot find type 'MImage' in scope
140 |
141 |         // image already loaded
/Users/admin/builder/spi-builder-workspace/Source/utils/BoundsUtils.swift:18:50: error: cannot find type 'MImage' in scope
16 |
17 | final internal class BoundsUtils {
18 |     class func getRect(of image: Image?, mImage: MImage) -> CGRect? {
   |                                                  `- error: cannot find type 'MImage' in scope
19 |         guard let image = image else {
20 |             return .none
/Users/admin/builder/spi-builder-workspace/Source/render/ImageRenderer.swift:61:25: error: cannot find 'MImage' in scope
59 |     override func doFindNodeAt(path: NodePath, ctx: CGContext) -> NodePath? {
60 |
61 |         if let mImage = MImage(named: image.src),
   |                         `- error: cannot find 'MImage' in scope
62 |            let rect = BoundsUtils.getRect(of: image, mImage: mImage) {
63 |
/Users/admin/builder/spi-builder-workspace/Source/events/TouchEvent.swift:23:19: error: cannot find type 'CGPoint' in scope
21 | class NodePath {
22 |     let node: Node
23 |     let location: CGPoint
   |                   `- error: cannot find type 'CGPoint' in scope
24 |     let parent: NodePath?
25 |
/Users/admin/builder/spi-builder-workspace/Source/render/NodeRenderer.swift:26:21: error: cannot find type 'CALayer' in scope
 24 |
 25 |     weak var view: DrawingView?
 26 |     var sceneLayer: CALayer? {
    |                     `- error: cannot find type 'CALayer' in scope
 27 |         return view?.mLayer
 28 |     }
/Users/admin/builder/spi-builder-workspace/Source/render/NodeRenderer.swift:175:41: error: cannot find type 'CGContext' in scope
173 |     }
174 |
175 |     final func directRender(in context: CGContext,
    |                                         `- error: cannot find type 'CGContext' in scope
176 |                             force: Bool = true,
177 |                             opacity: Double = 1.0,
/Users/admin/builder/spi-builder-workspace/Source/render/NodeRenderer.swift:207:65: error: cannot find type 'CGContext' in scope
205 |     }
206 |
207 |     fileprivate func applyEffects(_ effects: [Effect], context: CGContext, opacity: Double, coloringMode: ColoringMode = .rgb) {
    |                                                                 `- error: cannot find type 'CGContext' in scope
208 |         guard let bounds = node.bounds else {
209 |             return
/Users/admin/builder/spi-builder-workspace/Source/render/NodeRenderer.swift:238:73: error: cannot find type 'CIImage' in scope
236 |     }
237 |
238 |     fileprivate func applyBlur(_ image: CIImage, blur: GaussianBlur) -> CIImage {
    |                                                                         `- error: cannot find type 'CIImage' in scope
239 |         let filter = CIFilter(name: "CIGaussianBlur")!
240 |         filter.setDefaults()
/Users/admin/builder/spi-builder-workspace/Source/render/NodeRenderer.swift:238:41: error: cannot find type 'CIImage' in scope
236 |     }
237 |
238 |     fileprivate func applyBlur(_ image: CIImage, blur: GaussianBlur) -> CIImage {
    |                                         `- error: cannot find type 'CIImage' in scope
239 |         let filter = CIFilter(name: "CIGaussianBlur")!
240 |         filter.setDefaults()
/Users/admin/builder/spi-builder-workspace/Source/render/NodeRenderer.swift:246:98: error: cannot find type 'CIImage' in scope
244 |     }
245 |
246 |     fileprivate func applyColorMatrix(_ image: CIImage, colorMatrixEffect: ColorMatrixEffect) -> CIImage {
    |                                                                                                  `- error: cannot find type 'CIImage' in scope
247 |         let matrix = colorMatrixEffect.matrix.values.map { CGFloat($0) }
248 |         let filter = CIFilter(name: "CIColorMatrix")!
SwiftCompile normal arm64 /Users/admin/builder/spi-builder-workspace/Source/platform/macOS/MView_macOS.swift (in target 'Macaw' from project 'Macaw')
    cd /Users/admin/builder/spi-builder-workspace/.swiftpm/xcode
    builtin-SwiftPerFileCompile MView_macOS.swift
SwiftCompile normal arm64 /Users/admin/builder/spi-builder-workspace/Source/render/GroupRenderer.swift (in target 'Macaw' from project 'Macaw')
    cd /Users/admin/builder/spi-builder-workspace/.swiftpm/xcode
    builtin-SwiftPerFileCompile GroupRenderer.swift
SwiftCompile normal arm64 /Users/admin/builder/spi-builder-workspace/Source/render/ImageRenderer.swift (in target 'Macaw' from project 'Macaw')
    cd /Users/admin/builder/spi-builder-workspace/.swiftpm/xcode
    builtin-SwiftPerFileCompile ImageRenderer.swift
SwiftCompile normal arm64 /Users/admin/builder/spi-builder-workspace/Source/render/NodeRenderer.swift (in target 'Macaw' from project 'Macaw')
    cd /Users/admin/builder/spi-builder-workspace/.swiftpm/xcode
    builtin-SwiftPerFileCompile NodeRenderer.swift
SwiftCompile normal arm64 /Users/admin/builder/spi-builder-workspace/Source/render/RenderContext.swift (in target 'Macaw' from project 'Macaw')
    cd /Users/admin/builder/spi-builder-workspace/.swiftpm/xcode
    builtin-SwiftPerFileCompile RenderContext.swift
SwiftCompile normal arm64 /Users/admin/builder/spi-builder-workspace/Source/render/RenderUtils.swift (in target 'Macaw' from project 'Macaw')
    cd /Users/admin/builder/spi-builder-workspace/.swiftpm/xcode
    builtin-SwiftPerFileCompile RenderUtils.swift
SwiftCompile normal arm64 /Users/admin/builder/spi-builder-workspace/Source/render/ShapeRenderer.swift (in target 'Macaw' from project 'Macaw')
    cd /Users/admin/builder/spi-builder-workspace/.swiftpm/xcode
    builtin-SwiftPerFileCompile ShapeRenderer.swift
SwiftCompile normal arm64 /Users/admin/builder/spi-builder-workspace/Source/render/TextRenderer.swift (in target 'Macaw' from project 'Macaw')
    cd /Users/admin/builder/spi-builder-workspace/.swiftpm/xcode
    builtin-SwiftPerFileCompile TextRenderer.swift
SwiftCompile normal arm64 /Users/admin/builder/spi-builder-workspace/Source/svg/CSSParser.swift (in target 'Macaw' from project 'Macaw')
    cd /Users/admin/builder/spi-builder-workspace/.swiftpm/xcode
    builtin-SwiftPerFileCompile CSSParser.swift
SwiftCompile normal arm64 /Users/admin/builder/spi-builder-workspace/Source/svg/SVGCanvas.swift (in target 'Macaw' from project 'Macaw')
    cd /Users/admin/builder/spi-builder-workspace/.swiftpm/xcode
    builtin-SwiftPerFileCompile SVGCanvas.swift
SwiftCompile normal arm64 /Users/admin/builder/spi-builder-workspace/Source/svg/SVGConstants.swift (in target 'Macaw' from project 'Macaw')
    cd /Users/admin/builder/spi-builder-workspace/.swiftpm/xcode
    builtin-SwiftPerFileCompile SVGConstants.swift
SwiftCompile normal arm64 /Users/admin/builder/spi-builder-workspace/Source/svg/SVGNodeLayout.swift (in target 'Macaw' from project 'Macaw')
    cd /Users/admin/builder/spi-builder-workspace/.swiftpm/xcode
    builtin-SwiftPerFileCompile SVGNodeLayout.swift
SwiftCompile normal arm64 /Users/admin/builder/spi-builder-workspace/Source/svg/SVGParser.swift (in target 'Macaw' from project 'Macaw')
    cd /Users/admin/builder/spi-builder-workspace/.swiftpm/xcode
    builtin-SwiftPerFileCompile SVGParser.swift
SwiftCompile normal arm64 /Users/admin/builder/spi-builder-workspace/Source/svg/SVGParserError.swift (in target 'Macaw' from project 'Macaw')
    cd /Users/admin/builder/spi-builder-workspace/.swiftpm/xcode
    builtin-SwiftPerFileCompile SVGParserError.swift
/Users/admin/builder/spi-builder-workspace/Source/render/NodeRenderer.swift:246:48: error: cannot find type 'CIImage' in scope
244 |     }
245 |
246 |     fileprivate func applyColorMatrix(_ image: CIImage, colorMatrixEffect: ColorMatrixEffect) -> CIImage {
    |                                                `- error: cannot find type 'CIImage' in scope
247 |         let matrix = colorMatrixEffect.matrix.values.map { CGFloat($0) }
248 |         let filter = CIFilter(name: "CIColorMatrix")!
/Users/admin/builder/spi-builder-workspace/Source/render/NodeRenderer.swift:259:95: error: cannot find type 'MImage' in scope
257 |     }
258 |
259 |     func renderToImage(bounds: Rect, inset: Double = 0, coloringMode: ColoringMode = .rgb) -> MImage? {
    |                                                                                               `- error: cannot find type 'MImage' in scope
260 |         let screenScale: CGFloat = MMainScreen()?.mScale ?? 1.0
261 |         MGraphicsBeginImageContextWithOptions(CGSize(width: bounds.w + inset, height: bounds.h + inset), false, screenScale)
/Users/admin/builder/spi-builder-workspace/Source/render/NodeRenderer.swift:274:31: error: cannot find type 'CGContext' in scope
272 |     }
273 |
274 |     func doRender(in context: CGContext, force: Bool, opacity: Double, coloringMode: ColoringMode = .rgb) {
    |                               `- error: cannot find type 'CGContext' in scope
275 |         fatalError("Unsupported")
276 |     }
/Users/admin/builder/spi-builder-workspace/Source/render/NodeRenderer.swift:314:51: error: cannot find type 'CGContext' in scope
312 |     }
313 |
314 |     public func doFindNodeAt(path: NodePath, ctx: CGContext) -> NodePath? {
    |                                                   `- error: cannot find type 'CGContext' in scope
315 |         return nil
316 |     }
/Users/admin/builder/spi-builder-workspace/Source/render/NodeRenderer.swift:322:40: error: cannot find type 'CGContext' in scope
320 |     }
321 |
322 |     private func applyClip(in context: CGContext) {
    |                                        `- error: cannot find type 'CGContext' in scope
323 |         guard let clip = node.clip else {
324 |             return
/Users/admin/builder/spi-builder-workspace/Source/render/NodeRenderer.swift:340:50: error: cannot find type 'CGImage' in scope
338 |     }
339 |
340 |     private func getMaskedImage(bounds: Rect) -> CGImage? {
    |                                                  `- error: cannot find type 'CGImage' in scope
341 |         guard let mask = node.mask, let image = renderToImage(bounds: bounds) else {
342 |             return .none
/Users/admin/builder/spi-builder-workspace/Source/render/NodeRenderer.swift:351:56: error: cannot find type 'CGImage' in scope
349 |     }
350 |
351 |     func apply(maskImage: MImage, to image: MImage) -> CGImage {
    |                                                        `- error: cannot find type 'CGImage' in scope
352 |         let imageReference = image.cgImage!
353 |         let maskReference = maskImage.cgImage!
/Users/admin/builder/spi-builder-workspace/Source/render/NodeRenderer.swift:351:27: error: cannot find type 'MImage' in scope
349 |     }
350 |
351 |     func apply(maskImage: MImage, to image: MImage) -> CGImage {
    |                           `- error: cannot find type 'MImage' in scope
352 |         let imageReference = image.cgImage!
353 |         let maskReference = maskImage.cgImage!
/Users/admin/builder/spi-builder-workspace/Source/render/NodeRenderer.swift:351:45: error: cannot find type 'MImage' in scope
349 |     }
350 |
351 |     func apply(maskImage: MImage, to image: MImage) -> CGImage {
    |                                             `- error: cannot find type 'MImage' in scope
352 |         let imageReference = image.cgImage!
353 |         let maskReference = maskImage.cgImage!
/Users/admin/builder/spi-builder-workspace/Source/views/ShapeLayer.swift:9:19: error: cannot find type 'CAShapeLayer' in scope
 7 | #endif
 8 |
 9 | class ShapeLayer: CAShapeLayer {
   |                   `- error: cannot find type 'CAShapeLayer' in scope
10 |     weak var renderer: NodeRenderer?
11 |     var shouldRenderContent = true
/Users/admin/builder/spi-builder-workspace/Source/render/NodeRenderer.swift:27:22: error: value of type 'DrawingView' has no member 'mLayer'
 25 |     weak var view: DrawingView?
 26 |     var sceneLayer: CALayer? {
 27 |         return view?.mLayer
    |                      `- error: value of type 'DrawingView' has no member 'mLayer'
 28 |     }
 29 |     var layer: CachedLayer?
/Users/admin/builder/spi-builder-workspace/Source/render/NodeRenderer.swift:83:19: error: value of type 'DrawingView' has no member 'setNeedsDisplay'
 81 |             }
 82 |
 83 |             view?.setNeedsDisplay()
    |                   `- error: value of type 'DrawingView' has no member 'setNeedsDisplay'
 84 |         }
 85 |
/Users/admin/builder/spi-builder-workspace/Source/render/NodeRenderer.swift:222:26: error: cannot find 'CIImage' in scope
220 |         }
221 |
222 |         let shapeImage = CIImage(cgImage: shapeCGImage)
    |                          `- error: cannot find 'CIImage' in scope
223 |         var filteredImage = shapeImage
224 |         for effect in effects {
/Users/admin/builder/spi-builder-workspace/Source/render/NodeRenderer.swift:233:25: error: cannot find 'CIContext' in scope
231 |         }
232 |
233 |         let ciContext = CIContext(options: nil)
    |                         `- error: cannot find 'CIContext' in scope
234 |         let finalImage = ciContext.createCGImage(filteredImage, from: shapeImage.extent)!
235 |         context.draw(finalImage, in: CGRect(x: bounds.x - inset / 2, y: bounds.y - inset / 2, width: bounds.w + inset, height: bounds.h + inset))
/Users/admin/builder/spi-builder-workspace/Source/render/NodeRenderer.swift:239:22: error: cannot find 'CIFilter' in scope
237 |
238 |     fileprivate func applyBlur(_ image: CIImage, blur: GaussianBlur) -> CIImage {
239 |         let filter = CIFilter(name: "CIGaussianBlur")!
    |                      `- error: cannot find 'CIFilter' in scope
240 |         filter.setDefaults()
241 |         filter.setValue(Int(blur.r), forKey: kCIInputRadiusKey)
/Users/admin/builder/spi-builder-workspace/Source/render/NodeRenderer.swift:241:46: error: cannot find 'kCIInputRadiusKey' in scope
239 |         let filter = CIFilter(name: "CIGaussianBlur")!
240 |         filter.setDefaults()
241 |         filter.setValue(Int(blur.r), forKey: kCIInputRadiusKey)
    |                                              `- error: cannot find 'kCIInputRadiusKey' in scope
242 |         filter.setValue(image, forKey: kCIInputImageKey)
243 |         return filter.outputImage!
/Users/admin/builder/spi-builder-workspace/Source/render/NodeRenderer.swift:242:40: error: cannot find 'kCIInputImageKey' in scope
240 |         filter.setDefaults()
241 |         filter.setValue(Int(blur.r), forKey: kCIInputRadiusKey)
242 |         filter.setValue(image, forKey: kCIInputImageKey)
    |                                        `- error: cannot find 'kCIInputImageKey' in scope
243 |         return filter.outputImage!
244 |     }
/Users/admin/builder/spi-builder-workspace/Source/render/NodeRenderer.swift:248:22: error: cannot find 'CIFilter' in scope
246 |     fileprivate func applyColorMatrix(_ image: CIImage, colorMatrixEffect: ColorMatrixEffect) -> CIImage {
247 |         let matrix = colorMatrixEffect.matrix.values.map { CGFloat($0) }
248 |         let filter = CIFilter(name: "CIColorMatrix")!
    |                      `- error: cannot find 'CIFilter' in scope
249 |         filter.setDefaults()
250 |         filter.setValue(CIVector(x: matrix[0], y: matrix[1], z: matrix[2], w: matrix[3]), forKey: "inputRVector")
/Users/admin/builder/spi-builder-workspace/Source/render/NodeRenderer.swift:250:25: error: cannot find 'CIVector' in scope
248 |         let filter = CIFilter(name: "CIColorMatrix")!
249 |         filter.setDefaults()
250 |         filter.setValue(CIVector(x: matrix[0], y: matrix[1], z: matrix[2], w: matrix[3]), forKey: "inputRVector")
    |                         `- error: cannot find 'CIVector' in scope
251 |         filter.setValue(CIVector(x: matrix[5], y: matrix[6], z: matrix[7], w: matrix[8]), forKey: "inputGVector")
252 |         filter.setValue(CIVector(x: matrix[10], y: matrix[11], z: matrix[12], w: matrix[13]), forKey: "inputBVector")
/Users/admin/builder/spi-builder-workspace/Source/render/NodeRenderer.swift:251:25: error: cannot find 'CIVector' in scope
249 |         filter.setDefaults()
250 |         filter.setValue(CIVector(x: matrix[0], y: matrix[1], z: matrix[2], w: matrix[3]), forKey: "inputRVector")
251 |         filter.setValue(CIVector(x: matrix[5], y: matrix[6], z: matrix[7], w: matrix[8]), forKey: "inputGVector")
    |                         `- error: cannot find 'CIVector' in scope
252 |         filter.setValue(CIVector(x: matrix[10], y: matrix[11], z: matrix[12], w: matrix[13]), forKey: "inputBVector")
253 |         filter.setValue(CIVector(x: matrix[15], y: matrix[16], z: matrix[17], w: matrix[18]), forKey: "inputAVector")
SwiftCompile normal arm64 Compiling\ AnimOperators.swift,\ ContentsInterpolation.swift,\ DoubleInterpolation.swift,\ FillInterpolation.swift,\ Interpolable.swift,\ LocusInterpolation.swift,\ ShapeInterpolation.swift,\ StrokeInterpolation.swift,\ TransformInterpolation.swift,\ FuncBounds.swift,\ PathBounds.swift,\ PathFunctions.swift,\ AnimationSequence.swift,\ CombineAnimation.swift /Users/admin/builder/spi-builder-workspace/Source/animation/layer_animation/Extensions/AnimOperators.swift /Users/admin/builder/spi-builder-workspace/Source/animation/layer_animation/Extensions/ContentsInterpolation.swift /Users/admin/builder/spi-builder-workspace/Source/animation/layer_animation/Extensions/DoubleInterpolation.swift /Users/admin/builder/spi-builder-workspace/Source/animation/layer_animation/Extensions/FillInterpolation.swift /Users/admin/builder/spi-builder-workspace/Source/animation/layer_animation/Extensions/Interpolable.swift /Users/admin/builder/spi-builder-workspace/Source/animation/layer_animation/Extensions/LocusInterpolation.swift /Users/admin/builder/spi-builder-workspace/Source/animation/layer_animation/Extensions/ShapeInterpolation.swift /Users/admin/builder/spi-builder-workspace/Source/animation/layer_animation/Extensions/StrokeInterpolation.swift /Users/admin/builder/spi-builder-workspace/Source/animation/layer_animation/Extensions/TransformInterpolation.swift /Users/admin/builder/spi-builder-workspace/Source/animation/layer_animation/FuncBounds.swift /Users/admin/builder/spi-builder-workspace/Source/animation/layer_animation/PathBounds.swift /Users/admin/builder/spi-builder-workspace/Source/animation/layer_animation/PathFunctions.swift /Users/admin/builder/spi-builder-workspace/Source/animation/types/AnimationSequence.swift /Users/admin/builder/spi-builder-workspace/Source/animation/types/CombineAnimation.swift (in target 'Macaw' from project 'Macaw')
SwiftCompile normal arm64 /Users/admin/builder/spi-builder-workspace/Source/animation/layer_animation/Extensions/AnimOperators.swift (in target 'Macaw' from project 'Macaw')
    cd /Users/admin/builder/spi-builder-workspace/.swiftpm/xcode
    builtin-SwiftPerFileCompile AnimOperators.swift
SwiftCompile normal arm64 /Users/admin/builder/spi-builder-workspace/Source/animation/layer_animation/Extensions/ContentsInterpolation.swift (in target 'Macaw' from project 'Macaw')
    cd /Users/admin/builder/spi-builder-workspace/.swiftpm/xcode
    builtin-SwiftPerFileCompile ContentsInterpolation.swift
SwiftCompile normal arm64 /Users/admin/builder/spi-builder-workspace/Source/animation/layer_animation/Extensions/DoubleInterpolation.swift (in target 'Macaw' from project 'Macaw')
    cd /Users/admin/builder/spi-builder-workspace/.swiftpm/xcode
    builtin-SwiftPerFileCompile DoubleInterpolation.swift
SwiftCompile normal arm64 /Users/admin/builder/spi-builder-workspace/Source/animation/layer_animation/Extensions/FillInterpolation.swift (in target 'Macaw' from project 'Macaw')
    cd /Users/admin/builder/spi-builder-workspace/.swiftpm/xcode
    builtin-SwiftPerFileCompile FillInterpolation.swift
SwiftCompile normal arm64 /Users/admin/builder/spi-builder-workspace/Source/animation/layer_animation/Extensions/Interpolable.swift (in target 'Macaw' from project 'Macaw')
    cd /Users/admin/builder/spi-builder-workspace/.swiftpm/xcode
    builtin-SwiftPerFileCompile Interpolable.swift
SwiftCompile normal arm64 /Users/admin/builder/spi-builder-workspace/Source/animation/layer_animation/Extensions/LocusInterpolation.swift (in target 'Macaw' from project 'Macaw')
    cd /Users/admin/builder/spi-builder-workspace/.swiftpm/xcode
    builtin-SwiftPerFileCompile LocusInterpolation.swift
SwiftCompile normal arm64 /Users/admin/builder/spi-builder-workspace/Source/animation/layer_animation/Extensions/ShapeInterpolation.swift (in target 'Macaw' from project 'Macaw')
    cd /Users/admin/builder/spi-builder-workspace/.swiftpm/xcode
    builtin-SwiftPerFileCompile ShapeInterpolation.swift
SwiftCompile normal arm64 /Users/admin/builder/spi-builder-workspace/Source/animation/layer_animation/Extensions/StrokeInterpolation.swift (in target 'Macaw' from project 'Macaw')
    cd /Users/admin/builder/spi-builder-workspace/.swiftpm/xcode
    builtin-SwiftPerFileCompile StrokeInterpolation.swift
SwiftCompile normal arm64 /Users/admin/builder/spi-builder-workspace/Source/animation/layer_animation/Extensions/TransformInterpolation.swift (in target 'Macaw' from project 'Macaw')
    cd /Users/admin/builder/spi-builder-workspace/.swiftpm/xcode
    builtin-SwiftPerFileCompile TransformInterpolation.swift
SwiftCompile normal arm64 /Users/admin/builder/spi-builder-workspace/Source/animation/layer_animation/FuncBounds.swift (in target 'Macaw' from project 'Macaw')
    cd /Users/admin/builder/spi-builder-workspace/.swiftpm/xcode
    builtin-SwiftPerFileCompile FuncBounds.swift
SwiftCompile normal arm64 /Users/admin/builder/spi-builder-workspace/Source/animation/layer_animation/PathBounds.swift (in target 'Macaw' from project 'Macaw')
    cd /Users/admin/builder/spi-builder-workspace/.swiftpm/xcode
    builtin-SwiftPerFileCompile PathBounds.swift
SwiftCompile normal arm64 /Users/admin/builder/spi-builder-workspace/Source/animation/layer_animation/PathFunctions.swift (in target 'Macaw' from project 'Macaw')
    cd /Users/admin/builder/spi-builder-workspace/.swiftpm/xcode
    builtin-SwiftPerFileCompile PathFunctions.swift
SwiftCompile normal arm64 /Users/admin/builder/spi-builder-workspace/Source/animation/types/AnimationSequence.swift (in target 'Macaw' from project 'Macaw')
    cd /Users/admin/builder/spi-builder-workspace/.swiftpm/xcode
    builtin-SwiftPerFileCompile AnimationSequence.swift
SwiftCompile normal arm64 /Users/admin/builder/spi-builder-workspace/Source/animation/types/CombineAnimation.swift (in target 'Macaw' from project 'Macaw')
    cd /Users/admin/builder/spi-builder-workspace/.swiftpm/xcode
    builtin-SwiftPerFileCompile CombineAnimation.swift
SwiftCompile normal arm64 Compiling\ MCAMediaTimingFillMode_iOS.swift,\ MCAMediaTimingFillMode_macOS.swift,\ MCAMediaTimingFunctionName_iOS.swift,\ MCAMediaTimingFunctionName_macOS.swift,\ MCAShapeLayerLineCap_iOS.swift,\ MCAShapeLayerLineCap_macOS.swift,\ MCAShapeLayerLineJoin_iOS.swift,\ MCAShapeLayerLineJoin_macOS.swift,\ AnimatableVariable.swift,\ Animation.swift,\ AnimationImpl.swift,\ AnimationProducer.swift,\ AnimationUtils.swift,\ Easing.swift /Users/admin/builder/spi-builder-workspace/Source/MCAMediaTimingFillMode_iOS.swift /Users/admin/builder/spi-builder-workspace/Source/MCAMediaTimingFillMode_macOS.swift /Users/admin/builder/spi-builder-workspace/Source/MCAMediaTimingFunctionName_iOS.swift /Users/admin/builder/spi-builder-workspace/Source/MCAMediaTimingFunctionName_macOS.swift /Users/admin/builder/spi-builder-workspace/Source/MCAShapeLayerLineCap_iOS.swift /Users/admin/builder/spi-builder-workspace/Source/MCAShapeLayerLineCap_macOS.swift /Users/admin/builder/spi-builder-workspace/Source/MCAShapeLayerLineJoin_iOS.swift /Users/admin/builder/spi-builder-workspace/Source/MCAShapeLayerLineJoin_macOS.swift /Users/admin/builder/spi-builder-workspace/Source/animation/AnimatableVariable.swift /Users/admin/builder/spi-builder-workspace/Source/animation/Animation.swift /Users/admin/builder/spi-builder-workspace/Source/animation/AnimationImpl.swift /Users/admin/builder/spi-builder-workspace/Source/animation/AnimationProducer.swift /Users/admin/builder/spi-builder-workspace/Source/animation/AnimationUtils.swift /Users/admin/builder/spi-builder-workspace/Source/animation/Easing.swift (in target 'Macaw' from project 'Macaw')
SwiftCompile normal arm64 /Users/admin/builder/spi-builder-workspace/Source/MCAMediaTimingFillMode_iOS.swift (in target 'Macaw' from project 'Macaw')
    cd /Users/admin/builder/spi-builder-workspace/.swiftpm/xcode
    builtin-SwiftPerFileCompile MCAMediaTimingFillMode_iOS.swift
SwiftCompile normal arm64 /Users/admin/builder/spi-builder-workspace/Source/MCAMediaTimingFillMode_macOS.swift (in target 'Macaw' from project 'Macaw')
    cd /Users/admin/builder/spi-builder-workspace/.swiftpm/xcode
    builtin-SwiftPerFileCompile MCAMediaTimingFillMode_macOS.swift
SwiftCompile normal arm64 /Users/admin/builder/spi-builder-workspace/Source/MCAMediaTimingFunctionName_iOS.swift (in target 'Macaw' from project 'Macaw')
    cd /Users/admin/builder/spi-builder-workspace/.swiftpm/xcode
    builtin-SwiftPerFileCompile MCAMediaTimingFunctionName_iOS.swift
SwiftCompile normal arm64 /Users/admin/builder/spi-builder-workspace/Source/MCAMediaTimingFunctionName_macOS.swift (in target 'Macaw' from project 'Macaw')
    cd /Users/admin/builder/spi-builder-workspace/.swiftpm/xcode
    builtin-SwiftPerFileCompile MCAMediaTimingFunctionName_macOS.swift
SwiftCompile normal arm64 /Users/admin/builder/spi-builder-workspace/Source/MCAShapeLayerLineCap_iOS.swift (in target 'Macaw' from project 'Macaw')
    cd /Users/admin/builder/spi-builder-workspace/.swiftpm/xcode
    builtin-SwiftPerFileCompile MCAShapeLayerLineCap_iOS.swift
SwiftCompile normal arm64 /Users/admin/builder/spi-builder-workspace/Source/MCAShapeLayerLineCap_macOS.swift (in target 'Macaw' from project 'Macaw')
    cd /Users/admin/builder/spi-builder-workspace/.swiftpm/xcode
    builtin-SwiftPerFileCompile MCAShapeLayerLineCap_macOS.swift
SwiftCompile normal arm64 /Users/admin/builder/spi-builder-workspace/Source/MCAShapeLayerLineJoin_iOS.swift (in target 'Macaw' from project 'Macaw')
    cd /Users/admin/builder/spi-builder-workspace/.swiftpm/xcode
    builtin-SwiftPerFileCompile MCAShapeLayerLineJoin_iOS.swift
SwiftCompile normal arm64 /Users/admin/builder/spi-builder-workspace/Source/MCAShapeLayerLineJoin_macOS.swift (in target 'Macaw' from project 'Macaw')
    cd /Users/admin/builder/spi-builder-workspace/.swiftpm/xcode
    builtin-SwiftPerFileCompile MCAShapeLayerLineJoin_macOS.swift
SwiftCompile normal arm64 /Users/admin/builder/spi-builder-workspace/Source/animation/AnimatableVariable.swift (in target 'Macaw' from project 'Macaw')
    cd /Users/admin/builder/spi-builder-workspace/.swiftpm/xcode
    builtin-SwiftPerFileCompile AnimatableVariable.swift
SwiftCompile normal arm64 /Users/admin/builder/spi-builder-workspace/Source/animation/Animation.swift (in target 'Macaw' from project 'Macaw')
    cd /Users/admin/builder/spi-builder-workspace/.swiftpm/xcode
    builtin-SwiftPerFileCompile Animation.swift
SwiftCompile normal arm64 /Users/admin/builder/spi-builder-workspace/Source/animation/AnimationImpl.swift (in target 'Macaw' from project 'Macaw')
    cd /Users/admin/builder/spi-builder-workspace/.swiftpm/xcode
    builtin-SwiftPerFileCompile AnimationImpl.swift
SwiftCompile normal arm64 /Users/admin/builder/spi-builder-workspace/Source/animation/AnimationProducer.swift (in target 'Macaw' from project 'Macaw')
    cd /Users/admin/builder/spi-builder-workspace/.swiftpm/xcode
    builtin-SwiftPerFileCompile AnimationProducer.swift
SwiftCompile normal arm64 /Users/admin/builder/spi-builder-workspace/Source/animation/AnimationUtils.swift (in target 'Macaw' from project 'Macaw')
    cd /Users/admin/builder/spi-builder-workspace/.swiftpm/xcode
    builtin-SwiftPerFileCompile AnimationUtils.swift
SwiftCompile normal arm64 /Users/admin/builder/spi-builder-workspace/Source/animation/Easing.swift (in target 'Macaw' from project 'Macaw')
    cd /Users/admin/builder/spi-builder-workspace/.swiftpm/xcode
    builtin-SwiftPerFileCompile Easing.swift
/Users/admin/builder/spi-builder-workspace/Source/animation/AnimationProducer.swift:92:37: error: value of type 'DrawingView' has no member 'mLayer'
 90 |         }
 91 |
 92 |         guard let layer = macawView.mLayer else {
    |                                     `- error: value of type 'DrawingView' has no member 'mLayer'
 93 |             return
 94 |         }
/Users/admin/builder/spi-builder-workspace/Source/animation/types/animation_generators/TransformGenerator.swift:9:98: error: cannot find type 'CALayer' in scope
  7 | #endif
  8 |
  9 | func addTransformAnimation(_ animation: BasicAnimation, _ context: AnimationContext, sceneLayer: CALayer?, completion: @escaping (() -> Void)) {
    |                                                                                                  `- error: cannot find type 'CALayer' in scope
 10 |     guard let transformAnimation = animation as? TransformAnimation else {
 11 |         return
/Users/admin/builder/spi-builder-workspace/Source/animation/types/animation_generators/OpacityGenerator.swift:9:96: error: cannot find type 'CALayer' in scope
  7 | #endif
  8 |
  9 | func addOpacityAnimation(_ animation: BasicAnimation, _ context: AnimationContext, sceneLayer: CALayer?, completion: @escaping (() -> Void)) {
    |                                                                                                `- error: cannot find type 'CALayer' in scope
 10 |     guard let opacityAnimation = animation as? OpacityAnimation else {
 11 |         return
/Users/admin/builder/spi-builder-workspace/Source/animation/types/animation_generators/MorphingGenerator.swift:17:97: error: cannot find type 'CALayer' in scope
 15 | #endif
 16 |
 17 | func addMorphingAnimation(_ animation: BasicAnimation, _ context: AnimationContext, sceneLayer: CALayer?, completion: @escaping (() -> Void)) {
    |                                                                                                 `- error: cannot find type 'CALayer' in scope
 18 |     guard let morphingAnimation = animation as? MorphingAnimation else {
 19 |         return
/Users/admin/builder/spi-builder-workspace/Source/animation/types/animation_generators/ShapeAnimationGenerator.swift:17:94: error: cannot find type 'CALayer' in scope
 15 | #endif
 16 |
 17 | func addShapeAnimation(_ animation: BasicAnimation, _ context: AnimationContext, sceneLayer: CALayer?, completion: @escaping (() -> Void)) {
    |                                                                                              `- error: cannot find type 'CALayer' in scope
 18 |     guard let shapeAnimation = animation as? ShapeAnimation else {
 19 |         return
/Users/admin/builder/spi-builder-workspace/Source/animation/types/animation_generators/PathAnimationGenerator.swift:16:93: error: cannot find type 'CALayer' in scope
14 | #endif
15 |
16 | func addPathAnimation(_ animation: BasicAnimation, _ context: AnimationContext, sceneLayer: CALayer, completion: @escaping (() -> Void)) {
   |                                                                                             `- error: cannot find type 'CALayer' in scope
17 |
18 |     guard let pathAnimation = animation as? PathAnimation, let shape = animation.node as? Shape, let renderer = animation.nodeRenderer else {
/Users/admin/builder/spi-builder-workspace/Source/animation/AnimationProducer.swift:262:27: error: cannot find 'MDisplayLink' in scope
260 |
261 |         if displayLink == nil {
262 |             displayLink = MDisplayLink()
    |                           `- error: cannot find 'MDisplayLink' in scope
263 |             displayLink?.startUpdates { [weak self] in
264 |                 DispatchQueue.main.async {
SwiftEmitModule normal arm64 Emitting\ module\ for\ Macaw (in target 'Macaw' from project 'Macaw')
/Users/admin/builder/spi-builder-workspace/Source/animation/types/animation_generators/MorphingGenerator.swift:17:97: error: cannot find type 'CALayer' in scope
 15 | #endif
 16 |
 17 | func addMorphingAnimation(_ animation: BasicAnimation, _ context: AnimationContext, sceneLayer: CALayer?, completion: @escaping (() -> Void)) {
    |                                                                                                 `- error: cannot find type 'CALayer' in scope
 18 |     guard let morphingAnimation = animation as? MorphingAnimation else {
 19 |         return
/Users/admin/builder/spi-builder-workspace/Source/animation/types/animation_generators/MorphingGenerator.swift:86:77: error: cannot find type 'CAAnimation' in scope
 84 | }
 85 |
 86 | fileprivate func pathAnimation(from: Locus, to: Locus, duration: Double) -> CAAnimation {
    |                                                                             `- error: cannot find type 'CAAnimation' in scope
 87 |
 88 |     let fromPath = from.toCGPath()
/Users/admin/builder/spi-builder-workspace/Source/animation/types/animation_generators/OpacityGenerator.swift:9:96: error: cannot find type 'CALayer' in scope
  7 | #endif
  8 |
  9 | func addOpacityAnimation(_ animation: BasicAnimation, _ context: AnimationContext, sceneLayer: CALayer?, completion: @escaping (() -> Void)) {
    |                                                                                                `- error: cannot find type 'CALayer' in scope
 10 |     guard let opacityAnimation = animation as? OpacityAnimation else {
 11 |         return
/Users/admin/builder/spi-builder-workspace/Source/animation/types/animation_generators/OpacityGenerator.swift:83:110: error: cannot find type 'CAAnimation' in scope
 81 | }
 82 |
 83 | func opacityAnimationByFunc(_ valueFunc: (Double) -> Double, duration: Double, offset: Double, fps: UInt) -> CAAnimation {
    |                                                                                                              `- error: cannot find type 'CAAnimation' in scope
 84 |
 85 |     var opacityValues = [Double]()
/Users/admin/builder/spi-builder-workspace/Source/animation/types/animation_generators/PathAnimationGenerator.swift:16:93: error: cannot find type 'CALayer' in scope
14 | #endif
15 |
16 | func addPathAnimation(_ animation: BasicAnimation, _ context: AnimationContext, sceneLayer: CALayer, completion: @escaping (() -> Void)) {
   |                                                                                             `- error: cannot find type 'CALayer' in scope
17 |
18 |     guard let pathAnimation = animation as? PathAnimation, let shape = animation.node as? Shape, let renderer = animation.nodeRenderer else {
/Users/admin/builder/spi-builder-workspace/Source/animation/types/animation_generators/PathAnimationGenerator.swift:65:121: error: cannot find type 'CAAnimation' in scope
63 | }
64 |
65 | fileprivate func generatePathAnimation(_ valueFunc: (Double) -> Double, duration: Double, offset: Double, fps: UInt) -> CAAnimation {
   |                                                                                                                         `- error: cannot find type 'CAAnimation' in scope
66 |
67 |     var strokeEndValues = [Double]()
/Users/admin/builder/spi-builder-workspace/Source/animation/types/animation_generators/ShapeAnimationGenerator.swift:17:94: error: cannot find type 'CALayer' in scope
 15 | #endif
 16 |
 17 | func addShapeAnimation(_ animation: BasicAnimation, _ context: AnimationContext, sceneLayer: CALayer?, completion: @escaping (() -> Void)) {
    |                                                                                              `- error: cannot find type 'CALayer' in scope
 18 |     guard let shapeAnimation = animation as? ShapeAnimation else {
 19 |         return
/Users/admin/builder/spi-builder-workspace/Source/animation/types/animation_generators/ShapeAnimationGenerator.swift:106:142: error: cannot find type 'CAAnimation' in scope
104 | }
105 |
106 | fileprivate func generateShapeAnimation(_ context: AnimationContext, from: Shape, to: Shape, animation: ShapeAnimation, duration: Double) -> CAAnimation {
    |                                                                                                                                              `- error: cannot find type 'CAAnimation' in scope
107 |
108 |     let group = CAAnimationGroup()
/Users/admin/builder/spi-builder-workspace/Source/animation/types/animation_generators/TimingFunction.swift:7:44: error: cannot find type 'CAMediaTimingFunction' in scope
 5 | #endif
 6 |
 7 | func caTimingFunction(_ easing: Easing) -> CAMediaTimingFunction {
   |                                            `- error: cannot find type 'CAMediaTimingFunction' in scope
 8 |     if easing === Easing.ease {
 9 |         return CAMediaTimingFunction(name: MCAMediaTimingFunctionName.default)
/Users/admin/builder/spi-builder-workspace/Source/animation/types/animation_generators/TransformGenerator.swift:9:98: error: cannot find type 'CALayer' in scope
  7 | #endif
  8 |
  9 | func addTransformAnimation(_ animation: BasicAnimation, _ context: AnimationContext, sceneLayer: CALayer?, completion: @escaping (() -> Void)) {
    |                                                                                                  `- error: cannot find type 'CALayer' in scope
 10 |     guard let transformAnimation = animation as? TransformAnimation else {
 11 |         return
/Users/admin/builder/spi-builder-workspace/Source/animation/types/animation_generators/TransformGenerator.swift:89:141: error: cannot find type 'CAAnimation' in scope
 87 | }
 88 |
 89 | func transformAnimationByFunc(_ animation: TransformAnimation, _ context: AnimationContext, duration: Double, offset: Double, fps: UInt) -> CAAnimation {
    |                                                                                                                                             `- error: cannot find type 'CAAnimation' in scope
 90 |
 91 |     let valueFunc = animation.getVFunc()
/Users/admin/builder/spi-builder-workspace/Source/events/TouchEvent.swift:23:19: error: cannot find type 'CGPoint' in scope
21 | class NodePath {
22 |     let node: Node
23 |     let location: CGPoint
   |                   `- error: cannot find type 'CGPoint' in scope
24 |     let parent: NodePath?
25 |
/Users/admin/builder/spi-builder-workspace/Source/events/TouchEvent.swift:26:32: error: cannot find type 'CGPoint' in scope
24 |     let parent: NodePath?
25 |
26 |     init(node: Node, location: CGPoint, parent: NodePath? = nil) {
   |                                `- error: cannot find type 'CGPoint' in scope
27 |         self.node = node
28 |         self.location = location
/Users/admin/builder/spi-builder-workspace/Source/views/MacawView.swift:14:23: error: cannot find type 'MView' in scope
 12 | ///
 13 |
 14 | open class MacawView: MView, MGestureRecognizerDelegate {
    |                       `- error: cannot find type 'MView' in scope
 15 |
 16 |     internal var drawingView = DrawingView()
/Users/admin/builder/spi-builder-workspace/Source/views/MacawView.swift:14:30: error: cannot find type 'MGestureRecognizerDelegate' in scope
 12 | ///
 13 |
 14 | open class MacawView: MView, MGestureRecognizerDelegate {
    |                              `- error: cannot find type 'MGestureRecognizerDelegate' in scope
 15 |
 16 |     internal var drawingView = DrawingView()
SwiftCompile normal arm64 (in target 'Macaw' from project 'Macaw')
    cd /Users/admin/builder/spi-builder-workspace/.swiftpm/xcode

SwiftCompile normal arm64 Compiling\ AlphaEffect.swift,\ AspectRatio.swift,\ Baseline.swift,\ BlendEffect.swift,\ Color.swift,\ ColorMatrix.swift,\ ColorMatrixEffect.swift,\ Drawable.swift,\ Effect.swift,\ Fill.swift,\ Font.swift,\ GaussianBlur.swift,\ Gradient.swift,\ LineCap.swift /Users/admin/builder/spi-builder-workspace/Source/model/draw/AlphaEffect.swift /Users/admin/builder/spi-builder-workspace/Source/model/draw/AspectRatio.swift /Users/admin/builder/spi-builder-workspace/Source/model/draw/Baseline.swift /Users/admin/builder/spi-builder-workspace/Source/model/draw/BlendEffect.swift /Users/admin/builder/spi-builder-workspace/Source/model/draw/Color.swift /Users/admin/builder/spi-builder-workspace/Source/model/draw/ColorMatrix.swift /Users/admin/builder/spi-builder-workspace/Source/model/draw/ColorMatrixEffect.swift /Users/admin/builder/spi-builder-workspace/Source/model/draw/Drawable.swift /Users/admin/builder/spi-builder-workspace/Source/model/draw/Effect.swift /Users/admin/builder/spi-builder-workspace/Source/model/draw/Fill.swift /Users/admin/builder/spi-builder-workspace/Source/model/draw/Font.swift /Users/admin/builder/spi-builder-workspace/Source/model/draw/GaussianBlur.swift /Users/admin/builder/spi-builder-workspace/Source/model/draw/Gradient.swift /Users/admin/builder/spi-builder-workspace/Source/model/draw/LineCap.swift (in target 'Macaw' from project 'Macaw')
SwiftCompile normal arm64 /Users/admin/builder/spi-builder-workspace/Source/model/draw/AlphaEffect.swift (in target 'Macaw' from project 'Macaw')
    cd /Users/admin/builder/spi-builder-workspace/.swiftpm/xcode
    builtin-SwiftPerFileCompile AlphaEffect.swift
SwiftCompile normal arm64 /Users/admin/builder/spi-builder-workspace/Source/model/draw/AspectRatio.swift (in target 'Macaw' from project 'Macaw')
    cd /Users/admin/builder/spi-builder-workspace/.swiftpm/xcode
    builtin-SwiftPerFileCompile AspectRatio.swift
SwiftCompile normal arm64 /Users/admin/builder/spi-builder-workspace/Source/model/draw/Baseline.swift (in target 'Macaw' from project 'Macaw')
    cd /Users/admin/builder/spi-builder-workspace/.swiftpm/xcode
    builtin-SwiftPerFileCompile Baseline.swift
SwiftCompile normal arm64 /Users/admin/builder/spi-builder-workspace/Source/model/draw/BlendEffect.swift (in target 'Macaw' from project 'Macaw')
    cd /Users/admin/builder/spi-builder-workspace/.swiftpm/xcode
    builtin-SwiftPerFileCompile BlendEffect.swift
SwiftCompile normal arm64 /Users/admin/builder/spi-builder-workspace/Source/model/draw/Color.swift (in target 'Macaw' from project 'Macaw')
    cd /Users/admin/builder/spi-builder-workspace/.swiftpm/xcode
    builtin-SwiftPerFileCompile Color.swift
SwiftCompile normal arm64 /Users/admin/builder/spi-builder-workspace/Source/model/draw/ColorMatrix.swift (in target 'Macaw' from project 'Macaw')
    cd /Users/admin/builder/spi-builder-workspace/.swiftpm/xcode
    builtin-SwiftPerFileCompile ColorMatrix.swift
SwiftCompile normal arm64 /Users/admin/builder/spi-builder-workspace/Source/model/draw/ColorMatrixEffect.swift (in target 'Macaw' from project 'Macaw')
    cd /Users/admin/builder/spi-builder-workspace/.swiftpm/xcode
    builtin-SwiftPerFileCompile ColorMatrixEffect.swift
SwiftCompile normal arm64 /Users/admin/builder/spi-builder-workspace/Source/model/draw/Drawable.swift (in target 'Macaw' from project 'Macaw')
    cd /Users/admin/builder/spi-builder-workspace/.swiftpm/xcode
    builtin-SwiftPerFileCompile Drawable.swift
SwiftCompile normal arm64 /Users/admin/builder/spi-builder-workspace/Source/model/draw/Effect.swift (in target 'Macaw' from project 'Macaw')
    cd /Users/admin/builder/spi-builder-workspace/.swiftpm/xcode
    builtin-SwiftPerFileCompile Effect.swift
SwiftCompile normal arm64 /Users/admin/builder/spi-builder-workspace/Source/model/draw/Fill.swift (in target 'Macaw' from project 'Macaw')
    cd /Users/admin/builder/spi-builder-workspace/.swiftpm/xcode
    builtin-SwiftPerFileCompile Fill.swift
SwiftCompile normal arm64 /Users/admin/builder/spi-builder-workspace/Source/model/draw/Font.swift (in target 'Macaw' from project 'Macaw')
    cd /Users/admin/builder/spi-builder-workspace/.swiftpm/xcode
    builtin-SwiftPerFileCompile Font.swift
SwiftCompile normal arm64 /Users/admin/builder/spi-builder-workspace/Source/model/draw/GaussianBlur.swift (in target 'Macaw' from project 'Macaw')
    cd /Users/admin/builder/spi-builder-workspace/.swiftpm/xcode
    builtin-SwiftPerFileCompile GaussianBlur.swift
SwiftCompile normal arm64 /Users/admin/builder/spi-builder-workspace/Source/model/draw/Gradient.swift (in target 'Macaw' from project 'Macaw')
    cd /Users/admin/builder/spi-builder-workspace/.swiftpm/xcode
    builtin-SwiftPerFileCompile Gradient.swift
SwiftCompile normal arm64 /Users/admin/builder/spi-builder-workspace/Source/model/draw/LineCap.swift (in target 'Macaw' from project 'Macaw')
    cd /Users/admin/builder/spi-builder-workspace/.swiftpm/xcode
    builtin-SwiftPerFileCompile LineCap.swift
SwiftCompile normal arm64 Compiling\ MoveTo.swift,\ Path.swift,\ PathBuilder.swift,\ PathSegment.swift,\ PathSegmentType.swift,\ Point.swift,\ Polygon.swift,\ Polyline.swift,\ Rect.swift,\ RoundRect.swift,\ Size.swift,\ Transform.swift,\ TransformedLocus.swift,\ Group.swift /Users/admin/builder/spi-builder-workspace/Source/model/geom2d/MoveTo.swift /Users/admin/builder/spi-builder-workspace/Source/model/geom2d/Path.swift /Users/admin/builder/spi-builder-workspace/Source/model/geom2d/PathBuilder.swift /Users/admin/builder/spi-builder-workspace/Source/model/geom2d/PathSegment.swift /Users/admin/builder/spi-builder-workspace/Source/model/geom2d/PathSegmentType.swift /Users/admin/builder/spi-builder-workspace/Source/model/geom2d/Point.swift /Users/admin/builder/spi-builder-workspace/Source/model/geom2d/Polygon.swift /Users/admin/builder/spi-builder-workspace/Source/model/geom2d/Polyline.swift /Users/admin/builder/spi-builder-workspace/Source/model/geom2d/Rect.swift /Users/admin/builder/spi-builder-workspace/Source/model/geom2d/RoundRect.swift /Users/admin/builder/spi-builder-workspace/Source/model/geom2d/Size.swift /Users/admin/builder/spi-builder-workspace/Source/model/geom2d/Transform.swift /Users/admin/builder/spi-builder-workspace/Source/model/geom2d/TransformedLocus.swift /Users/admin/builder/spi-builder-workspace/Source/model/scene/Group.swift (in target 'Macaw' from project 'Macaw')
SwiftCompile normal arm64 /Users/admin/builder/spi-builder-workspace/Source/model/geom2d/MoveTo.swift (in target 'Macaw' from project 'Macaw')
    cd /Users/admin/builder/spi-builder-workspace/.swiftpm/xcode
    builtin-SwiftPerFileCompile MoveTo.swift
SwiftCompile normal arm64 /Users/admin/builder/spi-builder-workspace/Source/model/geom2d/Path.swift (in target 'Macaw' from project 'Macaw')
    cd /Users/admin/builder/spi-builder-workspace/.swiftpm/xcode
    builtin-SwiftPerFileCompile Path.swift
SwiftCompile normal arm64 /Users/admin/builder/spi-builder-workspace/Source/model/geom2d/PathBuilder.swift (in target 'Macaw' from project 'Macaw')
    cd /Users/admin/builder/spi-builder-workspace/.swiftpm/xcode
    builtin-SwiftPerFileCompile PathBuilder.swift
SwiftCompile normal arm64 /Users/admin/builder/spi-builder-workspace/Source/model/geom2d/PathSegment.swift (in target 'Macaw' from project 'Macaw')
    cd /Users/admin/builder/spi-builder-workspace/.swiftpm/xcode
    builtin-SwiftPerFileCompile PathSegment.swift
SwiftCompile normal arm64 /Users/admin/builder/spi-builder-workspace/Source/model/geom2d/PathSegmentType.swift (in target 'Macaw' from project 'Macaw')
    cd /Users/admin/builder/spi-builder-workspace/.swiftpm/xcode
    builtin-SwiftPerFileCompile PathSegmentType.swift
SwiftCompile normal arm64 /Users/admin/builder/spi-builder-workspace/Source/model/geom2d/Point.swift (in target 'Macaw' from project 'Macaw')
    cd /Users/admin/builder/spi-builder-workspace/.swiftpm/xcode
    builtin-SwiftPerFileCompile Point.swift
SwiftCompile normal arm64 /Users/admin/builder/spi-builder-workspace/Source/model/geom2d/Polygon.swift (in target 'Macaw' from project 'Macaw')
    cd /Users/admin/builder/spi-builder-workspace/.swiftpm/xcode
    builtin-SwiftPerFileCompile Polygon.swift
SwiftCompile normal arm64 /Users/admin/builder/spi-builder-workspace/Source/model/geom2d/Polyline.swift (in target 'Macaw' from project 'Macaw')
    cd /Users/admin/builder/spi-builder-workspace/.swiftpm/xcode
    builtin-SwiftPerFileCompile Polyline.swift
SwiftCompile normal arm64 /Users/admin/builder/spi-builder-workspace/Source/model/geom2d/Rect.swift (in target 'Macaw' from project 'Macaw')
    cd /Users/admin/builder/spi-builder-workspace/.swiftpm/xcode
    builtin-SwiftPerFileCompile Rect.swift
SwiftCompile normal arm64 /Users/admin/builder/spi-builder-workspace/Source/model/geom2d/RoundRect.swift (in target 'Macaw' from project 'Macaw')
    cd /Users/admin/builder/spi-builder-workspace/.swiftpm/xcode
    builtin-SwiftPerFileCompile RoundRect.swift
SwiftCompile normal arm64 /Users/admin/builder/spi-builder-workspace/Source/model/geom2d/Size.swift (in target 'Macaw' from project 'Macaw')
    cd /Users/admin/builder/spi-builder-workspace/.swiftpm/xcode
    builtin-SwiftPerFileCompile Size.swift
SwiftCompile normal arm64 /Users/admin/builder/spi-builder-workspace/Source/model/geom2d/Transform.swift (in target 'Macaw' from project 'Macaw')
    cd /Users/admin/builder/spi-builder-workspace/.swiftpm/xcode
    builtin-SwiftPerFileCompile Transform.swift
SwiftCompile normal arm64 /Users/admin/builder/spi-builder-workspace/Source/model/geom2d/TransformedLocus.swift (in target 'Macaw' from project 'Macaw')
    cd /Users/admin/builder/spi-builder-workspace/.swiftpm/xcode
    builtin-SwiftPerFileCompile TransformedLocus.swift
SwiftCompile normal arm64 /Users/admin/builder/spi-builder-workspace/Source/model/scene/Group.swift (in target 'Macaw' from project 'Macaw')
    cd /Users/admin/builder/spi-builder-workspace/.swiftpm/xcode
    builtin-SwiftPerFileCompile Group.swift
PruneExplicitPrecompiledModules /Users/admin/builder/spi-builder-workspace/.derivedData/Build/Intermediates.noindex/ExplicitPrecompiledModules
PruneExplicitPrecompiledModules /Users/admin/builder/spi-builder-workspace/.derivedData/SDKExplicitPrecompiledModules
PruneExplicitPrecompiledModules /Users/admin/builder/spi-builder-workspace/.derivedData/Build/Intermediates.noindex/SwiftExplicitPrecompiledModules
2026-09-18 04:07:04.965 xcodebuild[820:5164] [MT] IDERunDestination: Supported platforms for the buildables in the current scheme is empty.
** BUILD FAILED **
The following build commands failed:
	SwiftCompile normal arm64 Compiling\ TimingFunction.swift,\ TransformGenerator.swift,\ Disposable.swift,\ GroupDisposable.swift,\ Variable.swift,\ Event.swift,\ PanEvent.swift,\ PinchEvent.swift,\ RotateEvent.swift,\ TapEvent.swift,\ TouchEvent.swift,\ MacawView+PDF.swift,\ ContentLayout.swift,\ Align.swift /Users/admin/builder/spi-builder-workspace/Source/animation/types/animation_generators/TimingFunction.swift /Users/admin/builder/spi-builder-workspace/Source/animation/types/animation_generators/TransformGenerator.swift /Users/admin/builder/spi-builder-workspace/Source/bindings/Disposable.swift /Users/admin/builder/spi-builder-workspace/Source/bindings/GroupDisposable.swift /Users/admin/builder/spi-builder-workspace/Source/bindings/Variable.swift /Users/admin/builder/spi-builder-workspace/Source/events/Event.swift /Users/admin/builder/spi-builder-workspace/Source/events/PanEvent.swift /Users/admin/builder/spi-builder-workspace/Source/events/PinchEvent.swift /Users/admin/builder/spi-builder-workspace/Source/events/RotateEvent.swift /Users/admin/builder/spi-builder-workspace/Source/events/TapEvent.swift /Users/admin/builder/spi-builder-workspace/Source/events/TouchEvent.swift /Users/admin/builder/spi-builder-workspace/Source/export/MacawView+PDF.swift /Users/admin/builder/spi-builder-workspace/Source/layout/ContentLayout.swift /Users/admin/builder/spi-builder-workspace/Source/model/draw/Align.swift (in target 'Macaw' from project 'Macaw')
	SwiftCompile normal arm64 /Users/admin/builder/spi-builder-workspace/Source/animation/types/animation_generators/TimingFunction.swift (in target 'Macaw' from project 'Macaw')
	SwiftCompile normal arm64 /Users/admin/builder/spi-builder-workspace/Source/animation/types/animation_generators/TransformGenerator.swift (in target 'Macaw' from project 'Macaw')
	SwiftCompile normal arm64 /Users/admin/builder/spi-builder-workspace/Source/events/TouchEvent.swift (in target 'Macaw' from project 'Macaw')
	SwiftCompile normal arm64 /Users/admin/builder/spi-builder-workspace/Source/export/MacawView+PDF.swift (in target 'Macaw' from project 'Macaw')
	SwiftCompile normal arm64 /Users/admin/builder/spi-builder-workspace/Source/layout/ContentLayout.swift (in target 'Macaw' from project 'Macaw')
	Building workspace Macaw with scheme Macaw
(7 failures)
BUILD FAILURE 6.4 tvOS