The Swift Package Index logo.Swift Package Index

Build Information

Failed to build Rideau, reference 2.5.1 (4332dd), with Swift 6.1 for watchOS using Xcode 16.3 on 13 Oct 2026 06:56:27 UTC.

Build Command

No build command. This typically means the build failed at an early stage where we determine the build command.

Build Log

========================================
RunAll
========================================
Builder version: 5.1.1
Interrupt handler set up.
========================================
Checkout
========================================
Clone URL: https://github.com/FluidGroup/Rideau.git
Reference: 2.5.1
Initialized empty Git repository in /Users/admin/builder/spi-builder-workspace/.git/
From https://github.com/FluidGroup/Rideau
 * tag               2.5.1      -> FETCH_HEAD
HEAD is now at 4332dd6 Prepare 2.5.1 release from 2.5.0
Cloned https://github.com/FluidGroup/Rideau.git
Revision (git rev-parse @):
4332dd6901a750e04dcd2d1649734706bb2b545f
SUCCESS checkout https://github.com/FluidGroup/Rideau.git at 2.5.1
========================================
Build
========================================
Selected platform:         watchOS
Swift version:             6.1
Building package at path:  $PWD
https://github.com/FluidGroup/Rideau.git
https://github.com/FluidGroup/Rideau.git
{
  "dependencies" : [
  ],
  "manifest_display_name" : "Rideau",
  "name" : "Rideau",
  "path" : "/Users/admin/builder/spi-builder-workspace",
  "platforms" : [
    {
      "name" : "ios",
      "version" : "10.0"
    }
  ],
  "products" : [
    {
      "name" : "Rideau",
      "targets" : [
        "Rideau"
      ],
      "type" : {
        "library" : [
          "automatic"
        ]
      }
    }
  ],
  "targets" : [
    {
      "c99name" : "RideauTests",
      "module_type" : "SwiftTarget",
      "name" : "RideauTests",
      "path" : "Tests/RideauTests",
      "sources" : [
        "AdaptiveSheetTests.swift",
        "HorizontalLayoutTests.swift",
        "PresentationLayoutTests.swift",
        "SelfSizingLayoutTests.swift"
      ],
      "target_dependencies" : [
        "Rideau"
      ],
      "type" : "test"
    },
    {
      "c99name" : "Rideau",
      "module_type" : "SwiftTarget",
      "name" : "Rideau",
      "path" : "Rideau",
      "product_memberships" : [
        "Rideau"
      ],
      "sources" : [
        "Core/HorizontalLayout.swift",
        "Core/InternalUtils.swift",
        "Core/RideauContentContainerView.swift",
        "Core/RideauContentType.swift",
        "Core/RideauHostingView.swift",
        "Core/RideauSnapPoint.swift",
        "Core/RideauTouchThroughView.swift",
        "Core/RideauTransitionController.swift",
        "Core/RideauView.swift",
        "Core/RideauViewController.swift",
        "Core/RideauViewDragGestureRecognizer.swift",
        "Core/ScrollController.swift",
        "Core/TransitionPatch.swift",
        "Logger.swift",
        "Plugin/RideauMaskedCornerRoundedView.swift",
        "Plugin/RideauMaskedCornerRoundedViewController.swift",
        "Plugin/RideauThumbView.swift"
      ],
      "type" : "library"
    }
  ],
  "tools_version" : "5.5"
}
Command line invocation:
    /Applications/Xcode-16.3.0.app/Contents/Developer/usr/bin/xcodebuild -IDEClonedSourcePackagesDirPathOverride=/Users/admin/builder/spi-builder-workspace/.dependencies -resolvePackageDependencies
Resolve Package Graph
Fetching from https://github.com/eure/swift-storybook
Fetching from https://github.com/FluidGroup/MondrianLayout.git
Fetching from https://github.com/nakiostudio/EasyPeasy.git
Fetching from https://github.com/FluidGroup/StackScrollView
Creating working copy of package ‘EasyPeasy’
Checking out 1.10.0 of package ‘EasyPeasy’
Creating working copy of package ‘MondrianLayout’
Checking out 0.10.0 of package ‘MondrianLayout’
Creating working copy of package ‘swift-storybook’
Checking out 3.2.2 of package ‘swift-storybook’
Creating working copy of package ‘StackScrollView’
Checking out 1.6.3 of package ‘StackScrollView’
package 'swift-storybook' @ 3.2.2 is using Swift tools version 6.3.0 but the installed version is 6.1.0fatalError
2026-10-12 23:56:26.315 xcodebuild[528:3057] Writing error result bundle to /var/folders/5k/5yc19ymj0jqd5v0zvgfqz0xw0000gn/T/ResultBundle_2026-12-10_23-56-0026.xcresult
xcodebuild: error: Could not resolve package dependencies:
  package 'swift-storybook' @ 3.2.2 is using Swift tools version 6.3.0 but the installed version is 6.1.0
  fatalError
Command line invocation:
    /Applications/Xcode-16.3.0.app/Contents/Developer/usr/bin/xcodebuild -IDEClonedSourcePackagesDirPathOverride=/Users/admin/builder/spi-builder-workspace/.dependencies -resolvePackageDependencies
Resolve Package Graph
package 'swift-storybook' @ 3.2.2 is using Swift tools version 6.3.0 but the installed version is 6.1.0fatalError
2026-10-12 23:56:27.116 xcodebuild[750:4129] Writing error result bundle to /var/folders/5k/5yc19ymj0jqd5v0zvgfqz0xw0000gn/T/ResultBundle_2026-12-10_23-56-0027.xcresult
xcodebuild: error: Could not resolve package dependencies:
  package 'swift-storybook' @ 3.2.2 is using Swift tools version 6.3.0 but the installed version is 6.1.0
  fatalError
BUILD FAILURE 6.1 watchOS