The Swift Package Index logo.Swift Package Index

Build Information

Failed to build ImageKit, reference v1.0.5 (fcdffa), with Swift 6.4 for watchOS using Xcode 27.0 on 24 Sep 2026 15:35:08 UTC.

Build Command

No build command. This typically means the build failed at an early stage where we determine the build command.

Build Log

========================================
RunAll
========================================
Builder version: 5.1.0
Interrupt handler set up.
========================================
Checkout
========================================
Clone URL: https://github.com/ErsanQ/ImageKit.git
Reference: v1.0.5
Initialized empty Git repository in /Users/admin/builder/spi-builder-workspace/.git/
From https://github.com/ErsanQ/ImageKit
 * tag               v1.0.5     -> FETCH_HEAD
HEAD is now at fcdffa3 chore: architecture hardening & clean v1.0.5 release
Cloned https://github.com/ErsanQ/ImageKit.git
Revision (git rev-parse @):
fcdffa30d466fe7a1dbc1ce6d7bd17905478d35f
SPI manifest file found: $PWD/.spi.yml
SUCCESS checkout https://github.com/ErsanQ/ImageKit.git at v1.0.5
========================================
Build
========================================
Selected platform:         watchOS
Swift version:             6.4
Building package at path:  $PWD
https://github.com/ErsanQ/ImageKit.git
Command line invocation:
    /Applications/Xcode-27.0.0-Release.Candidate.app/Contents/Developer/usr/bin/xcodebuild -IDEClonedSourcePackagesDirPathOverride=/Users/admin/builder/spi-builder-workspace/.dependencies -resolvePackageDependencies
Resolve Package Graph
the package at '/Users/admin/builder/DesignSystemKit' cannot be accessed (/Users/admin/builder/DesignSystemKit doesn't exist in file system)
Resolve Package Graph
the package at '/Users/admin/builder/DesignSystemKit' cannot be accessed (/Users/admin/builder/DesignSystemKit doesn't exist in file system)
Resolved source packages:
  spi-builder-workspace: (null)
2026-09-24 11:35:07.092 xcodebuild[525:3003] Writing error result bundle to /var/folders/xq/y_g06wb113726d38xsyx71_h0000gn/T/ResultBundle_2026-24-09_11-35-0007.xcresult
xcodebuild: error: Could not resolve package dependencies:
  the package at '/Users/admin/builder/DesignSystemKit' cannot be accessed (/Users/admin/builder/DesignSystemKit doesn't exist in file system)
Command line invocation:
    /Applications/Xcode-27.0.0-Release.Candidate.app/Contents/Developer/usr/bin/xcodebuild -IDEClonedSourcePackagesDirPathOverride=/Users/admin/builder/spi-builder-workspace/.dependencies -resolvePackageDependencies
Resolve Package Graph
the package at '/Users/admin/builder/DesignSystemKit' cannot be accessed (/Users/admin/builder/DesignSystemKit doesn't exist in file system)
Resolved source packages:
  spi-builder-workspace: (null)
2026-09-24 11:35:08.220 xcodebuild[593:3613] Writing error result bundle to /var/folders/xq/y_g06wb113726d38xsyx71_h0000gn/T/ResultBundle_2026-24-09_11-35-0008.xcresult
xcodebuild: error: Could not resolve package dependencies:
  the package at '/Users/admin/builder/DesignSystemKit' cannot be accessed (/Users/admin/builder/DesignSystemKit doesn't exist in file system)
BUILD FAILURE 6.4 watchOS