The Swift Package Index logo.Swift Package Index

Build Information

Failed to build SwiftWeather, reference 3.0.0 (827b5b), with Swift 6.4 for watchOS using Xcode 27.0 on 20 Sep 2026 20:32:33 UTC.

Build Command

env DEVELOPER_DIR=/Applications/Xcode-27.0.0-Release.Candidate.app xcrun xcodebuild -IDEClonedSourcePackagesDirPathOverride=$PWD/.dependencies -skipMacroValidation -skipPackagePluginValidation -derivedDataPath $PWD/.derivedData build -scheme SwiftWeather -destination generic/platform=watchOS

Build Log

========================================
RunAll
========================================
Builder version: 5.1.0
Interrupt handler set up.
========================================
Checkout
========================================
Clone URL: https://github.com/wadetregaskis/SwiftWeather.git
Reference: 3.0.0
Initialized empty Git repository in /Users/admin/builder/spi-builder-workspace/.git/
From https://github.com/wadetregaskis/SwiftWeather
 * tag               3.0.0      -> FETCH_HEAD
HEAD is now at 827b5b3 Added "Unit" prefixes to the custom units, as it Foundation's convention.
Cloned https://github.com/wadetregaskis/SwiftWeather.git
Revision (git rev-parse @):
827b5b3dbd27c9362bc3517e28d668e9cf735180
SPI manifest file found: $PWD/.spi.yml
SUCCESS checkout https://github.com/wadetregaskis/SwiftWeather.git at 3.0.0
========================================
Build
========================================
Selected platform:         watchOS
Swift version:             6.4
Building package at path:  $PWD
https://github.com/wadetregaskis/SwiftWeather.git
Command line invocation:
    /Applications/Xcode-27.0.0-Release.Candidate.app/Contents/Developer/usr/bin/xcodebuild -IDEClonedSourcePackagesDirPathOverride=/Users/admin/builder/spi-builder-workspace/.dependencies -resolvePackageDependencies
Resolve Package Graph
Resolve Package Graph
Resolved source packages:
  SwiftWeather: /Users/admin/builder/spi-builder-workspace
resolved source packages: SwiftWeather
2026-09-20 16:31:51.295 xcodebuild[529:3032] [MT] IDERunDestination: Supported platforms for the buildables in the current scheme is empty.
{
  "dependencies" : [
  ],
  "manifest_display_name" : "SwiftWeather",
  "name" : "SwiftWeather",
  "path" : "/Users/admin/builder/spi-builder-workspace",
  "platforms" : [
    {
      "name" : "macos",
      "version" : "12.0"
    },
    {
      "name" : "ios",
      "version" : "15.0"
    },
    {
      "name" : "tvos",
      "version" : "15.0"
    }
  ],
  "products" : [
    {
      "name" : "SwiftWeather",
      "targets" : [
        "SwiftWeather"
      ],
      "type" : {
        "library" : [
          "automatic"
        ]
      }
    }
  ],
  "targets" : [
    {
      "c99name" : "SwiftWeather",
      "module_type" : "SwiftTarget",
      "name" : "SwiftWeather",
      "path" : "Sources/SwiftWeather",
      "product_memberships" : [
        "SwiftWeather"
      ],
      "sources" : [
        "AmbientWeather/AmbientWeather.swift",
        "AmbientWeather/AmbientWeatherDevice.swift",
        "AmbientWeather/AmbientWeatherReport.swift",
        "AmbientWeather/AmbientWeatherSensor.swift",
        "AmbientWeather/AmbientWeatherStationGeoType.swift",
        "AmbientWeather/AmbientWeatherStationGeolocation.swift",
        "AmbientWeather/AmbientWeatherStationInfo.swift",
        "Extensions/Data+String.swift",
        "Extensions/Unit+Custom.swift",
        "Helpers/Zip.swift",
        "SwiftWeather.swift",
        "WeatherErrors.swift",
        "WeatherSensor.swift",
        "Wunderground/Wunderground.swift",
        "Wunderground/WundergroundCurrentReport.swift",
        "Wunderground/WundergroundDevice.swift",
        "Wunderground/WundergroundError.swift"
      ],
      "type" : "library"
    }
  ],
  "tools_version" : "5.10"
}
{
  "workspace" : {
    "name" : "SwiftWeather",
    "schemes" : [
      "SwiftWeather"
    ]
  }
}
2026-09-20 16:32:23.370 xcodebuild[628:3878] [MT] IDERunDestination: Supported platforms for the buildables in the current scheme is empty.
Running build ...
env DEVELOPER_DIR=/Applications/Xcode-27.0.0-Release.Candidate.app xcrun xcodebuild -IDEClonedSourcePackagesDirPathOverride=$PWD/.dependencies -skipMacroValidation -skipPackagePluginValidation -derivedDataPath $PWD/.derivedData build -scheme SwiftWeather -destination generic/platform=watchOS
Command line invocation:
    /Applications/Xcode-27.0.0-Release.Candidate.app/Contents/Developer/usr/bin/xcodebuild -IDEClonedSourcePackagesDirPathOverride=/Users/admin/builder/spi-builder-workspace/.dependencies -skipMacroValidation -skipPackagePluginValidation -derivedDataPath /Users/admin/builder/spi-builder-workspace/.derivedData build -scheme SwiftWeather -destination generic/platform=watchOS
Resolve Package Graph
Resolved source packages:
  SwiftWeather: /Users/admin/builder/spi-builder-workspace
ComputePackagePrebuildTargetDependencyGraph
Prepare packages
CreateBuildRequest
SendProjectDescription
CreateBuildOperation
ComputeTargetDependencyGraph
note: Building targets in dependency order
note: Target dependency graph (2 targets)
    Target 'SwiftWeather-product' in project 'SwiftWeather'
        ➜ Explicit dependency on target 'SwiftWeather' in project 'SwiftWeather'
    Target 'SwiftWeather' in project 'SwiftWeather' (no dependencies)
GatherProvisioningInputs
CreateBuildDescription
ExecuteExternalTool /Applications/Xcode-27.0.0-Release.Candidate.app/Contents/Developer/Toolchains/XcodeDefault.xctoolchain/usr/bin/clang -v -E -dM -isysroot /Applications/Xcode-27.0.0-Release.Candidate.app/Contents/Developer/Platforms/WatchOS.platform/Developer/SDKs/WatchOS27.0.sdk -x c -c /dev/null
ExecuteExternalTool /Applications/Xcode-27.0.0-Release.Candidate.app/Contents/Developer/Toolchains/XcodeDefault.xctoolchain/usr/bin/swiftc --version
ExecuteExternalTool /Applications/Xcode-27.0.0-Release.Candidate.app/Contents/Developer/Toolchains/XcodeDefault.xctoolchain/usr/bin/ld -version_details
Build description signature: 8b2a3c976e7f6ea0b4669b73544b42c4
Build description path: /Users/admin/builder/spi-builder-workspace/.derivedData/Build/Intermediates.noindex/XCBuildData/8b2a3c976e7f6ea0b4669b73544b42c4.xcbuilddata
CreateBuildDirectory /Users/admin/builder/spi-builder-workspace/.derivedData/SDKExplicitPrecompiledModules
    cd /Users/admin/builder/spi-builder-workspace/.swiftpm/xcode
    builtin-create-build-directory /Users/admin/builder/spi-builder-workspace/.derivedData/SDKExplicitPrecompiledModules
CreateBuildDirectory /Users/admin/builder/spi-builder-workspace/.derivedData/CompilationCache.noindex
    cd /Users/admin/builder/spi-builder-workspace/.swiftpm/xcode
    builtin-create-build-directory /Users/admin/builder/spi-builder-workspace/.derivedData/CompilationCache.noindex
CreateBuildDirectory /Users/admin/builder/spi-builder-workspace/.derivedData/ModuleCache.noindex
    cd /Users/admin/builder/spi-builder-workspace/.swiftpm/xcode
    builtin-create-build-directory /Users/admin/builder/spi-builder-workspace/.derivedData/ModuleCache.noindex
ClangStatCache /Applications/Xcode-27.0.0-Release.Candidate.app/Contents/Developer/Toolchains/XcodeDefault.xctoolchain/usr/bin/clang-stat-cache /Applications/Xcode-27.0.0-Release.Candidate.app/Contents/Developer/Platforms/WatchOS.platform/Developer/SDKs/WatchOS27.0.sdk /Users/admin/builder/spi-builder-workspace/.derivedData/SDKStatCaches.noindex/watchos27.0-24R360-e829b21a6f8c9b70876ba0858053c04477534ef55a1706bf4c1112bbb242f0a2.sdkstatcache
    cd /Users/admin/builder/spi-builder-workspace/.swiftpm/xcode
    /Applications/Xcode-27.0.0-Release.Candidate.app/Contents/Developer/Toolchains/XcodeDefault.xctoolchain/usr/bin/clang-stat-cache /Applications/Xcode-27.0.0-Release.Candidate.app/Contents/Developer/Platforms/WatchOS.platform/Developer/SDKs/WatchOS27.0.sdk -o /Users/admin/builder/spi-builder-workspace/.derivedData/SDKStatCaches.noindex/watchos27.0-24R360-e829b21a6f8c9b70876ba0858053c04477534ef55a1706bf4c1112bbb242f0a2.sdkstatcache
CreateBuildDirectory /Users/admin/builder/spi-builder-workspace/.derivedData/Build/Intermediates.noindex
    cd /Users/admin/builder/spi-builder-workspace/.swiftpm/xcode
    builtin-create-build-directory /Users/admin/builder/spi-builder-workspace/.derivedData/Build/Intermediates.noindex
CreateBuildDirectory /Users/admin/builder/spi-builder-workspace/.derivedData/Build/Products
    cd /Users/admin/builder/spi-builder-workspace/.swiftpm/xcode
    builtin-create-build-directory /Users/admin/builder/spi-builder-workspace/.derivedData/Build/Products
CreateBuildDirectory /Users/admin/builder/spi-builder-workspace/.derivedData/Build/Intermediates.noindex/SwiftExplicitPrecompiledModules
    cd /Users/admin/builder/spi-builder-workspace/.swiftpm/xcode
    builtin-create-build-directory /Users/admin/builder/spi-builder-workspace/.derivedData/Build/Intermediates.noindex/SwiftExplicitPrecompiledModules
CreateBuildDirectory /Users/admin/builder/spi-builder-workspace/.derivedData/Build/Intermediates.noindex/PrecompiledHeaders
    cd /Users/admin/builder/spi-builder-workspace/.swiftpm/xcode
    builtin-create-build-directory /Users/admin/builder/spi-builder-workspace/.derivedData/Build/Intermediates.noindex/PrecompiledHeaders
CreateBuildDirectory /Users/admin/builder/spi-builder-workspace/.derivedData/Build/Intermediates.noindex/ExplicitPrecompiledModules
    cd /Users/admin/builder/spi-builder-workspace/.swiftpm/xcode
    builtin-create-build-directory /Users/admin/builder/spi-builder-workspace/.derivedData/Build/Intermediates.noindex/ExplicitPrecompiledModules
CreateBuildDirectory /Users/admin/builder/spi-builder-workspace/.derivedData/Build/Intermediates.noindex/EagerLinkingTBDs/Debug-watchos
    cd /Users/admin/builder/spi-builder-workspace/.swiftpm/xcode
    builtin-create-build-directory /Users/admin/builder/spi-builder-workspace/.derivedData/Build/Intermediates.noindex/EagerLinkingTBDs/Debug-watchos
CreateBuildDirectory /Users/admin/builder/spi-builder-workspace/.derivedData/Build/Products/Debug-watchos
    cd /Users/admin/builder/spi-builder-workspace/.swiftpm/xcode
    builtin-create-build-directory /Users/admin/builder/spi-builder-workspace/.derivedData/Build/Products/Debug-watchos
CreateBuildDirectory /Users/admin/builder/spi-builder-workspace/.derivedData/Build/Products/Debug-watchos/PackageFrameworks
    cd /Users/admin/builder/spi-builder-workspace/.swiftpm/xcode
    builtin-create-build-directory /Users/admin/builder/spi-builder-workspace/.derivedData/Build/Products/Debug-watchos/PackageFrameworks
WriteAuxiliaryFile /Users/admin/builder/spi-builder-workspace/.derivedData/Build/Intermediates.noindex/SwiftWeather.build/Debug-watchos/SwiftWeather-t.build/SwiftWeather.DependencyStaticMetadataFileList (in target 'SwiftWeather' from project 'SwiftWeather')
    cd /Users/admin/builder/spi-builder-workspace
    write-file /Users/admin/builder/spi-builder-workspace/.derivedData/Build/Intermediates.noindex/SwiftWeather.build/Debug-watchos/SwiftWeather-t.build/SwiftWeather.DependencyStaticMetadataFileList
WriteAuxiliaryFile /Users/admin/builder/spi-builder-workspace/.derivedData/Build/Intermediates.noindex/SwiftWeather.build/Debug-watchos/SwiftWeather-t.build/SwiftWeather.DependencyMetadataFileList (in target 'SwiftWeather' from project 'SwiftWeather')
    cd /Users/admin/builder/spi-builder-workspace
    write-file /Users/admin/builder/spi-builder-workspace/.derivedData/Build/Intermediates.noindex/SwiftWeather.build/Debug-watchos/SwiftWeather-t.build/SwiftWeather.DependencyMetadataFileList
WriteAuxiliaryFile /Users/admin/builder/spi-builder-workspace/.derivedData/Build/Intermediates.noindex/SwiftWeather.build/Debug-watchos/SwiftWeather-t.build/SwiftWeather.modulemap (in target 'SwiftWeather' from project 'SwiftWeather')
    cd /Users/admin/builder/spi-builder-workspace
    write-file /Users/admin/builder/spi-builder-workspace/.derivedData/Build/Intermediates.noindex/SwiftWeather.build/Debug-watchos/SwiftWeather-t.build/SwiftWeather.modulemap
WriteAuxiliaryFile /Users/admin/builder/spi-builder-workspace/.derivedData/Build/Intermediates.noindex/SwiftWeather.build/Debug-watchos/SwiftWeather-t.build/Objects-normal/arm64_32/SwiftWeather-OutputFileMap.json (in target 'SwiftWeather' from project 'SwiftWeather')
    cd /Users/admin/builder/spi-builder-workspace
    write-file /Users/admin/builder/spi-builder-workspace/.derivedData/Build/Intermediates.noindex/SwiftWeather.build/Debug-watchos/SwiftWeather-t.build/Objects-normal/arm64_32/SwiftWeather-OutputFileMap.json
WriteAuxiliaryFile /Users/admin/builder/spi-builder-workspace/.derivedData/Build/Intermediates.noindex/SwiftWeather.build/Debug-watchos/SwiftWeather-t.build/Objects-normal/arm64_32/SwiftWeather.SwiftConstValuesFileList (in target 'SwiftWeather' from project 'SwiftWeather')
    cd /Users/admin/builder/spi-builder-workspace
    write-file /Users/admin/builder/spi-builder-workspace/.derivedData/Build/Intermediates.noindex/SwiftWeather.build/Debug-watchos/SwiftWeather-t.build/Objects-normal/arm64_32/SwiftWeather.SwiftConstValuesFileList
WriteAuxiliaryFile /Users/admin/builder/spi-builder-workspace/.derivedData/Build/Intermediates.noindex/SwiftWeather.build/Debug-watchos/SwiftWeather-t.build/Objects-normal/arm64_32/SwiftWeather.LinkFileList (in target 'SwiftWeather' from project 'SwiftWeather')
    cd /Users/admin/builder/spi-builder-workspace
    write-file /Users/admin/builder/spi-builder-workspace/.derivedData/Build/Intermediates.noindex/SwiftWeather.build/Debug-watchos/SwiftWeather-t.build/Objects-normal/arm64_32/SwiftWeather.LinkFileList
WriteAuxiliaryFile /Users/admin/builder/spi-builder-workspace/.derivedData/Build/Intermediates.noindex/SwiftWeather.build/Debug-watchos/SwiftWeather-t.build/Objects-normal/arm64_32/SwiftWeather.SwiftFileList (in target 'SwiftWeather' from project 'SwiftWeather')
    cd /Users/admin/builder/spi-builder-workspace
    write-file /Users/admin/builder/spi-builder-workspace/.derivedData/Build/Intermediates.noindex/SwiftWeather.build/Debug-watchos/SwiftWeather-t.build/Objects-normal/arm64_32/SwiftWeather.SwiftFileList
WriteAuxiliaryFile /Users/admin/builder/spi-builder-workspace/.derivedData/Build/Intermediates.noindex/SwiftWeather.build/Debug-watchos/SwiftWeather-t.build/Objects-normal/arm64_32/SwiftWeather_const_extract_protocols.json (in target 'SwiftWeather' from project 'SwiftWeather')
    cd /Users/admin/builder/spi-builder-workspace
    write-file /Users/admin/builder/spi-builder-workspace/.derivedData/Build/Intermediates.noindex/SwiftWeather.build/Debug-watchos/SwiftWeather-t.build/Objects-normal/arm64_32/SwiftWeather_const_extract_protocols.json
WriteAuxiliaryFile /Users/admin/builder/spi-builder-workspace/.derivedData/Build/Intermediates.noindex/SwiftWeather.build/Debug-watchos/SwiftWeather-t.build/Objects-normal/arm64/SwiftWeather_const_extract_protocols.json (in target 'SwiftWeather' from project 'SwiftWeather')
    cd /Users/admin/builder/spi-builder-workspace
    write-file /Users/admin/builder/spi-builder-workspace/.derivedData/Build/Intermediates.noindex/SwiftWeather.build/Debug-watchos/SwiftWeather-t.build/Objects-normal/arm64/SwiftWeather_const_extract_protocols.json
WriteAuxiliaryFile /Users/admin/builder/spi-builder-workspace/.derivedData/Build/Intermediates.noindex/SwiftWeather.build/Debug-watchos/SwiftWeather-t.build/Objects-normal/arm64/SwiftWeather.SwiftFileList (in target 'SwiftWeather' from project 'SwiftWeather')
    cd /Users/admin/builder/spi-builder-workspace
    write-file /Users/admin/builder/spi-builder-workspace/.derivedData/Build/Intermediates.noindex/SwiftWeather.build/Debug-watchos/SwiftWeather-t.build/Objects-normal/arm64/SwiftWeather.SwiftFileList
WriteAuxiliaryFile /Users/admin/builder/spi-builder-workspace/.derivedData/Build/Intermediates.noindex/SwiftWeather.build/Debug-watchos/SwiftWeather-t.build/Objects-normal/arm64/SwiftWeather.SwiftConstValuesFileList (in target 'SwiftWeather' from project 'SwiftWeather')
    cd /Users/admin/builder/spi-builder-workspace
    write-file /Users/admin/builder/spi-builder-workspace/.derivedData/Build/Intermediates.noindex/SwiftWeather.build/Debug-watchos/SwiftWeather-t.build/Objects-normal/arm64/SwiftWeather.SwiftConstValuesFileList
WriteAuxiliaryFile /Users/admin/builder/spi-builder-workspace/.derivedData/Build/Intermediates.noindex/SwiftWeather.build/Debug-watchos/SwiftWeather-t.build/Objects-normal/arm64/SwiftWeather.LinkFileList (in target 'SwiftWeather' from project 'SwiftWeather')
    cd /Users/admin/builder/spi-builder-workspace
    write-file /Users/admin/builder/spi-builder-workspace/.derivedData/Build/Intermediates.noindex/SwiftWeather.build/Debug-watchos/SwiftWeather-t.build/Objects-normal/arm64/SwiftWeather.LinkFileList
WriteAuxiliaryFile /Users/admin/builder/spi-builder-workspace/.derivedData/Build/Intermediates.noindex/SwiftWeather.build/Debug-watchos/SwiftWeather-t.build/Objects-normal/arm64/SwiftWeather-OutputFileMap.json (in target 'SwiftWeather' from project 'SwiftWeather')
    cd /Users/admin/builder/spi-builder-workspace
    write-file /Users/admin/builder/spi-builder-workspace/.derivedData/Build/Intermediates.noindex/SwiftWeather.build/Debug-watchos/SwiftWeather-t.build/Objects-normal/arm64/SwiftWeather-OutputFileMap.json
Copy /Users/admin/builder/spi-builder-workspace/.derivedData/Build/Intermediates.noindex/GeneratedModuleMaps-watchos/SwiftWeather.modulemap /Users/admin/builder/spi-builder-workspace/.derivedData/Build/Intermediates.noindex/SwiftWeather.build/Debug-watchos/SwiftWeather-t.build/SwiftWeather.modulemap (in target 'SwiftWeather' from project 'SwiftWeather')
    cd /Users/admin/builder/spi-builder-workspace
    builtin-copy -exclude .DS_Store -exclude CVS -exclude .svn -exclude .git -exclude .hg -resolve-src-symlinks /Users/admin/builder/spi-builder-workspace/.derivedData/Build/Intermediates.noindex/SwiftWeather.build/Debug-watchos/SwiftWeather-t.build/SwiftWeather.modulemap /Users/admin/builder/spi-builder-workspace/.derivedData/Build/Intermediates.noindex/GeneratedModuleMaps-watchos
SwiftDriver SwiftWeather normal arm64_32 com.apple.xcode.tools.swift.compiler (in target 'SwiftWeather' from project 'SwiftWeather')
    cd /Users/admin/builder/spi-builder-workspace/.swiftpm/xcode
    builtin-SwiftDriver -- /Applications/Xcode-27.0.0-Release.Candidate.app/Contents/Developer/Toolchains/XcodeDefault.xctoolchain/usr/bin/swiftc -parse-as-library -module-name SwiftWeather -Onone @/Users/admin/builder/spi-builder-workspace/.derivedData/Build/Intermediates.noindex/SwiftWeather.build/Debug-watchos/SwiftWeather-t.build/Objects-normal/arm64_32/SwiftWeather.SwiftFileList -DSWIFT_PACKAGE -DDEBUG -DSWIFT_MODULE_RESOURCE_BUNDLE_UNAVAILABLE -DXcode -enable-upcoming-feature AccessLevelOnImport -enable-experimental-feature AccessLevelOnImport -enable-upcoming-feature BareSlashRegexLiterals -enable-experimental-feature BareSlashRegexLiterals -enable-upcoming-feature ConciseMagicFile -enable-experimental-feature ConciseMagicFile -enable-upcoming-feature DeprecateApplicationMain -enable-experimental-feature DeprecateApplicationMain -enable-upcoming-feature DisableOutwardActorInference -enable-experimental-feature DisableOutwardActorInference -enable-upcoming-feature DynamicActorIsolation -enable-experimental-feature DynamicActorIsolation -enable-upcoming-feature ExistentialAny -enable-experimental-feature ExistentialAny -enable-upcoming-feature ForwardTrailingClosures -enable-experimental-feature ForwardTrailingClosures -enable-upcoming-feature GlobalConcurrency -enable-experimental-feature GlobalConcurrency -enable-upcoming-feature ImplicitOpenExistentials -enable-experimental-feature ImplicitOpenExistentials -enable-upcoming-feature ImportObjcForwardDeclarations -enable-experimental-feature ImportObjcForwardDeclarations -enable-upcoming-feature InferSendableFromCaptures -enable-experimental-feature InferSendableFromCaptures -enable-upcoming-feature InternalImportsByDefault -enable-experimental-feature InternalImportsByDefault -enable-upcoming-feature IsolatedDefaultValues -enable-experimental-feature IsolatedDefaultValues -enable-upcoming-feature StrictConcurrency -enable-experimental-feature StrictConcurrency -plugin-path /Applications/Xcode-27.0.0-Release.Candidate.app/Contents/Developer/Toolchains/XcodeDefault.xctoolchain/usr/lib/swift/host/plugins/testing -enable-experimental-feature DebugDescriptionMacro -sdk /Applications/Xcode-27.0.0-Release.Candidate.app/Contents/Developer/Platforms/WatchOS.platform/Developer/SDKs/WatchOS27.0.sdk -target arm64_32-apple-watchos9.0 -g -module-cache-path /Users/admin/builder/spi-builder-workspace/.derivedData/ModuleCache.noindex -Xfrontend -serialize-debugging-options -enable-testing -index-store-path /Users/admin/builder/spi-builder-workspace/.derivedData/Index.noindex/DataStore -Xcc -D_LIBCPP_HARDENING_MODE\=_LIBCPP_HARDENING_MODE_DEBUG -swift-version 5 -I /Users/admin/builder/spi-builder-workspace/.derivedData/Build/Products/Debug-watchos -Isystem /Applications/Xcode-27.0.0-Release.Candidate.app/Contents/Developer/Platforms/WatchOS.platform/Developer/usr/lib -F /Users/admin/builder/spi-builder-workspace/.derivedData/Build/Products/Debug-watchos -F /Applications/Xcode-27.0.0-Release.Candidate.app/Contents/Developer/Platforms/WatchOS.platform/Developer/Library/Frameworks -F /Applications/Xcode-27.0.0-Release.Candidate.app/Contents/Developer/Platforms/WatchOS.platform/Developer/SDKs/WatchOS27.0.sdk/Developer/Library/Frameworks -c -j10 -enable-batch-mode -incremental -Xcc -ivfsstatcache -Xcc /Users/admin/builder/spi-builder-workspace/.derivedData/SDKStatCaches.noindex/watchos27.0-24R360-e829b21a6f8c9b70876ba0858053c04477534ef55a1706bf4c1112bbb242f0a2.sdkstatcache -output-file-map /Users/admin/builder/spi-builder-workspace/.derivedData/Build/Intermediates.noindex/SwiftWeather.build/Debug-watchos/SwiftWeather-t.build/Objects-normal/arm64_32/SwiftWeather-OutputFileMap.json -save-temps -no-color-diagnostics -explicit-module-build -module-cache-path /Users/admin/builder/spi-builder-workspace/.derivedData/Build/Intermediates.noindex/SwiftExplicitPrecompiledModules -clang-scanner-module-cache-path /Users/admin/builder/spi-builder-workspace/.derivedData/ModuleCache.noindex -sdk-module-cache-path /Users/admin/builder/spi-builder-workspace/.derivedData/SDKExplicitPrecompiledModules -emit-dependencies -emit-module -emit-module-path /Users/admin/builder/spi-builder-workspace/.derivedData/Build/Intermediates.noindex/SwiftWeather.build/Debug-watchos/SwiftWeather-t.build/Objects-normal/arm64_32/SwiftWeather.swiftmodule -serialize-diagnostics -dependency-scan-serialize-diagnostics-path /Users/admin/builder/spi-builder-workspace/.derivedData/Build/Intermediates.noindex/SwiftWeather.build/Debug-watchos/SwiftWeather-t.build/Objects-normal/arm64_32/SwiftWeather-dependency-scan.dia -validate-clang-modules-once -clang-build-session-file /Users/admin/builder/spi-builder-workspace/.derivedData/ModuleCache.noindex/Session.modulevalidation -Xcc -fmodules-prune-interval\=86400 -Xcc -fmodules-prune-after\=345600 -package-name spi_builder_workspace -emit-const-values -const-gather-protocols-list /Users/admin/builder/spi-builder-workspace/.derivedData/Build/Intermediates.noindex/SwiftWeather.build/Debug-watchos/SwiftWeather-t.build/Objects-normal/arm64_32/SwiftWeather_const_extract_protocols.json -Xcc -I/Users/admin/builder/spi-builder-workspace/.derivedData/Build/Products/Debug-watchos/include -Xcc -I/Users/admin/builder/spi-builder-workspace/.derivedData/Build/Intermediates.noindex/SwiftWeather.build/Debug-watchos/SwiftWeather-t.build/DerivedSources-normal/arm64_32 -Xcc -I/Users/admin/builder/spi-builder-workspace/.derivedData/Build/Intermediates.noindex/SwiftWeather.build/Debug-watchos/SwiftWeather-t.build/DerivedSources/arm64_32 -Xcc -I/Users/admin/builder/spi-builder-workspace/.derivedData/Build/Intermediates.noindex/SwiftWeather.build/Debug-watchos/SwiftWeather-t.build/DerivedSources -Xcc -DSWIFT_PACKAGE -Xcc -DDEBUG\=1 -emit-objc-header -emit-objc-header-path /Users/admin/builder/spi-builder-workspace/.derivedData/Build/Intermediates.noindex/SwiftWeather.build/Debug-watchos/SwiftWeather-t.build/Objects-normal/arm64_32/SwiftWeather-Swift.h -working-directory /Users/admin/builder/spi-builder-workspace/.swiftpm/xcode -experimental-emit-module-separately -disable-cmo
SwiftDriver SwiftWeather normal arm64 com.apple.xcode.tools.swift.compiler (in target 'SwiftWeather' from project 'SwiftWeather')
    cd /Users/admin/builder/spi-builder-workspace/.swiftpm/xcode
    builtin-SwiftDriver -- /Applications/Xcode-27.0.0-Release.Candidate.app/Contents/Developer/Toolchains/XcodeDefault.xctoolchain/usr/bin/swiftc -parse-as-library -module-name SwiftWeather -Onone @/Users/admin/builder/spi-builder-workspace/.derivedData/Build/Intermediates.noindex/SwiftWeather.build/Debug-watchos/SwiftWeather-t.build/Objects-normal/arm64/SwiftWeather.SwiftFileList -DSWIFT_PACKAGE -DDEBUG -DSWIFT_MODULE_RESOURCE_BUNDLE_UNAVAILABLE -DXcode -enable-upcoming-feature AccessLevelOnImport -enable-experimental-feature AccessLevelOnImport -enable-upcoming-feature BareSlashRegexLiterals -enable-experimental-feature BareSlashRegexLiterals -enable-upcoming-feature ConciseMagicFile -enable-experimental-feature ConciseMagicFile -enable-upcoming-feature DeprecateApplicationMain -enable-experimental-feature DeprecateApplicationMain -enable-upcoming-feature DisableOutwardActorInference -enable-experimental-feature DisableOutwardActorInference -enable-upcoming-feature DynamicActorIsolation -enable-experimental-feature DynamicActorIsolation -enable-upcoming-feature ExistentialAny -enable-experimental-feature ExistentialAny -enable-upcoming-feature ForwardTrailingClosures -enable-experimental-feature ForwardTrailingClosures -enable-upcoming-feature GlobalConcurrency -enable-experimental-feature GlobalConcurrency -enable-upcoming-feature ImplicitOpenExistentials -enable-experimental-feature ImplicitOpenExistentials -enable-upcoming-feature ImportObjcForwardDeclarations -enable-experimental-feature ImportObjcForwardDeclarations -enable-upcoming-feature InferSendableFromCaptures -enable-experimental-feature InferSendableFromCaptures -enable-upcoming-feature InternalImportsByDefault -enable-experimental-feature InternalImportsByDefault -enable-upcoming-feature IsolatedDefaultValues -enable-experimental-feature IsolatedDefaultValues -enable-upcoming-feature StrictConcurrency -enable-experimental-feature StrictConcurrency -plugin-path /Applications/Xcode-27.0.0-Release.Candidate.app/Contents/Developer/Toolchains/XcodeDefault.xctoolchain/usr/lib/swift/host/plugins/testing -enable-experimental-feature DebugDescriptionMacro -sdk /Applications/Xcode-27.0.0-Release.Candidate.app/Contents/Developer/Platforms/WatchOS.platform/Developer/SDKs/WatchOS27.0.sdk -target arm64-apple-watchos9.0 -g -module-cache-path /Users/admin/builder/spi-builder-workspace/.derivedData/ModuleCache.noindex -Xfrontend -serialize-debugging-options -enable-testing -index-store-path /Users/admin/builder/spi-builder-workspace/.derivedData/Index.noindex/DataStore -Xcc -D_LIBCPP_HARDENING_MODE\=_LIBCPP_HARDENING_MODE_DEBUG -swift-version 5 -I /Users/admin/builder/spi-builder-workspace/.derivedData/Build/Products/Debug-watchos -Isystem /Applications/Xcode-27.0.0-Release.Candidate.app/Contents/Developer/Platforms/WatchOS.platform/Developer/usr/lib -F /Users/admin/builder/spi-builder-workspace/.derivedData/Build/Products/Debug-watchos -F /Applications/Xcode-27.0.0-Release.Candidate.app/Contents/Developer/Platforms/WatchOS.platform/Developer/Library/Frameworks -F /Applications/Xcode-27.0.0-Release.Candidate.app/Contents/Developer/Platforms/WatchOS.platform/Developer/SDKs/WatchOS27.0.sdk/Developer/Library/Frameworks -c -j10 -enable-batch-mode -incremental -Xcc -ivfsstatcache -Xcc /Users/admin/builder/spi-builder-workspace/.derivedData/SDKStatCaches.noindex/watchos27.0-24R360-e829b21a6f8c9b70876ba0858053c04477534ef55a1706bf4c1112bbb242f0a2.sdkstatcache -output-file-map /Users/admin/builder/spi-builder-workspace/.derivedData/Build/Intermediates.noindex/SwiftWeather.build/Debug-watchos/SwiftWeather-t.build/Objects-normal/arm64/SwiftWeather-OutputFileMap.json -save-temps -no-color-diagnostics -explicit-module-build -module-cache-path /Users/admin/builder/spi-builder-workspace/.derivedData/Build/Intermediates.noindex/SwiftExplicitPrecompiledModules -clang-scanner-module-cache-path /Users/admin/builder/spi-builder-workspace/.derivedData/ModuleCache.noindex -sdk-module-cache-path /Users/admin/builder/spi-builder-workspace/.derivedData/SDKExplicitPrecompiledModules -emit-dependencies -emit-module -emit-module-path /Users/admin/builder/spi-builder-workspace/.derivedData/Build/Intermediates.noindex/SwiftWeather.build/Debug-watchos/SwiftWeather-t.build/Objects-normal/arm64/SwiftWeather.swiftmodule -serialize-diagnostics -dependency-scan-serialize-diagnostics-path /Users/admin/builder/spi-builder-workspace/.derivedData/Build/Intermediates.noindex/SwiftWeather.build/Debug-watchos/SwiftWeather-t.build/Objects-normal/arm64/SwiftWeather-dependency-scan.dia -validate-clang-modules-once -clang-build-session-file /Users/admin/builder/spi-builder-workspace/.derivedData/ModuleCache.noindex/Session.modulevalidation -Xcc -fmodules-prune-interval\=86400 -Xcc -fmodules-prune-after\=345600 -package-name spi_builder_workspace -emit-const-values -const-gather-protocols-list /Users/admin/builder/spi-builder-workspace/.derivedData/Build/Intermediates.noindex/SwiftWeather.build/Debug-watchos/SwiftWeather-t.build/Objects-normal/arm64/SwiftWeather_const_extract_protocols.json -Xcc -I/Users/admin/builder/spi-builder-workspace/.derivedData/Build/Products/Debug-watchos/include -Xcc -I/Users/admin/builder/spi-builder-workspace/.derivedData/Build/Intermediates.noindex/SwiftWeather.build/Debug-watchos/SwiftWeather-t.build/DerivedSources-normal/arm64 -Xcc -I/Users/admin/builder/spi-builder-workspace/.derivedData/Build/Intermediates.noindex/SwiftWeather.build/Debug-watchos/SwiftWeather-t.build/DerivedSources/arm64 -Xcc -I/Users/admin/builder/spi-builder-workspace/.derivedData/Build/Intermediates.noindex/SwiftWeather.build/Debug-watchos/SwiftWeather-t.build/DerivedSources -Xcc -DSWIFT_PACKAGE -Xcc -DDEBUG\=1 -emit-objc-header -emit-objc-header-path /Users/admin/builder/spi-builder-workspace/.derivedData/Build/Intermediates.noindex/SwiftWeather.build/Debug-watchos/SwiftWeather-t.build/Objects-normal/arm64/SwiftWeather-Swift.h -working-directory /Users/admin/builder/spi-builder-workspace/.swiftpm/xcode -experimental-emit-module-separately -disable-cmo
SwiftExplicitDependencyGeneratePcm arm64_32 /Users/admin/builder/spi-builder-workspace/.derivedData/SDKExplicitPrecompiledModules/_SwiftConcurrencyShims-6RTBPQ03V7BM9SPRK8SUE055H.pcm
SwiftExplicitDependencyGeneratePcm arm64_32 /Users/admin/builder/spi-builder-workspace/.derivedData/SDKExplicitPrecompiledModules/_AvailabilityInternal-244WAN3Z1QBT7PIA64EZEFY1R.pcm
SwiftExplicitDependencyGeneratePcm arm64_32 /Users/admin/builder/spi-builder-workspace/.derivedData/SDKExplicitPrecompiledModules/SwiftShims-9CQQGWTSNTN9EB5NSHDWUJICH.pcm
SwiftExplicitDependencyGeneratePcm arm64_32 /Users/admin/builder/spi-builder-workspace/.derivedData/SDKExplicitPrecompiledModules/_Builtin_stdbool-A967K8W8YUYEC9SN52KJ7OO88.pcm
SwiftExplicitDependencyGeneratePcm arm64_32 /Users/admin/builder/spi-builder-workspace/.derivedData/SDKExplicitPrecompiledModules/_Builtin_float-6KO8O3PEWRCA4WC6PPLOYO6WJ.pcm
SwiftExplicitDependencyGeneratePcm arm64_32 /Users/admin/builder/spi-builder-workspace/.derivedData/SDKExplicitPrecompiledModules/_Builtin_stddef-H44EFHQX6XSS5MZ7QP6YJZ76.pcm
SwiftExplicitDependencyGeneratePcm arm64_32 /Users/admin/builder/spi-builder-workspace/.derivedData/SDKExplicitPrecompiledModules/_Builtin_stdarg-D305JG44A2WPI6CJY37X3QJE8.pcm
SwiftExplicitDependencyGeneratePcm arm64 /Users/admin/builder/spi-builder-workspace/.derivedData/SDKExplicitPrecompiledModules/SwiftShims-4MXFZPV6FEB0XBYXCGPWAMQGL.pcm
SwiftExplicitDependencyGeneratePcm arm64 /Users/admin/builder/spi-builder-workspace/.derivedData/SDKExplicitPrecompiledModules/ptrauth-3TZ9WJCGLYD25HQPWH4968ONX.pcm
SwiftExplicitDependencyGeneratePcm arm64 /Users/admin/builder/spi-builder-workspace/.derivedData/SDKExplicitPrecompiledModules/_SwiftConcurrencyShims-659N52XSKR5F0QSB880BH2FJR.pcm
SwiftExplicitDependencyGeneratePcm arm64 /Users/admin/builder/spi-builder-workspace/.derivedData/SDKExplicitPrecompiledModules/_Builtin_stddef-1FU30Y8SWFB7OUUHMJQH5J6FM.pcm
SwiftExplicitDependencyGeneratePcm arm64 /Users/admin/builder/spi-builder-workspace/.derivedData/SDKExplicitPrecompiledModules/ptrcheck-AIF0NDOYZ8ORBNHQAQR5NNB8M.pcm
SwiftExplicitDependencyGeneratePcm arm64_32 /Users/admin/builder/spi-builder-workspace/.derivedData/SDKExplicitPrecompiledModules/ptrcheck-7ELIH9BTIGVKX3UBITM9N72WD.pcm
SwiftExplicitDependencyGeneratePcm arm64 /Users/admin/builder/spi-builder-workspace/.derivedData/SDKExplicitPrecompiledModules/_AvailabilityInternal-BUNV3UXM65NT37THI4W1AM0SF.pcm
SwiftExplicitDependencyGeneratePcm arm64 /Users/admin/builder/spi-builder-workspace/.derivedData/SDKExplicitPrecompiledModules/_Builtin_float-C0CW5Q4HGBQYKE77TC42IAFB5.pcm
SwiftExplicitDependencyGeneratePcm arm64 /Users/admin/builder/spi-builder-workspace/.derivedData/SDKExplicitPrecompiledModules/_Builtin_stdarg-A7UU8LE6MP85SM26YO7PBZNUQ.pcm
SwiftExplicitDependencyGeneratePcm arm64_32 /Users/admin/builder/spi-builder-workspace/.derivedData/SDKExplicitPrecompiledModules/ptrauth-BFXF358ME5AK535N5A9Z766WU.pcm
SwiftExplicitDependencyGeneratePcm arm64 /Users/admin/builder/spi-builder-workspace/.derivedData/SDKExplicitPrecompiledModules/_Builtin_stdbool-83J96QSOFE9VX04AAS6310UAE.pcm
SwiftExplicitDependencyGeneratePcm arm64_32 /Users/admin/builder/spi-builder-workspace/.derivedData/SDKExplicitPrecompiledModules/_DarwinFoundation1-2GWF9RFMPLQW4PDHS3NARVI3G.pcm
SwiftExplicitDependencyGeneratePcm arm64 /Users/admin/builder/spi-builder-workspace/.derivedData/SDKExplicitPrecompiledModules/_DarwinFoundation1-7SPX3MD0HMP55E4OLNCPNDQ53.pcm
SwiftExplicitDependencyGeneratePcm arm64_32 /Users/admin/builder/spi-builder-workspace/.derivedData/SDKExplicitPrecompiledModules/_DarwinFoundation2-9MY8GOSYRO0M9MKNXF6D3MBNK.pcm
SwiftExplicitDependencyGeneratePcm arm64_32 /Users/admin/builder/spi-builder-workspace/.derivedData/SDKExplicitPrecompiledModules/_Builtin_limits-3VKBU2AFTD65PAJZ5CJ3LHFM2.pcm
SwiftExplicitDependencyGeneratePcm arm64 /Users/admin/builder/spi-builder-workspace/.derivedData/SDKExplicitPrecompiledModules/_DarwinFoundation2-D0XAPJU49S5E9XMKYOFGSTB1Q.pcm
SwiftExplicitDependencyGeneratePcm arm64 /Users/admin/builder/spi-builder-workspace/.derivedData/SDKExplicitPrecompiledModules/_Builtin_limits-9GWPA2B0H20DYUNYHYCWKABJG.pcm
SwiftExplicitDependencyGeneratePcm arm64_32 /Users/admin/builder/spi-builder-workspace/.derivedData/SDKExplicitPrecompiledModules/string_h-BFVLUQUSBZWYMLCU9QI7VZALW.pcm
SwiftExplicitDependencyGeneratePcm arm64_32 /Users/admin/builder/spi-builder-workspace/.derivedData/SDKExplicitPrecompiledModules/sys_types-8TLLMW08ZJWDGIIPKOYFGHHZW.pcm
SwiftExplicitDependencyGeneratePcm arm64_32 /Users/admin/builder/spi-builder-workspace/.derivedData/SDKExplicitPrecompiledModules/_Builtin_stdint-1HMXWI3V0V4TXHRWZOMZGZ80Y.pcm
SwiftExplicitDependencyGeneratePcm arm64 /Users/admin/builder/spi-builder-workspace/.derivedData/SDKExplicitPrecompiledModules/sys_types-2KXQLI78OUCDP779AE68GZJ2.pcm
SwiftExplicitDependencyGeneratePcm arm64 /Users/admin/builder/spi-builder-workspace/.derivedData/SDKExplicitPrecompiledModules/_Builtin_stdint-8XMILLJZEGRN2XG7XZUXZ5RLX.pcm
SwiftExplicitDependencyGeneratePcm arm64 /Users/admin/builder/spi-builder-workspace/.derivedData/SDKExplicitPrecompiledModules/string_h-E6PRXK75PHIPCZFWOFCQ3QBMK.pcm
SwiftExplicitDependencyGeneratePcm arm64_32 /Users/admin/builder/spi-builder-workspace/.derivedData/SDKExplicitPrecompiledModules/_DarwinFoundation3-3DUTYQDQSD9HUAAVY947NMWOI.pcm
SwiftExplicitDependencyGeneratePcm arm64_32 /Users/admin/builder/spi-builder-workspace/.derivedData/SDKExplicitPrecompiledModules/_Builtin_stdatomic-1TY035TURL76BF2U98PZPPZRX.pcm
SwiftExplicitDependencyGeneratePcm arm64 /Users/admin/builder/spi-builder-workspace/.derivedData/SDKExplicitPrecompiledModules/_DarwinFoundation3-B97LRG0E9GON2NUE65TVG81HU.pcm
SwiftExplicitDependencyGeneratePcm arm64 /Users/admin/builder/spi-builder-workspace/.derivedData/SDKExplicitPrecompiledModules/_Builtin_stdatomic-7JEFA3KBJJJN6TKJWY3OG1VG5.pcm
SwiftExplicitDependencyGeneratePcm arm64_32 /Users/admin/builder/spi-builder-workspace/.derivedData/SDKExplicitPrecompiledModules/_Builtin_inttypes-D2KPCR4PEX9AQA33NGLUT5SBR.pcm
SwiftExplicitDependencyGeneratePcm arm64 /Users/admin/builder/spi-builder-workspace/.derivedData/SDKExplicitPrecompiledModules/_Builtin_inttypes-3UQSCM7WNM9EK4HZML8TY5J3D.pcm
SwiftExplicitDependencyGeneratePcm arm64_32 /Users/admin/builder/spi-builder-workspace/.derivedData/SDKExplicitPrecompiledModules/Darwin-3FVT1SKLN2ZQ5RVOABMTQBB34.pcm
SwiftExplicitDependencyGeneratePcm arm64 /Users/admin/builder/spi-builder-workspace/.derivedData/SDKExplicitPrecompiledModules/Darwin-3984OXKFNSPE77NT743WK8SEX.pcm
SwiftExplicitDependencyGeneratePcm arm64_32 /Users/admin/builder/spi-builder-workspace/.derivedData/SDKExplicitPrecompiledModules/MachO-56838ZJ0NC1EBAJ0O6O8QMPDX.pcm
SwiftExplicitDependencyGeneratePcm arm64_32 /Users/admin/builder/spi-builder-workspace/.derivedData/SDKExplicitPrecompiledModules/ObjectiveC-6IJNELR2E80E7LUKESVCP2KET.pcm
SwiftExplicitDependencyGeneratePcm arm64 /Users/admin/builder/spi-builder-workspace/.derivedData/SDKExplicitPrecompiledModules/MachO-2U90NNSAQILBNBPS1SA4F8TYP.pcm
SwiftExplicitDependencyGeneratePcm arm64 /Users/admin/builder/spi-builder-workspace/.derivedData/SDKExplicitPrecompiledModules/ObjectiveC-72IVD3VS2RS8Q28D9PIMY0KQP.pcm
SwiftExplicitDependencyGeneratePcm arm64_32 /Users/admin/builder/spi-builder-workspace/.derivedData/SDKExplicitPrecompiledModules/os_object-5YWTC6L4756IWSTPGXS5NM0D0.pcm
SwiftExplicitDependencyGeneratePcm arm64 /Users/admin/builder/spi-builder-workspace/.derivedData/SDKExplicitPrecompiledModules/os_object-3SDKD7F87FTZ26OON37DRYT6O.pcm
SwiftExplicitDependencyGeneratePcm arm64_32 /Users/admin/builder/spi-builder-workspace/.derivedData/SDKExplicitPrecompiledModules/os_workgroup-5JHTPDMNBUNHLJI8LPHKQK1JK.pcm
SwiftExplicitDependencyGeneratePcm arm64 /Users/admin/builder/spi-builder-workspace/.derivedData/SDKExplicitPrecompiledModules/os_workgroup-89GG5G7YC2D0ZTK6AZXXQ20DH.pcm
SwiftExplicitDependencyGeneratePcm arm64_32 /Users/admin/builder/spi-builder-workspace/.derivedData/SDKExplicitPrecompiledModules/Dispatch-2P62F1T4XV63S4P99TUDTOK2Q.pcm
SwiftExplicitDependencyGeneratePcm arm64 /Users/admin/builder/spi-builder-workspace/.derivedData/SDKExplicitPrecompiledModules/Dispatch-1NLJOVAK60XP0DUB05XA59EIM.pcm
SwiftExplicitDependencyGeneratePcm arm64_32 /Users/admin/builder/spi-builder-workspace/.derivedData/SDKExplicitPrecompiledModules/XPC-81Y45QFY96XYYFCW2GT6FY8S4.pcm
SwiftExplicitDependencyGeneratePcm arm64_32 /Users/admin/builder/spi-builder-workspace/.derivedData/SDKExplicitPrecompiledModules/CoreFoundation-8E6Y4BA3EXYKUGJ24GT9LGV3N.pcm
SwiftExplicitDependencyGeneratePcm arm64 /Users/admin/builder/spi-builder-workspace/.derivedData/SDKExplicitPrecompiledModules/CoreFoundation-8T2L24YC5NU7WO6WQJWRY7W08.pcm
SwiftExplicitDependencyGeneratePcm arm64 /Users/admin/builder/spi-builder-workspace/.derivedData/SDKExplicitPrecompiledModules/XPC-40DR0X1DHKGCV4J1IOLFS8MOU.pcm
SwiftExplicitDependencyGeneratePcm arm64_32 /Users/admin/builder/spi-builder-workspace/.derivedData/SDKExplicitPrecompiledModules/os-E5IGB442IA6SBB25TTCOLK2OC.pcm
SwiftExplicitDependencyGeneratePcm arm64 /Users/admin/builder/spi-builder-workspace/.derivedData/SDKExplicitPrecompiledModules/os-5DIL6Z9LFIGLMZAHM7X2T5435.pcm
SwiftExplicitDependencyGeneratePcm arm64_32 /Users/admin/builder/spi-builder-workspace/.derivedData/SDKExplicitPrecompiledModules/Security-D7TOWF88VWF67TB9HAFP5UWB1.pcm
SwiftExplicitDependencyGeneratePcm arm64 /Users/admin/builder/spi-builder-workspace/.derivedData/SDKExplicitPrecompiledModules/Security-6RZ6YBRU8WCUHRFFRVUK5WKMM.pcm
SwiftExplicitDependencyGeneratePcm arm64_32 /Users/admin/builder/spi-builder-workspace/.derivedData/SDKExplicitPrecompiledModules/Foundation-BJ2VQGI3OGR34500MEQ1VKHPH.pcm
SwiftExplicitDependencyGeneratePcm arm64 /Users/admin/builder/spi-builder-workspace/.derivedData/SDKExplicitPrecompiledModules/Foundation-DLBKUSGXN8QHAT8W0OARR9S8A.pcm
SwiftExplicitDependencyGeneratePcm arm64 /Users/admin/builder/spi-builder-workspace/.derivedData/SDKExplicitPrecompiledModules/_LocationEssentials-5ZZDGDXB6HLQUC72SJW7YJ7MK.pcm
SwiftExplicitDependencyGeneratePcm arm64_32 /Users/admin/builder/spi-builder-workspace/.derivedData/SDKExplicitPrecompiledModules/_LocationEssentials-AQ1OL9QKC3LQLY5CNSRM1HB53.pcm
SwiftExplicitDependencyGeneratePcm arm64 /Users/admin/builder/spi-builder-workspace/.derivedData/SDKExplicitPrecompiledModules/CoreLocation-ACKJ9K7ABI14F97Y46Y6SRR17.pcm
SwiftExplicitDependencyGeneratePcm arm64_32 /Users/admin/builder/spi-builder-workspace/.derivedData/SDKExplicitPrecompiledModules/CoreLocation-8XU5YMYM4P11RQMYCQAG65ITK.pcm
SwiftCompile normal arm64_32 Compiling\ WundergroundError.swift /Users/admin/builder/spi-builder-workspace/Sources/SwiftWeather/Wunderground/WundergroundError.swift (in target 'SwiftWeather' from project 'SwiftWeather')
SwiftCompile normal arm64_32 /Users/admin/builder/spi-builder-workspace/Sources/SwiftWeather/Wunderground/WundergroundError.swift (in target 'SwiftWeather' from project 'SwiftWeather')
    cd /Users/admin/builder/spi-builder-workspace/.swiftpm/xcode
    builtin-SwiftPerFileCompile WundergroundError.swift
SwiftCompile normal arm64_32 Compiling\ WundergroundDevice.swift /Users/admin/builder/spi-builder-workspace/Sources/SwiftWeather/Wunderground/WundergroundDevice.swift (in target 'SwiftWeather' from project 'SwiftWeather')
SwiftCompile normal arm64_32 /Users/admin/builder/spi-builder-workspace/Sources/SwiftWeather/Wunderground/WundergroundDevice.swift (in target 'SwiftWeather' from project 'SwiftWeather')
    cd /Users/admin/builder/spi-builder-workspace/.swiftpm/xcode
    builtin-SwiftPerFileCompile WundergroundDevice.swift
SwiftCompile normal arm64_32 Compiling\ WundergroundCurrentReport.swift /Users/admin/builder/spi-builder-workspace/Sources/SwiftWeather/Wunderground/WundergroundCurrentReport.swift (in target 'SwiftWeather' from project 'SwiftWeather')
SwiftCompile normal arm64_32 /Users/admin/builder/spi-builder-workspace/Sources/SwiftWeather/Wunderground/WundergroundCurrentReport.swift (in target 'SwiftWeather' from project 'SwiftWeather')
    cd /Users/admin/builder/spi-builder-workspace/.swiftpm/xcode
    builtin-SwiftPerFileCompile WundergroundCurrentReport.swift
SwiftCompile normal arm64_32 Compiling\ WeatherSensor.swift,\ Wunderground.swift /Users/admin/builder/spi-builder-workspace/Sources/SwiftWeather/WeatherSensor.swift /Users/admin/builder/spi-builder-workspace/Sources/SwiftWeather/Wunderground/Wunderground.swift (in target 'SwiftWeather' from project 'SwiftWeather')
SwiftCompile normal arm64_32 /Users/admin/builder/spi-builder-workspace/Sources/SwiftWeather/WeatherSensor.swift (in target 'SwiftWeather' from project 'SwiftWeather')
    cd /Users/admin/builder/spi-builder-workspace/.swiftpm/xcode
    builtin-SwiftPerFileCompile WeatherSensor.swift
SwiftCompile normal arm64_32 /Users/admin/builder/spi-builder-workspace/Sources/SwiftWeather/Wunderground/Wunderground.swift (in target 'SwiftWeather' from project 'SwiftWeather')
    cd /Users/admin/builder/spi-builder-workspace/.swiftpm/xcode
    builtin-SwiftPerFileCompile Wunderground.swift
SwiftCompile normal arm64_32 Compiling\ SwiftWeather.swift,\ WeatherErrors.swift /Users/admin/builder/spi-builder-workspace/Sources/SwiftWeather/SwiftWeather.swift /Users/admin/builder/spi-builder-workspace/Sources/SwiftWeather/WeatherErrors.swift (in target 'SwiftWeather' from project 'SwiftWeather')
SwiftCompile normal arm64_32 /Users/admin/builder/spi-builder-workspace/Sources/SwiftWeather/SwiftWeather.swift (in target 'SwiftWeather' from project 'SwiftWeather')
    cd /Users/admin/builder/spi-builder-workspace/.swiftpm/xcode
    builtin-SwiftPerFileCompile SwiftWeather.swift
SwiftCompile normal arm64_32 /Users/admin/builder/spi-builder-workspace/Sources/SwiftWeather/WeatherErrors.swift (in target 'SwiftWeather' from project 'SwiftWeather')
    cd /Users/admin/builder/spi-builder-workspace/.swiftpm/xcode
    builtin-SwiftPerFileCompile WeatherErrors.swift
SwiftCompile normal arm64_32 Compiling\ AmbientWeatherStationInfo.swift,\ Data+String.swift /Users/admin/builder/spi-builder-workspace/Sources/SwiftWeather/AmbientWeather/AmbientWeatherStationInfo.swift /Users/admin/builder/spi-builder-workspace/Sources/SwiftWeather/Extensions/Data+String.swift (in target 'SwiftWeather' from project 'SwiftWeather')
SwiftCompile normal arm64_32 /Users/admin/builder/spi-builder-workspace/Sources/SwiftWeather/AmbientWeather/AmbientWeatherStationInfo.swift (in target 'SwiftWeather' from project 'SwiftWeather')
    cd /Users/admin/builder/spi-builder-workspace/.swiftpm/xcode
    builtin-SwiftPerFileCompile AmbientWeatherStationInfo.swift
SwiftCompile normal arm64_32 /Users/admin/builder/spi-builder-workspace/Sources/SwiftWeather/Extensions/Data+String.swift (in target 'SwiftWeather' from project 'SwiftWeather')
    cd /Users/admin/builder/spi-builder-workspace/.swiftpm/xcode
    builtin-SwiftPerFileCompile Data+String.swift
SwiftEmitModule normal arm64_32 Emitting\ module\ for\ SwiftWeather (in target 'SwiftWeather' from project 'SwiftWeather')
/Users/admin/builder/spi-builder-workspace/Sources/SwiftWeather/WeatherErrors.swift:40:25: error: cannot use protocol 'LocalizedError' in a public or '@usableFromInline' conformance; 'Foundation' was not imported publicly
  1 | //  Created by Wade Tregaskis on 28/8/2022.
  2 |
  3 | internal import Foundation
    |          `- note: protocol 'LocalizedError' imported as 'internal' from 'Foundation' here
  4 |
  5 | public enum WeatherError: Error, @unchecked Sendable {
    :
 38 | }
 39 |
 40 | extension WeatherError: LocalizedError {
    |                         `- error: cannot use protocol 'LocalizedError' in a public or '@usableFromInline' conformance; 'Foundation' was not imported publicly
 41 |     private static let localisedStringsTable = "WeatherErrors"
 42 |
Foundation.LocalizedError:2:17: note: protocol declared here
1 | @available(macOS 10.10, iOS 8.0, watchOS 2.0, tvOS 9.0, *)
2 | public protocol LocalizedError : Error {
  |                 `- note: protocol declared here
3 |     var errorDescription: String? { get }
4 |     var failureReason: String? { get }
Failed frontend command:
/Applications/Xcode-27.0.0-Release.Candidate.app/Contents/Developer/Toolchains/XcodeDefault.xctoolchain/usr/bin/swift-frontend -frontend -emit-module -experimental-skip-non-inlinable-function-bodies-without-types /Users/admin/builder/spi-builder-workspace/Sources/SwiftWeather/AmbientWeather/AmbientWeather.swift /Users/admin/builder/spi-builder-workspace/Sources/SwiftWeather/AmbientWeather/AmbientWeatherDevice.swift /Users/admin/builder/spi-builder-workspace/Sources/SwiftWeather/AmbientWeather/AmbientWeatherReport.swift /Users/admin/builder/spi-builder-workspace/Sources/SwiftWeather/AmbientWeather/AmbientWeatherSensor.swift /Users/admin/builder/spi-builder-workspace/Sources/SwiftWeather/AmbientWeather/AmbientWeatherStationGeoType.swift /Users/admin/builder/spi-builder-workspace/Sources/SwiftWeather/AmbientWeather/AmbientWeatherStationGeolocation.swift /Users/admin/builder/spi-builder-workspace/Sources/SwiftWeather/AmbientWeather/AmbientWeatherStationInfo.swift /Users/admin/builder/spi-builder-workspace/Sources/SwiftWeather/Extensions/Data+String.swift /Users/admin/builder/spi-builder-workspace/Sources/SwiftWeather/Extensions/Unit+Custom.swift /Users/admin/builder/spi-builder-workspace/Sources/SwiftWeather/Helpers/Zip.swift /Users/admin/builder/spi-builder-workspace/Sources/SwiftWeather/SwiftWeather.swift /Users/admin/builder/spi-builder-workspace/Sources/SwiftWeather/WeatherErrors.swift /Users/admin/builder/spi-builder-workspace/Sources/SwiftWeather/WeatherSensor.swift /Users/admin/builder/spi-builder-workspace/Sources/SwiftWeather/Wunderground/Wunderground.swift /Users/admin/builder/spi-builder-workspace/Sources/SwiftWeather/Wunderground/WundergroundCurrentReport.swift /Users/admin/builder/spi-builder-workspace/Sources/SwiftWeather/Wunderground/WundergroundDevice.swift /Users/admin/builder/spi-builder-workspace/Sources/SwiftWeather/Wunderground/WundergroundError.swift -target arm64_32-apple-watchos9.0 -disable-cross-import-overlay-search -load-resolved-plugin /Applications/Xcode-27.0.0-Release.Candidate.app/Contents/Developer/Platforms/WatchOS.platform/Developer/usr/lib/swift/host/plugins/libFoundationMacros.dylib\#/Applications/Xcode-27.0.0-Release.Candidate.app/Contents/Developer/Platforms/WatchOS.platform/Developer/usr/bin/swift-plugin-server\#FoundationMacros -load-resolved-plugin /Applications/Xcode-27.0.0-Release.Candidate.app/Contents/Developer/Platforms/WatchOS.platform/Developer/usr/lib/swift/host/plugins/libObservationMacros.dylib\#/Applications/Xcode-27.0.0-Release.Candidate.app/Contents/Developer/Platforms/WatchOS.platform/Developer/usr/bin/swift-plugin-server\#ObservationMacros -load-resolved-plugin /Applications/Xcode-27.0.0-Release.Candidate.app/Contents/Developer/Platforms/WatchOS.platform/Developer/usr/lib/swift/host/plugins/libSwiftMacros.dylib\#/Applications/Xcode-27.0.0-Release.Candidate.app/Contents/Developer/Platforms/WatchOS.platform/Developer/usr/bin/swift-plugin-server\#SwiftMacros -disable-implicit-swift-modules -Xcc -fno-implicit-modules -Xcc -fno-implicit-module-maps -explicit-swift-module-map-file /Users/admin/builder/spi-builder-workspace/.derivedData/Build/Intermediates.noindex/SwiftWeather.build/Debug-watchos/SwiftWeather-t.build/Objects-normal/arm64_32/SwiftWeather-dependencies-2.json -enable-objc-interop -sdk /Applications/Xcode-27.0.0-Release.Candidate.app/Contents/Developer/Platforms/WatchOS.platform/Developer/SDKs/WatchOS27.0.sdk -I /Users/admin/builder/spi-builder-workspace/.derivedData/Build/Products/Debug-watchos -Isystem /Applications/Xcode-27.0.0-Release.Candidate.app/Contents/Developer/Platforms/WatchOS.platform/Developer/usr/lib -F /Users/admin/builder/spi-builder-workspace/.derivedData/Build/Products/Debug-watchos -F /Applications/Xcode-27.0.0-Release.Candidate.app/Contents/Developer/Platforms/WatchOS.platform/Developer/Library/Frameworks -F /Applications/Xcode-27.0.0-Release.Candidate.app/Contents/Developer/Platforms/WatchOS.platform/Developer/SDKs/WatchOS27.0.sdk/Developer/Library/Frameworks -module-cache-path /Users/admin/builder/spi-builder-workspace/.derivedData/Build/Intermediates.noindex/SwiftExplicitPrecompiledModules -no-color-diagnostics -Xcc -fno-color-diagnostics -enable-testing -g -debug-info-format\=dwarf -dwarf-version\=4 -swift-version 5 -Onone -D SWIFT_PACKAGE -D DEBUG -D SWIFT_MODULE_RESOURCE_BUNDLE_UNAVAILABLE -D Xcode -serialize-debugging-options -enable-upcoming-feature AccessLevelOnImport -enable-experimental-feature AccessLevelOnImport -enable-upcoming-feature BareSlashRegexLiterals -enable-experimental-feature BareSlashRegexLiterals -enable-upcoming-feature ConciseMagicFile -enable-experimental-feature ConciseMagicFile -enable-upcoming-feature DeprecateApplicationMain -enable-experimental-feature DeprecateApplicationMain -enable-upcoming-feature DisableOutwardActorInference -enable-experimental-feature DisableOutwardActorInference -enable-upcoming-feature DynamicActorIsolation -enable-experimental-feature DynamicActorIsolation -enable-upcoming-feature ExistentialAny -enable-experimental-feature ExistentialAny -enable-upcoming-feature ForwardTrailingClosures -enable-experimental-feature ForwardTrailingClosures -enable-upcoming-feature GlobalConcurrency -enable-experimental-feature GlobalConcurrency -enable-upcoming-feature ImplicitOpenExistentials -enable-experimental-feature ImplicitOpenExistentials -enable-upcoming-feature ImportObjcForwardDeclarations -enable-experimental-feature ImportObjcForwardDeclarations -enable-upcoming-feature InferSendableFromCaptures -enable-experimental-feature InferSendableFromCaptures -enable-upcoming-feature InternalImportsByDefault -enable-experimental-feature InternalImportsByDefault -enable-upcoming-feature IsolatedDefaultValues -enable-experimental-feature IsolatedDefaultValues -enable-upcoming-feature StrictConcurrency -enable-experimental-feature StrictConcurrency -enable-experimental-feature DebugDescriptionMacro -empty-abi-descriptor -validate-clang-modules-once -clang-build-session-file /Users/admin/builder/spi-builder-workspace/.derivedData/ModuleCache.noindex/Session.modulevalidation -Xcc -working-directory -Xcc /Users/admin/builder/spi-builder-workspace/.swiftpm/xcode -enable-anonymous-context-mangled-names -file-compilation-dir /Users/admin/builder/spi-builder-workspace/.swiftpm/xcode -Xcc -D_LIBCPP_HARDENING_MODE\=_LIBCPP_HARDENING_MODE_DEBUG -Xcc -ivfsstatcache -Xcc /Users/admin/builder/spi-builder-workspace/.derivedData/SDKStatCaches.noindex/watchos27.0-24R360-e829b21a6f8c9b70876ba0858053c04477534ef55a1706bf4c1112bbb242f0a2.sdkstatcache -Xcc -fmodules-prune-interval\=86400 -Xcc -fmodules-prune-after\=345600 -Xcc -I/Users/admin/builder/spi-builder-workspace/.derivedData/Build/Products/Debug-watchos/include -Xcc -I/Users/admin/builder/spi-builder-workspace/.derivedData/Build/Intermediates.noindex/SwiftWeather.build/Debug-watchos/SwiftWeather-t.build/DerivedSources-normal/arm64_32 -Xcc -I/Users/admin/builder/spi-builder-workspace/.derivedData/Build/Intermediates.noindex/SwiftWeather.build/Debug-watchos/SwiftWeather-t.build/DerivedSources/arm64_32 -Xcc -I/Users/admin/builder/spi-builder-workspace/.derivedData/Build/Intermediates.noindex/SwiftWeather.build/Debug-watchos/SwiftWeather-t.build/DerivedSources -Xcc -DSWIFT_PACKAGE -Xcc -DDEBUG\=1 -no-auto-bridging-header-chaining -module-name SwiftWeather -package-name spi_builder_workspace -const-gather-protocols-file /Users/admin/builder/spi-builder-workspace/.derivedData/Build/Intermediates.noindex/SwiftWeather.build/Debug-watchos/SwiftWeather-t.build/Objects-normal/arm64_32/SwiftWeather_const_extract_protocols.json -disable-clang-spi -clang-target arm64_32-apple-watchos27.0 -target-sdk-version 27.0 -target-sdk-name watchos27.0 -in-process-plugin-server-path /Applications/Xcode-27.0.0-Release.Candidate.app/Contents/Developer/Toolchains/XcodeDefault.xctoolchain/usr/lib/swift/host/libSwiftInProcPluginServer.dylib -emit-module-doc-path /Users/admin/builder/spi-builder-workspace/.derivedData/Build/Intermediates.noindex/SwiftWeather.build/Debug-watchos/SwiftWeather-t.build/Objects-normal/arm64_32/SwiftWeather.swiftdoc -emit-module-source-info-path /Users/admin/builder/spi-builder-workspace/.derivedData/Build/Intermediates.noindex/SwiftWeather.build/Debug-watchos/SwiftWeather-t.build/Objects-normal/arm64_32/SwiftWeather.swiftsourceinfo -emit-objc-header-path /Users/admin/builder/spi-builder-workspace/.derivedData/Build/Intermediates.noindex/SwiftWeather.build/Debug-watchos/SwiftWeather-t.build/Objects-normal/arm64_32/SwiftWeather-Swift.h -serialize-diagnostics-path /Users/admin/builder/spi-builder-workspace/.derivedData/Build/Intermediates.noindex/SwiftWeather.build/Debug-watchos/SwiftWeather-t.build/Objects-normal/arm64_32/SwiftWeather-primary-emit-module.dia -emit-dependencies-path /Users/admin/builder/spi-builder-workspace/.derivedData/Build/Intermediates.noindex/SwiftWeather.build/Debug-watchos/SwiftWeather-t.build/Objects-normal/arm64_32/SwiftWeather-primary-emit-module.d -parse-as-library -o /Users/admin/builder/spi-builder-workspace/.derivedData/Build/Intermediates.noindex/SwiftWeather.build/Debug-watchos/SwiftWeather-t.build/Objects-normal/arm64_32/SwiftWeather.swiftmodule -emit-abi-descriptor-path /Users/admin/builder/spi-builder-workspace/.derivedData/Build/Intermediates.noindex/SwiftWeather.build/Debug-watchos/SwiftWeather-t.build/Objects-normal/arm64_32/SwiftWeather.abi.json
SwiftCompile normal arm64_32 (in target 'SwiftWeather' from project 'SwiftWeather')
    cd /Users/admin/builder/spi-builder-workspace/.swiftpm/xcode

SwiftCompile normal arm64_32 Compiling\ AmbientWeatherReport.swift,\ AmbientWeatherSensor.swift /Users/admin/builder/spi-builder-workspace/Sources/SwiftWeather/AmbientWeather/AmbientWeatherReport.swift /Users/admin/builder/spi-builder-workspace/Sources/SwiftWeather/AmbientWeather/AmbientWeatherSensor.swift (in target 'SwiftWeather' from project 'SwiftWeather')
SwiftCompile normal arm64_32 /Users/admin/builder/spi-builder-workspace/Sources/SwiftWeather/AmbientWeather/AmbientWeatherReport.swift (in target 'SwiftWeather' from project 'SwiftWeather')
    cd /Users/admin/builder/spi-builder-workspace/.swiftpm/xcode
    builtin-SwiftPerFileCompile AmbientWeatherReport.swift
SwiftCompile normal arm64_32 /Users/admin/builder/spi-builder-workspace/Sources/SwiftWeather/AmbientWeather/AmbientWeatherSensor.swift (in target 'SwiftWeather' from project 'SwiftWeather')
    cd /Users/admin/builder/spi-builder-workspace/.swiftpm/xcode
    builtin-SwiftPerFileCompile AmbientWeatherSensor.swift
SwiftCompile normal arm64_32 Compiling\ Unit+Custom.swift,\ Zip.swift /Users/admin/builder/spi-builder-workspace/Sources/SwiftWeather/Extensions/Unit+Custom.swift /Users/admin/builder/spi-builder-workspace/Sources/SwiftWeather/Helpers/Zip.swift (in target 'SwiftWeather' from project 'SwiftWeather')
SwiftCompile normal arm64_32 /Users/admin/builder/spi-builder-workspace/Sources/SwiftWeather/Extensions/Unit+Custom.swift (in target 'SwiftWeather' from project 'SwiftWeather')
    cd /Users/admin/builder/spi-builder-workspace/.swiftpm/xcode
    builtin-SwiftPerFileCompile Unit+Custom.swift
SwiftCompile normal arm64_32 /Users/admin/builder/spi-builder-workspace/Sources/SwiftWeather/Helpers/Zip.swift (in target 'SwiftWeather' from project 'SwiftWeather')
    cd /Users/admin/builder/spi-builder-workspace/.swiftpm/xcode
    builtin-SwiftPerFileCompile Zip.swift
SwiftCompile normal arm64_32 Compiling\ AmbientWeather.swift,\ AmbientWeatherDevice.swift /Users/admin/builder/spi-builder-workspace/Sources/SwiftWeather/AmbientWeather/AmbientWeather.swift /Users/admin/builder/spi-builder-workspace/Sources/SwiftWeather/AmbientWeather/AmbientWeatherDevice.swift (in target 'SwiftWeather' from project 'SwiftWeather')
SwiftCompile normal arm64_32 /Users/admin/builder/spi-builder-workspace/Sources/SwiftWeather/AmbientWeather/AmbientWeather.swift (in target 'SwiftWeather' from project 'SwiftWeather')
    cd /Users/admin/builder/spi-builder-workspace/.swiftpm/xcode
    builtin-SwiftPerFileCompile AmbientWeather.swift
SwiftCompile normal arm64_32 /Users/admin/builder/spi-builder-workspace/Sources/SwiftWeather/AmbientWeather/AmbientWeatherDevice.swift (in target 'SwiftWeather' from project 'SwiftWeather')
    cd /Users/admin/builder/spi-builder-workspace/.swiftpm/xcode
    builtin-SwiftPerFileCompile AmbientWeatherDevice.swift
SwiftEmitModule normal arm64 Emitting\ module\ for\ SwiftWeather (in target 'SwiftWeather' from project 'SwiftWeather')
SwiftCompile normal arm64 (in target 'SwiftWeather' from project 'SwiftWeather')
    cd /Users/admin/builder/spi-builder-workspace/.swiftpm/xcode

PruneExplicitPrecompiledModules /Users/admin/builder/spi-builder-workspace/.derivedData/Build/Intermediates.noindex/SwiftExplicitPrecompiledModules
PruneExplicitPrecompiledModules /Users/admin/builder/spi-builder-workspace/.derivedData/Build/Intermediates.noindex/ExplicitPrecompiledModules
PruneExplicitPrecompiledModules /Users/admin/builder/spi-builder-workspace/.derivedData/SDKExplicitPrecompiledModules
2026-09-20 16:32:24.901 xcodebuild[629:3923] [MT] IDERunDestination: Supported platforms for the buildables in the current scheme is empty.
** BUILD FAILED **
The following build commands failed:
	SwiftEmitModule normal arm64_32 Emitting\ module\ for\ SwiftWeather (in target 'SwiftWeather' from project 'SwiftWeather')
	SwiftCompile normal arm64_32 (in target 'SwiftWeather' from project 'SwiftWeather')
	Building workspace SwiftWeather with scheme SwiftWeather
(3 failures)
Command line invocation:
    /Applications/Xcode-27.0.0-Release.Candidate.app/Contents/Developer/usr/bin/xcodebuild -IDEClonedSourcePackagesDirPathOverride=/Users/admin/builder/spi-builder-workspace/.dependencies -resolvePackageDependencies
Resolve Package Graph
Resolved source packages:
  SwiftWeather: /Users/admin/builder/spi-builder-workspace
resolved source packages: SwiftWeather
2026-09-20 16:32:30.199 xcodebuild[737:4467] [MT] IDERunDestination: Supported platforms for the buildables in the current scheme is empty.
{
  "dependencies" : [
  ],
  "manifest_display_name" : "SwiftWeather",
  "name" : "SwiftWeather",
  "path" : "/Users/admin/builder/spi-builder-workspace",
  "platforms" : [
    {
      "name" : "macos",
      "version" : "12.0"
    },
    {
      "name" : "ios",
      "version" : "15.0"
    },
    {
      "name" : "tvos",
      "version" : "15.0"
    }
  ],
  "products" : [
    {
      "name" : "SwiftWeather",
      "targets" : [
        "SwiftWeather"
      ],
      "type" : {
        "library" : [
          "automatic"
        ]
      }
    }
  ],
  "targets" : [
    {
      "c99name" : "SwiftWeather",
      "module_type" : "SwiftTarget",
      "name" : "SwiftWeather",
      "path" : "Sources/SwiftWeather",
      "product_memberships" : [
        "SwiftWeather"
      ],
      "sources" : [
        "AmbientWeather/AmbientWeather.swift",
        "AmbientWeather/AmbientWeatherDevice.swift",
        "AmbientWeather/AmbientWeatherReport.swift",
        "AmbientWeather/AmbientWeatherSensor.swift",
        "AmbientWeather/AmbientWeatherStationGeoType.swift",
        "AmbientWeather/AmbientWeatherStationGeolocation.swift",
        "AmbientWeather/AmbientWeatherStationInfo.swift",
        "Extensions/Data+String.swift",
        "Extensions/Unit+Custom.swift",
        "Helpers/Zip.swift",
        "SwiftWeather.swift",
        "WeatherErrors.swift",
        "WeatherSensor.swift",
        "Wunderground/Wunderground.swift",
        "Wunderground/WundergroundCurrentReport.swift",
        "Wunderground/WundergroundDevice.swift",
        "Wunderground/WundergroundError.swift"
      ],
      "type" : "library"
    }
  ],
  "tools_version" : "5.10"
}
{
  "workspace" : {
    "name" : "SwiftWeather",
    "schemes" : [
      "SwiftWeather"
    ]
  }
}
2026-09-20 16:32:31.440 xcodebuild[745:4533] [MT] IDERunDestination: Supported platforms for the buildables in the current scheme is empty.
Running build ...
env DEVELOPER_DIR=/Applications/Xcode-27.0.0-Release.Candidate.app xcrun xcodebuild -IDEClonedSourcePackagesDirPathOverride=$PWD/.dependencies -skipMacroValidation -skipPackagePluginValidation -derivedDataPath $PWD/.derivedData build -scheme SwiftWeather -destination generic/platform=watchOS
Command line invocation:
    /Applications/Xcode-27.0.0-Release.Candidate.app/Contents/Developer/usr/bin/xcodebuild -IDEClonedSourcePackagesDirPathOverride=/Users/admin/builder/spi-builder-workspace/.dependencies -skipMacroValidation -skipPackagePluginValidation -derivedDataPath /Users/admin/builder/spi-builder-workspace/.derivedData build -scheme SwiftWeather -destination generic/platform=watchOS
Resolve Package Graph
Resolved source packages:
  SwiftWeather: /Users/admin/builder/spi-builder-workspace
ComputePackagePrebuildTargetDependencyGraph
Prepare packages
CreateBuildRequest
SendProjectDescription
CreateBuildOperation
ComputeTargetDependencyGraph
note: Building targets in dependency order
note: Target dependency graph (2 targets)
    Target 'SwiftWeather-product' in project 'SwiftWeather'
        ➜ Explicit dependency on target 'SwiftWeather' in project 'SwiftWeather'
    Target 'SwiftWeather' in project 'SwiftWeather' (no dependencies)
GatherProvisioningInputs
CreateBuildDescription
ClangStatCache /Applications/Xcode-27.0.0-Release.Candidate.app/Contents/Developer/Toolchains/XcodeDefault.xctoolchain/usr/bin/clang-stat-cache /Applications/Xcode-27.0.0-Release.Candidate.app/Contents/Developer/Platforms/WatchOS.platform/Developer/SDKs/WatchOS27.0.sdk /Users/admin/builder/spi-builder-workspace/.derivedData/SDKStatCaches.noindex/watchos27.0-24R360-e829b21a6f8c9b70876ba0858053c04477534ef55a1706bf4c1112bbb242f0a2.sdkstatcache
    cd /Users/admin/builder/spi-builder-workspace/.swiftpm/xcode
    /Applications/Xcode-27.0.0-Release.Candidate.app/Contents/Developer/Toolchains/XcodeDefault.xctoolchain/usr/bin/clang-stat-cache /Applications/Xcode-27.0.0-Release.Candidate.app/Contents/Developer/Platforms/WatchOS.platform/Developer/SDKs/WatchOS27.0.sdk -o /Users/admin/builder/spi-builder-workspace/.derivedData/SDKStatCaches.noindex/watchos27.0-24R360-e829b21a6f8c9b70876ba0858053c04477534ef55a1706bf4c1112bbb242f0a2.sdkstatcache
SwiftDriver SwiftWeather normal arm64_32 com.apple.xcode.tools.swift.compiler (in target 'SwiftWeather' from project 'SwiftWeather')
    cd /Users/admin/builder/spi-builder-workspace/.swiftpm/xcode
    builtin-SwiftDriver -- /Applications/Xcode-27.0.0-Release.Candidate.app/Contents/Developer/Toolchains/XcodeDefault.xctoolchain/usr/bin/swiftc -parse-as-library -module-name SwiftWeather -Onone @/Users/admin/builder/spi-builder-workspace/.derivedData/Build/Intermediates.noindex/SwiftWeather.build/Debug-watchos/SwiftWeather-t.build/Objects-normal/arm64_32/SwiftWeather.SwiftFileList -DSWIFT_PACKAGE -DDEBUG -DSWIFT_MODULE_RESOURCE_BUNDLE_UNAVAILABLE -DXcode -enable-upcoming-feature AccessLevelOnImport -enable-experimental-feature AccessLevelOnImport -enable-upcoming-feature BareSlashRegexLiterals -enable-experimental-feature BareSlashRegexLiterals -enable-upcoming-feature ConciseMagicFile -enable-experimental-feature ConciseMagicFile -enable-upcoming-feature DeprecateApplicationMain -enable-experimental-feature DeprecateApplicationMain -enable-upcoming-feature DisableOutwardActorInference -enable-experimental-feature DisableOutwardActorInference -enable-upcoming-feature DynamicActorIsolation -enable-experimental-feature DynamicActorIsolation -enable-upcoming-feature ExistentialAny -enable-experimental-feature ExistentialAny -enable-upcoming-feature ForwardTrailingClosures -enable-experimental-feature ForwardTrailingClosures -enable-upcoming-feature GlobalConcurrency -enable-experimental-feature GlobalConcurrency -enable-upcoming-feature ImplicitOpenExistentials -enable-experimental-feature ImplicitOpenExistentials -enable-upcoming-feature ImportObjcForwardDeclarations -enable-experimental-feature ImportObjcForwardDeclarations -enable-upcoming-feature InferSendableFromCaptures -enable-experimental-feature InferSendableFromCaptures -enable-upcoming-feature InternalImportsByDefault -enable-experimental-feature InternalImportsByDefault -enable-upcoming-feature IsolatedDefaultValues -enable-experimental-feature IsolatedDefaultValues -enable-upcoming-feature StrictConcurrency -enable-experimental-feature StrictConcurrency -plugin-path /Applications/Xcode-27.0.0-Release.Candidate.app/Contents/Developer/Toolchains/XcodeDefault.xctoolchain/usr/lib/swift/host/plugins/testing -enable-experimental-feature DebugDescriptionMacro -sdk /Applications/Xcode-27.0.0-Release.Candidate.app/Contents/Developer/Platforms/WatchOS.platform/Developer/SDKs/WatchOS27.0.sdk -target arm64_32-apple-watchos9.0 -g -module-cache-path /Users/admin/builder/spi-builder-workspace/.derivedData/ModuleCache.noindex -Xfrontend -serialize-debugging-options -enable-testing -index-store-path /Users/admin/builder/spi-builder-workspace/.derivedData/Index.noindex/DataStore -Xcc -D_LIBCPP_HARDENING_MODE\=_LIBCPP_HARDENING_MODE_DEBUG -swift-version 5 -I /Users/admin/builder/spi-builder-workspace/.derivedData/Build/Products/Debug-watchos -Isystem /Applications/Xcode-27.0.0-Release.Candidate.app/Contents/Developer/Platforms/WatchOS.platform/Developer/usr/lib -F /Users/admin/builder/spi-builder-workspace/.derivedData/Build/Products/Debug-watchos -F /Applications/Xcode-27.0.0-Release.Candidate.app/Contents/Developer/Platforms/WatchOS.platform/Developer/Library/Frameworks -F /Applications/Xcode-27.0.0-Release.Candidate.app/Contents/Developer/Platforms/WatchOS.platform/Developer/SDKs/WatchOS27.0.sdk/Developer/Library/Frameworks -c -j10 -enable-batch-mode -incremental -Xcc -ivfsstatcache -Xcc /Users/admin/builder/spi-builder-workspace/.derivedData/SDKStatCaches.noindex/watchos27.0-24R360-e829b21a6f8c9b70876ba0858053c04477534ef55a1706bf4c1112bbb242f0a2.sdkstatcache -output-file-map /Users/admin/builder/spi-builder-workspace/.derivedData/Build/Intermediates.noindex/SwiftWeather.build/Debug-watchos/SwiftWeather-t.build/Objects-normal/arm64_32/SwiftWeather-OutputFileMap.json -save-temps -no-color-diagnostics -explicit-module-build -module-cache-path /Users/admin/builder/spi-builder-workspace/.derivedData/Build/Intermediates.noindex/SwiftExplicitPrecompiledModules -clang-scanner-module-cache-path /Users/admin/builder/spi-builder-workspace/.derivedData/ModuleCache.noindex -sdk-module-cache-path /Users/admin/builder/spi-builder-workspace/.derivedData/SDKExplicitPrecompiledModules -emit-dependencies -emit-module -emit-module-path /Users/admin/builder/spi-builder-workspace/.derivedData/Build/Intermediates.noindex/SwiftWeather.build/Debug-watchos/SwiftWeather-t.build/Objects-normal/arm64_32/SwiftWeather.swiftmodule -serialize-diagnostics -dependency-scan-serialize-diagnostics-path /Users/admin/builder/spi-builder-workspace/.derivedData/Build/Intermediates.noindex/SwiftWeather.build/Debug-watchos/SwiftWeather-t.build/Objects-normal/arm64_32/SwiftWeather-dependency-scan.dia -validate-clang-modules-once -clang-build-session-file /Users/admin/builder/spi-builder-workspace/.derivedData/ModuleCache.noindex/Session.modulevalidation -Xcc -fmodules-prune-interval\=86400 -Xcc -fmodules-prune-after\=345600 -package-name spi_builder_workspace -emit-const-values -const-gather-protocols-list /Users/admin/builder/spi-builder-workspace/.derivedData/Build/Intermediates.noindex/SwiftWeather.build/Debug-watchos/SwiftWeather-t.build/Objects-normal/arm64_32/SwiftWeather_const_extract_protocols.json -Xcc -I/Users/admin/builder/spi-builder-workspace/.derivedData/Build/Products/Debug-watchos/include -Xcc -I/Users/admin/builder/spi-builder-workspace/.derivedData/Build/Intermediates.noindex/SwiftWeather.build/Debug-watchos/SwiftWeather-t.build/DerivedSources-normal/arm64_32 -Xcc -I/Users/admin/builder/spi-builder-workspace/.derivedData/Build/Intermediates.noindex/SwiftWeather.build/Debug-watchos/SwiftWeather-t.build/DerivedSources/arm64_32 -Xcc -I/Users/admin/builder/spi-builder-workspace/.derivedData/Build/Intermediates.noindex/SwiftWeather.build/Debug-watchos/SwiftWeather-t.build/DerivedSources -Xcc -DSWIFT_PACKAGE -Xcc -DDEBUG\=1 -emit-objc-header -emit-objc-header-path /Users/admin/builder/spi-builder-workspace/.derivedData/Build/Intermediates.noindex/SwiftWeather.build/Debug-watchos/SwiftWeather-t.build/Objects-normal/arm64_32/SwiftWeather-Swift.h -working-directory /Users/admin/builder/spi-builder-workspace/.swiftpm/xcode -experimental-emit-module-separately -disable-cmo
SwiftDriver SwiftWeather normal arm64 com.apple.xcode.tools.swift.compiler (in target 'SwiftWeather' from project 'SwiftWeather')
    cd /Users/admin/builder/spi-builder-workspace/.swiftpm/xcode
    builtin-SwiftDriver -- /Applications/Xcode-27.0.0-Release.Candidate.app/Contents/Developer/Toolchains/XcodeDefault.xctoolchain/usr/bin/swiftc -parse-as-library -module-name SwiftWeather -Onone @/Users/admin/builder/spi-builder-workspace/.derivedData/Build/Intermediates.noindex/SwiftWeather.build/Debug-watchos/SwiftWeather-t.build/Objects-normal/arm64/SwiftWeather.SwiftFileList -DSWIFT_PACKAGE -DDEBUG -DSWIFT_MODULE_RESOURCE_BUNDLE_UNAVAILABLE -DXcode -enable-upcoming-feature AccessLevelOnImport -enable-experimental-feature AccessLevelOnImport -enable-upcoming-feature BareSlashRegexLiterals -enable-experimental-feature BareSlashRegexLiterals -enable-upcoming-feature ConciseMagicFile -enable-experimental-feature ConciseMagicFile -enable-upcoming-feature DeprecateApplicationMain -enable-experimental-feature DeprecateApplicationMain -enable-upcoming-feature DisableOutwardActorInference -enable-experimental-feature DisableOutwardActorInference -enable-upcoming-feature DynamicActorIsolation -enable-experimental-feature DynamicActorIsolation -enable-upcoming-feature ExistentialAny -enable-experimental-feature ExistentialAny -enable-upcoming-feature ForwardTrailingClosures -enable-experimental-feature ForwardTrailingClosures -enable-upcoming-feature GlobalConcurrency -enable-experimental-feature GlobalConcurrency -enable-upcoming-feature ImplicitOpenExistentials -enable-experimental-feature ImplicitOpenExistentials -enable-upcoming-feature ImportObjcForwardDeclarations -enable-experimental-feature ImportObjcForwardDeclarations -enable-upcoming-feature InferSendableFromCaptures -enable-experimental-feature InferSendableFromCaptures -enable-upcoming-feature InternalImportsByDefault -enable-experimental-feature InternalImportsByDefault -enable-upcoming-feature IsolatedDefaultValues -enable-experimental-feature IsolatedDefaultValues -enable-upcoming-feature StrictConcurrency -enable-experimental-feature StrictConcurrency -plugin-path /Applications/Xcode-27.0.0-Release.Candidate.app/Contents/Developer/Toolchains/XcodeDefault.xctoolchain/usr/lib/swift/host/plugins/testing -enable-experimental-feature DebugDescriptionMacro -sdk /Applications/Xcode-27.0.0-Release.Candidate.app/Contents/Developer/Platforms/WatchOS.platform/Developer/SDKs/WatchOS27.0.sdk -target arm64-apple-watchos9.0 -g -module-cache-path /Users/admin/builder/spi-builder-workspace/.derivedData/ModuleCache.noindex -Xfrontend -serialize-debugging-options -enable-testing -index-store-path /Users/admin/builder/spi-builder-workspace/.derivedData/Index.noindex/DataStore -Xcc -D_LIBCPP_HARDENING_MODE\=_LIBCPP_HARDENING_MODE_DEBUG -swift-version 5 -I /Users/admin/builder/spi-builder-workspace/.derivedData/Build/Products/Debug-watchos -Isystem /Applications/Xcode-27.0.0-Release.Candidate.app/Contents/Developer/Platforms/WatchOS.platform/Developer/usr/lib -F /Users/admin/builder/spi-builder-workspace/.derivedData/Build/Products/Debug-watchos -F /Applications/Xcode-27.0.0-Release.Candidate.app/Contents/Developer/Platforms/WatchOS.platform/Developer/Library/Frameworks -F /Applications/Xcode-27.0.0-Release.Candidate.app/Contents/Developer/Platforms/WatchOS.platform/Developer/SDKs/WatchOS27.0.sdk/Developer/Library/Frameworks -c -j10 -enable-batch-mode -incremental -Xcc -ivfsstatcache -Xcc /Users/admin/builder/spi-builder-workspace/.derivedData/SDKStatCaches.noindex/watchos27.0-24R360-e829b21a6f8c9b70876ba0858053c04477534ef55a1706bf4c1112bbb242f0a2.sdkstatcache -output-file-map /Users/admin/builder/spi-builder-workspace/.derivedData/Build/Intermediates.noindex/SwiftWeather.build/Debug-watchos/SwiftWeather-t.build/Objects-normal/arm64/SwiftWeather-OutputFileMap.json -save-temps -no-color-diagnostics -explicit-module-build -module-cache-path /Users/admin/builder/spi-builder-workspace/.derivedData/Build/Intermediates.noindex/SwiftExplicitPrecompiledModules -clang-scanner-module-cache-path /Users/admin/builder/spi-builder-workspace/.derivedData/ModuleCache.noindex -sdk-module-cache-path /Users/admin/builder/spi-builder-workspace/.derivedData/SDKExplicitPrecompiledModules -emit-dependencies -emit-module -emit-module-path /Users/admin/builder/spi-builder-workspace/.derivedData/Build/Intermediates.noindex/SwiftWeather.build/Debug-watchos/SwiftWeather-t.build/Objects-normal/arm64/SwiftWeather.swiftmodule -serialize-diagnostics -dependency-scan-serialize-diagnostics-path /Users/admin/builder/spi-builder-workspace/.derivedData/Build/Intermediates.noindex/SwiftWeather.build/Debug-watchos/SwiftWeather-t.build/Objects-normal/arm64/SwiftWeather-dependency-scan.dia -validate-clang-modules-once -clang-build-session-file /Users/admin/builder/spi-builder-workspace/.derivedData/ModuleCache.noindex/Session.modulevalidation -Xcc -fmodules-prune-interval\=86400 -Xcc -fmodules-prune-after\=345600 -package-name spi_builder_workspace -emit-const-values -const-gather-protocols-list /Users/admin/builder/spi-builder-workspace/.derivedData/Build/Intermediates.noindex/SwiftWeather.build/Debug-watchos/SwiftWeather-t.build/Objects-normal/arm64/SwiftWeather_const_extract_protocols.json -Xcc -I/Users/admin/builder/spi-builder-workspace/.derivedData/Build/Products/Debug-watchos/include -Xcc -I/Users/admin/builder/spi-builder-workspace/.derivedData/Build/Intermediates.noindex/SwiftWeather.build/Debug-watchos/SwiftWeather-t.build/DerivedSources-normal/arm64 -Xcc -I/Users/admin/builder/spi-builder-workspace/.derivedData/Build/Intermediates.noindex/SwiftWeather.build/Debug-watchos/SwiftWeather-t.build/DerivedSources/arm64 -Xcc -I/Users/admin/builder/spi-builder-workspace/.derivedData/Build/Intermediates.noindex/SwiftWeather.build/Debug-watchos/SwiftWeather-t.build/DerivedSources -Xcc -DSWIFT_PACKAGE -Xcc -DDEBUG\=1 -emit-objc-header -emit-objc-header-path /Users/admin/builder/spi-builder-workspace/.derivedData/Build/Intermediates.noindex/SwiftWeather.build/Debug-watchos/SwiftWeather-t.build/Objects-normal/arm64/SwiftWeather-Swift.h -working-directory /Users/admin/builder/spi-builder-workspace/.swiftpm/xcode -experimental-emit-module-separately -disable-cmo
SwiftEmitModule normal arm64_32 Emitting\ module\ for\ SwiftWeather (in target 'SwiftWeather' from project 'SwiftWeather')
/Users/admin/builder/spi-builder-workspace/Sources/SwiftWeather/WeatherErrors.swift:40:25: error: cannot use protocol 'LocalizedError' in a public or '@usableFromInline' conformance; 'Foundation' was not imported publicly
  1 | //  Created by Wade Tregaskis on 28/8/2022.
  2 |
  3 | internal import Foundation
    |          `- note: protocol 'LocalizedError' imported as 'internal' from 'Foundation' here
  4 |
  5 | public enum WeatherError: Error, @unchecked Sendable {
    :
 38 | }
 39 |
 40 | extension WeatherError: LocalizedError {
    |                         `- error: cannot use protocol 'LocalizedError' in a public or '@usableFromInline' conformance; 'Foundation' was not imported publicly
 41 |     private static let localisedStringsTable = "WeatherErrors"
 42 |
Foundation.LocalizedError:2:17: note: protocol declared here
1 | @available(macOS 10.10, iOS 8.0, watchOS 2.0, tvOS 9.0, *)
2 | public protocol LocalizedError : Error {
  |                 `- note: protocol declared here
3 |     var errorDescription: String? { get }
4 |     var failureReason: String? { get }
Failed frontend command:
SwiftCompile normal arm64_32 (in target 'SwiftWeather' from project 'SwiftWeather')
    cd /Users/admin/builder/spi-builder-workspace/.swiftpm/xcode

/Applications/Xcode-27.0.0-Release.Candidate.app/Contents/Developer/Toolchains/XcodeDefault.xctoolchain/usr/bin/swift-frontend -frontend -emit-module -experimental-skip-non-inlinable-function-bodies-without-types /Users/admin/builder/spi-builder-workspace/Sources/SwiftWeather/AmbientWeather/AmbientWeather.swift /Users/admin/builder/spi-builder-workspace/Sources/SwiftWeather/AmbientWeather/AmbientWeatherDevice.swift /Users/admin/builder/spi-builder-workspace/Sources/SwiftWeather/AmbientWeather/AmbientWeatherReport.swift /Users/admin/builder/spi-builder-workspace/Sources/SwiftWeather/AmbientWeather/AmbientWeatherSensor.swift /Users/admin/builder/spi-builder-workspace/Sources/SwiftWeather/AmbientWeather/AmbientWeatherStationGeoType.swift /Users/admin/builder/spi-builder-workspace/Sources/SwiftWeather/AmbientWeather/AmbientWeatherStationGeolocation.swift /Users/admin/builder/spi-builder-workspace/Sources/SwiftWeather/AmbientWeather/AmbientWeatherStationInfo.swift /Users/admin/builder/spi-builder-workspace/Sources/SwiftWeather/Extensions/Data+String.swift /Users/admin/builder/spi-builder-workspace/Sources/SwiftWeather/Extensions/Unit+Custom.swift /Users/admin/builder/spi-builder-workspace/Sources/SwiftWeather/Helpers/Zip.swift /Users/admin/builder/spi-builder-workspace/Sources/SwiftWeather/SwiftWeather.swift /Users/admin/builder/spi-builder-workspace/Sources/SwiftWeather/WeatherErrors.swift /Users/admin/builder/spi-builder-workspace/Sources/SwiftWeather/WeatherSensor.swift /Users/admin/builder/spi-builder-workspace/Sources/SwiftWeather/Wunderground/Wunderground.swift /Users/admin/builder/spi-builder-workspace/Sources/SwiftWeather/Wunderground/WundergroundCurrentReport.swift /Users/admin/builder/spi-builder-workspace/Sources/SwiftWeather/Wunderground/WundergroundDevice.swift /Users/admin/builder/spi-builder-workspace/Sources/SwiftWeather/Wunderground/WundergroundError.swift -target arm64_32-apple-watchos9.0 -disable-cross-import-overlay-search -load-resolved-plugin /Applications/Xcode-27.0.0-Release.Candidate.app/Contents/Developer/Platforms/WatchOS.platform/Developer/usr/lib/swift/host/plugins/libFoundationMacros.dylib\#/Applications/Xcode-27.0.0-Release.Candidate.app/Contents/Developer/Platforms/WatchOS.platform/Developer/usr/bin/swift-plugin-server\#FoundationMacros -load-resolved-plugin /Applications/Xcode-27.0.0-Release.Candidate.app/Contents/Developer/Platforms/WatchOS.platform/Developer/usr/lib/swift/host/plugins/libObservationMacros.dylib\#/Applications/Xcode-27.0.0-Release.Candidate.app/Contents/Developer/Platforms/WatchOS.platform/Developer/usr/bin/swift-plugin-server\#ObservationMacros -load-resolved-plugin /Applications/Xcode-27.0.0-Release.Candidate.app/Contents/Developer/Platforms/WatchOS.platform/Developer/usr/lib/swift/host/plugins/libSwiftMacros.dylib\#/Applications/Xcode-27.0.0-Release.Candidate.app/Contents/Developer/Platforms/WatchOS.platform/Developer/usr/bin/swift-plugin-server\#SwiftMacros -disable-implicit-swift-modules -Xcc -fno-implicit-modules -Xcc -fno-implicit-module-maps -explicit-swift-module-map-file /Users/admin/builder/spi-builder-workspace/.derivedData/Build/Intermediates.noindex/SwiftWeather.build/Debug-watchos/SwiftWeather-t.build/Objects-normal/arm64_32/SwiftWeather-dependencies-1.json -enable-objc-interop -sdk /Applications/Xcode-27.0.0-Release.Candidate.app/Contents/Developer/Platforms/WatchOS.platform/Developer/SDKs/WatchOS27.0.sdk -I /Users/admin/builder/spi-builder-workspace/.derivedData/Build/Products/Debug-watchos -Isystem /Applications/Xcode-27.0.0-Release.Candidate.app/Contents/Developer/Platforms/WatchOS.platform/Developer/usr/lib -F /Users/admin/builder/spi-builder-workspace/.derivedData/Build/Products/Debug-watchos -F /Applications/Xcode-27.0.0-Release.Candidate.app/Contents/Developer/Platforms/WatchOS.platform/Developer/Library/Frameworks -F /Applications/Xcode-27.0.0-Release.Candidate.app/Contents/Developer/Platforms/WatchOS.platform/Developer/SDKs/WatchOS27.0.sdk/Developer/Library/Frameworks -module-cache-path /Users/admin/builder/spi-builder-workspace/.derivedData/Build/Intermediates.noindex/SwiftExplicitPrecompiledModules -no-color-diagnostics -Xcc -fno-color-diagnostics -enable-testing -g -debug-info-format\=dwarf -dwarf-version\=4 -swift-version 5 -Onone -D SWIFT_PACKAGE -D DEBUG -D SWIFT_MODULE_RESOURCE_BUNDLE_UNAVAILABLE -D Xcode -serialize-debugging-options -enable-upcoming-feature AccessLevelOnImport -enable-experimental-feature AccessLevelOnImport -enable-upcoming-feature BareSlashRegexLiterals -enable-experimental-feature BareSlashRegexLiterals -enable-upcoming-feature ConciseMagicFile -enable-experimental-feature ConciseMagicFile -enable-upcoming-feature DeprecateApplicationMain -enable-experimental-feature DeprecateApplicationMain -enable-upcoming-feature DisableOutwardActorInference -enable-experimental-feature DisableOutwardActorInference -enable-upcoming-feature DynamicActorIsolation -enable-experimental-feature DynamicActorIsolation -enable-upcoming-feature ExistentialAny -enable-experimental-feature ExistentialAny -enable-upcoming-feature ForwardTrailingClosures -enable-experimental-feature ForwardTrailingClosures -enable-upcoming-feature GlobalConcurrency -enable-experimental-feature GlobalConcurrency -enable-upcoming-feature ImplicitOpenExistentials -enable-experimental-feature ImplicitOpenExistentials -enable-upcoming-feature ImportObjcForwardDeclarations -enable-experimental-feature ImportObjcForwardDeclarations -enable-upcoming-feature InferSendableFromCaptures -enable-experimental-feature InferSendableFromCaptures -enable-upcoming-feature InternalImportsByDefault -enable-experimental-feature InternalImportsByDefault -enable-upcoming-feature IsolatedDefaultValues -enable-experimental-feature IsolatedDefaultValues -enable-upcoming-feature StrictConcurrency -enable-experimental-feature StrictConcurrency -enable-experimental-feature DebugDescriptionMacro -empty-abi-descriptor -validate-clang-modules-once -clang-build-session-file /Users/admin/builder/spi-builder-workspace/.derivedData/ModuleCache.noindex/Session.modulevalidation -Xcc -working-directory -Xcc /Users/admin/builder/spi-builder-workspace/.swiftpm/xcode -enable-anonymous-context-mangled-names -file-compilation-dir /Users/admin/builder/spi-builder-workspace/.swiftpm/xcode -Xcc -D_LIBCPP_HARDENING_MODE\=_LIBCPP_HARDENING_MODE_DEBUG -Xcc -ivfsstatcache -Xcc /Users/admin/builder/spi-builder-workspace/.derivedData/SDKStatCaches.noindex/watchos27.0-24R360-e829b21a6f8c9b70876ba0858053c04477534ef55a1706bf4c1112bbb242f0a2.sdkstatcache -Xcc -fmodules-prune-interval\=86400 -Xcc -fmodules-prune-after\=345600 -Xcc -I/Users/admin/builder/spi-builder-workspace/.derivedData/Build/Products/Debug-watchos/include -Xcc -I/Users/admin/builder/spi-builder-workspace/.derivedData/Build/Intermediates.noindex/SwiftWeather.build/Debug-watchos/SwiftWeather-t.build/DerivedSources-normal/arm64_32 -Xcc -I/Users/admin/builder/spi-builder-workspace/.derivedData/Build/Intermediates.noindex/SwiftWeather.build/Debug-watchos/SwiftWeather-t.build/DerivedSources/arm64_32 -Xcc -I/Users/admin/builder/spi-builder-workspace/.derivedData/Build/Intermediates.noindex/SwiftWeather.build/Debug-watchos/SwiftWeather-t.build/DerivedSources -Xcc -DSWIFT_PACKAGE -Xcc -DDEBUG\=1 -no-auto-bridging-header-chaining -module-name SwiftWeather -package-name spi_builder_workspace -const-gather-protocols-file /Users/admin/builder/spi-builder-workspace/.derivedData/Build/Intermediates.noindex/SwiftWeather.build/Debug-watchos/SwiftWeather-t.build/Objects-normal/arm64_32/SwiftWeather_const_extract_protocols.json -disable-clang-spi -clang-target arm64_32-apple-watchos27.0 -target-sdk-version 27.0 -target-sdk-name watchos27.0 -in-process-plugin-server-path /Applications/Xcode-27.0.0-Release.Candidate.app/Contents/Developer/Toolchains/XcodeDefault.xctoolchain/usr/lib/swift/host/libSwiftInProcPluginServer.dylib -emit-module-doc-path /Users/admin/builder/spi-builder-workspace/.derivedData/Build/Intermediates.noindex/SwiftWeather.build/Debug-watchos/SwiftWeather-t.build/Objects-normal/arm64_32/SwiftWeather.swiftdoc -emit-module-source-info-path /Users/admin/builder/spi-builder-workspace/.derivedData/Build/Intermediates.noindex/SwiftWeather.build/Debug-watchos/SwiftWeather-t.build/Objects-normal/arm64_32/SwiftWeather.swiftsourceinfo -emit-objc-header-path /Users/admin/builder/spi-builder-workspace/.derivedData/Build/Intermediates.noindex/SwiftWeather.build/Debug-watchos/SwiftWeather-t.build/Objects-normal/arm64_32/SwiftWeather-Swift.h -serialize-diagnostics-path /Users/admin/builder/spi-builder-workspace/.derivedData/Build/Intermediates.noindex/SwiftWeather.build/Debug-watchos/SwiftWeather-t.build/Objects-normal/arm64_32/SwiftWeather-primary-emit-module.dia -emit-dependencies-path /Users/admin/builder/spi-builder-workspace/.derivedData/Build/Intermediates.noindex/SwiftWeather.build/Debug-watchos/SwiftWeather-t.build/Objects-normal/arm64_32/SwiftWeather-primary-emit-module.d -parse-as-library -o /Users/admin/builder/spi-builder-workspace/.derivedData/Build/Intermediates.noindex/SwiftWeather.build/Debug-watchos/SwiftWeather-t.build/Objects-normal/arm64_32/SwiftWeather.swiftmodule -emit-abi-descriptor-path /Users/admin/builder/spi-builder-workspace/.derivedData/Build/Intermediates.noindex/SwiftWeather.build/Debug-watchos/SwiftWeather-t.build/Objects-normal/arm64_32/SwiftWeather.abi.json
SwiftCompile normal arm64_32 Compiling\ AmbientWeatherReport.swift,\ AmbientWeatherSensor.swift /Users/admin/builder/spi-builder-workspace/Sources/SwiftWeather/AmbientWeather/AmbientWeatherReport.swift /Users/admin/builder/spi-builder-workspace/Sources/SwiftWeather/AmbientWeather/AmbientWeatherSensor.swift (in target 'SwiftWeather' from project 'SwiftWeather')
SwiftCompile normal arm64_32 /Users/admin/builder/spi-builder-workspace/Sources/SwiftWeather/AmbientWeather/AmbientWeatherReport.swift (in target 'SwiftWeather' from project 'SwiftWeather')
    cd /Users/admin/builder/spi-builder-workspace/.swiftpm/xcode
    builtin-SwiftPerFileCompile AmbientWeatherReport.swift
SwiftCompile normal arm64_32 /Users/admin/builder/spi-builder-workspace/Sources/SwiftWeather/AmbientWeather/AmbientWeatherSensor.swift (in target 'SwiftWeather' from project 'SwiftWeather')
    cd /Users/admin/builder/spi-builder-workspace/.swiftpm/xcode
    builtin-SwiftPerFileCompile AmbientWeatherSensor.swift
SwiftCompile normal arm64_32 Compiling\ AmbientWeather.swift,\ AmbientWeatherDevice.swift /Users/admin/builder/spi-builder-workspace/Sources/SwiftWeather/AmbientWeather/AmbientWeather.swift /Users/admin/builder/spi-builder-workspace/Sources/SwiftWeather/AmbientWeather/AmbientWeatherDevice.swift (in target 'SwiftWeather' from project 'SwiftWeather')
SwiftCompile normal arm64_32 /Users/admin/builder/spi-builder-workspace/Sources/SwiftWeather/AmbientWeather/AmbientWeather.swift (in target 'SwiftWeather' from project 'SwiftWeather')
    cd /Users/admin/builder/spi-builder-workspace/.swiftpm/xcode
    builtin-SwiftPerFileCompile AmbientWeather.swift
SwiftCompile normal arm64_32 /Users/admin/builder/spi-builder-workspace/Sources/SwiftWeather/AmbientWeather/AmbientWeatherDevice.swift (in target 'SwiftWeather' from project 'SwiftWeather')
    cd /Users/admin/builder/spi-builder-workspace/.swiftpm/xcode
    builtin-SwiftPerFileCompile AmbientWeatherDevice.swift
SwiftCompile normal arm64_32 Compiling\ AmbientWeatherStationGeoType.swift,\ AmbientWeatherStationGeolocation.swift /Users/admin/builder/spi-builder-workspace/Sources/SwiftWeather/AmbientWeather/AmbientWeatherStationGeoType.swift /Users/admin/builder/spi-builder-workspace/Sources/SwiftWeather/AmbientWeather/AmbientWeatherStationGeolocation.swift (in target 'SwiftWeather' from project 'SwiftWeather')
SwiftCompile normal arm64_32 /Users/admin/builder/spi-builder-workspace/Sources/SwiftWeather/AmbientWeather/AmbientWeatherStationGeoType.swift (in target 'SwiftWeather' from project 'SwiftWeather')
    cd /Users/admin/builder/spi-builder-workspace/.swiftpm/xcode
    builtin-SwiftPerFileCompile AmbientWeatherStationGeoType.swift
SwiftCompile normal arm64_32 /Users/admin/builder/spi-builder-workspace/Sources/SwiftWeather/AmbientWeather/AmbientWeatherStationGeolocation.swift (in target 'SwiftWeather' from project 'SwiftWeather')
    cd /Users/admin/builder/spi-builder-workspace/.swiftpm/xcode
    builtin-SwiftPerFileCompile AmbientWeatherStationGeolocation.swift
SwiftCompile normal arm64_32 Compiling\ AmbientWeatherStationInfo.swift,\ Data+String.swift /Users/admin/builder/spi-builder-workspace/Sources/SwiftWeather/AmbientWeather/AmbientWeatherStationInfo.swift /Users/admin/builder/spi-builder-workspace/Sources/SwiftWeather/Extensions/Data+String.swift (in target 'SwiftWeather' from project 'SwiftWeather')
SwiftCompile normal arm64_32 /Users/admin/builder/spi-builder-workspace/Sources/SwiftWeather/AmbientWeather/AmbientWeatherStationInfo.swift (in target 'SwiftWeather' from project 'SwiftWeather')
    cd /Users/admin/builder/spi-builder-workspace/.swiftpm/xcode
    builtin-SwiftPerFileCompile AmbientWeatherStationInfo.swift
SwiftCompile normal arm64_32 /Users/admin/builder/spi-builder-workspace/Sources/SwiftWeather/Extensions/Data+String.swift (in target 'SwiftWeather' from project 'SwiftWeather')
    cd /Users/admin/builder/spi-builder-workspace/.swiftpm/xcode
    builtin-SwiftPerFileCompile Data+String.swift
SwiftCompile normal arm64_32 Compiling\ Unit+Custom.swift,\ Zip.swift /Users/admin/builder/spi-builder-workspace/Sources/SwiftWeather/Extensions/Unit+Custom.swift /Users/admin/builder/spi-builder-workspace/Sources/SwiftWeather/Helpers/Zip.swift (in target 'SwiftWeather' from project 'SwiftWeather')
SwiftCompile normal arm64_32 /Users/admin/builder/spi-builder-workspace/Sources/SwiftWeather/Extensions/Unit+Custom.swift (in target 'SwiftWeather' from project 'SwiftWeather')
    cd /Users/admin/builder/spi-builder-workspace/.swiftpm/xcode
    builtin-SwiftPerFileCompile Unit+Custom.swift
SwiftCompile normal arm64_32 /Users/admin/builder/spi-builder-workspace/Sources/SwiftWeather/Helpers/Zip.swift (in target 'SwiftWeather' from project 'SwiftWeather')
    cd /Users/admin/builder/spi-builder-workspace/.swiftpm/xcode
    builtin-SwiftPerFileCompile Zip.swift
SwiftCompile normal arm64_32 Compiling\ WundergroundCurrentReport.swift /Users/admin/builder/spi-builder-workspace/Sources/SwiftWeather/Wunderground/WundergroundCurrentReport.swift (in target 'SwiftWeather' from project 'SwiftWeather')
SwiftCompile normal arm64_32 /Users/admin/builder/spi-builder-workspace/Sources/SwiftWeather/Wunderground/WundergroundCurrentReport.swift (in target 'SwiftWeather' from project 'SwiftWeather')
    cd /Users/admin/builder/spi-builder-workspace/.swiftpm/xcode
    builtin-SwiftPerFileCompile WundergroundCurrentReport.swift
SwiftCompile normal arm64_32 Compiling\ WeatherSensor.swift,\ Wunderground.swift /Users/admin/builder/spi-builder-workspace/Sources/SwiftWeather/WeatherSensor.swift /Users/admin/builder/spi-builder-workspace/Sources/SwiftWeather/Wunderground/Wunderground.swift (in target 'SwiftWeather' from project 'SwiftWeather')
SwiftCompile normal arm64_32 /Users/admin/builder/spi-builder-workspace/Sources/SwiftWeather/WeatherSensor.swift (in target 'SwiftWeather' from project 'SwiftWeather')
    cd /Users/admin/builder/spi-builder-workspace/.swiftpm/xcode
    builtin-SwiftPerFileCompile WeatherSensor.swift
SwiftCompile normal arm64_32 /Users/admin/builder/spi-builder-workspace/Sources/SwiftWeather/Wunderground/Wunderground.swift (in target 'SwiftWeather' from project 'SwiftWeather')
    cd /Users/admin/builder/spi-builder-workspace/.swiftpm/xcode
    builtin-SwiftPerFileCompile Wunderground.swift
SwiftCompile normal arm64_32 Compiling\ WundergroundDevice.swift /Users/admin/builder/spi-builder-workspace/Sources/SwiftWeather/Wunderground/WundergroundDevice.swift (in target 'SwiftWeather' from project 'SwiftWeather')
SwiftCompile normal arm64_32 /Users/admin/builder/spi-builder-workspace/Sources/SwiftWeather/Wunderground/WundergroundDevice.swift (in target 'SwiftWeather' from project 'SwiftWeather')
    cd /Users/admin/builder/spi-builder-workspace/.swiftpm/xcode
    builtin-SwiftPerFileCompile WundergroundDevice.swift
SwiftCompile normal arm64_32 Compiling\ WundergroundError.swift /Users/admin/builder/spi-builder-workspace/Sources/SwiftWeather/Wunderground/WundergroundError.swift (in target 'SwiftWeather' from project 'SwiftWeather')
SwiftCompile normal arm64_32 /Users/admin/builder/spi-builder-workspace/Sources/SwiftWeather/Wunderground/WundergroundError.swift (in target 'SwiftWeather' from project 'SwiftWeather')
    cd /Users/admin/builder/spi-builder-workspace/.swiftpm/xcode
    builtin-SwiftPerFileCompile WundergroundError.swift
SwiftEmitModule normal arm64 Emitting\ module\ for\ SwiftWeather (in target 'SwiftWeather' from project 'SwiftWeather')
SwiftCompile normal arm64 (in target 'SwiftWeather' from project 'SwiftWeather')
    cd /Users/admin/builder/spi-builder-workspace/.swiftpm/xcode

PruneExplicitPrecompiledModules /Users/admin/builder/spi-builder-workspace/.derivedData/Build/Intermediates.noindex/SwiftExplicitPrecompiledModules
PruneExplicitPrecompiledModules /Users/admin/builder/spi-builder-workspace/.derivedData/Build/Intermediates.noindex/ExplicitPrecompiledModules
PruneExplicitPrecompiledModules /Users/admin/builder/spi-builder-workspace/.derivedData/SDKExplicitPrecompiledModules
2026-09-20 16:32:32.404 xcodebuild[746:4559] [MT] IDERunDestination: Supported platforms for the buildables in the current scheme is empty.
** BUILD FAILED **
The following build commands failed:
	SwiftCompile normal arm64_32 (in target 'SwiftWeather' from project 'SwiftWeather')
	SwiftEmitModule normal arm64_32 Emitting\ module\ for\ SwiftWeather (in target 'SwiftWeather' from project 'SwiftWeather')
	Building workspace SwiftWeather with scheme SwiftWeather
(3 failures)
BUILD FAILURE 6.4 watchOS