Build Information
Failed to build QtBridge, reference 0.2.0-beta (407714), with Swift 6.3 for Android on 25 Jun 2026 09:50:33 UTC.
Build Command
bash -c docker run --pull=always --rm -v "checkouts-53886770-0":/host -w "$PWD" -e JAVA_HOME="/root/.sdkman/candidates/java/current" -e SPI_BUILD="1" -e SPI_PROCESSING="1" registry.gitlab.com/swiftpackageindex/spi-images:android-6.3-latest swift build --swift-sdk aarch64-unknown-linux-android28 2>&1Build Log
========================================
RunAll
========================================
Builder version: 4071e0796c748d991a0123890d2f0ecadc8fcc8c
Interrupt handler set up.
========================================
Checkout
========================================
Clone URL: https://github.com/qt/qtbridge-swift.git
Reference: 0.2.0-beta
Initialized empty Git repository in /host/spi-builder-workspace/.git/
hint: Using 'master' as the name for the initial branch. This default branch name
hint: is subject to change. To configure the initial branch name to use in all
hint: of your new repositories, which will suppress this warning, call:
hint:
hint: git config --global init.defaultBranch <name>
hint:
hint: Names commonly chosen instead of 'master' are 'main', 'trunk' and
hint: 'development'. The just-created branch can be renamed via this command:
hint:
hint: git branch -m <name>
From https://github.com/qt/qtbridge-swift
* tag 0.2.0-beta -> FETCH_HEAD
HEAD is now at 4077140 Bump up package version to 0.2.0-beta
Cloned https://github.com/qt/qtbridge-swift.git
Revision (git rev-parse @):
407714006dd21107b70db6547ce75e43df0c8a75
SPI manifest file found: $PWD/.spi.yml
SUCCESS checkout https://github.com/qt/qtbridge-swift.git at 0.2.0-beta
========================================
Build
========================================
Selected platform: android
Swift version: 6.3
Building package at path: $PWD
https://github.com/qt/qtbridge-swift.git
Running build ...
bash -c docker run --pull=always --rm -v "checkouts-53886770-0":/host -w "$PWD" -e JAVA_HOME="/root/.sdkman/candidates/java/current" -e SPI_BUILD="1" -e SPI_PROCESSING="1" registry.gitlab.com/swiftpackageindex/spi-images:android-6.3-latest swift build --swift-sdk aarch64-unknown-linux-android28 2>&1
android-6.3-latest: Pulling from swiftpackageindex/spi-images
Digest: sha256:fcf1b80e2a4fb0358ac6fbde579a6598cd5d36a88f81c802eb74b60be64a41a4
Status: Image is up to date for registry.gitlab.com/swiftpackageindex/spi-images:android-6.3-latest
Fetching https://git.qt.io/qtbridge/qtforswift.git
[1/8967] Fetching qtforswift
Fetched https://git.qt.io/qtbridge/qtforswift.git from cache (6.26s)
Fetching https://github.com/apple/swift-syntax.git
Fetching https://github.com/apple/swift-docc-plugin
[1/2299] Fetching swift-docc-plugin
[2300/78042] Fetching swift-docc-plugin, swift-syntax
Fetched https://github.com/apple/swift-docc-plugin from cache (2.39s)
Fetched https://github.com/apple/swift-syntax.git from cache (2.40s)
Computing version for https://github.com/apple/swift-syntax.git
Computed https://github.com/apple/swift-syntax.git at 600.0.1 (3.35s)
Computing version for https://github.com/apple/swift-docc-plugin
Computed https://github.com/apple/swift-docc-plugin at 1.5.0 (0.16s)
Fetching https://github.com/swiftlang/swift-docc-symbolkit
[1/3748] Fetching swift-docc-symbolkit
Fetched https://github.com/swiftlang/swift-docc-symbolkit from cache (0.46s)
Computing version for https://github.com/swiftlang/swift-docc-symbolkit
Computed https://github.com/swiftlang/swift-docc-symbolkit at 1.0.0 (0.65s)
Creating working copy for https://github.com/apple/swift-syntax.git
Working copy of https://github.com/apple/swift-syntax.git resolved at 600.0.1
Creating working copy for https://github.com/apple/swift-docc-plugin
Working copy of https://github.com/apple/swift-docc-plugin resolved at 1.5.0
Creating working copy for https://github.com/swiftlang/swift-docc-symbolkit
Working copy of https://github.com/swiftlang/swift-docc-symbolkit resolved at 1.0.0
Creating working copy for https://git.qt.io/qtbridge/qtforswift.git
Working copy of https://git.qt.io/qtbridge/qtforswift.git resolved at master (977f40f)
warning: 'qtforswift': found 1 file(s) which are unhandled; explicitly declare them as resources or exclude from the target
/host/spi-builder-workspace/.build/checkouts/qtforswift/README.md
[1/1] Compiling plugin Swift-DocC Preview
[2/2] Compiling plugin Swift-DocC
Building for debugging...
[2/72] Write sources
[3/72] Compiling _SwiftSyntaxCShims dummy.c
[4/72] Write sources
[17/72] Copying qml
[18/72] Copying plugins
[19/72] Compiling QtQml _spmQtQml.cpp
[20/72] Compiling QtGui _spmQtGui.cpp
[21/72] Compiling QtCore _spmQtCore.cpp
[22/72] Write sources
In file included from /host/spi-builder-workspace/Sources/QtBridgeCpp/abstractlistmodel.cpp:4:
/host/spi-builder-workspace/Sources/QtBridgeCpp/include/abstractlistmodel.h:6:10: fatal error: 'QtCore/qabstractitemmodel.h' file not found
6 | #include <QtCore/qabstractitemmodel.h>
| ^~~~~~~~~~~~~~~~~~~~~~~~~~~~~
1 error generated.
[23/72] Compiling QtBridgeCpp abstractlistmodel.cpp
In file included from /host/spi-builder-workspace/Sources/QtBridgeCpp/abstractitemmodel.cpp:4:
In file included from /host/spi-builder-workspace/Sources/QtBridgeCpp/include/abstractitemmodel.h:6:
/host/spi-builder-workspace/Sources/QtBridgeCpp/include/callbackbase.h:6:10: fatal error: 'QtCore/qabstractitemmodel.h' file not found
6 | #include <QtCore/qabstractitemmodel.h>
| ^~~~~~~~~~~~~~~~~~~~~~~~~~~~~
1 error generated.
[23/72] Compiling QtBridgeCpp abstractitemmodel.cpp
[23/72] Compiling QtBridgeCpp swiftqmlelementbuilder.cpp
In file included from /host/spi-builder-workspace/Sources/QtBridgeCpp/abstractitemmodel.cpp:4:
In file included from /host/spi-builder-workspace/Sources/QtBridgeCpp/include/abstractitemmodel.h:6:
/host/spi-builder-workspace/Sources/QtBridgeCpp/include/callbackbase.h:6:10: fatal error: 'QtCore/qabstractitemmodel.h' file not found
6 | #include <QtCore/qabstractitemmodel.h>
| ^~~~~~~~~~~~~~~~~~~~~~~~~~~~~
[23/72] Compiling QtBridgeCpp abstractitemmodel.cpp
In file included from /host/spi-builder-workspace/Sources/QtBridgeCpp/abstracttablemodel.cpp:4:
/host/spi-builder-workspace/Sources/QtBridgeCpp/include/abstracttablemodel.h:6:10: fatal error: 'QtCore/qabstractitemmodel.h' file not found
6 | #include <QtCore/qabstractitemmodel.h>
| ^~~~~~~~~~~~~~~~~~~~~~~~~~~~~
[23/72] Compiling QtBridgeCpp abstracttablemodel.cpp
In file included from /host/spi-builder-workspace/Sources/QtBridgeCpp/abstracttablemodel.cpp:4:
/host/spi-builder-workspace/Sources/QtBridgeCpp/include/abstracttablemodel.h:6:10: fatal error: 'QtCore/qabstractitemmodel.h' file not found
6 | #include <QtCore/qabstractitemmodel.h>
| ^~~~~~~~~~~~~~~~~~~~~~~~~~~~~
1 error generated.
In file included from /host/spi-builder-workspace/Sources/QtBridgeCpp/abstractlistmodel.cpp:4:
/host/spi-builder-workspace/Sources/QtBridgeCpp/include/abstractlistmodel.h:6:10: fatal error: 'QtCore/qabstractitemmodel.h' file not found
6 | #include <QtCore/qabstractitemmodel.h>
| ^~~~~~~~~~~~~~~~~~~~~~~~~~~~~
[23/72] Compiling QtBridgeCpp abstractlistmodel.cpp
[23/72] Write swift-version-272D24FF697CF451.txt
BUILD FAILURE 6.3 android