The Swift Package Index logo.Swift Package Index

Build Information

Failed to build OpenBytesNavigation, reference main (a68682), with Swift 6.4 for Wasm on 19 Sep 2026 01:02:36 UTC.

Build Command

bash -c docker run --pull=always --rm -v "checkouts-54344844-0":/host -w "$PWD" -e JAVA_HOME="/root/.sdkman/candidates/java/current" -e SPI_BUILD="1" -e SPI_PROCESSING="1" registry.gitlab.com/saguaro1/spi-images:wasm-6.4-latest swift build --swift-sdk swift-6.4.x-DEVELOPMENT-SNAPSHOT-2026-09-04-a_wasm 2>&1

Build Log

========================================
RunAll
========================================
Builder version: 5.1.0
Interrupt handler set up.
========================================
Checkout
========================================
Clone URL: https://github.com/0xOpenBytes/OpenBytesNavigation.git
Reference: main
Initialized empty Git repository in /host/spi-builder-workspace/.git/
hint: Using 'master' as the name for the initial branch. This default branch name
hint: is subject to change. To configure the initial branch name to use in all
hint: of your new repositories, which will suppress this warning, call:
hint:
hint: 	git config --global init.defaultBranch <name>
hint:
hint: Names commonly chosen instead of 'master' are 'main', 'trunk' and
hint: 'development'. The just-created branch can be renamed via this command:
hint:
hint: 	git branch -m <name>
From https://github.com/0xOpenBytes/OpenBytesNavigation
 * branch            main       -> FETCH_HEAD
 * [new branch]      main       -> origin/main
HEAD is now at a686825 Add Package.resolved
Cloned https://github.com/0xOpenBytes/OpenBytesNavigation.git
Revision (git rev-parse @):
a68682508d76f9f66795ba769bf2fd209cbf34de
SUCCESS checkout https://github.com/0xOpenBytes/OpenBytesNavigation.git at main
========================================
Build
========================================
Selected platform:         wasm
Swift version:             6.4
Building package at path:  $PWD
https://github.com/0xOpenBytes/OpenBytesNavigation.git
Running build ...
bash -c docker run --pull=always --rm -v "checkouts-54344844-0":/host -w "$PWD" -e JAVA_HOME="/root/.sdkman/candidates/java/current" -e SPI_BUILD="1" -e SPI_PROCESSING="1" registry.gitlab.com/saguaro1/spi-images:wasm-6.4-latest swift build --swift-sdk swift-6.4.x-DEVELOPMENT-SNAPSHOT-2026-09-04-a_wasm 2>&1
wasm-6.4-latest: Pulling from saguaro1/spi-images
Digest: sha256:4328fdb43c680d205c1d6761b1e3267aa38277eefdda9ddfb17b6a0f1a77857a
Status: Image is up to date for registry.gitlab.com/saguaro1/spi-images:wasm-6.4-latest
Fetching https://github.com/0xOpenBytes/Disk
[1/29] Fetching disk
Fetched https://github.com/0xOpenBytes/Disk (0.44s)
Computing version for https://github.com/0xOpenBytes/Disk
Computed https://github.com/0xOpenBytes/Disk at 0.1.0 (0.64s)
Fetching https://github.com/0xOpenBytes/o
[1/248] Fetching o
Fetched https://github.com/0xOpenBytes/o (0.43s)
Computing version for https://github.com/0xOpenBytes/o
Computed https://github.com/0xOpenBytes/o at 2.1.1 (0.63s)
Creating working copy for https://github.com/0xOpenBytes/o
Working copy of https://github.com/0xOpenBytes/o resolved at 2.1.1
Creating working copy for https://github.com/0xOpenBytes/Disk
Working copy of https://github.com/0xOpenBytes/Disk resolved at 0.1.0
Building for debugging...
[Pre-planning 1 / 126]
error: SwiftCompile normal wasm32 failed with a nonzero exit code. Command line:     cd /host

/host/spi-builder-workspace/.build/checkouts/o/Sources/o/URL/o+url.swift:15:34: error: 'URLResponse' is unavailable: This type has moved to the FoundationNetworking module. Import that module to use it.
 13 |         public struct DataResponse {
 14 |             public let data: Data?
 15 |             public let response: URLResponse?
    |                                  `- error: 'URLResponse' is unavailable: This type has moved to the FoundationNetworking module. Import that module to use it.
 16 |
 17 |             init(data: Data?, response: URLResponse?) {
Foundation.URLResponse:2:18: note: 'URLResponse' has been explicitly marked unavailable here
1 | @available(*, unavailable, message: "This type has moved to the FoundationNetworking module. Import that module to use it.")
2 | public typealias URLResponse = AnyObject
  |                  `- note: 'URLResponse' has been explicitly marked unavailable here
/host/spi-builder-workspace/.build/checkouts/o/Sources/o/URL/o+url.swift:17:41: error: 'URLResponse' is unavailable: This type has moved to the FoundationNetworking module. Import that module to use it.
 15 |             public let response: URLResponse?
 16 |
 17 |             init(data: Data?, response: URLResponse?) {
    |                                         `- error: 'URLResponse' is unavailable: This type has moved to the FoundationNetworking module. Import that module to use it.
 18 |                 self.data = data
 19 |                 self.response = response
Foundation.URLResponse:2:18: note: 'URLResponse' has been explicitly marked unavailable here
1 | @available(*, unavailable, message: "This type has moved to the FoundationNetworking module. Import that module to use it.")
2 | public typealias URLResponse = AnyObject
  |                  `- note: 'URLResponse' has been explicitly marked unavailable here
/host/spi-builder-workspace/.build/checkouts/o/Sources/o/URL/o+url.swift:22:35: error: 'URLResponse' is unavailable: This type has moved to the FoundationNetworking module. Import that module to use it.
 20 |             }
 21 |
 22 |             init(_ tuple: (Data?, URLResponse?)) {
    |                                   `- error: 'URLResponse' is unavailable: This type has moved to the FoundationNetworking module. Import that module to use it.
 23 |                 self.data = tuple.0
 24 |                 self.response = tuple.1
Foundation.URLResponse:2:18: note: 'URLResponse' has been explicitly marked unavailable here
1 | @available(*, unavailable, message: "This type has moved to the FoundationNetworking module. Import that module to use it.")
2 | public typealias URLResponse = AnyObject
  |                  `- note: 'URLResponse' has been explicitly marked unavailable here
/host/spi-builder-workspace/.build/checkouts/o/Sources/o/URL/o+url.swift:44:14: error: cannot find type 'URLRequest' in scope
 42 |             method : HTTPRequestMethod,
 43 |             headerFields: [String: String]
 44 |         ) -> URLRequest {
    |              `- error: cannot find type 'URLRequest' in scope
 45 |             var request = URLRequest(url: url)
 46 |
Failed frontend command:
/usr/bin/swift-frontend -frontend -emit-module -experimental-skip-non-inlinable-function-bodies-without-types /host/spi-builder-workspace/.build/checkouts/o/Sources/o/Console/o+console.swift /host/spi-builder-workspace/.build/checkouts/o/Sources/o/File/o+file.swift /host/spi-builder-workspace/.build/checkouts/o/Sources/o/Notifications/NotificationAuthorization.swift /host/spi-builder-workspace/.build/checkouts/o/Sources/o/Notifications/NotificationDelegate.swift /host/spi-builder-workspace/.build/checkouts/o/Sources/o/Notifications/NotificationDelete.swift /host/spi-builder-workspace/.build/checkouts/o/Sources/o/Notifications/NotificationGet.swift /host/spi-builder-workspace/.build/checkouts/o/Sources/o/Notifications/NotificationPost.swift /host/spi-builder-workspace/.build/checkouts/o/Sources/o/Notifications/NotificationUpdate.swift /host/spi-builder-workspace/.build/checkouts/o/Sources/o/Notifications/o+notification.swift /host/spi-builder-workspace/.build/checkouts/o/Sources/o/URL/o+url.swift /host/spi-builder-workspace/.build/checkouts/o/Sources/o/o.swift -target wasm32-unknown-wasip1 -disable-objc-interop -sdk /root/.swiftpm/swift-sdks/swift-6.4.x-DEVELOPMENT-SNAPSHOT-2026-09-04-a_wasm.artifactbundle/swift-6.4.x-DEVELOPMENT-SNAPSHOT-2026-09-04-a_wasm/wasm32-unknown-wasip1/WASI.sdk -sysroot /root/.swiftpm/swift-sdks/swift-6.4.x-DEVELOPMENT-SNAPSHOT-2026-09-04-a_wasm.artifactbundle/swift-6.4.x-DEVELOPMENT-SNAPSHOT-2026-09-04-a_wasm/wasm32-unknown-wasip1/WASI.sdk -I /host/spi-builder-workspace/.build/out/Products/Debug-webassembly-wasm32 -module-cache-path /host/spi-builder-workspace/.build/out/ModuleCache.noindex -color-diagnostics -Xcc -fcolor-diagnostics -enable-testing -g -debug-info-format\=dwarf -dwarf-version\=4 -suppress-warnings -swift-version 5 -Onone -D SWIFT_PACKAGE -D DEBUG -D SWIFT_MODULE_RESOURCE_BUNDLE_UNAVAILABLE -D Xcode -serialize-debugging-options -enable-experimental-feature DebugDescriptionMacro -empty-abi-descriptor -external-plugin-path /usr/lib/swift/host/plugins/testing\#/usr/bin/swift-plugin-server -validate-clang-modules-once -clang-build-session-file /host/spi-builder-workspace/.build/out/ModuleCache.noindex/Session.modulevalidation -Xcc -working-directory -Xcc /host -resource-dir /root/.swiftpm/swift-sdks/swift-6.4.x-DEVELOPMENT-SNAPSHOT-2026-09-04-a_wasm.artifactbundle/swift-6.4.x-DEVELOPMENT-SNAPSHOT-2026-09-04-a_wasm/wasm32-unknown-wasip1/swift.xctoolchain/usr/lib/swift_static -use-static-resource-dir -enable-anonymous-context-mangled-names -file-compilation-dir /host -Xcc -resource-dir -Xcc /root/.swiftpm/swift-sdks/swift-6.4.x-DEVELOPMENT-SNAPSHOT-2026-09-04-a_wasm.artifactbundle/swift-6.4.x-DEVELOPMENT-SNAPSHOT-2026-09-04-a_wasm/wasm32-unknown-wasip1/swift.xctoolchain/usr/lib/swift_static/clang -Xcc -D_LIBCPP_HARDENING_MODE\=_LIBCPP_HARDENING_MODE_DEBUG -Xcc -fmodules-prune-interval\=86400 -Xcc -fmodules-prune-after\=345600 -Xcc -I/host/spi-builder-workspace/.build/out/Products/Debug-webassembly-wasm32/include -Xcc -I/host/spi-builder-workspace/.build/out/Intermediates.noindex/o.build/Debug-webassembly-wasm32/o-t.build/DerivedSources-normal/wasm32 -Xcc -I/host/spi-builder-workspace/.build/out/Intermediates.noindex/o.build/Debug-webassembly-wasm32/o-t.build/DerivedSources/wasm32 -Xcc -I/host/spi-builder-workspace/.build/out/Intermediates.noindex/o.build/Debug-webassembly-wasm32/o-t.build/DerivedSources -Xcc -DSWIFT_PACKAGE -Xcc -DDEBUG\=1 -no-auto-bridging-header-chaining -module-name o -const-gather-protocols-file /host/spi-builder-workspace/.build/out/Intermediates.noindex/o.build/Debug-webassembly-wasm32/o-t.build/Objects-normal/wasm32/o_const_extract_protocols.json -in-process-plugin-server-path /usr/lib/swift/host/libSwiftInProcPluginServer.so -plugin-path /usr/lib/swift/host/plugins -plugin-path /usr/local/lib/swift/host/plugins -emit-module-doc-path /host/spi-builder-workspace/.build/out/Intermediates.noindex/o.build/Debug-webassembly-wasm32/o-t.build/Objects-normal/wasm32/Modules/o.swiftdoc -emit-module-source-info-path /host/spi-builder-workspace/.build/out/Intermediates.noindex/o.build/Debug-webassembly-wasm32/o-t.build/Objects-normal/wasm32/Modules/o.swiftsourceinfo -emit-objc-header-path /host/spi-builder-workspace/.build/out/Intermediates.noindex/o.build/Debug-webassembly-wasm32/o-t.build/Objects-normal/wasm32/o-Swift.h -serialize-diagnostics-path /host/spi-builder-workspace/.build/out/Intermediates.noindex/o.build/Debug-webassembly-wasm32/o-t.build/Objects-normal/wasm32/o-primary-emit-module.dia -emit-dependencies-path /host/spi-builder-workspace/.build/out/Intermediates.noindex/o.build/Debug-webassembly-wasm32/o-t.build/Objects-normal/wasm32/o-primary-emit-module.d -parse-as-library -o /host/spi-builder-workspace/.build/out/Intermediates.noindex/o.build/Debug-webassembly-wasm32/o-t.build/Objects-normal/wasm32/Modules/o.swiftmodule
error: Build failed
BUILD FAILURE 6.4 wasm