The Swift Package Index logo.Swift Package Index

Build Information

Failed to build SwiftyRemoteConfig, reference master (8dff22), with Swift 6.4 for watchOS using Xcode 27.0 on 22 Sep 2026 21:05:26 UTC.

Build Command

env DEVELOPER_DIR=/Applications/Xcode-27.0.0-Release.Candidate.app xcrun xcodebuild -IDEClonedSourcePackagesDirPathOverride=$PWD/.dependencies -skipMacroValidation -skipPackagePluginValidation -derivedDataPath $PWD/.derivedData build -scheme SwiftyRemoteConfig-Package -destination generic/platform=watchOS

Build Log

========================================
RunAll
========================================
Builder version: 5.1.0
Interrupt handler set up.
========================================
Checkout
========================================
Clone URL: https://github.com/fumito-ito/SwiftyRemoteConfig.git
Reference: master
Initialized empty Git repository in /Users/admin/builder/spi-builder-workspace/.git/
From https://github.com/fumito-ito/SwiftyRemoteConfig
 * branch            master     -> FETCH_HEAD
 * [new branch]      master     -> origin/master
HEAD is now at 8dff22c Merge pull request #103 from fumito-ito/renovate/actions-checkout-6.x
Cloned https://github.com/fumito-ito/SwiftyRemoteConfig.git
Revision (git rev-parse @):
8dff22c8b1daef53a28ea817f45e1ef7cfbcdb42
SUCCESS checkout https://github.com/fumito-ito/SwiftyRemoteConfig.git at master
========================================
Build
========================================
Selected platform:         watchOS
Swift version:             6.4
Building package at path:  $PWD
https://github.com/fumito-ito/SwiftyRemoteConfig.git
Command line invocation:
    /Applications/Xcode-27.0.0-Release.Candidate.app/Contents/Developer/usr/bin/xcodebuild -IDEClonedSourcePackagesDirPathOverride=/Users/admin/builder/spi-builder-workspace/.dependencies -resolvePackageDependencies
resolved source packages:
{
  "dependencies" : [
    {
      "identity" : "firebase-ios-sdk",
      "requirement" : {
        "range" : [
          {
            "lower_bound" : "12.6.0",
            "upper_bound" : "13.0.0"
          }
        ]
      },
      "type" : "sourceControl",
      "url" : "https://github.com/firebase/firebase-ios-sdk.git"
    }
  ],
  "manifest_display_name" : "SwiftyRemoteConfig",
  "name" : "SwiftyRemoteConfig",
  "path" : "/Users/admin/builder/spi-builder-workspace",
  "platforms" : [
    {
      "name" : "ios",
      "version" : "15.0"
    },
    {
      "name" : "macos",
      "version" : "10.15"
    },
    {
      "name" : "tvos",
      "version" : "15.0"
    },
    {
      "name" : "watchos",
      "version" : "7.0"
    }
  ],
  "products" : [
    {
      "name" : "SwiftyRemoteConfig",
      "targets" : [
        "SwiftyRemoteConfig"
      ],
      "type" : {
        "library" : [
          "automatic"
        ]
      }
    }
  ],
  "targets" : [
    {
      "c99name" : "SwiftyRemoteConfigTests",
      "module_type" : "SwiftTarget",
      "name" : "SwiftyRemoteConfigTests",
      "path" : "Tests",
      "sources" : [
        "SwiftyRemoteConfigTests/BuiltIns/RemoteConfig+Bool.swift",
        "SwiftyRemoteConfigTests/BuiltIns/RemoteConfig+Data.swift",
        "SwiftyRemoteConfigTests/BuiltIns/RemoteConfig+Double.swift",
        "SwiftyRemoteConfigTests/BuiltIns/RemoteConfig+Int.swift",
        "SwiftyRemoteConfigTests/BuiltIns/RemoteConfig+String.swift",
        "SwiftyRemoteConfigTests/BuiltIns/RemoteConfig+URL.swift",
        "SwiftyRemoteConfigTests/External types/RemoteConfig+Codable.swift",
        "SwiftyRemoteConfigTests/External types/RemoteConfig+Color.swift",
        "SwiftyRemoteConfigTests/External types/RemoteConfig+CustomSerializable.swift",
        "SwiftyRemoteConfigTests/External types/RemoteConfig+Enum.swift",
        "SwiftyRemoteConfigTests/External types/RemoteConfig+Serializable.swift",
        "SwiftyRemoteConfigTests/Helpers/RemoteConfigSerializableSpec.swift",
        "SwiftyRemoteConfigTests/Helpers/TestHelper.swift",
        "SwiftyRemoteConfigTests/SwiftyRemoteConfigTests.swift",
        "SwiftyRemoteConfigTests/XCTestManifests.swift"
      ],
      "target_dependencies" : [
        "SwiftyRemoteConfig"
      ],
      "type" : "test"
    },
    {
      "c99name" : "SwiftyRemoteConfig",
      "module_type" : "SwiftTarget",
      "name" : "SwiftyRemoteConfig",
      "path" : "Sources",
      "product_dependencies" : [
        "FirebaseRemoteConfig"
      ],
      "product_memberships" : [
        "SwiftyRemoteConfig"
      ],
      "sources" : [
        "SwiftyRemoteConfig/BuiltIns.swift",
        "SwiftyRemoteConfig/PropertyWrappers.swift",
        "SwiftyRemoteConfig/RemoteConfig+Observing.swift",
        "SwiftyRemoteConfig/RemoteConfig+Subscripts.swift",
        "SwiftyRemoteConfig/RemoteConfig.swift",
        "SwiftyRemoteConfig/RemoteConfigAdapter.swift",
        "SwiftyRemoteConfig/RemoteConfigBridge.swift",
        "SwiftyRemoteConfig/RemoteConfigCombine.swift",
        "SwiftyRemoteConfig/RemoteConfigKey.swift",
        "SwiftyRemoteConfig/RemoteConfigKeys.swift",
        "SwiftyRemoteConfig/RemoteConfigObserver.swift",
        "SwiftyRemoteConfig/RemoteConfigSerializable.swift",
        "SwiftyRemoteConfig/Utils/OptionalType.swift"
      ],
      "type" : "library"
    }
  ],
  "tools_version" : "5.6"
}
{
  "project" : {
    "configurations" : [
      "Debug",
      "Release"
    ],
    "name" : "SwiftyRemoteConfig",
    "schemes" : [
      "FBLPromises",
      "Firebase",
      "FirebaseABTesting",
      "FirebaseCore",
      "FirebaseCoreDiagnostics",
      "FirebaseInstallations",
      "FirebasePackageDescription",
      "FirebaseRemoteConfig",
      "GoogleDataTransport",
      "GoogleDataTransportPackageDescription",
      "GoogleUtilities_Environment",
      "GoogleUtilities_Logger",
      "GoogleUtilities_NSData",
      "GoogleUtilities_UserDefaults",
      "GoogleUtilitiesPackageDescription",
      "GULEnvironment",
      "GULLogger",
      "GULNSData",
      "GULUserDefaults",
      "nanopb",
      "nanopbPackageDescription",
      "PromisesPackageDescription",
      "SwiftyRemoteConfig-Package",
      "SwiftyRemoteConfigPackageDescription",
      "SwiftyRemoteConfigPackageTests"
    ],
    "targets" : [
      "FBLPromises",
      "Firebase",
      "FirebaseABTesting",
      "FirebaseCore",
      "FirebaseCoreDiagnostics",
      "FirebaseInstallations",
      "FirebasePackageDescription",
      "FirebaseRemoteConfig",
      "GULEnvironment",
      "GULLogger",
      "GULNSData",
      "GULUserDefaults",
      "GoogleDataTransport",
      "GoogleDataTransportPackageDescription",
      "GoogleUtilitiesPackageDescription",
      "GoogleUtilities_Environment",
      "GoogleUtilities_Logger",
      "GoogleUtilities_NSData",
      "GoogleUtilities_UserDefaults",
      "PromisesPackageDescription",
      "SwiftyRemoteConfig",
      "SwiftyRemoteConfigPackageDescription",
      "SwiftyRemoteConfigPackageTests",
      "SwiftyRemoteConfigTests",
      "nanopb",
      "nanopbPackageDescription"
    ]
  }
}
Running build ...
env DEVELOPER_DIR=/Applications/Xcode-27.0.0-Release.Candidate.app xcrun xcodebuild -IDEClonedSourcePackagesDirPathOverride=$PWD/.dependencies -skipMacroValidation -skipPackagePluginValidation -derivedDataPath $PWD/.derivedData build -scheme SwiftyRemoteConfig-Package -destination generic/platform=watchOS
Command line invocation:
    /Applications/Xcode-27.0.0-Release.Candidate.app/Contents/Developer/usr/bin/xcodebuild -IDEClonedSourcePackagesDirPathOverride=/Users/admin/builder/spi-builder-workspace/.dependencies -skipMacroValidation -skipPackagePluginValidation -derivedDataPath /Users/admin/builder/spi-builder-workspace/.derivedData build -scheme SwiftyRemoteConfig-Package -destination generic/platform=watchOS
ComputePackagePrebuildTargetDependencyGraph
Prepare packages
CreateBuildRequest
SendProjectDescription
CreateBuildOperation
ComputeTargetDependencyGraph
note: Building targets in dependency order
note: Target dependency graph (14 targets)
    Target 'SwiftyRemoteConfig' in project 'SwiftyRemoteConfig'
        ➜ Explicit dependency on target 'FirebaseRemoteConfig' in project 'SwiftyRemoteConfig'
        ➜ Explicit dependency on target 'GoogleUtilities_NSData' in project 'SwiftyRemoteConfig'
        ➜ Explicit dependency on target 'FirebaseInstallations' in project 'SwiftyRemoteConfig'
        ➜ Explicit dependency on target 'GoogleUtilities_UserDefaults' in project 'SwiftyRemoteConfig'
        ➜ Explicit dependency on target 'FirebaseABTesting' in project 'SwiftyRemoteConfig'
        ➜ Explicit dependency on target 'FirebaseCore' in project 'SwiftyRemoteConfig'
        ➜ Explicit dependency on target 'FirebaseCoreDiagnostics' in project 'SwiftyRemoteConfig'
        ➜ Explicit dependency on target 'GoogleUtilities_Logger' in project 'SwiftyRemoteConfig'
        ➜ Explicit dependency on target 'GoogleDataTransport' in project 'SwiftyRemoteConfig'
        ➜ Explicit dependency on target 'GoogleUtilities_Environment' in project 'SwiftyRemoteConfig'
        ➜ Explicit dependency on target 'FBLPromises' in project 'SwiftyRemoteConfig'
        ➜ Explicit dependency on target 'nanopb' in project 'SwiftyRemoteConfig'
        ➜ Explicit dependency on target 'Firebase' in project 'SwiftyRemoteConfig'
    Target 'FirebaseRemoteConfig' in project 'SwiftyRemoteConfig'
        ➜ Explicit dependency on target 'GoogleUtilities_NSData' in project 'SwiftyRemoteConfig'
        ➜ Explicit dependency on target 'FirebaseInstallations' in project 'SwiftyRemoteConfig'
        ➜ Explicit dependency on target 'GoogleUtilities_UserDefaults' in project 'SwiftyRemoteConfig'
        ➜ Explicit dependency on target 'FirebaseABTesting' in project 'SwiftyRemoteConfig'
        ➜ Explicit dependency on target 'FirebaseCore' in project 'SwiftyRemoteConfig'
        ➜ Explicit dependency on target 'FirebaseCoreDiagnostics' in project 'SwiftyRemoteConfig'
        ➜ Explicit dependency on target 'GoogleUtilities_Logger' in project 'SwiftyRemoteConfig'
        ➜ Explicit dependency on target 'GoogleDataTransport' in project 'SwiftyRemoteConfig'
        ➜ Explicit dependency on target 'GoogleUtilities_Environment' in project 'SwiftyRemoteConfig'
        ➜ Explicit dependency on target 'FBLPromises' in project 'SwiftyRemoteConfig'
        ➜ Explicit dependency on target 'nanopb' in project 'SwiftyRemoteConfig'
        ➜ Explicit dependency on target 'Firebase' in project 'SwiftyRemoteConfig'
    Target 'FirebaseABTesting' in project 'SwiftyRemoteConfig'
        ➜ Explicit dependency on target 'FirebaseCore' in project 'SwiftyRemoteConfig'
        ➜ Explicit dependency on target 'FirebaseCoreDiagnostics' in project 'SwiftyRemoteConfig'
        ➜ Explicit dependency on target 'GoogleUtilities_Logger' in project 'SwiftyRemoteConfig'
        ➜ Explicit dependency on target 'GoogleDataTransport' in project 'SwiftyRemoteConfig'
        ➜ Explicit dependency on target 'GoogleUtilities_Environment' in project 'SwiftyRemoteConfig'
        ➜ Explicit dependency on target 'FBLPromises' in project 'SwiftyRemoteConfig'
        ➜ Explicit dependency on target 'nanopb' in project 'SwiftyRemoteConfig'
        ➜ Explicit dependency on target 'Firebase' in project 'SwiftyRemoteConfig'
    Target 'FirebaseInstallations' in project 'SwiftyRemoteConfig'
        ➜ Explicit dependency on target 'GoogleUtilities_UserDefaults' in project 'SwiftyRemoteConfig'
        ➜ Explicit dependency on target 'FirebaseCore' in project 'SwiftyRemoteConfig'
        ➜ Explicit dependency on target 'FirebaseCoreDiagnostics' in project 'SwiftyRemoteConfig'
        ➜ Explicit dependency on target 'GoogleUtilities_Logger' in project 'SwiftyRemoteConfig'
        ➜ Explicit dependency on target 'GoogleDataTransport' in project 'SwiftyRemoteConfig'
        ➜ Explicit dependency on target 'GoogleUtilities_Environment' in project 'SwiftyRemoteConfig'
        ➜ Explicit dependency on target 'FBLPromises' in project 'SwiftyRemoteConfig'
        ➜ Explicit dependency on target 'nanopb' in project 'SwiftyRemoteConfig'
        ➜ Explicit dependency on target 'Firebase' in project 'SwiftyRemoteConfig'
    Target 'FirebaseCore' in project 'SwiftyRemoteConfig'
        ➜ Explicit dependency on target 'FirebaseCoreDiagnostics' in project 'SwiftyRemoteConfig'
        ➜ Explicit dependency on target 'GoogleUtilities_Logger' in project 'SwiftyRemoteConfig'
        ➜ Explicit dependency on target 'GoogleDataTransport' in project 'SwiftyRemoteConfig'
        ➜ Explicit dependency on target 'GoogleUtilities_Environment' in project 'SwiftyRemoteConfig'
        ➜ Explicit dependency on target 'FBLPromises' in project 'SwiftyRemoteConfig'
        ➜ Explicit dependency on target 'nanopb' in project 'SwiftyRemoteConfig'
        ➜ Explicit dependency on target 'Firebase' in project 'SwiftyRemoteConfig'
    Target 'Firebase' in project 'SwiftyRemoteConfig' (no dependencies)
    Target 'FirebaseCoreDiagnostics' in project 'SwiftyRemoteConfig'
        ➜ Explicit dependency on target 'GoogleUtilities_Logger' in project 'SwiftyRemoteConfig'
        ➜ Explicit dependency on target 'GoogleDataTransport' in project 'SwiftyRemoteConfig'
        ➜ Explicit dependency on target 'GoogleUtilities_Environment' in project 'SwiftyRemoteConfig'
        ➜ Explicit dependency on target 'FBLPromises' in project 'SwiftyRemoteConfig'
        ➜ Explicit dependency on target 'nanopb' in project 'SwiftyRemoteConfig'
    Target 'GoogleDataTransport' in project 'SwiftyRemoteConfig'
        ➜ Explicit dependency on target 'GoogleUtilities_Environment' in project 'SwiftyRemoteConfig'
        ➜ Explicit dependency on target 'FBLPromises' in project 'SwiftyRemoteConfig'
        ➜ Explicit dependency on target 'nanopb' in project 'SwiftyRemoteConfig'
    Target 'nanopb' in project 'SwiftyRemoteConfig' (no dependencies)
    Target 'GoogleUtilities_UserDefaults' in project 'SwiftyRemoteConfig'
        ➜ Explicit dependency on target 'GoogleUtilities_Logger' in project 'SwiftyRemoteConfig'
        ➜ Explicit dependency on target 'GoogleUtilities_Environment' in project 'SwiftyRemoteConfig'
        ➜ Explicit dependency on target 'FBLPromises' in project 'SwiftyRemoteConfig'
    Target 'GoogleUtilities_Logger' in project 'SwiftyRemoteConfig'
        ➜ Explicit dependency on target 'GoogleUtilities_Environment' in project 'SwiftyRemoteConfig'
        ➜ Explicit dependency on target 'FBLPromises' in project 'SwiftyRemoteConfig'
    Target 'GoogleUtilities_Environment' in project 'SwiftyRemoteConfig'
        ➜ Explicit dependency on target 'FBLPromises' in project 'SwiftyRemoteConfig'
    Target 'FBLPromises' in project 'SwiftyRemoteConfig' (no dependencies)
    Target 'GoogleUtilities_NSData' in project 'SwiftyRemoteConfig' (no dependencies)
GatherProvisioningInputs
CreateBuildDescription
ExecuteExternalTool /Applications/Xcode-27.0.0-Release.Candidate.app/Contents/Developer/Toolchains/XcodeDefault.xctoolchain/usr/bin/clang -v -E -dM -arch arm64 -isysroot /Applications/Xcode-27.0.0-Release.Candidate.app/Contents/Developer/Platforms/WatchOS.platform/Developer/SDKs/WatchOS27.0.sdk -x objective-c -c /dev/null
ExecuteExternalTool /Applications/Xcode-27.0.0-Release.Candidate.app/Contents/Developer/Toolchains/XcodeDefault.xctoolchain/usr/bin/clang -v -E -dM -arch arm64 -isysroot /Applications/Xcode-27.0.0-Release.Candidate.app/Contents/Developer/Platforms/WatchOS.platform/Developer/SDKs/WatchOS27.0.sdk -x c -c /dev/null
ExecuteExternalTool /Applications/Xcode-27.0.0-Release.Candidate.app/Contents/Developer/Toolchains/XcodeDefault.xctoolchain/usr/bin/clang -v -E -dM -isysroot /Applications/Xcode-27.0.0-Release.Candidate.app/Contents/Developer/Platforms/WatchOS.platform/Developer/SDKs/WatchOS27.0.sdk -x c -c /dev/null
ExecuteExternalTool /Applications/Xcode-27.0.0-Release.Candidate.app/Contents/Developer/Toolchains/XcodeDefault.xctoolchain/usr/bin/swiftc --version
ExecuteExternalTool /Applications/Xcode-27.0.0-Release.Candidate.app/Contents/Developer/Toolchains/XcodeDefault.xctoolchain/usr/bin/ld -version_details
ExecuteExternalTool /Applications/Xcode-27.0.0-Release.Candidate.app/Contents/Developer/Toolchains/XcodeDefault.xctoolchain/usr/bin/clang -v -E -dM -arch arm64_32 -isysroot /Applications/Xcode-27.0.0-Release.Candidate.app/Contents/Developer/Platforms/WatchOS.platform/Developer/SDKs/WatchOS27.0.sdk -x objective-c -c /dev/null
ExecuteExternalTool /Applications/Xcode-27.0.0-Release.Candidate.app/Contents/Developer/Toolchains/XcodeDefault.xctoolchain/usr/bin/clang -v -E -dM -arch arm64_32 -isysroot /Applications/Xcode-27.0.0-Release.Candidate.app/Contents/Developer/Platforms/WatchOS.platform/Developer/SDKs/WatchOS27.0.sdk -x c -c /dev/null
Build description signature: 997ad480216d1bebba889f9b7689b8b3
Build description path: /Users/admin/builder/spi-builder-workspace/.derivedData/Build/Intermediates.noindex/XCBuildData/997ad480216d1bebba889f9b7689b8b3.xcbuilddata
/Users/admin/builder/spi-builder-workspace/SwiftyRemoteConfig.xcodeproj: error: The watchOS deployment target 'WATCHOS_DEPLOYMENT_TARGET' is set to 6.0, but the range of supported deployment target versions is 9.0 to 27.0.x. (in target 'GoogleUtilities_UserDefaults' from project 'SwiftyRemoteConfig')
error: The armv7k architecture is deprecated. You should update your ARCHS build setting to remove the armv7k architecture. (in target 'GoogleUtilities_UserDefaults' from project 'SwiftyRemoteConfig')
/Users/admin/builder/spi-builder-workspace/SwiftyRemoteConfig.xcodeproj: error: The watchOS deployment target 'WATCHOS_DEPLOYMENT_TARGET' is set to 6.0, but the range of supported deployment target versions is 9.0 to 27.0.x. (in target 'GoogleDataTransport' from project 'SwiftyRemoteConfig')
error: The armv7k architecture is deprecated. You should update your ARCHS build setting to remove the armv7k architecture. (in target 'GoogleDataTransport' from project 'SwiftyRemoteConfig')
/Users/admin/builder/spi-builder-workspace/SwiftyRemoteConfig.xcodeproj: error: The watchOS deployment target 'WATCHOS_DEPLOYMENT_TARGET' is set to 6.0, but the range of supported deployment target versions is 9.0 to 27.0.x. (in target 'GoogleUtilities_NSData' from project 'SwiftyRemoteConfig')
error: The armv7k architecture is deprecated. You should update your ARCHS build setting to remove the armv7k architecture. (in target 'GoogleUtilities_NSData' from project 'SwiftyRemoteConfig')
/Users/admin/builder/spi-builder-workspace/SwiftyRemoteConfig.xcodeproj: error: The watchOS deployment target 'WATCHOS_DEPLOYMENT_TARGET' is set to 6.0, but the range of supported deployment target versions is 9.0 to 27.0.x. (in target 'GoogleUtilities_Logger' from project 'SwiftyRemoteConfig')
error: The armv7k architecture is deprecated. You should update your ARCHS build setting to remove the armv7k architecture. (in target 'GoogleUtilities_Logger' from project 'SwiftyRemoteConfig')
/Users/admin/builder/spi-builder-workspace/SwiftyRemoteConfig.xcodeproj: error: The watchOS deployment target 'WATCHOS_DEPLOYMENT_TARGET' is set to 7.0, but the range of supported deployment target versions is 9.0 to 27.0.x. (in target 'FirebaseABTesting' from project 'SwiftyRemoteConfig')
error: The armv7k architecture is deprecated. You should update your ARCHS build setting to remove the armv7k architecture. (in target 'FirebaseABTesting' from project 'SwiftyRemoteConfig')
/Users/admin/builder/spi-builder-workspace/SwiftyRemoteConfig.xcodeproj: error: The watchOS deployment target 'WATCHOS_DEPLOYMENT_TARGET' is set to 6.0, but the range of supported deployment target versions is 9.0 to 27.0.x. (in target 'GoogleUtilities_Environment' from project 'SwiftyRemoteConfig')
error: The armv7k architecture is deprecated. You should update your ARCHS build setting to remove the armv7k architecture. (in target 'GoogleUtilities_Environment' from project 'SwiftyRemoteConfig')
/Users/admin/builder/spi-builder-workspace/SwiftyRemoteConfig.xcodeproj: error: The watchOS deployment target 'WATCHOS_DEPLOYMENT_TARGET' is set to 2.0, but the range of supported deployment target versions is 9.0 to 27.0.x. (in target 'SwiftyRemoteConfig' from project 'SwiftyRemoteConfig')
error: The armv7k architecture is deprecated. You should update your ARCHS build setting to remove the armv7k architecture. (in target 'SwiftyRemoteConfig' from project 'SwiftyRemoteConfig')
/Users/admin/builder/spi-builder-workspace/SwiftyRemoteConfig.xcodeproj: error: The watchOS deployment target 'WATCHOS_DEPLOYMENT_TARGET' is set to 7.0, but the range of supported deployment target versions is 9.0 to 27.0.x. (in target 'FirebaseCore' from project 'SwiftyRemoteConfig')
error: The armv7k architecture is deprecated. You should update your ARCHS build setting to remove the armv7k architecture. (in target 'FirebaseCore' from project 'SwiftyRemoteConfig')
/Users/admin/builder/spi-builder-workspace/SwiftyRemoteConfig.xcodeproj: error: The watchOS deployment target 'WATCHOS_DEPLOYMENT_TARGET' is set to 7.0, but the range of supported deployment target versions is 9.0 to 27.0.x. (in target 'FirebaseInstallations' from project 'SwiftyRemoteConfig')
error: The armv7k architecture is deprecated. You should update your ARCHS build setting to remove the armv7k architecture. (in target 'FirebaseInstallations' from project 'SwiftyRemoteConfig')
/Users/admin/builder/spi-builder-workspace/SwiftyRemoteConfig.xcodeproj: error: The watchOS deployment target 'WATCHOS_DEPLOYMENT_TARGET' is set to 2.0, but the range of supported deployment target versions is 9.0 to 27.0.x. (in target 'nanopb' from project 'SwiftyRemoteConfig')
error: The armv7k architecture is deprecated. You should update your ARCHS build setting to remove the armv7k architecture. (in target 'nanopb' from project 'SwiftyRemoteConfig')
/Users/admin/builder/spi-builder-workspace/SwiftyRemoteConfig.xcodeproj: error: The watchOS deployment target 'WATCHOS_DEPLOYMENT_TARGET' is set to 7.0, but the range of supported deployment target versions is 9.0 to 27.0.x. (in target 'FirebaseCoreDiagnostics' from project 'SwiftyRemoteConfig')
error: The armv7k architecture is deprecated. You should update your ARCHS build setting to remove the armv7k architecture. (in target 'FirebaseCoreDiagnostics' from project 'SwiftyRemoteConfig')
/Users/admin/builder/spi-builder-workspace/SwiftyRemoteConfig.xcodeproj: error: The watchOS deployment target 'WATCHOS_DEPLOYMENT_TARGET' is set to 7.0, but the range of supported deployment target versions is 9.0 to 27.0.x. (in target 'Firebase' from project 'SwiftyRemoteConfig')
error: The armv7k architecture is deprecated. You should update your ARCHS build setting to remove the armv7k architecture. (in target 'Firebase' from project 'SwiftyRemoteConfig')
/Users/admin/builder/spi-builder-workspace/SwiftyRemoteConfig.xcodeproj: error: The watchOS deployment target 'WATCHOS_DEPLOYMENT_TARGET' is set to 7.0, but the range of supported deployment target versions is 9.0 to 27.0.x. (in target 'FirebaseRemoteConfig' from project 'SwiftyRemoteConfig')
error: The armv7k architecture is deprecated. You should update your ARCHS build setting to remove the armv7k architecture. (in target 'FirebaseRemoteConfig' from project 'SwiftyRemoteConfig')
** BUILD FAILED **
The following build commands failed:
	Building project SwiftyRemoteConfig with scheme SwiftyRemoteConfig-Package
(1 failure)
Command line invocation:
    /Applications/Xcode-27.0.0-Release.Candidate.app/Contents/Developer/usr/bin/xcodebuild -IDEClonedSourcePackagesDirPathOverride=/Users/admin/builder/spi-builder-workspace/.dependencies -resolvePackageDependencies
resolved source packages:
{
  "dependencies" : [
    {
      "identity" : "firebase-ios-sdk",
      "requirement" : {
        "range" : [
          {
            "lower_bound" : "12.6.0",
            "upper_bound" : "13.0.0"
          }
        ]
      },
      "type" : "sourceControl",
      "url" : "https://github.com/firebase/firebase-ios-sdk.git"
    }
  ],
  "manifest_display_name" : "SwiftyRemoteConfig",
  "name" : "SwiftyRemoteConfig",
  "path" : "/Users/admin/builder/spi-builder-workspace",
  "platforms" : [
    {
      "name" : "ios",
      "version" : "15.0"
    },
    {
      "name" : "macos",
      "version" : "10.15"
    },
    {
      "name" : "tvos",
      "version" : "15.0"
    },
    {
      "name" : "watchos",
      "version" : "7.0"
    }
  ],
  "products" : [
    {
      "name" : "SwiftyRemoteConfig",
      "targets" : [
        "SwiftyRemoteConfig"
      ],
      "type" : {
        "library" : [
          "automatic"
        ]
      }
    }
  ],
  "targets" : [
    {
      "c99name" : "SwiftyRemoteConfigTests",
      "module_type" : "SwiftTarget",
      "name" : "SwiftyRemoteConfigTests",
      "path" : "Tests",
      "sources" : [
        "SwiftyRemoteConfigTests/BuiltIns/RemoteConfig+Bool.swift",
        "SwiftyRemoteConfigTests/BuiltIns/RemoteConfig+Data.swift",
        "SwiftyRemoteConfigTests/BuiltIns/RemoteConfig+Double.swift",
        "SwiftyRemoteConfigTests/BuiltIns/RemoteConfig+Int.swift",
        "SwiftyRemoteConfigTests/BuiltIns/RemoteConfig+String.swift",
        "SwiftyRemoteConfigTests/BuiltIns/RemoteConfig+URL.swift",
        "SwiftyRemoteConfigTests/External types/RemoteConfig+Codable.swift",
        "SwiftyRemoteConfigTests/External types/RemoteConfig+Color.swift",
        "SwiftyRemoteConfigTests/External types/RemoteConfig+CustomSerializable.swift",
        "SwiftyRemoteConfigTests/External types/RemoteConfig+Enum.swift",
        "SwiftyRemoteConfigTests/External types/RemoteConfig+Serializable.swift",
        "SwiftyRemoteConfigTests/Helpers/RemoteConfigSerializableSpec.swift",
        "SwiftyRemoteConfigTests/Helpers/TestHelper.swift",
        "SwiftyRemoteConfigTests/SwiftyRemoteConfigTests.swift",
        "SwiftyRemoteConfigTests/XCTestManifests.swift"
      ],
      "target_dependencies" : [
        "SwiftyRemoteConfig"
      ],
      "type" : "test"
    },
    {
      "c99name" : "SwiftyRemoteConfig",
      "module_type" : "SwiftTarget",
      "name" : "SwiftyRemoteConfig",
      "path" : "Sources",
      "product_dependencies" : [
        "FirebaseRemoteConfig"
      ],
      "product_memberships" : [
        "SwiftyRemoteConfig"
      ],
      "sources" : [
        "SwiftyRemoteConfig/BuiltIns.swift",
        "SwiftyRemoteConfig/PropertyWrappers.swift",
        "SwiftyRemoteConfig/RemoteConfig+Observing.swift",
        "SwiftyRemoteConfig/RemoteConfig+Subscripts.swift",
        "SwiftyRemoteConfig/RemoteConfig.swift",
        "SwiftyRemoteConfig/RemoteConfigAdapter.swift",
        "SwiftyRemoteConfig/RemoteConfigBridge.swift",
        "SwiftyRemoteConfig/RemoteConfigCombine.swift",
        "SwiftyRemoteConfig/RemoteConfigKey.swift",
        "SwiftyRemoteConfig/RemoteConfigKeys.swift",
        "SwiftyRemoteConfig/RemoteConfigObserver.swift",
        "SwiftyRemoteConfig/RemoteConfigSerializable.swift",
        "SwiftyRemoteConfig/Utils/OptionalType.swift"
      ],
      "type" : "library"
    }
  ],
  "tools_version" : "5.6"
}
{
  "project" : {
    "configurations" : [
      "Debug",
      "Release"
    ],
    "name" : "SwiftyRemoteConfig",
    "schemes" : [
      "FBLPromises",
      "Firebase",
      "FirebaseABTesting",
      "FirebaseCore",
      "FirebaseCoreDiagnostics",
      "FirebaseInstallations",
      "FirebasePackageDescription",
      "FirebaseRemoteConfig",
      "GoogleDataTransport",
      "GoogleDataTransportPackageDescription",
      "GoogleUtilities_Environment",
      "GoogleUtilities_Logger",
      "GoogleUtilities_NSData",
      "GoogleUtilities_UserDefaults",
      "GoogleUtilitiesPackageDescription",
      "GULEnvironment",
      "GULLogger",
      "GULNSData",
      "GULUserDefaults",
      "nanopb",
      "nanopbPackageDescription",
      "PromisesPackageDescription",
      "SwiftyRemoteConfig-Package",
      "SwiftyRemoteConfigPackageDescription",
      "SwiftyRemoteConfigPackageTests"
    ],
    "targets" : [
      "FBLPromises",
      "Firebase",
      "FirebaseABTesting",
      "FirebaseCore",
      "FirebaseCoreDiagnostics",
      "FirebaseInstallations",
      "FirebasePackageDescription",
      "FirebaseRemoteConfig",
      "GULEnvironment",
      "GULLogger",
      "GULNSData",
      "GULUserDefaults",
      "GoogleDataTransport",
      "GoogleDataTransportPackageDescription",
      "GoogleUtilitiesPackageDescription",
      "GoogleUtilities_Environment",
      "GoogleUtilities_Logger",
      "GoogleUtilities_NSData",
      "GoogleUtilities_UserDefaults",
      "PromisesPackageDescription",
      "SwiftyRemoteConfig",
      "SwiftyRemoteConfigPackageDescription",
      "SwiftyRemoteConfigPackageTests",
      "SwiftyRemoteConfigTests",
      "nanopb",
      "nanopbPackageDescription"
    ]
  }
}
Running build ...
env DEVELOPER_DIR=/Applications/Xcode-27.0.0-Release.Candidate.app xcrun xcodebuild -IDEClonedSourcePackagesDirPathOverride=$PWD/.dependencies -skipMacroValidation -skipPackagePluginValidation -derivedDataPath $PWD/.derivedData build -scheme SwiftyRemoteConfig-Package -destination generic/platform=watchOS
Command line invocation:
    /Applications/Xcode-27.0.0-Release.Candidate.app/Contents/Developer/usr/bin/xcodebuild -IDEClonedSourcePackagesDirPathOverride=/Users/admin/builder/spi-builder-workspace/.dependencies -skipMacroValidation -skipPackagePluginValidation -derivedDataPath /Users/admin/builder/spi-builder-workspace/.derivedData build -scheme SwiftyRemoteConfig-Package -destination generic/platform=watchOS
ComputePackagePrebuildTargetDependencyGraph
Prepare packages
CreateBuildRequest
SendProjectDescription
CreateBuildOperation
ComputeTargetDependencyGraph
note: Building targets in dependency order
note: Target dependency graph (14 targets)
    Target 'SwiftyRemoteConfig' in project 'SwiftyRemoteConfig'
        ➜ Explicit dependency on target 'FirebaseRemoteConfig' in project 'SwiftyRemoteConfig'
        ➜ Explicit dependency on target 'GoogleUtilities_NSData' in project 'SwiftyRemoteConfig'
        ➜ Explicit dependency on target 'FirebaseInstallations' in project 'SwiftyRemoteConfig'
        ➜ Explicit dependency on target 'GoogleUtilities_UserDefaults' in project 'SwiftyRemoteConfig'
        ➜ Explicit dependency on target 'FirebaseABTesting' in project 'SwiftyRemoteConfig'
        ➜ Explicit dependency on target 'FirebaseCore' in project 'SwiftyRemoteConfig'
        ➜ Explicit dependency on target 'FirebaseCoreDiagnostics' in project 'SwiftyRemoteConfig'
        ➜ Explicit dependency on target 'GoogleUtilities_Logger' in project 'SwiftyRemoteConfig'
        ➜ Explicit dependency on target 'GoogleDataTransport' in project 'SwiftyRemoteConfig'
        ➜ Explicit dependency on target 'GoogleUtilities_Environment' in project 'SwiftyRemoteConfig'
        ➜ Explicit dependency on target 'FBLPromises' in project 'SwiftyRemoteConfig'
        ➜ Explicit dependency on target 'nanopb' in project 'SwiftyRemoteConfig'
        ➜ Explicit dependency on target 'Firebase' in project 'SwiftyRemoteConfig'
    Target 'FirebaseRemoteConfig' in project 'SwiftyRemoteConfig'
        ➜ Explicit dependency on target 'GoogleUtilities_NSData' in project 'SwiftyRemoteConfig'
        ➜ Explicit dependency on target 'FirebaseInstallations' in project 'SwiftyRemoteConfig'
        ➜ Explicit dependency on target 'GoogleUtilities_UserDefaults' in project 'SwiftyRemoteConfig'
        ➜ Explicit dependency on target 'FirebaseABTesting' in project 'SwiftyRemoteConfig'
        ➜ Explicit dependency on target 'FirebaseCore' in project 'SwiftyRemoteConfig'
        ➜ Explicit dependency on target 'FirebaseCoreDiagnostics' in project 'SwiftyRemoteConfig'
        ➜ Explicit dependency on target 'GoogleUtilities_Logger' in project 'SwiftyRemoteConfig'
        ➜ Explicit dependency on target 'GoogleDataTransport' in project 'SwiftyRemoteConfig'
        ➜ Explicit dependency on target 'GoogleUtilities_Environment' in project 'SwiftyRemoteConfig'
        ➜ Explicit dependency on target 'FBLPromises' in project 'SwiftyRemoteConfig'
        ➜ Explicit dependency on target 'nanopb' in project 'SwiftyRemoteConfig'
        ➜ Explicit dependency on target 'Firebase' in project 'SwiftyRemoteConfig'
    Target 'FirebaseABTesting' in project 'SwiftyRemoteConfig'
        ➜ Explicit dependency on target 'FirebaseCore' in project 'SwiftyRemoteConfig'
        ➜ Explicit dependency on target 'FirebaseCoreDiagnostics' in project 'SwiftyRemoteConfig'
        ➜ Explicit dependency on target 'GoogleUtilities_Logger' in project 'SwiftyRemoteConfig'
        ➜ Explicit dependency on target 'GoogleDataTransport' in project 'SwiftyRemoteConfig'
        ➜ Explicit dependency on target 'GoogleUtilities_Environment' in project 'SwiftyRemoteConfig'
        ➜ Explicit dependency on target 'FBLPromises' in project 'SwiftyRemoteConfig'
        ➜ Explicit dependency on target 'nanopb' in project 'SwiftyRemoteConfig'
        ➜ Explicit dependency on target 'Firebase' in project 'SwiftyRemoteConfig'
    Target 'FirebaseInstallations' in project 'SwiftyRemoteConfig'
        ➜ Explicit dependency on target 'GoogleUtilities_UserDefaults' in project 'SwiftyRemoteConfig'
        ➜ Explicit dependency on target 'FirebaseCore' in project 'SwiftyRemoteConfig'
        ➜ Explicit dependency on target 'FirebaseCoreDiagnostics' in project 'SwiftyRemoteConfig'
        ➜ Explicit dependency on target 'GoogleUtilities_Logger' in project 'SwiftyRemoteConfig'
        ➜ Explicit dependency on target 'GoogleDataTransport' in project 'SwiftyRemoteConfig'
        ➜ Explicit dependency on target 'GoogleUtilities_Environment' in project 'SwiftyRemoteConfig'
        ➜ Explicit dependency on target 'FBLPromises' in project 'SwiftyRemoteConfig'
        ➜ Explicit dependency on target 'nanopb' in project 'SwiftyRemoteConfig'
        ➜ Explicit dependency on target 'Firebase' in project 'SwiftyRemoteConfig'
    Target 'FirebaseCore' in project 'SwiftyRemoteConfig'
        ➜ Explicit dependency on target 'FirebaseCoreDiagnostics' in project 'SwiftyRemoteConfig'
        ➜ Explicit dependency on target 'GoogleUtilities_Logger' in project 'SwiftyRemoteConfig'
        ➜ Explicit dependency on target 'GoogleDataTransport' in project 'SwiftyRemoteConfig'
        ➜ Explicit dependency on target 'GoogleUtilities_Environment' in project 'SwiftyRemoteConfig'
        ➜ Explicit dependency on target 'FBLPromises' in project 'SwiftyRemoteConfig'
        ➜ Explicit dependency on target 'nanopb' in project 'SwiftyRemoteConfig'
        ➜ Explicit dependency on target 'Firebase' in project 'SwiftyRemoteConfig'
    Target 'Firebase' in project 'SwiftyRemoteConfig' (no dependencies)
    Target 'FirebaseCoreDiagnostics' in project 'SwiftyRemoteConfig'
        ➜ Explicit dependency on target 'GoogleUtilities_Logger' in project 'SwiftyRemoteConfig'
        ➜ Explicit dependency on target 'GoogleDataTransport' in project 'SwiftyRemoteConfig'
        ➜ Explicit dependency on target 'GoogleUtilities_Environment' in project 'SwiftyRemoteConfig'
        ➜ Explicit dependency on target 'FBLPromises' in project 'SwiftyRemoteConfig'
        ➜ Explicit dependency on target 'nanopb' in project 'SwiftyRemoteConfig'
    Target 'GoogleDataTransport' in project 'SwiftyRemoteConfig'
        ➜ Explicit dependency on target 'GoogleUtilities_Environment' in project 'SwiftyRemoteConfig'
        ➜ Explicit dependency on target 'FBLPromises' in project 'SwiftyRemoteConfig'
        ➜ Explicit dependency on target 'nanopb' in project 'SwiftyRemoteConfig'
    Target 'nanopb' in project 'SwiftyRemoteConfig' (no dependencies)
    Target 'GoogleUtilities_UserDefaults' in project 'SwiftyRemoteConfig'
        ➜ Explicit dependency on target 'GoogleUtilities_Logger' in project 'SwiftyRemoteConfig'
        ➜ Explicit dependency on target 'GoogleUtilities_Environment' in project 'SwiftyRemoteConfig'
        ➜ Explicit dependency on target 'FBLPromises' in project 'SwiftyRemoteConfig'
    Target 'GoogleUtilities_Logger' in project 'SwiftyRemoteConfig'
        ➜ Explicit dependency on target 'GoogleUtilities_Environment' in project 'SwiftyRemoteConfig'
        ➜ Explicit dependency on target 'FBLPromises' in project 'SwiftyRemoteConfig'
    Target 'GoogleUtilities_Environment' in project 'SwiftyRemoteConfig'
        ➜ Explicit dependency on target 'FBLPromises' in project 'SwiftyRemoteConfig'
    Target 'FBLPromises' in project 'SwiftyRemoteConfig' (no dependencies)
    Target 'GoogleUtilities_NSData' in project 'SwiftyRemoteConfig' (no dependencies)
GatherProvisioningInputs
CreateBuildDescription
error: The armv7k architecture is deprecated. You should update your ARCHS build setting to remove the armv7k architecture. (in target 'nanopb' from project 'SwiftyRemoteConfig')
/Users/admin/builder/spi-builder-workspace/SwiftyRemoteConfig.xcodeproj: error: The watchOS deployment target 'WATCHOS_DEPLOYMENT_TARGET' is set to 2.0, but the range of supported deployment target versions is 9.0 to 27.0.x. (in target 'nanopb' from project 'SwiftyRemoteConfig')
error: The armv7k architecture is deprecated. You should update your ARCHS build setting to remove the armv7k architecture. (in target 'FirebaseInstallations' from project 'SwiftyRemoteConfig')
/Users/admin/builder/spi-builder-workspace/SwiftyRemoteConfig.xcodeproj: error: The watchOS deployment target 'WATCHOS_DEPLOYMENT_TARGET' is set to 7.0, but the range of supported deployment target versions is 9.0 to 27.0.x. (in target 'FirebaseInstallations' from project 'SwiftyRemoteConfig')
error: The armv7k architecture is deprecated. You should update your ARCHS build setting to remove the armv7k architecture. (in target 'FirebaseRemoteConfig' from project 'SwiftyRemoteConfig')
/Users/admin/builder/spi-builder-workspace/SwiftyRemoteConfig.xcodeproj: error: The watchOS deployment target 'WATCHOS_DEPLOYMENT_TARGET' is set to 7.0, but the range of supported deployment target versions is 9.0 to 27.0.x. (in target 'FirebaseRemoteConfig' from project 'SwiftyRemoteConfig')
error: The armv7k architecture is deprecated. You should update your ARCHS build setting to remove the armv7k architecture. (in target 'GoogleUtilities_NSData' from project 'SwiftyRemoteConfig')
/Users/admin/builder/spi-builder-workspace/SwiftyRemoteConfig.xcodeproj: error: The watchOS deployment target 'WATCHOS_DEPLOYMENT_TARGET' is set to 6.0, but the range of supported deployment target versions is 9.0 to 27.0.x. (in target 'GoogleUtilities_NSData' from project 'SwiftyRemoteConfig')
error: The armv7k architecture is deprecated. You should update your ARCHS build setting to remove the armv7k architecture. (in target 'SwiftyRemoteConfig' from project 'SwiftyRemoteConfig')
/Users/admin/builder/spi-builder-workspace/SwiftyRemoteConfig.xcodeproj: error: The watchOS deployment target 'WATCHOS_DEPLOYMENT_TARGET' is set to 2.0, but the range of supported deployment target versions is 9.0 to 27.0.x. (in target 'SwiftyRemoteConfig' from project 'SwiftyRemoteConfig')
error: The armv7k architecture is deprecated. You should update your ARCHS build setting to remove the armv7k architecture. (in target 'GoogleUtilities_UserDefaults' from project 'SwiftyRemoteConfig')
/Users/admin/builder/spi-builder-workspace/SwiftyRemoteConfig.xcodeproj: error: The watchOS deployment target 'WATCHOS_DEPLOYMENT_TARGET' is set to 6.0, but the range of supported deployment target versions is 9.0 to 27.0.x. (in target 'GoogleUtilities_UserDefaults' from project 'SwiftyRemoteConfig')
error: The armv7k architecture is deprecated. You should update your ARCHS build setting to remove the armv7k architecture. (in target 'Firebase' from project 'SwiftyRemoteConfig')
/Users/admin/builder/spi-builder-workspace/SwiftyRemoteConfig.xcodeproj: error: The watchOS deployment target 'WATCHOS_DEPLOYMENT_TARGET' is set to 7.0, but the range of supported deployment target versions is 9.0 to 27.0.x. (in target 'Firebase' from project 'SwiftyRemoteConfig')
error: The armv7k architecture is deprecated. You should update your ARCHS build setting to remove the armv7k architecture. (in target 'FirebaseABTesting' from project 'SwiftyRemoteConfig')
/Users/admin/builder/spi-builder-workspace/SwiftyRemoteConfig.xcodeproj: error: The watchOS deployment target 'WATCHOS_DEPLOYMENT_TARGET' is set to 7.0, but the range of supported deployment target versions is 9.0 to 27.0.x. (in target 'FirebaseABTesting' from project 'SwiftyRemoteConfig')
error: The armv7k architecture is deprecated. You should update your ARCHS build setting to remove the armv7k architecture. (in target 'GoogleDataTransport' from project 'SwiftyRemoteConfig')
/Users/admin/builder/spi-builder-workspace/SwiftyRemoteConfig.xcodeproj: error: The watchOS deployment target 'WATCHOS_DEPLOYMENT_TARGET' is set to 6.0, but the range of supported deployment target versions is 9.0 to 27.0.x. (in target 'GoogleDataTransport' from project 'SwiftyRemoteConfig')
error: The armv7k architecture is deprecated. You should update your ARCHS build setting to remove the armv7k architecture. (in target 'FirebaseCoreDiagnostics' from project 'SwiftyRemoteConfig')
/Users/admin/builder/spi-builder-workspace/SwiftyRemoteConfig.xcodeproj: error: The watchOS deployment target 'WATCHOS_DEPLOYMENT_TARGET' is set to 7.0, but the range of supported deployment target versions is 9.0 to 27.0.x. (in target 'FirebaseCoreDiagnostics' from project 'SwiftyRemoteConfig')
error: The armv7k architecture is deprecated. You should update your ARCHS build setting to remove the armv7k architecture. (in target 'GoogleUtilities_Logger' from project 'SwiftyRemoteConfig')
/Users/admin/builder/spi-builder-workspace/SwiftyRemoteConfig.xcodeproj: error: The watchOS deployment target 'WATCHOS_DEPLOYMENT_TARGET' is set to 6.0, but the range of supported deployment target versions is 9.0 to 27.0.x. (in target 'GoogleUtilities_Logger' from project 'SwiftyRemoteConfig')
error: The armv7k architecture is deprecated. You should update your ARCHS build setting to remove the armv7k architecture. (in target 'GoogleUtilities_Environment' from project 'SwiftyRemoteConfig')
/Users/admin/builder/spi-builder-workspace/SwiftyRemoteConfig.xcodeproj: error: The watchOS deployment target 'WATCHOS_DEPLOYMENT_TARGET' is set to 6.0, but the range of supported deployment target versions is 9.0 to 27.0.x. (in target 'GoogleUtilities_Environment' from project 'SwiftyRemoteConfig')
error: The armv7k architecture is deprecated. You should update your ARCHS build setting to remove the armv7k architecture. (in target 'FirebaseCore' from project 'SwiftyRemoteConfig')
/Users/admin/builder/spi-builder-workspace/SwiftyRemoteConfig.xcodeproj: error: The watchOS deployment target 'WATCHOS_DEPLOYMENT_TARGET' is set to 7.0, but the range of supported deployment target versions is 9.0 to 27.0.x. (in target 'FirebaseCore' from project 'SwiftyRemoteConfig')
** BUILD FAILED **
The following build commands failed:
	Building project SwiftyRemoteConfig with scheme SwiftyRemoteConfig-Package
(1 failure)
BUILD FAILURE 6.4 watchOS