The Swift Package Index logo.Swift Package Index

Build Information

Failed to build FTPServerKit, reference 0.1.0 (1a658f), with Swift 6.2 for Linux on 9 Oct 2026 09:09:06 UTC.

Build Command

bash -c docker run --pull=always --rm -v "checkouts-54344849-0":/host -w "$PWD" -e JAVA_HOME="/root/.sdkman/candidates/java/current" -e SPI_BUILD="1" -e SPI_PROCESSING="1" registry.gitlab.com/saguaro1/spi-images:basic-6.2-latest swift build --triple x86_64-unknown-linux-gnu 2>&1

Build Log

========================================
RunAll
========================================
Builder version: 5.1.1
Interrupt handler set up.
========================================
Checkout
========================================
Clone URL: https://github.com/CodeInstinctAI/FTPServerKit.git
Reference: 0.1.0
Initialized empty Git repository in /host/spi-builder-workspace/.git/
hint: Using 'master' as the name for the initial branch. This default branch name
hint: is subject to change. To configure the initial branch name to use in all
hint: of your new repositories, which will suppress this warning, call:
hint:
hint: 	git config --global init.defaultBranch <name>
hint:
hint: Names commonly chosen instead of 'master' are 'main', 'trunk' and
hint: 'development'. The just-created branch can be renamed via this command:
hint:
hint: 	git branch -m <name>
From https://github.com/CodeInstinctAI/FTPServerKit
 * tag               0.1.0      -> FETCH_HEAD
HEAD is now at 1a658f1 Install the package from version 0.1.0 instead of main
Cloned https://github.com/CodeInstinctAI/FTPServerKit.git
Revision (git rev-parse @):
1a658f126fca0066997ecb8d4269bfaf25da41c4
SPI manifest file found: $PWD/.spi.yml
SUCCESS checkout https://github.com/CodeInstinctAI/FTPServerKit.git at 0.1.0
========================================
Build
========================================
Selected platform:         linux
Swift version:             6.2
Building package at path:  $PWD
https://github.com/CodeInstinctAI/FTPServerKit.git
Running build ...
bash -c docker run --pull=always --rm -v "checkouts-54344849-0":/host -w "$PWD" -e JAVA_HOME="/root/.sdkman/candidates/java/current" -e SPI_BUILD="1" -e SPI_PROCESSING="1" registry.gitlab.com/saguaro1/spi-images:basic-6.2-latest swift build --triple x86_64-unknown-linux-gnu 2>&1
basic-6.2-latest: Pulling from saguaro1/spi-images
Digest: sha256:24009fa1488c01937630ee3297a7a7a1872c773069724929dff85071fefc3743
Status: Image is up to date for registry.gitlab.com/saguaro1/spi-images:basic-6.2-latest
Building for debugging...
[0/2] Write sources
[1/2] Write swift-version-24593BA9C3E375BF.txt
[3/12] Compiling FTPServerKit FTPServerConfiguration.swift
/host/spi-builder-workspace/Sources/FTPServerKit/FTPServer.swift:8:8: error: no such module 'Combine'
  6 | //
  7 |
  8 | import Combine
    |        `- error: no such module 'Combine'
  9 | import Foundation
 10 | import Network
[4/12] Compiling FTPServerKit FTPServerDelegate.swift
/host/spi-builder-workspace/Sources/FTPServerKit/FTPServer.swift:8:8: error: no such module 'Combine'
  6 | //
  7 |
  8 | import Combine
    |        `- error: no such module 'Combine'
  9 | import Foundation
 10 | import Network
error: emit-module command failed with exit code 1 (use -v to see invocation)
[5/13] Emitting module FTPServerKit
/host/spi-builder-workspace/Sources/FTPServerKit/FTPServer.swift:8:8: error: no such module 'Combine'
  6 | //
  7 |
  8 | import Combine
    |        `- error: no such module 'Combine'
  9 | import Foundation
 10 | import Network
[6/13] Compiling FTPServerKit FTPPath.swift
/host/spi-builder-workspace/Sources/FTPServerKit/FTPServer.swift:8:8: error: no such module 'Combine'
  6 | //
  7 |
  8 | import Combine
    |        `- error: no such module 'Combine'
  9 | import Foundation
 10 | import Network
[7/13] Compiling FTPServerKit FTPServer.swift
/host/spi-builder-workspace/Sources/FTPServerKit/FTPServer.swift:8:8: error: no such module 'Combine'
  6 | //
  7 |
  8 | import Combine
    |        `- error: no such module 'Combine'
  9 | import Foundation
 10 | import Network
[8/13] Compiling FTPServerKit IPAddressHelper.swift
/host/spi-builder-workspace/Sources/FTPServerKit/FTPServer.swift:8:8: error: no such module 'Combine'
  6 | //
  7 |
  8 | import Combine
    |        `- error: no such module 'Combine'
  9 | import Foundation
 10 | import Network
[9/13] Compiling FTPServerKit FTPFileProvider.swift
/host/spi-builder-workspace/Sources/FTPServerKit/FTPServer.swift:8:8: error: no such module 'Combine'
  6 | //
  7 |
  8 | import Combine
    |        `- error: no such module 'Combine'
  9 | import Foundation
 10 | import Network
[10/13] Compiling FTPServerKit FTPDirectoryProvider.swift
/host/spi-builder-workspace/Sources/FTPServerKit/FTPServer.swift:8:8: error: no such module 'Combine'
  6 | //
  7 |
  8 | import Combine
    |        `- error: no such module 'Combine'
  9 | import Foundation
 10 | import Network
[11/13] Compiling FTPServerKit FTPSingleFileProvider.swift
/host/spi-builder-workspace/Sources/FTPServerKit/FTPServer.swift:8:8: error: no such module 'Combine'
  6 | //
  7 |
  8 | import Combine
    |        `- error: no such module 'Combine'
  9 | import Foundation
 10 | import Network
[12/13] Compiling FTPServerKit FTPServerEvent.swift
/host/spi-builder-workspace/Sources/FTPServerKit/FTPServer.swift:8:8: error: no such module 'Combine'
  6 | //
  7 |
  8 | import Combine
    |        `- error: no such module 'Combine'
  9 | import Foundation
 10 | import Network
[13/13] Compiling FTPServerKit FTPSession.swift
/host/spi-builder-workspace/Sources/FTPServerKit/FTPServer.swift:8:8: error: no such module 'Combine'
  6 | //
  7 |
  8 | import Combine
    |        `- error: no such module 'Combine'
  9 | import Foundation
 10 | import Network
BUILD FAILURE 6.2 linux