The Swift Package Index logo.Swift Package Index

Build Information

Failed to build SwByeDPI, reference master (4b1ca8), with Swift 6.4 for Wasm on 26 Sep 2026 04:11:36 UTC.

Build Command

bash -c docker run --pull=always --rm -v "checkouts-54344844-0":/host -w "$PWD" -e JAVA_HOME="/root/.sdkman/candidates/java/current" -e SPI_BUILD="1" -e SPI_PROCESSING="1" registry.gitlab.com/saguaro1/spi-images:wasm-6.4-latest swift build --swift-sdk swift-6.4.x-DEVELOPMENT-SNAPSHOT-2026-09-04-a_wasm 2>&1

Build Log

========================================
RunAll
========================================
Builder version: 5.1.0
Interrupt handler set up.
========================================
Checkout
========================================
Clone URL: https://github.com/mIwr/SwByeDPI.git
Reference: master
Initialized empty Git repository in /host/spi-builder-workspace/.git/
hint: Using 'master' as the name for the initial branch. This default branch name
hint: is subject to change. To configure the initial branch name to use in all
hint: of your new repositories, which will suppress this warning, call:
hint:
hint: 	git config --global init.defaultBranch <name>
hint:
hint: Names commonly chosen instead of 'master' are 'main', 'trunk' and
hint: 'development'. The just-created branch can be renamed via this command:
hint:
hint: 	git branch -m <name>
From https://github.com/mIwr/SwByeDPI
 * branch            master     -> FETCH_HEAD
 * [new branch]      master     -> origin/master
HEAD is now at 4b1ca87 fix: DoH/DoT IP update from settings, NE exclude for SOCKS 0.0.0.0, typos
Cloned https://github.com/mIwr/SwByeDPI.git
Revision (git rev-parse @):
4b1ca8744630327dfb955ddd1ae0d3c5f2c1abdc
SUCCESS checkout https://github.com/mIwr/SwByeDPI.git at master
========================================
Build
========================================
Selected platform:         wasm
Swift version:             6.4
Building package at path:  $PWD
https://github.com/mIwr/SwByeDPI.git
Running build ...
bash -c docker run --pull=always --rm -v "checkouts-54344844-0":/host -w "$PWD" -e JAVA_HOME="/root/.sdkman/candidates/java/current" -e SPI_BUILD="1" -e SPI_PROCESSING="1" registry.gitlab.com/saguaro1/spi-images:wasm-6.4-latest swift build --swift-sdk swift-6.4.x-DEVELOPMENT-SNAPSHOT-2026-09-04-a_wasm 2>&1
wasm-6.4-latest: Pulling from saguaro1/spi-images
Digest: sha256:4328fdb43c680d205c1d6761b1e3267aa38277eefdda9ddfb17b6a0f1a77857a
Status: Image is up to date for registry.gitlab.com/saguaro1/spi-images:wasm-6.4-latest
warning: 'spi-builder-workspace': /host/spi-builder-workspace/Package.swift:36:15: warning: 'init(name:defaultLocalization:platforms:pkgConfig:providers:products:dependencies:targets:swiftLanguageVersions:cLanguageStandard:cxxLanguageStandard:)' is deprecated: replaced by 'init(name:defaultLocalization:platforms:pkgConfig:providers:products:dependencies:targets:swiftLanguageModes:cLanguageStandard:cxxLanguageStandard:)' [#DeprecatedDeclaration]
34 | ]
35 |
36 | let package = Package(
   |               |- warning: 'init(name:defaultLocalization:platforms:pkgConfig:providers:products:dependencies:targets:swiftLanguageVersions:cLanguageStandard:cxxLanguageStandard:)' is deprecated: replaced by 'init(name:defaultLocalization:platforms:pkgConfig:providers:products:dependencies:targets:swiftLanguageModes:cLanguageStandard:cxxLanguageStandard:)' [#DeprecatedDeclaration]
   |               `- note: use 'init(name:defaultLocalization:platforms:pkgConfig:providers:products:dependencies:targets:swiftLanguageModes:cLanguageStandard:cxxLanguageStandard:)' instead
37 |     name: "SwByeDPI",
38 |     platforms: [
/host/spi-builder-workspace/Package.swift:39:17: warning: 'v10_12' is deprecated: macOS 12.0 is the oldest supported version [#DeprecatedDeclaration]
37 |     name: "SwByeDPI",
38 |     platforms: [
39 |         .macOS(.v10_12), .iOS(.v10), .tvOS(.v10), .watchOS(.v3), .visionOS(.v1)
   |                 `- warning: 'v10_12' is deprecated: macOS 12.0 is the oldest supported version [#DeprecatedDeclaration]
40 |     ],
41 |     products: [
/host/spi-builder-workspace/Package.swift:39:32: warning: 'v10' is deprecated: iOS 15.0 is the oldest supported version [#DeprecatedDeclaration]
37 |     name: "SwByeDPI",
38 |     platforms: [
39 |         .macOS(.v10_12), .iOS(.v10), .tvOS(.v10), .watchOS(.v3), .visionOS(.v1)
   |                                `- warning: 'v10' is deprecated: iOS 15.0 is the oldest supported version [#DeprecatedDeclaration]
40 |     ],
41 |     products: [
/host/spi-builder-workspace/Package.swift:39:45: warning: 'v10' is deprecated: tvOS 15.0 is the oldest supported version [#DeprecatedDeclaration]
37 |     name: "SwByeDPI",
38 |     platforms: [
39 |         .macOS(.v10_12), .iOS(.v10), .tvOS(.v10), .watchOS(.v3), .visionOS(.v1)
   |                                             `- warning: 'v10' is deprecated: tvOS 15.0 is the oldest supported version [#DeprecatedDeclaration]
40 |     ],
41 |     products: [
/host/spi-builder-workspace/Package.swift:39:61: warning: 'v3' is deprecated: watchOS 9.0 is the oldest supported version [#DeprecatedDeclaration]
37 |     name: "SwByeDPI",
38 |     platforms: [
39 |         .macOS(.v10_12), .iOS(.v10), .tvOS(.v10), .watchOS(.v3), .visionOS(.v1)
   |                                                             `- warning: 'v3' is deprecated: watchOS 9.0 is the oldest supported version [#DeprecatedDeclaration]
40 |     ],
41 |     products: [
[#DeprecatedDeclaration]: <https://docs.swift.org/compiler/documentation/diagnostics/deprecated-declaration>
Building for debugging...
[Pre-planning 1 / 270]
[Constructing 425 / 501]
In file included from /host/spi-builder-workspace/Sources/ByeDPIC/byedpi/conev.c:1:
In file included from /host/spi-builder-workspace/Sources/ByeDPIC/byedpi/conev.h:22:
/root/.swiftpm/swift-sdks/swift-6.4.x-DEVELOPMENT-SNAPSHOT-2026-09-04-a_wasm.artifactbundle/swift-6.4.x-DEVELOPMENT-SNAPSHOT-2026-09-04-a_wasm/wasm32-unknown-wasip1/WASI.sdk/include/wasm32-wasip1/sys/mman.h:2:2: error: "WASI lacks a true mmap; to enable minimal mmap emulation, compile with -D_WASI_EMULATED_MMAN and link with -lwasi-emulated-mman"
    2 | #error "WASI lacks a true mmap; to enable minimal mmap emulation, \
      |  ^
In file included from /host/spi-builder-workspace/Sources/ByeDPIC/byedpi/conev.c:1:
In file included from /host/spi-builder-workspace/Sources/ByeDPIC/byedpi/conev.h:32:
/root/.swiftpm/swift-sdks/swift-6.4.x-DEVELOPMENT-SNAPSHOT-2026-09-04-a_wasm.artifactbundle/swift-6.4.x-DEVELOPMENT-SNAPSHOT-2026-09-04-a_wasm/wasm32-unknown-wasip1/WASI.sdk/include/wasm32-wasip1/sys/poll.h:1:2: warning: redirecting incorrect #include <sys/poll.h> to <poll.h> [-W#warnings]
    1 | #warning redirecting incorrect #include <sys/poll.h> to <poll.h>
      |  ^
1 warning and 1 error generated.
error: CompileC /host/spi-builder-workspace/.build/out/Intermediates.noindex/SwByeDPI.build/Debug-webassembly-wasm32/ByeDPIC-t.build/Objects-normal/wasm32/conev.o /host/spi-builder-workspace/Sources/ByeDPIC/byedpi/conev.c normal wasm32 c com.apple.compilers.llvm.clang.1_0.compiler failed with a nonzero exit code. Command line:     cd /host

    Using response file: /host/spi-builder-workspace/.build/out/Intermediates.noindex/SwByeDPI.build/Debug-webassembly-wasm32/ByeDPIC-t.build/Objects-normal/wasm32/9f65232cb83f8421e3a495a5062eba382369c975104ee97bafc405ab795bfc5e-common-args.resp

    /usr/bin/clang -x c -target wasm32-unknown-wasip1 -fmessage-length\=0 -fdiagnostics-show-note-include-stack -fmacro-backtrace-limit\=0 -fcolor-diagnostics -Wno-trigraphs -Wno-missing-field-initializers -Wno-missing-prototypes -Wno-return-type -Wno-missing-braces -Wparentheses -Wswitch -Wno-unused-function -Wno-unused-label -Wno-unused-parameter -Wno-unused-variable -Wunused-value -Wno-empty-body -Wno-uninitialized -Wno-unknown-pragmas -Wno-shadow -Wno-four-char-constants -Wno-conversion -Wno-constant-conversion -Wno-int-conversion -Wno-bool-conversion -Wno-enum-conversion -Wno-float-conversion -Wno-non-literal-null-conversion -Wno-objc-literal-conversion -Wno-shorten-64-to-32 -Wpointer-sign -Wno-newline-eof -Wno-implicit-fallthrough -fstrict-aliasing -Wdeprecated-declarations -Wno-sign-conversion -Wno-infinite-recursion -Wno-comma -Wno-block-capture-autoreleasing -Wno-strict-prototypes -Wno-semicolon-before-method-body --sysroot /root/.swiftpm/swift-sdks/swift-6.4.x-DEVELOPMENT-SNAPSHOT-2026-09-04-a_wasm.artifactbundle/swift-6.4.x-DEVELOPMENT-SNAPSHOT-2026-09-04-a_wasm/wasm32-unknown-wasip1/WASI.sdk -Wno-implicit-function-declaration @/host/spi-builder-workspace/.build/out/Intermediates.noindex/SwByeDPI.build/Debug-webassembly-wasm32/ByeDPIC-t.build/Objects-normal/wasm32/9f65232cb83f8421e3a495a5062eba382369c975104ee97bafc405ab795bfc5e-common-args.resp -MMD -MT dependencies -MF /host/spi-builder-workspace/.build/out/Intermediates.noindex/SwByeDPI.build/Debug-webassembly-wasm32/ByeDPIC-t.build/Objects-normal/wasm32/conev.d --serialize-diagnostics /host/spi-builder-workspace/.build/out/Intermediates.noindex/SwByeDPI.build/Debug-webassembly-wasm32/ByeDPIC-t.build/Objects-normal/wasm32/conev.dia -c /host/spi-builder-workspace/Sources/ByeDPIC/byedpi/conev.c -o /host/spi-builder-workspace/.build/out/Intermediates.noindex/SwByeDPI.build/Debug-webassembly-wasm32/ByeDPIC-t.build/Objects-normal/wasm32/conev.o
In file included from /host/spi-builder-workspace/Sources/ByeDPIC/byedpi/proxy.c:1:
In file included from /host/spi-builder-workspace/Sources/ByeDPIC/byedpi/proxy.h:13:
In file included from /host/spi-builder-workspace/Sources/ByeDPIC/byedpi/conev.h:22:
/root/.swiftpm/swift-sdks/swift-6.4.x-DEVELOPMENT-SNAPSHOT-2026-09-04-a_wasm.artifactbundle/swift-6.4.x-DEVELOPMENT-SNAPSHOT-2026-09-04-a_wasm/wasm32-unknown-wasip1/WASI.sdk/include/wasm32-wasip1/sys/mman.h:2:2: error: "WASI lacks a true mmap; to enable minimal mmap emulation, compile with -D_WASI_EMULATED_MMAN and link with -lwasi-emulated-mman"
    2 | #error "WASI lacks a true mmap; to enable minimal mmap emulation, \
      |  ^
In file included from /host/spi-builder-workspace/Sources/ByeDPIC/byedpi/proxy.c:1:
In file included from /host/spi-builder-workspace/Sources/ByeDPIC/byedpi/proxy.h:13:
In file included from /host/spi-builder-workspace/Sources/ByeDPIC/byedpi/conev.h:32:
/root/.swiftpm/swift-sdks/swift-6.4.x-DEVELOPMENT-SNAPSHOT-2026-09-04-a_wasm.artifactbundle/swift-6.4.x-DEVELOPMENT-SNAPSHOT-2026-09-04-a_wasm/wasm32-unknown-wasip1/WASI.sdk/include/wasm32-wasip1/sys/poll.h:1:2: warning: redirecting incorrect #include <sys/poll.h> to <poll.h> [-W#warnings]
    1 | #warning redirecting incorrect #include <sys/poll.h> to <poll.h>
      |  ^
In file included from /host/spi-builder-workspace/Sources/ByeDPIC/byedpi/proxy.c:7:
/root/.swiftpm/swift-sdks/swift-6.4.x-DEVELOPMENT-SNAPSHOT-2026-09-04-a_wasm.artifactbundle/swift-6.4.x-DEVELOPMENT-SNAPSHOT-2026-09-04-a_wasm/wasm32-unknown-wasip1/WASI.sdk/include/wasm32-wasip1/signal.h:2:2: error: "wasm lacks signal support; to enable minimal signal emulation, compile with -D_WASI_EMULATED_SIGNAL and link with -lwasi-emulated-signal"
    2 | #error "wasm lacks signal support; to enable minimal signal emulation, \
      |  ^
/host/spi-builder-workspace/Sources/ByeDPIC/byedpi/proxy.c:30:14: fatal error: 'netdb.h' file not found
   30 |     #include <netdb.h>
      |              ^~~~~~~~~
1 warning and 3 errors generated.
error: CompileC /host/spi-builder-workspace/.build/out/Intermediates.noindex/SwByeDPI.build/Debug-webassembly-wasm32/ByeDPIC-t.build/Objects-normal/wasm32/proxy.o /host/spi-builder-workspace/Sources/ByeDPIC/byedpi/proxy.c normal wasm32 c com.apple.compilers.llvm.clang.1_0.compiler failed with a nonzero exit code. Command line:     cd /host

    Using response file: /host/spi-builder-workspace/.build/out/Intermediates.noindex/SwByeDPI.build/Debug-webassembly-wasm32/ByeDPIC-t.build/Objects-normal/wasm32/9f65232cb83f8421e3a495a5062eba382369c975104ee97bafc405ab795bfc5e-common-args.resp

    /usr/bin/clang -x c -target wasm32-unknown-wasip1 -fmessage-length\=0 -fdiagnostics-show-note-include-stack -fmacro-backtrace-limit\=0 -fcolor-diagnostics -Wno-trigraphs -Wno-missing-field-initializers -Wno-missing-prototypes -Wno-return-type -Wno-missing-braces -Wparentheses -Wswitch -Wno-unused-function -Wno-unused-label -Wno-unused-parameter -Wno-unused-variable -Wunused-value -Wno-empty-body -Wno-uninitialized -Wno-unknown-pragmas -Wno-shadow -Wno-four-char-constants -Wno-conversion -Wno-constant-conversion -Wno-int-conversion -Wno-bool-conversion -Wno-enum-conversion -Wno-float-conversion -Wno-non-literal-null-conversion -Wno-objc-literal-conversion -Wno-shorten-64-to-32 -Wpointer-sign -Wno-newline-eof -Wno-implicit-fallthrough -fstrict-aliasing -Wdeprecated-declarations -Wno-sign-conversion -Wno-infinite-recursion -Wno-comma -Wno-block-capture-autoreleasing -Wno-strict-prototypes -Wno-semicolon-before-method-body --sysroot /root/.swiftpm/swift-sdks/swift-6.4.x-DEVELOPMENT-SNAPSHOT-2026-09-04-a_wasm.artifactbundle/swift-6.4.x-DEVELOPMENT-SNAPSHOT-2026-09-04-a_wasm/wasm32-unknown-wasip1/WASI.sdk -Wno-implicit-function-declaration @/host/spi-builder-workspace/.build/out/Intermediates.noindex/SwByeDPI.build/Debug-webassembly-wasm32/ByeDPIC-t.build/Objects-normal/wasm32/9f65232cb83f8421e3a495a5062eba382369c975104ee97bafc405ab795bfc5e-common-args.resp -MMD -MT dependencies -MF /host/spi-builder-workspace/.build/out/Intermediates.noindex/SwByeDPI.build/Debug-webassembly-wasm32/ByeDPIC-t.build/Objects-normal/wasm32/proxy.d --serialize-diagnostics /host/spi-builder-workspace/.build/out/Intermediates.noindex/SwByeDPI.build/Debug-webassembly-wasm32/ByeDPIC-t.build/Objects-normal/wasm32/proxy.dia -c /host/spi-builder-workspace/Sources/ByeDPIC/byedpi/proxy.c -o /host/spi-builder-workspace/.build/out/Intermediates.noindex/SwByeDPI.build/Debug-webassembly-wasm32/ByeDPIC-t.build/Objects-normal/wasm32/proxy.o
In file included from /host/spi-builder-workspace/Sources/ByeDPIC/byedpi/extend.c:1:
In file included from /host/spi-builder-workspace/Sources/ByeDPIC/byedpi/extend.h:6:
In file included from /host/spi-builder-workspace/Sources/ByeDPIC/byedpi/proxy.h:13:
In file included from /host/spi-builder-workspace/Sources/ByeDPIC/byedpi/conev.h:22:
/root/.swiftpm/swift-sdks/swift-6.4.x-DEVELOPMENT-SNAPSHOT-2026-09-04-a_wasm.artifactbundle/swift-6.4.x-DEVELOPMENT-SNAPSHOT-2026-09-04-a_wasm/wasm32-unknown-wasip1/WASI.sdk/include/wasm32-wasip1/sys/mman.h:2:2: error: "WASI lacks a true mmap; to enable minimal mmap emulation, compile with -D_WASI_EMULATED_MMAN and link with -lwasi-emulated-mman"
    2 | #error "WASI lacks a true mmap; to enable minimal mmap emulation, \
      |  ^
In file included from /host/spi-builder-workspace/Sources/ByeDPIC/byedpi/extend.c:1:
In file included from /host/spi-builder-workspace/Sources/ByeDPIC/byedpi/extend.h:6:
In file included from /host/spi-builder-workspace/Sources/ByeDPIC/byedpi/proxy.h:13:
In file included from /host/spi-builder-workspace/Sources/ByeDPIC/byedpi/conev.h:32:
/root/.swiftpm/swift-sdks/swift-6.4.x-DEVELOPMENT-SNAPSHOT-2026-09-04-a_wasm.artifactbundle/swift-6.4.x-DEVELOPMENT-SNAPSHOT-2026-09-04-a_wasm/wasm32-unknown-wasip1/WASI.sdk/include/wasm32-wasip1/sys/poll.h:1:2: warning: redirecting incorrect #include <sys/poll.h> to <poll.h> [-W#warnings]
    1 | #warning redirecting incorrect #include <sys/poll.h> to <poll.h>
      |  ^
/host/spi-builder-workspace/Sources/ByeDPIC/byedpi/extend.c:411:13: error: use of undeclared identifier 'SO_LINGER'
  411 |             SO_LINGER, (char *)&l, sizeof(l)) < 0) {
      |             ^~~~~~~~~
1 warning and 2 errors generated.
error: CompileC /host/spi-builder-workspace/.build/out/Intermediates.noindex/SwByeDPI.build/Debug-webassembly-wasm32/ByeDPIC-t.build/Objects-normal/wasm32/extend.o /host/spi-builder-workspace/Sources/ByeDPIC/byedpi/extend.c normal wasm32 c com.apple.compilers.llvm.clang.1_0.compiler failed with a nonzero exit code. Command line:     cd /host

    Using response file: /host/spi-builder-workspace/.build/out/Intermediates.noindex/SwByeDPI.build/Debug-webassembly-wasm32/ByeDPIC-t.build/Objects-normal/wasm32/9f65232cb83f8421e3a495a5062eba382369c975104ee97bafc405ab795bfc5e-common-args.resp

    /usr/bin/clang -x c -target wasm32-unknown-wasip1 -fmessage-length\=0 -fdiagnostics-show-note-include-stack -fmacro-backtrace-limit\=0 -fcolor-diagnostics -Wno-trigraphs -Wno-missing-field-initializers -Wno-missing-prototypes -Wno-return-type -Wno-missing-braces -Wparentheses -Wswitch -Wno-unused-function -Wno-unused-label -Wno-unused-parameter -Wno-unused-variable -Wunused-value -Wno-empty-body -Wno-uninitialized -Wno-unknown-pragmas -Wno-shadow -Wno-four-char-constants -Wno-conversion -Wno-constant-conversion -Wno-int-conversion -Wno-bool-conversion -Wno-enum-conversion -Wno-float-conversion -Wno-non-literal-null-conversion -Wno-objc-literal-conversion -Wno-shorten-64-to-32 -Wpointer-sign -Wno-newline-eof -Wno-implicit-fallthrough -fstrict-aliasing -Wdeprecated-declarations -Wno-sign-conversion -Wno-infinite-recursion -Wno-comma -Wno-block-capture-autoreleasing -Wno-strict-prototypes -Wno-semicolon-before-method-body --sysroot /root/.swiftpm/swift-sdks/swift-6.4.x-DEVELOPMENT-SNAPSHOT-2026-09-04-a_wasm.artifactbundle/swift-6.4.x-DEVELOPMENT-SNAPSHOT-2026-09-04-a_wasm/wasm32-unknown-wasip1/WASI.sdk -Wno-implicit-function-declaration @/host/spi-builder-workspace/.build/out/Intermediates.noindex/SwByeDPI.build/Debug-webassembly-wasm32/ByeDPIC-t.build/Objects-normal/wasm32/9f65232cb83f8421e3a495a5062eba382369c975104ee97bafc405ab795bfc5e-common-args.resp -MMD -MT dependencies -MF /host/spi-builder-workspace/.build/out/Intermediates.noindex/SwByeDPI.build/Debug-webassembly-wasm32/ByeDPIC-t.build/Objects-normal/wasm32/extend.d --serialize-diagnostics /host/spi-builder-workspace/.build/out/Intermediates.noindex/SwByeDPI.build/Debug-webassembly-wasm32/ByeDPIC-t.build/Objects-normal/wasm32/extend.dia -c /host/spi-builder-workspace/Sources/ByeDPIC/byedpi/extend.c -o /host/spi-builder-workspace/.build/out/Intermediates.noindex/SwByeDPI.build/Debug-webassembly-wasm32/ByeDPIC-t.build/Objects-normal/wasm32/extend.o
In file included from /host/spi-builder-workspace/Sources/ByeDPIC/byedpi/desync.c:3:
In file included from /host/spi-builder-workspace/Sources/ByeDPIC/byedpi/desync.h:9:
In file included from /host/spi-builder-workspace/Sources/ByeDPIC/byedpi/conev.h:22:
/root/.swiftpm/swift-sdks/swift-6.4.x-DEVELOPMENT-SNAPSHOT-2026-09-04-a_wasm.artifactbundle/swift-6.4.x-DEVELOPMENT-SNAPSHOT-2026-09-04-a_wasm/wasm32-unknown-wasip1/WASI.sdk/include/wasm32-wasip1/sys/mman.h:2:2: error: "WASI lacks a true mmap; to enable minimal mmap emulation, compile with -D_WASI_EMULATED_MMAN and link with -lwasi-emulated-mman"
    2 | #error "WASI lacks a true mmap; to enable minimal mmap emulation, \
      |  ^
In file included from /host/spi-builder-workspace/Sources/ByeDPIC/byedpi/desync.c:3:
In file included from /host/spi-builder-workspace/Sources/ByeDPIC/byedpi/desync.h:9:
In file included from /host/spi-builder-workspace/Sources/ByeDPIC/byedpi/conev.h:32:
/root/.swiftpm/swift-sdks/swift-6.4.x-DEVELOPMENT-SNAPSHOT-2026-09-04-a_wasm.artifactbundle/swift-6.4.x-DEVELOPMENT-SNAPSHOT-2026-09-04-a_wasm/wasm32-unknown-wasip1/WASI.sdk/include/wasm32-wasip1/sys/poll.h:1:2: warning: redirecting incorrect #include <sys/poll.h> to <poll.h> [-W#warnings]
    1 | #warning redirecting incorrect #include <sys/poll.h> to <poll.h>
      |  ^
In file included from /host/spi-builder-workspace/Sources/ByeDPIC/byedpi/desync.c:13:
/root/.swiftpm/swift-sdks/swift-6.4.x-DEVELOPMENT-SNAPSHOT-2026-09-04-a_wasm.artifactbundle/swift-6.4.x-DEVELOPMENT-SNAPSHOT-2026-09-04-a_wasm/wasm32-unknown-wasip1/WASI.sdk/include/wasm32-wasip1/sys/mman.h:2:2: error: "WASI lacks a true mmap; to enable minimal mmap emulation, compile with -D_WASI_EMULATED_MMAN and link with -lwasi-emulated-mman"
    2 | #error "WASI lacks a true mmap; to enable minimal mmap emulation, \
      |  ^
/host/spi-builder-workspace/Sources/ByeDPIC/byedpi/desync.c:407:46: error: use of undeclared identifier 'MSG_OOB'
  407 |     ssize_t len = send(sfd, buffer, pos + 1, MSG_OOB);
      |                                              ^~~~~~~
1 warning and 3 errors generated.
error: CompileC /host/spi-builder-workspace/.build/out/Intermediates.noindex/SwByeDPI.build/Debug-webassembly-wasm32/ByeDPIC-t.build/Objects-normal/wasm32/desync.o /host/spi-builder-workspace/Sources/ByeDPIC/byedpi/desync.c normal wasm32 c com.apple.compilers.llvm.clang.1_0.compiler failed with a nonzero exit code. Command line:     cd /host

    Using response file: /host/spi-builder-workspace/.build/out/Intermediates.noindex/SwByeDPI.build/Debug-webassembly-wasm32/ByeDPIC-t.build/Objects-normal/wasm32/9f65232cb83f8421e3a495a5062eba382369c975104ee97bafc405ab795bfc5e-common-args.resp

    /usr/bin/clang -x c -target wasm32-unknown-wasip1 -fmessage-length\=0 -fdiagnostics-show-note-include-stack -fmacro-backtrace-limit\=0 -fcolor-diagnostics -Wno-trigraphs -Wno-missing-field-initializers -Wno-missing-prototypes -Wno-return-type -Wno-missing-braces -Wparentheses -Wswitch -Wno-unused-function -Wno-unused-label -Wno-unused-parameter -Wno-unused-variable -Wunused-value -Wno-empty-body -Wno-uninitialized -Wno-unknown-pragmas -Wno-shadow -Wno-four-char-constants -Wno-conversion -Wno-constant-conversion -Wno-int-conversion -Wno-bool-conversion -Wno-enum-conversion -Wno-float-conversion -Wno-non-literal-null-conversion -Wno-objc-literal-conversion -Wno-shorten-64-to-32 -Wpointer-sign -Wno-newline-eof -Wno-implicit-fallthrough -fstrict-aliasing -Wdeprecated-declarations -Wno-sign-conversion -Wno-infinite-recursion -Wno-comma -Wno-block-capture-autoreleasing -Wno-strict-prototypes -Wno-semicolon-before-method-body --sysroot /root/.swiftpm/swift-sdks/swift-6.4.x-DEVELOPMENT-SNAPSHOT-2026-09-04-a_wasm.artifactbundle/swift-6.4.x-DEVELOPMENT-SNAPSHOT-2026-09-04-a_wasm/wasm32-unknown-wasip1/WASI.sdk -Wno-implicit-function-declaration @/host/spi-builder-workspace/.build/out/Intermediates.noindex/SwByeDPI.build/Debug-webassembly-wasm32/ByeDPIC-t.build/Objects-normal/wasm32/9f65232cb83f8421e3a495a5062eba382369c975104ee97bafc405ab795bfc5e-common-args.resp -MMD -MT dependencies -MF /host/spi-builder-workspace/.build/out/Intermediates.noindex/SwByeDPI.build/Debug-webassembly-wasm32/ByeDPIC-t.build/Objects-normal/wasm32/desync.d --serialize-diagnostics /host/spi-builder-workspace/.build/out/Intermediates.noindex/SwByeDPI.build/Debug-webassembly-wasm32/ByeDPIC-t.build/Objects-normal/wasm32/desync.dia -c /host/spi-builder-workspace/Sources/ByeDPIC/byedpi/desync.c -o /host/spi-builder-workspace/.build/out/Intermediates.noindex/SwByeDPI.build/Debug-webassembly-wasm32/ByeDPIC-t.build/Objects-normal/wasm32/desync.o
error: Build failed
BUILD FAILURE 6.4 wasm