The Swift Package Index logo.Swift Package Index

Build Information

Failed to build DependencyGraph, reference 1.2.0 (f47f6b), with Swift 6.4 for watchOS using Xcode 27.0 on 18 Sep 2026 21:00:51 UTC.

Build Command

env DEVELOPER_DIR=/Applications/Xcode-27.0.0-Release.Candidate.app xcrun xcodebuild -IDEClonedSourcePackagesDirPathOverride=$PWD/.dependencies -skipMacroValidation -skipPackagePluginValidation -derivedDataPath $PWD/.derivedData build -scheme DependencyGraph -destination generic/platform=watchOS

Build Log

SwiftExplicitDependencyGeneratePcm arm64_32 /Users/admin/builder/spi-builder-workspace/.derivedData/SDKExplicitPrecompiledModules/UserNotifications-6TBN8TEAKO014N1T2QD926XED.pcm
Copy /Users/admin/builder/spi-builder-workspace/.derivedData/Build/Products/Debug-watchos/ProjectRootClassifierLive.swiftmodule/arm64-apple-watchos.swiftmodule /Users/admin/builder/spi-builder-workspace/.derivedData/Build/Intermediates.noindex/DependencyGraph.build/Debug-watchos/ProjectRootClassifierLive-t.build/Objects-normal/arm64/ProjectRootClassifierLive.swiftmodule (in target 'ProjectRootClassifierLive' from project 'DependencyGraph')
    cd /Users/admin/builder/spi-builder-workspace
    builtin-copy -exclude .DS_Store -exclude CVS -exclude .svn -exclude .git -exclude .hg -resolve-src-symlinks -rename /Users/admin/builder/spi-builder-workspace/.derivedData/Build/Intermediates.noindex/DependencyGraph.build/Debug-watchos/ProjectRootClassifierLive-t.build/Objects-normal/arm64/ProjectRootClassifierLive.swiftmodule /Users/admin/builder/spi-builder-workspace/.derivedData/Build/Products/Debug-watchos/ProjectRootClassifierLive.swiftmodule/arm64-apple-watchos.swiftmodule
Copy /Users/admin/builder/spi-builder-workspace/.derivedData/Build/Products/Debug-watchos/ProjectRootClassifierLive.swiftmodule/arm64-apple-watchos.swiftdoc /Users/admin/builder/spi-builder-workspace/.derivedData/Build/Intermediates.noindex/DependencyGraph.build/Debug-watchos/ProjectRootClassifierLive-t.build/Objects-normal/arm64/ProjectRootClassifierLive.swiftdoc (in target 'ProjectRootClassifierLive' from project 'DependencyGraph')
    cd /Users/admin/builder/spi-builder-workspace
    builtin-copy -exclude .DS_Store -exclude CVS -exclude .svn -exclude .git -exclude .hg -resolve-src-symlinks -rename /Users/admin/builder/spi-builder-workspace/.derivedData/Build/Intermediates.noindex/DependencyGraph.build/Debug-watchos/ProjectRootClassifierLive-t.build/Objects-normal/arm64/ProjectRootClassifierLive.swiftdoc /Users/admin/builder/spi-builder-workspace/.derivedData/Build/Products/Debug-watchos/ProjectRootClassifierLive.swiftmodule/arm64-apple-watchos.swiftdoc
SwiftDriverJobDiscovery normal arm64_32 Emitting module for ProjectRootClassifierLive (in target 'ProjectRootClassifierLive' from project 'DependencyGraph')
SwiftDriver\ Compilation\ Requirements ProjectRootClassifierLive normal arm64_32 com.apple.xcode.tools.swift.compiler (in target 'ProjectRootClassifierLive' from project 'DependencyGraph')
    cd /Users/admin/builder/spi-builder-workspace/.swiftpm/xcode
    builtin-Swift-Compilation-Requirements -- /Applications/Xcode-27.0.0-Release.Candidate.app/Contents/Developer/Toolchains/XcodeDefault.xctoolchain/usr/bin/swiftc -parse-as-library -module-name ProjectRootClassifierLive -Onone @/Users/admin/builder/spi-builder-workspace/.derivedData/Build/Intermediates.noindex/DependencyGraph.build/Debug-watchos/ProjectRootClassifierLive-t.build/Objects-normal/arm64_32/ProjectRootClassifierLive.SwiftFileList -DSWIFT_PACKAGE -DDEBUG -DSWIFT_MODULE_RESOURCE_BUNDLE_UNAVAILABLE -DXcode -plugin-path /Applications/Xcode-27.0.0-Release.Candidate.app/Contents/Developer/Toolchains/XcodeDefault.xctoolchain/usr/lib/swift/host/plugins/testing -enable-experimental-feature DebugDescriptionMacro -sdk /Applications/Xcode-27.0.0-Release.Candidate.app/Contents/Developer/Platforms/WatchOS.platform/Developer/SDKs/WatchOS27.0.sdk -target arm64_32-apple-watchos9.0 -g -module-cache-path /Users/admin/builder/spi-builder-workspace/.derivedData/ModuleCache.noindex -Xfrontend -serialize-debugging-options -enable-testing -index-store-path /Users/admin/builder/spi-builder-workspace/.derivedData/Index.noindex/DataStore -Xcc -D_LIBCPP_HARDENING_MODE\=_LIBCPP_HARDENING_MODE_DEBUG -swift-version 5 -I /Users/admin/builder/spi-builder-workspace/.derivedData/Build/Products/Debug-watchos -Isystem /Applications/Xcode-27.0.0-Release.Candidate.app/Contents/Developer/Platforms/WatchOS.platform/Developer/usr/lib -F /Users/admin/builder/spi-builder-workspace/.derivedData/Build/Products/Debug-watchos/PackageFrameworks -F /Users/admin/builder/spi-builder-workspace/.derivedData/Build/Products/Debug-watchos -F /Applications/Xcode-27.0.0-Release.Candidate.app/Contents/Developer/Platforms/WatchOS.platform/Developer/Library/Frameworks -F /Applications/Xcode-27.0.0-Release.Candidate.app/Contents/Developer/Platforms/WatchOS.platform/Developer/SDKs/WatchOS27.0.sdk/Developer/Library/Frameworks -c -j10 -enable-batch-mode -incremental -Xcc -ivfsstatcache -Xcc /Users/admin/builder/spi-builder-workspace/.derivedData/SDKStatCaches.noindex/watchos27.0-24R360-e829b21a6f8c9b70876ba0858053c04477534ef55a1706bf4c1112bbb242f0a2.sdkstatcache -output-file-map /Users/admin/builder/spi-builder-workspace/.derivedData/Build/Intermediates.noindex/DependencyGraph.build/Debug-watchos/ProjectRootClassifierLive-t.build/Objects-normal/arm64_32/ProjectRootClassifierLive-OutputFileMap.json -save-temps -no-color-diagnostics -explicit-module-build -module-cache-path /Users/admin/builder/spi-builder-workspace/.derivedData/Build/Intermediates.noindex/SwiftExplicitPrecompiledModules -clang-scanner-module-cache-path /Users/admin/builder/spi-builder-workspace/.derivedData/ModuleCache.noindex -sdk-module-cache-path /Users/admin/builder/spi-builder-workspace/.derivedData/SDKExplicitPrecompiledModules -emit-dependencies -emit-module -emit-module-path /Users/admin/builder/spi-builder-workspace/.derivedData/Build/Intermediates.noindex/DependencyGraph.build/Debug-watchos/ProjectRootClassifierLive-t.build/Objects-normal/arm64_32/ProjectRootClassifierLive.swiftmodule -serialize-diagnostics -dependency-scan-serialize-diagnostics-path /Users/admin/builder/spi-builder-workspace/.derivedData/Build/Intermediates.noindex/DependencyGraph.build/Debug-watchos/ProjectRootClassifierLive-t.build/Objects-normal/arm64_32/ProjectRootClassifierLive-dependency-scan.dia -validate-clang-modules-once -clang-build-session-file /Users/admin/builder/spi-builder-workspace/.derivedData/ModuleCache.noindex/Session.modulevalidation -Xcc -fmodules-prune-interval\=86400 -Xcc -fmodules-prune-after\=345600 -emit-const-values -const-gather-protocols-list /Users/admin/builder/spi-builder-workspace/.derivedData/Build/Intermediates.noindex/DependencyGraph.build/Debug-watchos/ProjectRootClassifierLive-t.build/Objects-normal/arm64_32/ProjectRootClassifierLive_const_extract_protocols.json -Xcc -I/Users/admin/builder/spi-builder-workspace/.derivedData/Build/Products/Debug-watchos/include -Xcc -I/Users/admin/builder/spi-builder-workspace/.derivedData/Build/Intermediates.noindex/DependencyGraph.build/Debug-watchos/ProjectRootClassifierLive-t.build/DerivedSources-normal/arm64_32 -Xcc -I/Users/admin/builder/spi-builder-workspace/.derivedData/Build/Intermediates.noindex/DependencyGraph.build/Debug-watchos/ProjectRootClassifierLive-t.build/DerivedSources/arm64_32 -Xcc -I/Users/admin/builder/spi-builder-workspace/.derivedData/Build/Intermediates.noindex/DependencyGraph.build/Debug-watchos/ProjectRootClassifierLive-t.build/DerivedSources -Xcc -DSWIFT_PACKAGE -Xcc -DDEBUG\=1 -emit-objc-header -emit-objc-header-path /Users/admin/builder/spi-builder-workspace/.derivedData/Build/Intermediates.noindex/DependencyGraph.build/Debug-watchos/ProjectRootClassifierLive-t.build/Objects-normal/arm64_32/ProjectRootClassifierLive-Swift.h -working-directory /Users/admin/builder/spi-builder-workspace/.swiftpm/xcode -experimental-emit-module-separately -disable-cmo
Copy /Users/admin/builder/spi-builder-workspace/.derivedData/Build/Products/Debug-watchos/ProjectRootClassifierLive.swiftmodule/arm64-apple-watchos.abi.json /Users/admin/builder/spi-builder-workspace/.derivedData/Build/Intermediates.noindex/DependencyGraph.build/Debug-watchos/ProjectRootClassifierLive-t.build/Objects-normal/arm64/ProjectRootClassifierLive.abi.json (in target 'ProjectRootClassifierLive' from project 'DependencyGraph')
    cd /Users/admin/builder/spi-builder-workspace
    builtin-copy -exclude .DS_Store -exclude CVS -exclude .svn -exclude .git -exclude .hg -resolve-src-symlinks -rename /Users/admin/builder/spi-builder-workspace/.derivedData/Build/Intermediates.noindex/DependencyGraph.build/Debug-watchos/ProjectRootClassifierLive-t.build/Objects-normal/arm64/ProjectRootClassifierLive.abi.json /Users/admin/builder/spi-builder-workspace/.derivedData/Build/Products/Debug-watchos/ProjectRootClassifierLive.swiftmodule/arm64-apple-watchos.abi.json
Copy /Users/admin/builder/spi-builder-workspace/.derivedData/Build/Products/Debug-watchos/ProjectRootClassifierLive.swiftmodule/Project/arm64-apple-watchos.swiftsourceinfo /Users/admin/builder/spi-builder-workspace/.derivedData/Build/Intermediates.noindex/DependencyGraph.build/Debug-watchos/ProjectRootClassifierLive-t.build/Objects-normal/arm64/ProjectRootClassifierLive.swiftsourceinfo (in target 'ProjectRootClassifierLive' from project 'DependencyGraph')
    cd /Users/admin/builder/spi-builder-workspace
    builtin-copy -exclude .DS_Store -exclude CVS -exclude .svn -exclude .git -exclude .hg -resolve-src-symlinks -rename /Users/admin/builder/spi-builder-workspace/.derivedData/Build/Intermediates.noindex/DependencyGraph.build/Debug-watchos/ProjectRootClassifierLive-t.build/Objects-normal/arm64/ProjectRootClassifierLive.swiftsourceinfo /Users/admin/builder/spi-builder-workspace/.derivedData/Build/Products/Debug-watchos/ProjectRootClassifierLive.swiftmodule/Project/arm64-apple-watchos.swiftsourceinfo
SwiftMergeGeneratedHeaders /Users/admin/builder/spi-builder-workspace/.derivedData/Build/Intermediates.noindex/GeneratedModuleMaps-watchos/ProjectRootClassifierLive-Swift.h /Users/admin/builder/spi-builder-workspace/.derivedData/Build/Intermediates.noindex/DependencyGraph.build/Debug-watchos/ProjectRootClassifierLive-t.build/Objects-normal/arm64/ProjectRootClassifierLive-Swift.h /Users/admin/builder/spi-builder-workspace/.derivedData/Build/Intermediates.noindex/DependencyGraph.build/Debug-watchos/ProjectRootClassifierLive-t.build/Objects-normal/arm64_32/ProjectRootClassifierLive-Swift.h (in target 'ProjectRootClassifierLive' from project 'DependencyGraph')
    cd /Users/admin/builder/spi-builder-workspace
    builtin-swiftHeaderTool -arch arm64 /Users/admin/builder/spi-builder-workspace/.derivedData/Build/Intermediates.noindex/DependencyGraph.build/Debug-watchos/ProjectRootClassifierLive-t.build/Objects-normal/arm64/ProjectRootClassifierLive-Swift.h -arch arm64_32 /Users/admin/builder/spi-builder-workspace/.derivedData/Build/Intermediates.noindex/DependencyGraph.build/Debug-watchos/ProjectRootClassifierLive-t.build/Objects-normal/arm64_32/ProjectRootClassifierLive-Swift.h -o /Users/admin/builder/spi-builder-workspace/.derivedData/Build/Intermediates.noindex/GeneratedModuleMaps-watchos/ProjectRootClassifierLive-Swift.h
Copy /Users/admin/builder/spi-builder-workspace/.derivedData/Build/Products/Debug-watchos/ProjectRootClassifierLive.swiftmodule/arm64_32-apple-watchos.swiftmodule /Users/admin/builder/spi-builder-workspace/.derivedData/Build/Intermediates.noindex/DependencyGraph.build/Debug-watchos/ProjectRootClassifierLive-t.build/Objects-normal/arm64_32/ProjectRootClassifierLive.swiftmodule (in target 'ProjectRootClassifierLive' from project 'DependencyGraph')
    cd /Users/admin/builder/spi-builder-workspace
    builtin-copy -exclude .DS_Store -exclude CVS -exclude .svn -exclude .git -exclude .hg -resolve-src-symlinks -rename /Users/admin/builder/spi-builder-workspace/.derivedData/Build/Intermediates.noindex/DependencyGraph.build/Debug-watchos/ProjectRootClassifierLive-t.build/Objects-normal/arm64_32/ProjectRootClassifierLive.swiftmodule /Users/admin/builder/spi-builder-workspace/.derivedData/Build/Products/Debug-watchos/ProjectRootClassifierLive.swiftmodule/arm64_32-apple-watchos.swiftmodule
Copy /Users/admin/builder/spi-builder-workspace/.derivedData/Build/Products/Debug-watchos/ProjectRootClassifierLive.swiftmodule/arm64_32-apple-watchos.swiftdoc /Users/admin/builder/spi-builder-workspace/.derivedData/Build/Intermediates.noindex/DependencyGraph.build/Debug-watchos/ProjectRootClassifierLive-t.build/Objects-normal/arm64_32/ProjectRootClassifierLive.swiftdoc (in target 'ProjectRootClassifierLive' from project 'DependencyGraph')
    cd /Users/admin/builder/spi-builder-workspace
    builtin-copy -exclude .DS_Store -exclude CVS -exclude .svn -exclude .git -exclude .hg -resolve-src-symlinks -rename /Users/admin/builder/spi-builder-workspace/.derivedData/Build/Intermediates.noindex/DependencyGraph.build/Debug-watchos/ProjectRootClassifierLive-t.build/Objects-normal/arm64_32/ProjectRootClassifierLive.swiftdoc /Users/admin/builder/spi-builder-workspace/.derivedData/Build/Products/Debug-watchos/ProjectRootClassifierLive.swiftmodule/arm64_32-apple-watchos.swiftdoc
Copy /Users/admin/builder/spi-builder-workspace/.derivedData/Build/Products/Debug-watchos/ProjectRootClassifierLive.swiftmodule/arm64_32-apple-watchos.abi.json /Users/admin/builder/spi-builder-workspace/.derivedData/Build/Intermediates.noindex/DependencyGraph.build/Debug-watchos/ProjectRootClassifierLive-t.build/Objects-normal/arm64_32/ProjectRootClassifierLive.abi.json (in target 'ProjectRootClassifierLive' from project 'DependencyGraph')
    cd /Users/admin/builder/spi-builder-workspace
    builtin-copy -exclude .DS_Store -exclude CVS -exclude .svn -exclude .git -exclude .hg -resolve-src-symlinks -rename /Users/admin/builder/spi-builder-workspace/.derivedData/Build/Intermediates.noindex/DependencyGraph.build/Debug-watchos/ProjectRootClassifierLive-t.build/Objects-normal/arm64_32/ProjectRootClassifierLive.abi.json /Users/admin/builder/spi-builder-workspace/.derivedData/Build/Products/Debug-watchos/ProjectRootClassifierLive.swiftmodule/arm64_32-apple-watchos.abi.json
Copy /Users/admin/builder/spi-builder-workspace/.derivedData/Build/Products/Debug-watchos/ProjectRootClassifierLive.swiftmodule/Project/arm64_32-apple-watchos.swiftsourceinfo /Users/admin/builder/spi-builder-workspace/.derivedData/Build/Intermediates.noindex/DependencyGraph.build/Debug-watchos/ProjectRootClassifierLive-t.build/Objects-normal/arm64_32/ProjectRootClassifierLive.swiftsourceinfo (in target 'ProjectRootClassifierLive' from project 'DependencyGraph')
    cd /Users/admin/builder/spi-builder-workspace
    builtin-copy -exclude .DS_Store -exclude CVS -exclude .svn -exclude .git -exclude .hg -resolve-src-symlinks -rename /Users/admin/builder/spi-builder-workspace/.derivedData/Build/Intermediates.noindex/DependencyGraph.build/Debug-watchos/ProjectRootClassifierLive-t.build/Objects-normal/arm64_32/ProjectRootClassifierLive.swiftsourceinfo /Users/admin/builder/spi-builder-workspace/.derivedData/Build/Products/Debug-watchos/ProjectRootClassifierLive.swiftmodule/Project/arm64_32-apple-watchos.swiftsourceinfo
SwiftExplicitDependencyGeneratePcm arm64_32 /Users/admin/builder/spi-builder-workspace/.derivedData/SDKExplicitPrecompiledModules/UIUtilities-9YFVNIMRC5HRVOIARNWHP1E3H.pcm
SwiftExplicitDependencyGeneratePcm arm64 /Users/admin/builder/spi-builder-workspace/.derivedData/SDKExplicitPrecompiledModules/DataDetection-7BNVI1SZW5ISQL5SX4WL2X7I5.pcm
SwiftExplicitDependencyGeneratePcm arm64 /Users/admin/builder/spi-builder-workspace/.derivedData/SDKExplicitPrecompiledModules/_LocationEssentials-5ZZDGDXB6HLQUC72SJW7YJ7MK.pcm
SwiftExplicitDependencyGeneratePcm arm64_32 /Users/admin/builder/spi-builder-workspace/.derivedData/SDKExplicitPrecompiledModules/CoreTransferable-5D4IR6X37682FPHJ5CBPTKQV6.pcm
SwiftEmitModule normal arm64 Emitting\ module\ for\ XcodeProj (in target 'XcodeProj' from project 'XcodeProj')
SwiftCompile normal arm64 (in target 'XcodeProj' from project 'XcodeProj')
    cd /Users/admin/builder/spi-builder-workspace/.swiftpm/xcode

SwiftExplicitDependencyGeneratePcm arm64 /Users/admin/builder/spi-builder-workspace/.derivedData/SDKExplicitPrecompiledModules/CoreVideo-8MRR5MNWUOAW2DBPGUQ8FKK4.pcm
SwiftEmitModule normal arm64_32 Emitting\ module\ for\ XcodeProj (in target 'XcodeProj' from project 'XcodeProj')
SwiftCompile normal arm64_32 (in target 'XcodeProj' from project 'XcodeProj')
    cd /Users/admin/builder/spi-builder-workspace/.swiftpm/xcode

SwiftExplicitDependencyGeneratePcm arm64_32 /Users/admin/builder/spi-builder-workspace/.derivedData/SDKExplicitPrecompiledModules/os-E5IGB442IA6SBB25TTCOLK2OC.pcm
SwiftExplicitDependencyGeneratePcm arm64 /Users/admin/builder/spi-builder-workspace/.derivedData/SDKExplicitPrecompiledModules/UniformTypeIdentifiers-8L08Q8DQJV8C4AW84YVGFGTRN.pcm
SwiftExplicitDependencyGeneratePcm arm64 /Users/admin/builder/spi-builder-workspace/.derivedData/SDKExplicitPrecompiledModules/CoreTransferable-9PPG3SLJ55T4LITIFYX2M0NOZ.pcm
SwiftExplicitDependencyGeneratePcm arm64_32 /Users/admin/builder/spi-builder-workspace/.derivedData/SDKExplicitPrecompiledModules/_Builtin_intrinsics-196IIAKDQVU42DLOZP9OQCV76.pcm
SwiftExplicitDependencyGeneratePcm arm64 /Users/admin/builder/spi-builder-workspace/.derivedData/SDKExplicitPrecompiledModules/CoreLocation-ACKJ9K7ABI14F97Y46Y6SRR17.pcm
SwiftExplicitDependencyGeneratePcm arm64 /Users/admin/builder/spi-builder-workspace/.derivedData/SDKExplicitPrecompiledModules/QuartzCore-94KFMWNOU7ZLUZNB4T5DLZC9D.pcm
SwiftExplicitDependencyGeneratePcm arm64 /Users/admin/builder/spi-builder-workspace/.derivedData/SDKExplicitPrecompiledModules/UIUtilities-IR7RNW23VAUKYI9MLCS9NL9A.pcm
SwiftExplicitDependencyGeneratePcm arm64_32 /Users/admin/builder/spi-builder-workspace/.derivedData/SDKExplicitPrecompiledModules/DataDetection-U9BF7WHFVA6BZGFXXXP272PS.pcm
SwiftExplicitDependencyGeneratePcm arm64_32 /Users/admin/builder/spi-builder-workspace/.derivedData/SDKExplicitPrecompiledModules/Accessibility-F385OMZ5GYBUY5O4QAJB4NRII.pcm
SwiftExplicitDependencyGeneratePcm arm64_32 /Users/admin/builder/spi-builder-workspace/.derivedData/SDKExplicitPrecompiledModules/Symbols-1H97WMG76HU94F5VGJR19PXFY.pcm
SwiftExplicitDependencyGeneratePcm arm64 /Users/admin/builder/spi-builder-workspace/.derivedData/SDKExplicitPrecompiledModules/CoreMotion-6RD5K48QT1F4L9CATNFD2O7YB.pcm
SwiftExplicitDependencyGeneratePcm arm64 /Users/admin/builder/spi-builder-workspace/.derivedData/SDKExplicitPrecompiledModules/CoreText-970YJN6NIYGK1316L35Z0O8QT.pcm
SwiftExplicitDependencyGeneratePcm arm64_32 /Users/admin/builder/spi-builder-workspace/.derivedData/SDKExplicitPrecompiledModules/UniformTypeIdentifiers-CJZ3NTHPSBH4XWX5EVOG56UZS.pcm
SwiftExplicitDependencyGeneratePcm arm64_32 /Users/admin/builder/spi-builder-workspace/.derivedData/SDKExplicitPrecompiledModules/CoreText-C9X2REPZN2V5BSU4G80FCETDR.pcm
SwiftExplicitDependencyGeneratePcm arm64_32 /Users/admin/builder/spi-builder-workspace/.derivedData/SDKExplicitPrecompiledModules/CoreVideo-2P8HI0403J99LBDPKNFJ5D4DL.pcm
SwiftExplicitDependencyGeneratePcm arm64 /Users/admin/builder/spi-builder-workspace/.derivedData/SDKExplicitPrecompiledModules/UserNotifications-ARAH8MEQ0C2L0FBO39HITJMAO.pcm
SwiftExplicitDependencyGeneratePcm arm64 /Users/admin/builder/spi-builder-workspace/.derivedData/SDKExplicitPrecompiledModules/DeveloperToolsSupport-E7CNISCB36UE8XQ9IOHK9XDX1.pcm
SwiftExplicitDependencyGeneratePcm arm64_32 /Users/admin/builder/spi-builder-workspace/.derivedData/SDKExplicitPrecompiledModules/OSLog-D9AVFY0KWO7RVBIQ73CBIJVCN.pcm
SwiftExplicitDependencyGeneratePcm arm64 /Users/admin/builder/spi-builder-workspace/.derivedData/SDKExplicitPrecompiledModules/Accessibility-27QMG6ZQ1NKYTNBYFPM1XKNFC.pcm
SwiftExplicitDependencyGeneratePcm arm64 /Users/admin/builder/spi-builder-workspace/.derivedData/SDKExplicitPrecompiledModules/SwiftUICore-C1DST1IX2Z0PTH5SJJZ1IULRB.pcm
SwiftExplicitDependencyGeneratePcm arm64_32 /Users/admin/builder/spi-builder-workspace/.derivedData/SDKExplicitPrecompiledModules/QuartzCore-6375NPYACK5NYVHPMC1QQ8MC2.pcm
SwiftExplicitDependencyGeneratePcm arm64_32 /Users/admin/builder/spi-builder-workspace/.derivedData/SDKExplicitPrecompiledModules/_Builtin_tgmath-23PGCKURCQILXMK0MYZRYDCOU.pcm
SwiftExplicitDependencyGeneratePcm arm64 /Users/admin/builder/spi-builder-workspace/.derivedData/SDKExplicitPrecompiledModules/_Builtin_stdatomic-7JEFA3KBJJJN6TKJWY3OG1VG5.pcm
SwiftExplicitDependencyGeneratePcm arm64 /Users/admin/builder/spi-builder-workspace/.derivedData/SDKExplicitPrecompiledModules/_Builtin_tgmath-8NQ96OZ0YHXEC24JI95P01UF8.pcm
SwiftExplicitDependencyGeneratePcm arm64_32 /Users/admin/builder/spi-builder-workspace/.derivedData/SDKExplicitPrecompiledModules/DeveloperToolsSupport-DZU5G1OCMNWU0AQRULIFHUJ1Z.pcm
SwiftExplicitDependencyGeneratePcm arm64 /Users/admin/builder/spi-builder-workspace/.derivedData/SDKExplicitPrecompiledModules/Symbols-3EFABTJ9L5PQDJ7RQCYQWEJMM.pcm
SwiftExplicitDependencyGeneratePcm arm64_32 /Users/admin/builder/spi-builder-workspace/.derivedData/SDKExplicitPrecompiledModules/_LocationEssentials-AQ1OL9QKC3LQLY5CNSRM1HB53.pcm
SwiftExplicitDependencyGeneratePcm arm64_32 /Users/admin/builder/spi-builder-workspace/.derivedData/SDKExplicitPrecompiledModules/simd-21UNWYOBUZI1LVSQ99S1XBLMO.pcm
SwiftDriverJobDiscovery normal arm64_32 Emitting module for ArgumentParser (in target 'ArgumentParser' from project 'swift-argument-parser')
SwiftDriver\ Compilation\ Requirements ArgumentParser normal arm64_32 com.apple.xcode.tools.swift.compiler (in target 'ArgumentParser' from project 'swift-argument-parser')
    cd /Users/admin/builder/spi-builder-workspace/.swiftpm/xcode
    builtin-Swift-Compilation-Requirements -- /Applications/Xcode-27.0.0-Release.Candidate.app/Contents/Developer/Toolchains/XcodeDefault.xctoolchain/usr/bin/swiftc -parse-as-library -module-name ArgumentParser -Onone @/Users/admin/builder/spi-builder-workspace/.derivedData/Build/Intermediates.noindex/swift-argument-parser.build/Debug-watchos/ArgumentParser-t.build/Objects-normal/arm64_32/ArgumentParser.SwiftFileList -DSWIFT_PACKAGE -DDEBUG -DSWIFT_MODULE_RESOURCE_BUNDLE_UNAVAILABLE -DXcode -plugin-path /Applications/Xcode-27.0.0-Release.Candidate.app/Contents/Developer/Toolchains/XcodeDefault.xctoolchain/usr/lib/swift/host/plugins/testing -enable-experimental-feature DebugDescriptionMacro -sdk /Applications/Xcode-27.0.0-Release.Candidate.app/Contents/Developer/Platforms/WatchOS.platform/Developer/SDKs/WatchOS27.0.sdk -target arm64_32-apple-watchos9.0 -g -module-cache-path /Users/admin/builder/spi-builder-workspace/.derivedData/ModuleCache.noindex -Xfrontend -serialize-debugging-options -enable-testing -suppress-warnings -index-store-path /Users/admin/builder/spi-builder-workspace/.derivedData/Index.noindex/DataStore -Xcc -D_LIBCPP_HARDENING_MODE\=_LIBCPP_HARDENING_MODE_DEBUG -swift-version 6 -I /Users/admin/builder/spi-builder-workspace/.derivedData/Build/Products/Debug-watchos -Isystem /Applications/Xcode-27.0.0-Release.Candidate.app/Contents/Developer/Platforms/WatchOS.platform/Developer/usr/lib -F /Users/admin/builder/spi-builder-workspace/.derivedData/Build/Products/Debug-watchos/PackageFrameworks -F /Users/admin/builder/spi-builder-workspace/.derivedData/Build/Products/Debug-watchos -F /Applications/Xcode-27.0.0-Release.Candidate.app/Contents/Developer/Platforms/WatchOS.platform/Developer/Library/Frameworks -F /Applications/Xcode-27.0.0-Release.Candidate.app/Contents/Developer/Platforms/WatchOS.platform/Developer/SDKs/WatchOS27.0.sdk/Developer/Library/Frameworks -c -j10 -enable-batch-mode -incremental -Xcc -ivfsstatcache -Xcc /Users/admin/builder/spi-builder-workspace/.derivedData/SDKStatCaches.noindex/watchos27.0-24R360-e829b21a6f8c9b70876ba0858053c04477534ef55a1706bf4c1112bbb242f0a2.sdkstatcache -output-file-map /Users/admin/builder/spi-builder-workspace/.derivedData/Build/Intermediates.noindex/swift-argument-parser.build/Debug-watchos/ArgumentParser-t.build/Objects-normal/arm64_32/ArgumentParser-OutputFileMap.json -save-temps -no-color-diagnostics -explicit-module-build -module-cache-path /Users/admin/builder/spi-builder-workspace/.derivedData/Build/Intermediates.noindex/SwiftExplicitPrecompiledModules -clang-scanner-module-cache-path /Users/admin/builder/spi-builder-workspace/.derivedData/ModuleCache.noindex -sdk-module-cache-path /Users/admin/builder/spi-builder-workspace/.derivedData/SDKExplicitPrecompiledModules -emit-dependencies -emit-module -emit-module-path /Users/admin/builder/spi-builder-workspace/.derivedData/Build/Intermediates.noindex/swift-argument-parser.build/Debug-watchos/ArgumentParser-t.build/Objects-normal/arm64_32/ArgumentParser.swiftmodule -serialize-diagnostics -dependency-scan-serialize-diagnostics-path /Users/admin/builder/spi-builder-workspace/.derivedData/Build/Intermediates.noindex/swift-argument-parser.build/Debug-watchos/ArgumentParser-t.build/Objects-normal/arm64_32/ArgumentParser-dependency-scan.dia -user-module-version 1.8.2 -validate-clang-modules-once -clang-build-session-file /Users/admin/builder/spi-builder-workspace/.derivedData/ModuleCache.noindex/Session.modulevalidation -Xcc -fmodules-prune-interval\=86400 -Xcc -fmodules-prune-after\=345600 -package-name swift_argument_parser -emit-const-values -const-gather-protocols-list /Users/admin/builder/spi-builder-workspace/.derivedData/Build/Intermediates.noindex/swift-argument-parser.build/Debug-watchos/ArgumentParser-t.build/Objects-normal/arm64_32/ArgumentParser_const_extract_protocols.json -Xcc -I/Users/admin/builder/spi-builder-workspace/.derivedData/Build/Products/Debug-watchos/include -Xcc -I/Users/admin/builder/spi-builder-workspace/.derivedData/Build/Intermediates.noindex/swift-argument-parser.build/Debug-watchos/ArgumentParser-t.build/DerivedSources-normal/arm64_32 -Xcc -I/Users/admin/builder/spi-builder-workspace/.derivedData/Build/Intermediates.noindex/swift-argument-parser.build/Debug-watchos/ArgumentParser-t.build/DerivedSources/arm64_32 -Xcc -I/Users/admin/builder/spi-builder-workspace/.derivedData/Build/Intermediates.noindex/swift-argument-parser.build/Debug-watchos/ArgumentParser-t.build/DerivedSources -Xcc -DSWIFT_PACKAGE -Xcc -DDEBUG\=1 -emit-objc-header -emit-objc-header-path /Users/admin/builder/spi-builder-workspace/.derivedData/Build/Intermediates.noindex/swift-argument-parser.build/Debug-watchos/ArgumentParser-t.build/Objects-normal/arm64_32/ArgumentParser-Swift.h -working-directory /Users/admin/builder/spi-builder-workspace/.swiftpm/xcode -experimental-emit-module-separately -disable-cmo
SwiftExplicitDependencyGeneratePcm arm64 /Users/admin/builder/spi-builder-workspace/.derivedData/SDKExplicitPrecompiledModules/MachO-2U90NNSAQILBNBPS1SA4F8TYP.pcm
Copy /Users/admin/builder/spi-builder-workspace/.derivedData/Build/Products/Debug-watchos/ArgumentParser.swiftmodule/arm64_32-apple-watchos.swiftmodule /Users/admin/builder/spi-builder-workspace/.derivedData/Build/Intermediates.noindex/swift-argument-parser.build/Debug-watchos/ArgumentParser-t.build/Objects-normal/arm64_32/ArgumentParser.swiftmodule (in target 'ArgumentParser' from project 'swift-argument-parser')
    cd /Users/admin/builder/spi-builder-workspace/.dependencies/checkouts/swift-argument-parser
    builtin-copy -exclude .DS_Store -exclude CVS -exclude .svn -exclude .git -exclude .hg -resolve-src-symlinks -rename /Users/admin/builder/spi-builder-workspace/.derivedData/Build/Intermediates.noindex/swift-argument-parser.build/Debug-watchos/ArgumentParser-t.build/Objects-normal/arm64_32/ArgumentParser.swiftmodule /Users/admin/builder/spi-builder-workspace/.derivedData/Build/Products/Debug-watchos/ArgumentParser.swiftmodule/arm64_32-apple-watchos.swiftmodule
Copy /Users/admin/builder/spi-builder-workspace/.derivedData/Build/Products/Debug-watchos/ArgumentParser.swiftmodule/arm64_32-apple-watchos.swiftdoc /Users/admin/builder/spi-builder-workspace/.derivedData/Build/Intermediates.noindex/swift-argument-parser.build/Debug-watchos/ArgumentParser-t.build/Objects-normal/arm64_32/ArgumentParser.swiftdoc (in target 'ArgumentParser' from project 'swift-argument-parser')
    cd /Users/admin/builder/spi-builder-workspace/.dependencies/checkouts/swift-argument-parser
    builtin-copy -exclude .DS_Store -exclude CVS -exclude .svn -exclude .git -exclude .hg -resolve-src-symlinks -rename /Users/admin/builder/spi-builder-workspace/.derivedData/Build/Intermediates.noindex/swift-argument-parser.build/Debug-watchos/ArgumentParser-t.build/Objects-normal/arm64_32/ArgumentParser.swiftdoc /Users/admin/builder/spi-builder-workspace/.derivedData/Build/Products/Debug-watchos/ArgumentParser.swiftmodule/arm64_32-apple-watchos.swiftdoc
Copy /Users/admin/builder/spi-builder-workspace/.derivedData/Build/Products/Debug-watchos/ArgumentParser.swiftmodule/arm64_32-apple-watchos.abi.json /Users/admin/builder/spi-builder-workspace/.derivedData/Build/Intermediates.noindex/swift-argument-parser.build/Debug-watchos/ArgumentParser-t.build/Objects-normal/arm64_32/ArgumentParser.abi.json (in target 'ArgumentParser' from project 'swift-argument-parser')
    cd /Users/admin/builder/spi-builder-workspace/.dependencies/checkouts/swift-argument-parser
    builtin-copy -exclude .DS_Store -exclude CVS -exclude .svn -exclude .git -exclude .hg -resolve-src-symlinks -rename /Users/admin/builder/spi-builder-workspace/.derivedData/Build/Intermediates.noindex/swift-argument-parser.build/Debug-watchos/ArgumentParser-t.build/Objects-normal/arm64_32/ArgumentParser.abi.json /Users/admin/builder/spi-builder-workspace/.derivedData/Build/Products/Debug-watchos/ArgumentParser.swiftmodule/arm64_32-apple-watchos.abi.json
Copy /Users/admin/builder/spi-builder-workspace/.derivedData/Build/Products/Debug-watchos/ArgumentParser.swiftmodule/Project/arm64_32-apple-watchos.swiftsourceinfo /Users/admin/builder/spi-builder-workspace/.derivedData/Build/Intermediates.noindex/swift-argument-parser.build/Debug-watchos/ArgumentParser-t.build/Objects-normal/arm64_32/ArgumentParser.swiftsourceinfo (in target 'ArgumentParser' from project 'swift-argument-parser')
    cd /Users/admin/builder/spi-builder-workspace/.dependencies/checkouts/swift-argument-parser
    builtin-copy -exclude .DS_Store -exclude CVS -exclude .svn -exclude .git -exclude .hg -resolve-src-symlinks -rename /Users/admin/builder/spi-builder-workspace/.derivedData/Build/Intermediates.noindex/swift-argument-parser.build/Debug-watchos/ArgumentParser-t.build/Objects-normal/arm64_32/ArgumentParser.swiftsourceinfo /Users/admin/builder/spi-builder-workspace/.derivedData/Build/Products/Debug-watchos/ArgumentParser.swiftmodule/Project/arm64_32-apple-watchos.swiftsourceinfo
SwiftExplicitDependencyGeneratePcm arm64 /Users/admin/builder/spi-builder-workspace/.derivedData/SDKExplicitPrecompiledModules/simd-EH08NODU6574T74ZKU61VP9BW.pcm
SwiftCompile normal arm64 Compiling\ XCScheme+TestParallelization.swift,\ XCScheme+TestPlanReference.swift,\ XCScheme+TestableReference.swift,\ XCScheme.swift,\ XCSchemeManagement.swift,\ BuildSettingsProvider.swift,\ CommentedString.swift,\ Decoders.swift,\ JSONDecoding.swift,\ PBXBatchUpdater.swift /Users/admin/builder/spi-builder-workspace/.dependencies/checkouts/XcodeProj/Sources/XcodeProj/Scheme/XCScheme+TestParallelization.swift /Users/admin/builder/spi-builder-workspace/.dependencies/checkouts/XcodeProj/Sources/XcodeProj/Scheme/XCScheme+TestPlanReference.swift /Users/admin/builder/spi-builder-workspace/.dependencies/checkouts/XcodeProj/Sources/XcodeProj/Scheme/XCScheme+TestableReference.swift /Users/admin/builder/spi-builder-workspace/.dependencies/checkouts/XcodeProj/Sources/XcodeProj/Scheme/XCScheme.swift /Users/admin/builder/spi-builder-workspace/.dependencies/checkouts/XcodeProj/Sources/XcodeProj/Scheme/XCSchemeManagement.swift /Users/admin/builder/spi-builder-workspace/.dependencies/checkouts/XcodeProj/Sources/XcodeProj/Utils/BuildSettingsProvider.swift /Users/admin/builder/spi-builder-workspace/.dependencies/checkouts/XcodeProj/Sources/XcodeProj/Utils/CommentedString.swift /Users/admin/builder/spi-builder-workspace/.dependencies/checkouts/XcodeProj/Sources/XcodeProj/Utils/Decoders.swift /Users/admin/builder/spi-builder-workspace/.dependencies/checkouts/XcodeProj/Sources/XcodeProj/Utils/JSONDecoding.swift /Users/admin/builder/spi-builder-workspace/.dependencies/checkouts/XcodeProj/Sources/XcodeProj/Utils/PBXBatchUpdater.swift (in target 'XcodeProj' from project 'XcodeProj')
SwiftCompile normal arm64 /Users/admin/builder/spi-builder-workspace/.dependencies/checkouts/XcodeProj/Sources/XcodeProj/Scheme/XCScheme+TestParallelization.swift (in target 'XcodeProj' from project 'XcodeProj')
    cd /Users/admin/builder/spi-builder-workspace/.swiftpm/xcode
    builtin-SwiftPerFileCompile XCScheme+TestParallelization.swift
SwiftCompile normal arm64 /Users/admin/builder/spi-builder-workspace/.dependencies/checkouts/XcodeProj/Sources/XcodeProj/Scheme/XCScheme+TestPlanReference.swift (in target 'XcodeProj' from project 'XcodeProj')
    cd /Users/admin/builder/spi-builder-workspace/.swiftpm/xcode
    builtin-SwiftPerFileCompile XCScheme+TestPlanReference.swift
SwiftCompile normal arm64 /Users/admin/builder/spi-builder-workspace/.dependencies/checkouts/XcodeProj/Sources/XcodeProj/Scheme/XCScheme+TestableReference.swift (in target 'XcodeProj' from project 'XcodeProj')
    cd /Users/admin/builder/spi-builder-workspace/.swiftpm/xcode
    builtin-SwiftPerFileCompile XCScheme+TestableReference.swift
SwiftCompile normal arm64 /Users/admin/builder/spi-builder-workspace/.dependencies/checkouts/XcodeProj/Sources/XcodeProj/Scheme/XCScheme.swift (in target 'XcodeProj' from project 'XcodeProj')
    cd /Users/admin/builder/spi-builder-workspace/.swiftpm/xcode
    builtin-SwiftPerFileCompile XCScheme.swift
SwiftCompile normal arm64 /Users/admin/builder/spi-builder-workspace/.dependencies/checkouts/XcodeProj/Sources/XcodeProj/Scheme/XCSchemeManagement.swift (in target 'XcodeProj' from project 'XcodeProj')
    cd /Users/admin/builder/spi-builder-workspace/.swiftpm/xcode
    builtin-SwiftPerFileCompile XCSchemeManagement.swift
SwiftCompile normal arm64 /Users/admin/builder/spi-builder-workspace/.dependencies/checkouts/XcodeProj/Sources/XcodeProj/Utils/BuildSettingsProvider.swift (in target 'XcodeProj' from project 'XcodeProj')
    cd /Users/admin/builder/spi-builder-workspace/.swiftpm/xcode
    builtin-SwiftPerFileCompile BuildSettingsProvider.swift
SwiftCompile normal arm64 /Users/admin/builder/spi-builder-workspace/.dependencies/checkouts/XcodeProj/Sources/XcodeProj/Utils/CommentedString.swift (in target 'XcodeProj' from project 'XcodeProj')
    cd /Users/admin/builder/spi-builder-workspace/.swiftpm/xcode
    builtin-SwiftPerFileCompile CommentedString.swift
SwiftCompile normal arm64 /Users/admin/builder/spi-builder-workspace/.dependencies/checkouts/XcodeProj/Sources/XcodeProj/Utils/Decoders.swift (in target 'XcodeProj' from project 'XcodeProj')
    cd /Users/admin/builder/spi-builder-workspace/.swiftpm/xcode
    builtin-SwiftPerFileCompile Decoders.swift
SwiftCompile normal arm64 /Users/admin/builder/spi-builder-workspace/.dependencies/checkouts/XcodeProj/Sources/XcodeProj/Utils/JSONDecoding.swift (in target 'XcodeProj' from project 'XcodeProj')
    cd /Users/admin/builder/spi-builder-workspace/.swiftpm/xcode
    builtin-SwiftPerFileCompile JSONDecoding.swift
SwiftCompile normal arm64 /Users/admin/builder/spi-builder-workspace/.dependencies/checkouts/XcodeProj/Sources/XcodeProj/Utils/PBXBatchUpdater.swift (in target 'XcodeProj' from project 'XcodeProj')
    cd /Users/admin/builder/spi-builder-workspace/.swiftpm/xcode
    builtin-SwiftPerFileCompile PBXBatchUpdater.swift
SwiftDriverJobDiscovery normal arm64 Emitting module for ArgumentParser (in target 'ArgumentParser' from project 'swift-argument-parser')
SwiftCompile normal arm64 Compiling\ PlistDecoding.swift,\ PlistValue.swift,\ ReferenceGenerator.swift,\ XCConfig.swift,\ XCWorkspace.swift,\ XCWorkspaceData.swift,\ XCWorkspaceDataElement.swift,\ XCWorkspaceDataElementLocationType.swift,\ XCWorkspaceDataFileRef.swift,\ XCWorkspaceDataGroup.swift /Users/admin/builder/spi-builder-workspace/.dependencies/checkouts/XcodeProj/Sources/XcodeProj/Utils/PlistDecoding.swift /Users/admin/builder/spi-builder-workspace/.dependencies/checkouts/XcodeProj/Sources/XcodeProj/Utils/PlistValue.swift /Users/admin/builder/spi-builder-workspace/.dependencies/checkouts/XcodeProj/Sources/XcodeProj/Utils/ReferenceGenerator.swift /Users/admin/builder/spi-builder-workspace/.dependencies/checkouts/XcodeProj/Sources/XcodeProj/Utils/XCConfig.swift /Users/admin/builder/spi-builder-workspace/.dependencies/checkouts/XcodeProj/Sources/XcodeProj/Workspace/XCWorkspace.swift /Users/admin/builder/spi-builder-workspace/.dependencies/checkouts/XcodeProj/Sources/XcodeProj/Workspace/XCWorkspaceData.swift /Users/admin/builder/spi-builder-workspace/.dependencies/checkouts/XcodeProj/Sources/XcodeProj/Workspace/XCWorkspaceDataElement.swift /Users/admin/builder/spi-builder-workspace/.dependencies/checkouts/XcodeProj/Sources/XcodeProj/Workspace/XCWorkspaceDataElementLocationType.swift /Users/admin/builder/spi-builder-workspace/.dependencies/checkouts/XcodeProj/Sources/XcodeProj/Workspace/XCWorkspaceDataFileRef.swift /Users/admin/builder/spi-builder-workspace/.dependencies/checkouts/XcodeProj/Sources/XcodeProj/Workspace/XCWorkspaceDataGroup.swift (in target 'XcodeProj' from project 'XcodeProj')
SwiftCompile normal arm64 /Users/admin/builder/spi-builder-workspace/.dependencies/checkouts/XcodeProj/Sources/XcodeProj/Utils/PlistDecoding.swift (in target 'XcodeProj' from project 'XcodeProj')
    cd /Users/admin/builder/spi-builder-workspace/.swiftpm/xcode
    builtin-SwiftPerFileCompile PlistDecoding.swift
SwiftCompile normal arm64 /Users/admin/builder/spi-builder-workspace/.dependencies/checkouts/XcodeProj/Sources/XcodeProj/Utils/PlistValue.swift (in target 'XcodeProj' from project 'XcodeProj')
    cd /Users/admin/builder/spi-builder-workspace/.swiftpm/xcode
    builtin-SwiftPerFileCompile PlistValue.swift
SwiftCompile normal arm64 /Users/admin/builder/spi-builder-workspace/.dependencies/checkouts/XcodeProj/Sources/XcodeProj/Utils/ReferenceGenerator.swift (in target 'XcodeProj' from project 'XcodeProj')
    cd /Users/admin/builder/spi-builder-workspace/.swiftpm/xcode
    builtin-SwiftPerFileCompile ReferenceGenerator.swift
SwiftCompile normal arm64 /Users/admin/builder/spi-builder-workspace/.dependencies/checkouts/XcodeProj/Sources/XcodeProj/Utils/XCConfig.swift (in target 'XcodeProj' from project 'XcodeProj')
    cd /Users/admin/builder/spi-builder-workspace/.swiftpm/xcode
    builtin-SwiftPerFileCompile XCConfig.swift
SwiftCompile normal arm64 /Users/admin/builder/spi-builder-workspace/.dependencies/checkouts/XcodeProj/Sources/XcodeProj/Workspace/XCWorkspace.swift (in target 'XcodeProj' from project 'XcodeProj')
    cd /Users/admin/builder/spi-builder-workspace/.swiftpm/xcode
    builtin-SwiftPerFileCompile XCWorkspace.swift
SwiftCompile normal arm64 /Users/admin/builder/spi-builder-workspace/.dependencies/checkouts/XcodeProj/Sources/XcodeProj/Workspace/XCWorkspaceData.swift (in target 'XcodeProj' from project 'XcodeProj')
    cd /Users/admin/builder/spi-builder-workspace/.swiftpm/xcode
    builtin-SwiftPerFileCompile XCWorkspaceData.swift
SwiftCompile normal arm64 /Users/admin/builder/spi-builder-workspace/.dependencies/checkouts/XcodeProj/Sources/XcodeProj/Workspace/XCWorkspaceDataElement.swift (in target 'XcodeProj' from project 'XcodeProj')
    cd /Users/admin/builder/spi-builder-workspace/.swiftpm/xcode
    builtin-SwiftPerFileCompile XCWorkspaceDataElement.swift
SwiftCompile normal arm64 /Users/admin/builder/spi-builder-workspace/.dependencies/checkouts/XcodeProj/Sources/XcodeProj/Workspace/XCWorkspaceDataElementLocationType.swift (in target 'XcodeProj' from project 'XcodeProj')
    cd /Users/admin/builder/spi-builder-workspace/.swiftpm/xcode
    builtin-SwiftPerFileCompile XCWorkspaceDataElementLocationType.swift
SwiftCompile normal arm64 /Users/admin/builder/spi-builder-workspace/.dependencies/checkouts/XcodeProj/Sources/XcodeProj/Workspace/XCWorkspaceDataFileRef.swift (in target 'XcodeProj' from project 'XcodeProj')
    cd /Users/admin/builder/spi-builder-workspace/.swiftpm/xcode
    builtin-SwiftPerFileCompile XCWorkspaceDataFileRef.swift
SwiftCompile normal arm64 /Users/admin/builder/spi-builder-workspace/.dependencies/checkouts/XcodeProj/Sources/XcodeProj/Workspace/XCWorkspaceDataGroup.swift (in target 'XcodeProj' from project 'XcodeProj')
    cd /Users/admin/builder/spi-builder-workspace/.swiftpm/xcode
    builtin-SwiftPerFileCompile XCWorkspaceDataGroup.swift
SwiftDriver\ Compilation\ Requirements ArgumentParser normal arm64 com.apple.xcode.tools.swift.compiler (in target 'ArgumentParser' from project 'swift-argument-parser')
    cd /Users/admin/builder/spi-builder-workspace/.swiftpm/xcode
    builtin-Swift-Compilation-Requirements -- /Applications/Xcode-27.0.0-Release.Candidate.app/Contents/Developer/Toolchains/XcodeDefault.xctoolchain/usr/bin/swiftc -parse-as-library -module-name ArgumentParser -Onone @/Users/admin/builder/spi-builder-workspace/.derivedData/Build/Intermediates.noindex/swift-argument-parser.build/Debug-watchos/ArgumentParser-t.build/Objects-normal/arm64/ArgumentParser.SwiftFileList -DSWIFT_PACKAGE -DDEBUG -DSWIFT_MODULE_RESOURCE_BUNDLE_UNAVAILABLE -DXcode -plugin-path /Applications/Xcode-27.0.0-Release.Candidate.app/Contents/Developer/Toolchains/XcodeDefault.xctoolchain/usr/lib/swift/host/plugins/testing -enable-experimental-feature DebugDescriptionMacro -sdk /Applications/Xcode-27.0.0-Release.Candidate.app/Contents/Developer/Platforms/WatchOS.platform/Developer/SDKs/WatchOS27.0.sdk -target arm64-apple-watchos9.0 -g -module-cache-path /Users/admin/builder/spi-builder-workspace/.derivedData/ModuleCache.noindex -Xfrontend -serialize-debugging-options -enable-testing -suppress-warnings -index-store-path /Users/admin/builder/spi-builder-workspace/.derivedData/Index.noindex/DataStore -Xcc -D_LIBCPP_HARDENING_MODE\=_LIBCPP_HARDENING_MODE_DEBUG -swift-version 6 -I /Users/admin/builder/spi-builder-workspace/.derivedData/Build/Products/Debug-watchos -Isystem /Applications/Xcode-27.0.0-Release.Candidate.app/Contents/Developer/Platforms/WatchOS.platform/Developer/usr/lib -F /Users/admin/builder/spi-builder-workspace/.derivedData/Build/Products/Debug-watchos/PackageFrameworks -F /Users/admin/builder/spi-builder-workspace/.derivedData/Build/Products/Debug-watchos -F /Applications/Xcode-27.0.0-Release.Candidate.app/Contents/Developer/Platforms/WatchOS.platform/Developer/Library/Frameworks -F /Applications/Xcode-27.0.0-Release.Candidate.app/Contents/Developer/Platforms/WatchOS.platform/Developer/SDKs/WatchOS27.0.sdk/Developer/Library/Frameworks -c -j10 -enable-batch-mode -incremental -Xcc -ivfsstatcache -Xcc /Users/admin/builder/spi-builder-workspace/.derivedData/SDKStatCaches.noindex/watchos27.0-24R360-e829b21a6f8c9b70876ba0858053c04477534ef55a1706bf4c1112bbb242f0a2.sdkstatcache -output-file-map /Users/admin/builder/spi-builder-workspace/.derivedData/Build/Intermediates.noindex/swift-argument-parser.build/Debug-watchos/ArgumentParser-t.build/Objects-normal/arm64/ArgumentParser-OutputFileMap.json -save-temps -no-color-diagnostics -explicit-module-build -module-cache-path /Users/admin/builder/spi-builder-workspace/.derivedData/Build/Intermediates.noindex/SwiftExplicitPrecompiledModules -clang-scanner-module-cache-path /Users/admin/builder/spi-builder-workspace/.derivedData/ModuleCache.noindex -sdk-module-cache-path /Users/admin/builder/spi-builder-workspace/.derivedData/SDKExplicitPrecompiledModules -emit-dependencies -emit-module -emit-module-path /Users/admin/builder/spi-builder-workspace/.derivedData/Build/Intermediates.noindex/swift-argument-parser.build/Debug-watchos/ArgumentParser-t.build/Objects-normal/arm64/ArgumentParser.swiftmodule -serialize-diagnostics -dependency-scan-serialize-diagnostics-path /Users/admin/builder/spi-builder-workspace/.derivedData/Build/Intermediates.noindex/swift-argument-parser.build/Debug-watchos/ArgumentParser-t.build/Objects-normal/arm64/ArgumentParser-dependency-scan.dia -user-module-version 1.8.2 -validate-clang-modules-once -clang-build-session-file /Users/admin/builder/spi-builder-workspace/.derivedData/ModuleCache.noindex/Session.modulevalidation -Xcc -fmodules-prune-interval\=86400 -Xcc -fmodules-prune-after\=345600 -package-name swift_argument_parser -emit-const-values -const-gather-protocols-list /Users/admin/builder/spi-builder-workspace/.derivedData/Build/Intermediates.noindex/swift-argument-parser.build/Debug-watchos/ArgumentParser-t.build/Objects-normal/arm64/ArgumentParser_const_extract_protocols.json -Xcc -I/Users/admin/builder/spi-builder-workspace/.derivedData/Build/Products/Debug-watchos/include -Xcc -I/Users/admin/builder/spi-builder-workspace/.derivedData/Build/Intermediates.noindex/swift-argument-parser.build/Debug-watchos/ArgumentParser-t.build/DerivedSources-normal/arm64 -Xcc -I/Users/admin/builder/spi-builder-workspace/.derivedData/Build/Intermediates.noindex/swift-argument-parser.build/Debug-watchos/ArgumentParser-t.build/DerivedSources/arm64 -Xcc -I/Users/admin/builder/spi-builder-workspace/.derivedData/Build/Intermediates.noindex/swift-argument-parser.build/Debug-watchos/ArgumentParser-t.build/DerivedSources -Xcc -DSWIFT_PACKAGE -Xcc -DDEBUG\=1 -emit-objc-header -emit-objc-header-path /Users/admin/builder/spi-builder-workspace/.derivedData/Build/Intermediates.noindex/swift-argument-parser.build/Debug-watchos/ArgumentParser-t.build/Objects-normal/arm64/ArgumentParser-Swift.h -working-directory /Users/admin/builder/spi-builder-workspace/.swiftpm/xcode -experimental-emit-module-separately -disable-cmo
SwiftExplicitDependencyGeneratePcm arm64_32 /Users/admin/builder/spi-builder-workspace/.derivedData/SDKExplicitPrecompiledModules/SwiftUICore-3Q7WLRD8MR9R3NGIPUBQCP6F6.pcm
SwiftMergeGeneratedHeaders /Users/admin/builder/spi-builder-workspace/.derivedData/Build/Intermediates.noindex/GeneratedModuleMaps-watchos/ArgumentParser-Swift.h /Users/admin/builder/spi-builder-workspace/.derivedData/Build/Intermediates.noindex/swift-argument-parser.build/Debug-watchos/ArgumentParser-t.build/Objects-normal/arm64/ArgumentParser-Swift.h /Users/admin/builder/spi-builder-workspace/.derivedData/Build/Intermediates.noindex/swift-argument-parser.build/Debug-watchos/ArgumentParser-t.build/Objects-normal/arm64_32/ArgumentParser-Swift.h (in target 'ArgumentParser' from project 'swift-argument-parser')
    cd /Users/admin/builder/spi-builder-workspace/.dependencies/checkouts/swift-argument-parser
    builtin-swiftHeaderTool -arch arm64 /Users/admin/builder/spi-builder-workspace/.derivedData/Build/Intermediates.noindex/swift-argument-parser.build/Debug-watchos/ArgumentParser-t.build/Objects-normal/arm64/ArgumentParser-Swift.h -arch arm64_32 /Users/admin/builder/spi-builder-workspace/.derivedData/Build/Intermediates.noindex/swift-argument-parser.build/Debug-watchos/ArgumentParser-t.build/Objects-normal/arm64_32/ArgumentParser-Swift.h -o /Users/admin/builder/spi-builder-workspace/.derivedData/Build/Intermediates.noindex/GeneratedModuleMaps-watchos/ArgumentParser-Swift.h
Copy /Users/admin/builder/spi-builder-workspace/.derivedData/Build/Products/Debug-watchos/ArgumentParser.swiftmodule/arm64-apple-watchos.swiftmodule /Users/admin/builder/spi-builder-workspace/.derivedData/Build/Intermediates.noindex/swift-argument-parser.build/Debug-watchos/ArgumentParser-t.build/Objects-normal/arm64/ArgumentParser.swiftmodule (in target 'ArgumentParser' from project 'swift-argument-parser')
    cd /Users/admin/builder/spi-builder-workspace/.dependencies/checkouts/swift-argument-parser
    builtin-copy -exclude .DS_Store -exclude CVS -exclude .svn -exclude .git -exclude .hg -resolve-src-symlinks -rename /Users/admin/builder/spi-builder-workspace/.derivedData/Build/Intermediates.noindex/swift-argument-parser.build/Debug-watchos/ArgumentParser-t.build/Objects-normal/arm64/ArgumentParser.swiftmodule /Users/admin/builder/spi-builder-workspace/.derivedData/Build/Products/Debug-watchos/ArgumentParser.swiftmodule/arm64-apple-watchos.swiftmodule
Copy /Users/admin/builder/spi-builder-workspace/.derivedData/Build/Products/Debug-watchos/ArgumentParser.swiftmodule/arm64-apple-watchos.swiftdoc /Users/admin/builder/spi-builder-workspace/.derivedData/Build/Intermediates.noindex/swift-argument-parser.build/Debug-watchos/ArgumentParser-t.build/Objects-normal/arm64/ArgumentParser.swiftdoc (in target 'ArgumentParser' from project 'swift-argument-parser')
    cd /Users/admin/builder/spi-builder-workspace/.dependencies/checkouts/swift-argument-parser
    builtin-copy -exclude .DS_Store -exclude CVS -exclude .svn -exclude .git -exclude .hg -resolve-src-symlinks -rename /Users/admin/builder/spi-builder-workspace/.derivedData/Build/Intermediates.noindex/swift-argument-parser.build/Debug-watchos/ArgumentParser-t.build/Objects-normal/arm64/ArgumentParser.swiftdoc /Users/admin/builder/spi-builder-workspace/.derivedData/Build/Products/Debug-watchos/ArgumentParser.swiftmodule/arm64-apple-watchos.swiftdoc
Copy /Users/admin/builder/spi-builder-workspace/.derivedData/Build/Products/Debug-watchos/ArgumentParser.swiftmodule/arm64-apple-watchos.abi.json /Users/admin/builder/spi-builder-workspace/.derivedData/Build/Intermediates.noindex/swift-argument-parser.build/Debug-watchos/ArgumentParser-t.build/Objects-normal/arm64/ArgumentParser.abi.json (in target 'ArgumentParser' from project 'swift-argument-parser')
    cd /Users/admin/builder/spi-builder-workspace/.dependencies/checkouts/swift-argument-parser
    builtin-copy -exclude .DS_Store -exclude CVS -exclude .svn -exclude .git -exclude .hg -resolve-src-symlinks -rename /Users/admin/builder/spi-builder-workspace/.derivedData/Build/Intermediates.noindex/swift-argument-parser.build/Debug-watchos/ArgumentParser-t.build/Objects-normal/arm64/ArgumentParser.abi.json /Users/admin/builder/spi-builder-workspace/.derivedData/Build/Products/Debug-watchos/ArgumentParser.swiftmodule/arm64-apple-watchos.abi.json
Copy /Users/admin/builder/spi-builder-workspace/.derivedData/Build/Products/Debug-watchos/ArgumentParser.swiftmodule/Project/arm64-apple-watchos.swiftsourceinfo /Users/admin/builder/spi-builder-workspace/.derivedData/Build/Intermediates.noindex/swift-argument-parser.build/Debug-watchos/ArgumentParser-t.build/Objects-normal/arm64/ArgumentParser.swiftsourceinfo (in target 'ArgumentParser' from project 'swift-argument-parser')
    cd /Users/admin/builder/spi-builder-workspace/.dependencies/checkouts/swift-argument-parser
    builtin-copy -exclude .DS_Store -exclude CVS -exclude .svn -exclude .git -exclude .hg -resolve-src-symlinks -rename /Users/admin/builder/spi-builder-workspace/.derivedData/Build/Intermediates.noindex/swift-argument-parser.build/Debug-watchos/ArgumentParser-t.build/Objects-normal/arm64/ArgumentParser.swiftsourceinfo /Users/admin/builder/spi-builder-workspace/.derivedData/Build/Products/Debug-watchos/ArgumentParser.swiftmodule/Project/arm64-apple-watchos.swiftsourceinfo
SwiftExplicitDependencyGeneratePcm arm64 /Users/admin/builder/spi-builder-workspace/.derivedData/SDKExplicitPrecompiledModules/UIKit-27R3P1YMV4C6JLDT661G3MRIA.pcm
SwiftExplicitDependencyGeneratePcm arm64_32 /Users/admin/builder/spi-builder-workspace/.derivedData/SDKExplicitPrecompiledModules/CoreLocation-8XU5YMYM4P11RQMYCQAG65ITK.pcm
SwiftCompile normal arm64_32 Compiling\ XCConfigurationList.swift,\ PBXContainerItem.swift,\ PBXContainerItemProxy.swift,\ PBXFileElement.swift,\ PBXFileReference.swift,\ PBXFileSystemSynchronizedBuildFileExceptionSet.swift,\ PBXFileSystemSynchronizedExceptionSet.swift,\ PBXFileSystemSynchronizedGroupBuildPhaseMembershipExceptionSet.swift,\ PBXFileSystemSynchronizedRootGroup.swift,\ PBXGroup.swift /Users/admin/builder/spi-builder-workspace/.dependencies/checkouts/XcodeProj/Sources/XcodeProj/Objects/Configuration/XCConfigurationList.swift /Users/admin/builder/spi-builder-workspace/.dependencies/checkouts/XcodeProj/Sources/XcodeProj/Objects/Files/PBXContainerItem.swift /Users/admin/builder/spi-builder-workspace/.dependencies/checkouts/XcodeProj/Sources/XcodeProj/Objects/Files/PBXContainerItemProxy.swift /Users/admin/builder/spi-builder-workspace/.dependencies/checkouts/XcodeProj/Sources/XcodeProj/Objects/Files/PBXFileElement.swift /Users/admin/builder/spi-builder-workspace/.dependencies/checkouts/XcodeProj/Sources/XcodeProj/Objects/Files/PBXFileReference.swift /Users/admin/builder/spi-builder-workspace/.dependencies/checkouts/XcodeProj/Sources/XcodeProj/Objects/Files/PBXFileSystemSynchronizedBuildFileExceptionSet.swift /Users/admin/builder/spi-builder-workspace/.dependencies/checkouts/XcodeProj/Sources/XcodeProj/Objects/Files/PBXFileSystemSynchronizedExceptionSet.swift /Users/admin/builder/spi-builder-workspace/.dependencies/checkouts/XcodeProj/Sources/XcodeProj/Objects/Files/PBXFileSystemSynchronizedGroupBuildPhaseMembershipExceptionSet.swift /Users/admin/builder/spi-builder-workspace/.dependencies/checkouts/XcodeProj/Sources/XcodeProj/Objects/Files/PBXFileSystemSynchronizedRootGroup.swift /Users/admin/builder/spi-builder-workspace/.dependencies/checkouts/XcodeProj/Sources/XcodeProj/Objects/Files/PBXGroup.swift (in target 'XcodeProj' from project 'XcodeProj')
SwiftCompile normal arm64_32 /Users/admin/builder/spi-builder-workspace/.dependencies/checkouts/XcodeProj/Sources/XcodeProj/Objects/Configuration/XCConfigurationList.swift (in target 'XcodeProj' from project 'XcodeProj')
    cd /Users/admin/builder/spi-builder-workspace/.swiftpm/xcode
    builtin-SwiftPerFileCompile XCConfigurationList.swift
SwiftCompile normal arm64_32 /Users/admin/builder/spi-builder-workspace/.dependencies/checkouts/XcodeProj/Sources/XcodeProj/Objects/Files/PBXContainerItem.swift (in target 'XcodeProj' from project 'XcodeProj')
    cd /Users/admin/builder/spi-builder-workspace/.swiftpm/xcode
    builtin-SwiftPerFileCompile PBXContainerItem.swift
SwiftCompile normal arm64_32 /Users/admin/builder/spi-builder-workspace/.dependencies/checkouts/XcodeProj/Sources/XcodeProj/Objects/Files/PBXContainerItemProxy.swift (in target 'XcodeProj' from project 'XcodeProj')
    cd /Users/admin/builder/spi-builder-workspace/.swiftpm/xcode
    builtin-SwiftPerFileCompile PBXContainerItemProxy.swift
SwiftCompile normal arm64_32 /Users/admin/builder/spi-builder-workspace/.dependencies/checkouts/XcodeProj/Sources/XcodeProj/Objects/Files/PBXFileElement.swift (in target 'XcodeProj' from project 'XcodeProj')
    cd /Users/admin/builder/spi-builder-workspace/.swiftpm/xcode
    builtin-SwiftPerFileCompile PBXFileElement.swift
SwiftCompile normal arm64_32 /Users/admin/builder/spi-builder-workspace/.dependencies/checkouts/XcodeProj/Sources/XcodeProj/Objects/Files/PBXFileReference.swift (in target 'XcodeProj' from project 'XcodeProj')
    cd /Users/admin/builder/spi-builder-workspace/.swiftpm/xcode
    builtin-SwiftPerFileCompile PBXFileReference.swift
SwiftCompile normal arm64_32 /Users/admin/builder/spi-builder-workspace/.dependencies/checkouts/XcodeProj/Sources/XcodeProj/Objects/Files/PBXFileSystemSynchronizedBuildFileExceptionSet.swift (in target 'XcodeProj' from project 'XcodeProj')
    cd /Users/admin/builder/spi-builder-workspace/.swiftpm/xcode
    builtin-SwiftPerFileCompile PBXFileSystemSynchronizedBuildFileExceptionSet.swift
SwiftCompile normal arm64_32 /Users/admin/builder/spi-builder-workspace/.dependencies/checkouts/XcodeProj/Sources/XcodeProj/Objects/Files/PBXFileSystemSynchronizedExceptionSet.swift (in target 'XcodeProj' from project 'XcodeProj')
    cd /Users/admin/builder/spi-builder-workspace/.swiftpm/xcode
    builtin-SwiftPerFileCompile PBXFileSystemSynchronizedExceptionSet.swift
SwiftCompile normal arm64_32 /Users/admin/builder/spi-builder-workspace/.dependencies/checkouts/XcodeProj/Sources/XcodeProj/Objects/Files/PBXFileSystemSynchronizedGroupBuildPhaseMembershipExceptionSet.swift (in target 'XcodeProj' from project 'XcodeProj')
    cd /Users/admin/builder/spi-builder-workspace/.swiftpm/xcode
    builtin-SwiftPerFileCompile PBXFileSystemSynchronizedGroupBuildPhaseMembershipExceptionSet.swift
SwiftCompile normal arm64_32 /Users/admin/builder/spi-builder-workspace/.dependencies/checkouts/XcodeProj/Sources/XcodeProj/Objects/Files/PBXFileSystemSynchronizedRootGroup.swift (in target 'XcodeProj' from project 'XcodeProj')
    cd /Users/admin/builder/spi-builder-workspace/.swiftpm/xcode
    builtin-SwiftPerFileCompile PBXFileSystemSynchronizedRootGroup.swift
SwiftCompile normal arm64_32 /Users/admin/builder/spi-builder-workspace/.dependencies/checkouts/XcodeProj/Sources/XcodeProj/Objects/Files/PBXGroup.swift (in target 'XcodeProj' from project 'XcodeProj')
    cd /Users/admin/builder/spi-builder-workspace/.swiftpm/xcode
    builtin-SwiftPerFileCompile PBXGroup.swift
SwiftExplicitDependencyGeneratePcm arm64 /Users/admin/builder/spi-builder-workspace/.derivedData/SDKExplicitPrecompiledModules/os-5DIL6Z9LFIGLMZAHM7X2T5435.pcm
SwiftCompile normal arm64_32 Compiling\ XCScheme+LaunchAction.swift,\ XCScheme+LocationScenarioReference.swift,\ XCScheme+PathRunnable.swift,\ XCScheme+ProfileAction.swift,\ XCScheme+RemoteRunnable.swift,\ XCScheme+Runnable.swift,\ XCScheme+SerialAction.swift,\ XCScheme+StoreKitConfigurationFileReference.swift,\ XCScheme+TestAction.swift,\ XCScheme+TestItem.swift /Users/admin/builder/spi-builder-workspace/.dependencies/checkouts/XcodeProj/Sources/XcodeProj/Scheme/XCScheme+LaunchAction.swift /Users/admin/builder/spi-builder-workspace/.dependencies/checkouts/XcodeProj/Sources/XcodeProj/Scheme/XCScheme+LocationScenarioReference.swift /Users/admin/builder/spi-builder-workspace/.dependencies/checkouts/XcodeProj/Sources/XcodeProj/Scheme/XCScheme+PathRunnable.swift /Users/admin/builder/spi-builder-workspace/.dependencies/checkouts/XcodeProj/Sources/XcodeProj/Scheme/XCScheme+ProfileAction.swift /Users/admin/builder/spi-builder-workspace/.dependencies/checkouts/XcodeProj/Sources/XcodeProj/Scheme/XCScheme+RemoteRunnable.swift /Users/admin/builder/spi-builder-workspace/.dependencies/checkouts/XcodeProj/Sources/XcodeProj/Scheme/XCScheme+Runnable.swift /Users/admin/builder/spi-builder-workspace/.dependencies/checkouts/XcodeProj/Sources/XcodeProj/Scheme/XCScheme+SerialAction.swift /Users/admin/builder/spi-builder-workspace/.dependencies/checkouts/XcodeProj/Sources/XcodeProj/Scheme/XCScheme+StoreKitConfigurationFileReference.swift /Users/admin/builder/spi-builder-workspace/.dependencies/checkouts/XcodeProj/Sources/XcodeProj/Scheme/XCScheme+TestAction.swift /Users/admin/builder/spi-builder-workspace/.dependencies/checkouts/XcodeProj/Sources/XcodeProj/Scheme/XCScheme+TestItem.swift (in target 'XcodeProj' from project 'XcodeProj')
SwiftCompile normal arm64_32 /Users/admin/builder/spi-builder-workspace/.dependencies/checkouts/XcodeProj/Sources/XcodeProj/Scheme/XCScheme+LaunchAction.swift (in target 'XcodeProj' from project 'XcodeProj')
    cd /Users/admin/builder/spi-builder-workspace/.swiftpm/xcode
    builtin-SwiftPerFileCompile XCScheme+LaunchAction.swift
SwiftCompile normal arm64_32 /Users/admin/builder/spi-builder-workspace/.dependencies/checkouts/XcodeProj/Sources/XcodeProj/Scheme/XCScheme+LocationScenarioReference.swift (in target 'XcodeProj' from project 'XcodeProj')
    cd /Users/admin/builder/spi-builder-workspace/.swiftpm/xcode
    builtin-SwiftPerFileCompile XCScheme+LocationScenarioReference.swift
SwiftCompile normal arm64_32 /Users/admin/builder/spi-builder-workspace/.dependencies/checkouts/XcodeProj/Sources/XcodeProj/Scheme/XCScheme+PathRunnable.swift (in target 'XcodeProj' from project 'XcodeProj')
    cd /Users/admin/builder/spi-builder-workspace/.swiftpm/xcode
    builtin-SwiftPerFileCompile XCScheme+PathRunnable.swift
SwiftCompile normal arm64_32 /Users/admin/builder/spi-builder-workspace/.dependencies/checkouts/XcodeProj/Sources/XcodeProj/Scheme/XCScheme+ProfileAction.swift (in target 'XcodeProj' from project 'XcodeProj')
    cd /Users/admin/builder/spi-builder-workspace/.swiftpm/xcode
    builtin-SwiftPerFileCompile XCScheme+ProfileAction.swift
SwiftCompile normal arm64_32 /Users/admin/builder/spi-builder-workspace/.dependencies/checkouts/XcodeProj/Sources/XcodeProj/Scheme/XCScheme+RemoteRunnable.swift (in target 'XcodeProj' from project 'XcodeProj')
    cd /Users/admin/builder/spi-builder-workspace/.swiftpm/xcode
    builtin-SwiftPerFileCompile XCScheme+RemoteRunnable.swift
SwiftCompile normal arm64_32 /Users/admin/builder/spi-builder-workspace/.dependencies/checkouts/XcodeProj/Sources/XcodeProj/Scheme/XCScheme+Runnable.swift (in target 'XcodeProj' from project 'XcodeProj')
    cd /Users/admin/builder/spi-builder-workspace/.swiftpm/xcode
    builtin-SwiftPerFileCompile XCScheme+Runnable.swift
SwiftCompile normal arm64_32 /Users/admin/builder/spi-builder-workspace/.dependencies/checkouts/XcodeProj/Sources/XcodeProj/Scheme/XCScheme+SerialAction.swift (in target 'XcodeProj' from project 'XcodeProj')
    cd /Users/admin/builder/spi-builder-workspace/.swiftpm/xcode
    builtin-SwiftPerFileCompile XCScheme+SerialAction.swift
SwiftCompile normal arm64_32 /Users/admin/builder/spi-builder-workspace/.dependencies/checkouts/XcodeProj/Sources/XcodeProj/Scheme/XCScheme+StoreKitConfigurationFileReference.swift (in target 'XcodeProj' from project 'XcodeProj')
    cd /Users/admin/builder/spi-builder-workspace/.swiftpm/xcode
    builtin-SwiftPerFileCompile XCScheme+StoreKitConfigurationFileReference.swift
SwiftCompile normal arm64_32 /Users/admin/builder/spi-builder-workspace/.dependencies/checkouts/XcodeProj/Sources/XcodeProj/Scheme/XCScheme+TestAction.swift (in target 'XcodeProj' from project 'XcodeProj')
    cd /Users/admin/builder/spi-builder-workspace/.swiftpm/xcode
    builtin-SwiftPerFileCompile XCScheme+TestAction.swift
SwiftCompile normal arm64_32 /Users/admin/builder/spi-builder-workspace/.dependencies/checkouts/XcodeProj/Sources/XcodeProj/Scheme/XCScheme+TestItem.swift (in target 'XcodeProj' from project 'XcodeProj')
    cd /Users/admin/builder/spi-builder-workspace/.swiftpm/xcode
    builtin-SwiftPerFileCompile XCScheme+TestItem.swift
SwiftExplicitDependencyGeneratePcm arm64_32 /Users/admin/builder/spi-builder-workspace/.derivedData/SDKExplicitPrecompiledModules/CoreMotion-1XGTVTE5PP32UHME8AC63TL6.pcm
SwiftExplicitDependencyGeneratePcm arm64 /Users/admin/builder/spi-builder-workspace/.derivedData/SDKExplicitPrecompiledModules/OSLog-B7VGO357Y3GJG35TST7DKDSI3.pcm
SwiftExplicitDependencyGeneratePcm arm64_32 /Users/admin/builder/spi-builder-workspace/.derivedData/SDKExplicitPrecompiledModules/UIKit-6PPV7YPZ89CZPHYAP072QH8B6.pcm
SwiftCompile normal arm64_32 Compiling\ PBXBuildPhase.swift,\ PBXBuildRule.swift,\ PBXCopyFilesBuildPhase.swift,\ PBXFrameworksBuildPhase.swift,\ PBXHeadersBuildPhase.swift,\ PBXResourcesBuildPhase.swift,\ PBXRezBuildPhase.swift,\ PBXShellScriptBuildPhase.swift,\ PBXSourcesBuildPhase.swift,\ BuildSettings.swift,\ XCBuildConfiguration.swift /Users/admin/builder/spi-builder-workspace/.dependencies/checkouts/XcodeProj/Sources/XcodeProj/Objects/BuildPhase/PBXBuildPhase.swift /Users/admin/builder/spi-builder-workspace/.dependencies/checkouts/XcodeProj/Sources/XcodeProj/Objects/BuildPhase/PBXBuildRule.swift /Users/admin/builder/spi-builder-workspace/.dependencies/checkouts/XcodeProj/Sources/XcodeProj/Objects/BuildPhase/PBXCopyFilesBuildPhase.swift /Users/admin/builder/spi-builder-workspace/.dependencies/checkouts/XcodeProj/Sources/XcodeProj/Objects/BuildPhase/PBXFrameworksBuildPhase.swift /Users/admin/builder/spi-builder-workspace/.dependencies/checkouts/XcodeProj/Sources/XcodeProj/Objects/BuildPhase/PBXHeadersBuildPhase.swift /Users/admin/builder/spi-builder-workspace/.dependencies/checkouts/XcodeProj/Sources/XcodeProj/Objects/BuildPhase/PBXResourcesBuildPhase.swift /Users/admin/builder/spi-builder-workspace/.dependencies/checkouts/XcodeProj/Sources/XcodeProj/Objects/BuildPhase/PBXRezBuildPhase.swift /Users/admin/builder/spi-builder-workspace/.dependencies/checkouts/XcodeProj/Sources/XcodeProj/Objects/BuildPhase/PBXShellScriptBuildPhase.swift /Users/admin/builder/spi-builder-workspace/.dependencies/checkouts/XcodeProj/Sources/XcodeProj/Objects/BuildPhase/PBXSourcesBuildPhase.swift /Users/admin/builder/spi-builder-workspace/.dependencies/checkouts/XcodeProj/Sources/XcodeProj/Objects/Configuration/BuildSettings.swift /Users/admin/builder/spi-builder-workspace/.dependencies/checkouts/XcodeProj/Sources/XcodeProj/Objects/Configuration/XCBuildConfiguration.swift (in target 'XcodeProj' from project 'XcodeProj')
SwiftCompile normal arm64_32 /Users/admin/builder/spi-builder-workspace/.dependencies/checkouts/XcodeProj/Sources/XcodeProj/Objects/BuildPhase/PBXBuildPhase.swift (in target 'XcodeProj' from project 'XcodeProj')
    cd /Users/admin/builder/spi-builder-workspace/.swiftpm/xcode
    builtin-SwiftPerFileCompile PBXBuildPhase.swift
SwiftCompile normal arm64_32 /Users/admin/builder/spi-builder-workspace/.dependencies/checkouts/XcodeProj/Sources/XcodeProj/Objects/BuildPhase/PBXBuildRule.swift (in target 'XcodeProj' from project 'XcodeProj')
    cd /Users/admin/builder/spi-builder-workspace/.swiftpm/xcode
    builtin-SwiftPerFileCompile PBXBuildRule.swift
SwiftCompile normal arm64_32 /Users/admin/builder/spi-builder-workspace/.dependencies/checkouts/XcodeProj/Sources/XcodeProj/Objects/BuildPhase/PBXCopyFilesBuildPhase.swift (in target 'XcodeProj' from project 'XcodeProj')
    cd /Users/admin/builder/spi-builder-workspace/.swiftpm/xcode
    builtin-SwiftPerFileCompile PBXCopyFilesBuildPhase.swift
SwiftCompile normal arm64_32 /Users/admin/builder/spi-builder-workspace/.dependencies/checkouts/XcodeProj/Sources/XcodeProj/Objects/BuildPhase/PBXFrameworksBuildPhase.swift (in target 'XcodeProj' from project 'XcodeProj')
    cd /Users/admin/builder/spi-builder-workspace/.swiftpm/xcode
    builtin-SwiftPerFileCompile PBXFrameworksBuildPhase.swift
SwiftCompile normal arm64_32 /Users/admin/builder/spi-builder-workspace/.dependencies/checkouts/XcodeProj/Sources/XcodeProj/Objects/BuildPhase/PBXHeadersBuildPhase.swift (in target 'XcodeProj' from project 'XcodeProj')
    cd /Users/admin/builder/spi-builder-workspace/.swiftpm/xcode
    builtin-SwiftPerFileCompile PBXHeadersBuildPhase.swift
SwiftCompile normal arm64_32 /Users/admin/builder/spi-builder-workspace/.dependencies/checkouts/XcodeProj/Sources/XcodeProj/Objects/BuildPhase/PBXResourcesBuildPhase.swift (in target 'XcodeProj' from project 'XcodeProj')
    cd /Users/admin/builder/spi-builder-workspace/.swiftpm/xcode
    builtin-SwiftPerFileCompile PBXResourcesBuildPhase.swift
SwiftCompile normal arm64_32 /Users/admin/builder/spi-builder-workspace/.dependencies/checkouts/XcodeProj/Sources/XcodeProj/Objects/BuildPhase/PBXRezBuildPhase.swift (in target 'XcodeProj' from project 'XcodeProj')
    cd /Users/admin/builder/spi-builder-workspace/.swiftpm/xcode
    builtin-SwiftPerFileCompile PBXRezBuildPhase.swift
SwiftCompile normal arm64_32 /Users/admin/builder/spi-builder-workspace/.dependencies/checkouts/XcodeProj/Sources/XcodeProj/Objects/BuildPhase/PBXShellScriptBuildPhase.swift (in target 'XcodeProj' from project 'XcodeProj')
    cd /Users/admin/builder/spi-builder-workspace/.swiftpm/xcode
    builtin-SwiftPerFileCompile PBXShellScriptBuildPhase.swift
SwiftCompile normal arm64_32 /Users/admin/builder/spi-builder-workspace/.dependencies/checkouts/XcodeProj/Sources/XcodeProj/Objects/BuildPhase/PBXSourcesBuildPhase.swift (in target 'XcodeProj' from project 'XcodeProj')
    cd /Users/admin/builder/spi-builder-workspace/.swiftpm/xcode
    builtin-SwiftPerFileCompile PBXSourcesBuildPhase.swift
SwiftCompile normal arm64_32 /Users/admin/builder/spi-builder-workspace/.dependencies/checkouts/XcodeProj/Sources/XcodeProj/Objects/Configuration/BuildSettings.swift (in target 'XcodeProj' from project 'XcodeProj')
    cd /Users/admin/builder/spi-builder-workspace/.swiftpm/xcode
    builtin-SwiftPerFileCompile BuildSettings.swift
SwiftCompile normal arm64_32 /Users/admin/builder/spi-builder-workspace/.dependencies/checkouts/XcodeProj/Sources/XcodeProj/Objects/Configuration/XCBuildConfiguration.swift (in target 'XcodeProj' from project 'XcodeProj')
    cd /Users/admin/builder/spi-builder-workspace/.swiftpm/xcode
    builtin-SwiftPerFileCompile XCBuildConfiguration.swift
SwiftExplicitDependencyGeneratePcm arm64_32 /Users/admin/builder/spi-builder-workspace/.derivedData/SDKExplicitPrecompiledModules/Spatial-CWVWNML3T0NXVHZDKVLD3X1YZ.pcm
SwiftExplicitDependencyGeneratePcm arm64 /Users/admin/builder/spi-builder-workspace/.derivedData/SDKExplicitPrecompiledModules/Spatial-44FJGYXFAT2AQAW9Z6T7YS02U.pcm
SwiftDriverJobDiscovery normal arm64 Emitting module for XcodeProj (in target 'XcodeProj' from project 'XcodeProj')
SwiftDriver\ Compilation\ Requirements XcodeProj normal arm64 com.apple.xcode.tools.swift.compiler (in target 'XcodeProj' from project 'XcodeProj')
    cd /Users/admin/builder/spi-builder-workspace/.swiftpm/xcode
    builtin-Swift-Compilation-Requirements -- /Applications/Xcode-27.0.0-Release.Candidate.app/Contents/Developer/Toolchains/XcodeDefault.xctoolchain/usr/bin/swiftc -parse-as-library -module-name XcodeProj -Onone @/Users/admin/builder/spi-builder-workspace/.derivedData/Build/Intermediates.noindex/XcodeProj.build/Debug-watchos/XcodeProj-t.build/Objects-normal/arm64/XcodeProj.SwiftFileList -DSWIFT_PACKAGE -DDEBUG -DSWIFT_MODULE_RESOURCE_BUNDLE_UNAVAILABLE -DXcode -enable-experimental-feature StrictConcurrency -plugin-path /Applications/Xcode-27.0.0-Release.Candidate.app/Contents/Developer/Toolchains/XcodeDefault.xctoolchain/usr/lib/swift/host/plugins/testing -enable-experimental-feature DebugDescriptionMacro -sdk /Applications/Xcode-27.0.0-Release.Candidate.app/Contents/Developer/Platforms/WatchOS.platform/Developer/SDKs/WatchOS27.0.sdk -target arm64-apple-watchos9.0 -g -module-cache-path /Users/admin/builder/spi-builder-workspace/.derivedData/ModuleCache.noindex -Xfrontend -serialize-debugging-options -enable-testing -suppress-warnings -index-store-path /Users/admin/builder/spi-builder-workspace/.derivedData/Index.noindex/DataStore -Xcc -D_LIBCPP_HARDENING_MODE\=_LIBCPP_HARDENING_MODE_DEBUG -swift-version 5 -I /Users/admin/builder/spi-builder-workspace/.derivedData/Build/Products/Debug-watchos -Isystem /Applications/Xcode-27.0.0-Release.Candidate.app/Contents/Developer/Platforms/WatchOS.platform/Developer/usr/lib -F /Users/admin/builder/spi-builder-workspace/.derivedData/Build/Products/Debug-watchos/PackageFrameworks -F /Users/admin/builder/spi-builder-workspace/.derivedData/Build/Products/Debug-watchos -F /Applications/Xcode-27.0.0-Release.Candidate.app/Contents/Developer/Platforms/WatchOS.platform/Developer/Library/Frameworks -F /Applications/Xcode-27.0.0-Release.Candidate.app/Contents/Developer/Platforms/WatchOS.platform/Developer/SDKs/WatchOS27.0.sdk/Developer/Library/Frameworks -c -j10 -enable-batch-mode -incremental -Xcc -ivfsstatcache -Xcc /Users/admin/builder/spi-builder-workspace/.derivedData/SDKStatCaches.noindex/watchos27.0-24R360-e829b21a6f8c9b70876ba0858053c04477534ef55a1706bf4c1112bbb242f0a2.sdkstatcache -output-file-map /Users/admin/builder/spi-builder-workspace/.derivedData/Build/Intermediates.noindex/XcodeProj.build/Debug-watchos/XcodeProj-t.build/Objects-normal/arm64/XcodeProj-OutputFileMap.json -save-temps -no-color-diagnostics -explicit-module-build -module-cache-path /Users/admin/builder/spi-builder-workspace/.derivedData/Build/Intermediates.noindex/SwiftExplicitPrecompiledModules -clang-scanner-module-cache-path /Users/admin/builder/spi-builder-workspace/.derivedData/ModuleCache.noindex -sdk-module-cache-path /Users/admin/builder/spi-builder-workspace/.derivedData/SDKExplicitPrecompiledModules -emit-dependencies -emit-module -emit-module-path /Users/admin/builder/spi-builder-workspace/.derivedData/Build/Intermediates.noindex/XcodeProj.build/Debug-watchos/XcodeProj-t.build/Objects-normal/arm64/XcodeProj.swiftmodule -serialize-diagnostics -dependency-scan-serialize-diagnostics-path /Users/admin/builder/spi-builder-workspace/.derivedData/Build/Intermediates.noindex/XcodeProj.build/Debug-watchos/XcodeProj-t.build/Objects-normal/arm64/XcodeProj-dependency-scan.dia -validate-clang-modules-once -clang-build-session-file /Users/admin/builder/spi-builder-workspace/.derivedData/ModuleCache.noindex/Session.modulevalidation -Xcc -fmodules-prune-interval\=86400 -Xcc -fmodules-prune-after\=345600 -package-name xcodeproj -emit-const-values -const-gather-protocols-list /Users/admin/builder/spi-builder-workspace/.derivedData/Build/Intermediates.noindex/XcodeProj.build/Debug-watchos/XcodeProj-t.build/Objects-normal/arm64/XcodeProj_const_extract_protocols.json -Xcc -I/Users/admin/builder/spi-builder-workspace/.derivedData/Build/Products/Debug-watchos/include -Xcc -I/Users/admin/builder/spi-builder-workspace/.derivedData/Build/Intermediates.noindex/XcodeProj.build/Debug-watchos/XcodeProj-t.build/DerivedSources-normal/arm64 -Xcc -I/Users/admin/builder/spi-builder-workspace/.derivedData/Build/Intermediates.noindex/XcodeProj.build/Debug-watchos/XcodeProj-t.build/DerivedSources/arm64 -Xcc -I/Users/admin/builder/spi-builder-workspace/.derivedData/Build/Intermediates.noindex/XcodeProj.build/Debug-watchos/XcodeProj-t.build/DerivedSources -Xcc -DSWIFT_PACKAGE -Xcc -DDEBUG\=1 -emit-objc-header -emit-objc-header-path /Users/admin/builder/spi-builder-workspace/.derivedData/Build/Intermediates.noindex/XcodeProj.build/Debug-watchos/XcodeProj-t.build/Objects-normal/arm64/XcodeProj-Swift.h -working-directory /Users/admin/builder/spi-builder-workspace/.swiftpm/xcode -experimental-emit-module-separately -disable-cmo
SwiftDriverJobDiscovery normal arm64_32 Emitting module for XcodeProj (in target 'XcodeProj' from project 'XcodeProj')
SwiftDriver\ Compilation\ Requirements XcodeProj normal arm64_32 com.apple.xcode.tools.swift.compiler (in target 'XcodeProj' from project 'XcodeProj')
    cd /Users/admin/builder/spi-builder-workspace/.swiftpm/xcode
    builtin-Swift-Compilation-Requirements -- /Applications/Xcode-27.0.0-Release.Candidate.app/Contents/Developer/Toolchains/XcodeDefault.xctoolchain/usr/bin/swiftc -parse-as-library -module-name XcodeProj -Onone @/Users/admin/builder/spi-builder-workspace/.derivedData/Build/Intermediates.noindex/XcodeProj.build/Debug-watchos/XcodeProj-t.build/Objects-normal/arm64_32/XcodeProj.SwiftFileList -DSWIFT_PACKAGE -DDEBUG -DSWIFT_MODULE_RESOURCE_BUNDLE_UNAVAILABLE -DXcode -enable-experimental-feature StrictConcurrency -plugin-path /Applications/Xcode-27.0.0-Release.Candidate.app/Contents/Developer/Toolchains/XcodeDefault.xctoolchain/usr/lib/swift/host/plugins/testing -enable-experimental-feature DebugDescriptionMacro -sdk /Applications/Xcode-27.0.0-Release.Candidate.app/Contents/Developer/Platforms/WatchOS.platform/Developer/SDKs/WatchOS27.0.sdk -target arm64_32-apple-watchos9.0 -g -module-cache-path /Users/admin/builder/spi-builder-workspace/.derivedData/ModuleCache.noindex -Xfrontend -serialize-debugging-options -enable-testing -suppress-warnings -index-store-path /Users/admin/builder/spi-builder-workspace/.derivedData/Index.noindex/DataStore -Xcc -D_LIBCPP_HARDENING_MODE\=_LIBCPP_HARDENING_MODE_DEBUG -swift-version 5 -I /Users/admin/builder/spi-builder-workspace/.derivedData/Build/Products/Debug-watchos -Isystem /Applications/Xcode-27.0.0-Release.Candidate.app/Contents/Developer/Platforms/WatchOS.platform/Developer/usr/lib -F /Users/admin/builder/spi-builder-workspace/.derivedData/Build/Products/Debug-watchos/PackageFrameworks -F /Users/admin/builder/spi-builder-workspace/.derivedData/Build/Products/Debug-watchos -F /Applications/Xcode-27.0.0-Release.Candidate.app/Contents/Developer/Platforms/WatchOS.platform/Developer/Library/Frameworks -F /Applications/Xcode-27.0.0-Release.Candidate.app/Contents/Developer/Platforms/WatchOS.platform/Developer/SDKs/WatchOS27.0.sdk/Developer/Library/Frameworks -c -j10 -enable-batch-mode -incremental -Xcc -ivfsstatcache -Xcc /Users/admin/builder/spi-builder-workspace/.derivedData/SDKStatCaches.noindex/watchos27.0-24R360-e829b21a6f8c9b70876ba0858053c04477534ef55a1706bf4c1112bbb242f0a2.sdkstatcache -output-file-map /Users/admin/builder/spi-builder-workspace/.derivedData/Build/Intermediates.noindex/XcodeProj.build/Debug-watchos/XcodeProj-t.build/Objects-normal/arm64_32/XcodeProj-OutputFileMap.json -save-temps -no-color-diagnostics -explicit-module-build -module-cache-path /Users/admin/builder/spi-builder-workspace/.derivedData/Build/Intermediates.noindex/SwiftExplicitPrecompiledModules -clang-scanner-module-cache-path /Users/admin/builder/spi-builder-workspace/.derivedData/ModuleCache.noindex -sdk-module-cache-path /Users/admin/builder/spi-builder-workspace/.derivedData/SDKExplicitPrecompiledModules -emit-dependencies -emit-module -emit-module-path /Users/admin/builder/spi-builder-workspace/.derivedData/Build/Intermediates.noindex/XcodeProj.build/Debug-watchos/XcodeProj-t.build/Objects-normal/arm64_32/XcodeProj.swiftmodule -serialize-diagnostics -dependency-scan-serialize-diagnostics-path /Users/admin/builder/spi-builder-workspace/.derivedData/Build/Intermediates.noindex/XcodeProj.build/Debug-watchos/XcodeProj-t.build/Objects-normal/arm64_32/XcodeProj-dependency-scan.dia -validate-clang-modules-once -clang-build-session-file /Users/admin/builder/spi-builder-workspace/.derivedData/ModuleCache.noindex/Session.modulevalidation -Xcc -fmodules-prune-interval\=86400 -Xcc -fmodules-prune-after\=345600 -package-name xcodeproj -emit-const-values -const-gather-protocols-list /Users/admin/builder/spi-builder-workspace/.derivedData/Build/Intermediates.noindex/XcodeProj.build/Debug-watchos/XcodeProj-t.build/Objects-normal/arm64_32/XcodeProj_const_extract_protocols.json -Xcc -I/Users/admin/builder/spi-builder-workspace/.derivedData/Build/Products/Debug-watchos/include -Xcc -I/Users/admin/builder/spi-builder-workspace/.derivedData/Build/Intermediates.noindex/XcodeProj.build/Debug-watchos/XcodeProj-t.build/DerivedSources-normal/arm64_32 -Xcc -I/Users/admin/builder/spi-builder-workspace/.derivedData/Build/Intermediates.noindex/XcodeProj.build/Debug-watchos/XcodeProj-t.build/DerivedSources/arm64_32 -Xcc -I/Users/admin/builder/spi-builder-workspace/.derivedData/Build/Intermediates.noindex/XcodeProj.build/Debug-watchos/XcodeProj-t.build/DerivedSources -Xcc -DSWIFT_PACKAGE -Xcc -DDEBUG\=1 -emit-objc-header -emit-objc-header-path /Users/admin/builder/spi-builder-workspace/.derivedData/Build/Intermediates.noindex/XcodeProj.build/Debug-watchos/XcodeProj-t.build/Objects-normal/arm64_32/XcodeProj-Swift.h -working-directory /Users/admin/builder/spi-builder-workspace/.swiftpm/xcode -experimental-emit-module-separately -disable-cmo
Copy /Users/admin/builder/spi-builder-workspace/.derivedData/Build/Products/Debug-watchos/XcodeProj.swiftmodule/arm64-apple-watchos.swiftmodule /Users/admin/builder/spi-builder-workspace/.derivedData/Build/Intermediates.noindex/XcodeProj.build/Debug-watchos/XcodeProj-t.build/Objects-normal/arm64/XcodeProj.swiftmodule (in target 'XcodeProj' from project 'XcodeProj')
    cd /Users/admin/builder/spi-builder-workspace/.dependencies/checkouts/XcodeProj
    builtin-copy -exclude .DS_Store -exclude CVS -exclude .svn -exclude .git -exclude .hg -resolve-src-symlinks -rename /Users/admin/builder/spi-builder-workspace/.derivedData/Build/Intermediates.noindex/XcodeProj.build/Debug-watchos/XcodeProj-t.build/Objects-normal/arm64/XcodeProj.swiftmodule /Users/admin/builder/spi-builder-workspace/.derivedData/Build/Products/Debug-watchos/XcodeProj.swiftmodule/arm64-apple-watchos.swiftmodule
SwiftMergeGeneratedHeaders /Users/admin/builder/spi-builder-workspace/.derivedData/Build/Intermediates.noindex/GeneratedModuleMaps-watchos/XcodeProj-Swift.h /Users/admin/builder/spi-builder-workspace/.derivedData/Build/Intermediates.noindex/XcodeProj.build/Debug-watchos/XcodeProj-t.build/Objects-normal/arm64/XcodeProj-Swift.h /Users/admin/builder/spi-builder-workspace/.derivedData/Build/Intermediates.noindex/XcodeProj.build/Debug-watchos/XcodeProj-t.build/Objects-normal/arm64_32/XcodeProj-Swift.h (in target 'XcodeProj' from project 'XcodeProj')
    cd /Users/admin/builder/spi-builder-workspace/.dependencies/checkouts/XcodeProj
    builtin-swiftHeaderTool -arch arm64 /Users/admin/builder/spi-builder-workspace/.derivedData/Build/Intermediates.noindex/XcodeProj.build/Debug-watchos/XcodeProj-t.build/Objects-normal/arm64/XcodeProj-Swift.h -arch arm64_32 /Users/admin/builder/spi-builder-workspace/.derivedData/Build/Intermediates.noindex/XcodeProj.build/Debug-watchos/XcodeProj-t.build/Objects-normal/arm64_32/XcodeProj-Swift.h -o /Users/admin/builder/spi-builder-workspace/.derivedData/Build/Intermediates.noindex/GeneratedModuleMaps-watchos/XcodeProj-Swift.h
Copy /Users/admin/builder/spi-builder-workspace/.derivedData/Build/Products/Debug-watchos/XcodeProj.swiftmodule/arm64_32-apple-watchos.swiftmodule /Users/admin/builder/spi-builder-workspace/.derivedData/Build/Intermediates.noindex/XcodeProj.build/Debug-watchos/XcodeProj-t.build/Objects-normal/arm64_32/XcodeProj.swiftmodule (in target 'XcodeProj' from project 'XcodeProj')
    cd /Users/admin/builder/spi-builder-workspace/.dependencies/checkouts/XcodeProj
    builtin-copy -exclude .DS_Store -exclude CVS -exclude .svn -exclude .git -exclude .hg -resolve-src-symlinks -rename /Users/admin/builder/spi-builder-workspace/.derivedData/Build/Intermediates.noindex/XcodeProj.build/Debug-watchos/XcodeProj-t.build/Objects-normal/arm64_32/XcodeProj.swiftmodule /Users/admin/builder/spi-builder-workspace/.derivedData/Build/Products/Debug-watchos/XcodeProj.swiftmodule/arm64_32-apple-watchos.swiftmodule
Copy /Users/admin/builder/spi-builder-workspace/.derivedData/Build/Products/Debug-watchos/XcodeProj.swiftmodule/arm64_32-apple-watchos.swiftdoc /Users/admin/builder/spi-builder-workspace/.derivedData/Build/Intermediates.noindex/XcodeProj.build/Debug-watchos/XcodeProj-t.build/Objects-normal/arm64_32/XcodeProj.swiftdoc (in target 'XcodeProj' from project 'XcodeProj')
    cd /Users/admin/builder/spi-builder-workspace/.dependencies/checkouts/XcodeProj
    builtin-copy -exclude .DS_Store -exclude CVS -exclude .svn -exclude .git -exclude .hg -resolve-src-symlinks -rename /Users/admin/builder/spi-builder-workspace/.derivedData/Build/Intermediates.noindex/XcodeProj.build/Debug-watchos/XcodeProj-t.build/Objects-normal/arm64_32/XcodeProj.swiftdoc /Users/admin/builder/spi-builder-workspace/.derivedData/Build/Products/Debug-watchos/XcodeProj.swiftmodule/arm64_32-apple-watchos.swiftdoc
Copy /Users/admin/builder/spi-builder-workspace/.derivedData/Build/Products/Debug-watchos/XcodeProj.swiftmodule/arm64_32-apple-watchos.abi.json /Users/admin/builder/spi-builder-workspace/.derivedData/Build/Intermediates.noindex/XcodeProj.build/Debug-watchos/XcodeProj-t.build/Objects-normal/arm64_32/XcodeProj.abi.json (in target 'XcodeProj' from project 'XcodeProj')
    cd /Users/admin/builder/spi-builder-workspace/.dependencies/checkouts/XcodeProj
    builtin-copy -exclude .DS_Store -exclude CVS -exclude .svn -exclude .git -exclude .hg -resolve-src-symlinks -rename /Users/admin/builder/spi-builder-workspace/.derivedData/Build/Intermediates.noindex/XcodeProj.build/Debug-watchos/XcodeProj-t.build/Objects-normal/arm64_32/XcodeProj.abi.json /Users/admin/builder/spi-builder-workspace/.derivedData/Build/Products/Debug-watchos/XcodeProj.swiftmodule/arm64_32-apple-watchos.abi.json
Copy /Users/admin/builder/spi-builder-workspace/.derivedData/Build/Products/Debug-watchos/XcodeProj.swiftmodule/arm64-apple-watchos.swiftdoc /Users/admin/builder/spi-builder-workspace/.derivedData/Build/Intermediates.noindex/XcodeProj.build/Debug-watchos/XcodeProj-t.build/Objects-normal/arm64/XcodeProj.swiftdoc (in target 'XcodeProj' from project 'XcodeProj')
    cd /Users/admin/builder/spi-builder-workspace/.dependencies/checkouts/XcodeProj
    builtin-copy -exclude .DS_Store -exclude CVS -exclude .svn -exclude .git -exclude .hg -resolve-src-symlinks -rename /Users/admin/builder/spi-builder-workspace/.derivedData/Build/Intermediates.noindex/XcodeProj.build/Debug-watchos/XcodeProj-t.build/Objects-normal/arm64/XcodeProj.swiftdoc /Users/admin/builder/spi-builder-workspace/.derivedData/Build/Products/Debug-watchos/XcodeProj.swiftmodule/arm64-apple-watchos.swiftdoc
Copy /Users/admin/builder/spi-builder-workspace/.derivedData/Build/Products/Debug-watchos/XcodeProj.swiftmodule/arm64-apple-watchos.abi.json /Users/admin/builder/spi-builder-workspace/.derivedData/Build/Intermediates.noindex/XcodeProj.build/Debug-watchos/XcodeProj-t.build/Objects-normal/arm64/XcodeProj.abi.json (in target 'XcodeProj' from project 'XcodeProj')
    cd /Users/admin/builder/spi-builder-workspace/.dependencies/checkouts/XcodeProj
    builtin-copy -exclude .DS_Store -exclude CVS -exclude .svn -exclude .git -exclude .hg -resolve-src-symlinks -rename /Users/admin/builder/spi-builder-workspace/.derivedData/Build/Intermediates.noindex/XcodeProj.build/Debug-watchos/XcodeProj-t.build/Objects-normal/arm64/XcodeProj.abi.json /Users/admin/builder/spi-builder-workspace/.derivedData/Build/Products/Debug-watchos/XcodeProj.swiftmodule/arm64-apple-watchos.abi.json
Copy /Users/admin/builder/spi-builder-workspace/.derivedData/Build/Products/Debug-watchos/XcodeProj.swiftmodule/Project/arm64_32-apple-watchos.swiftsourceinfo /Users/admin/builder/spi-builder-workspace/.derivedData/Build/Intermediates.noindex/XcodeProj.build/Debug-watchos/XcodeProj-t.build/Objects-normal/arm64_32/XcodeProj.swiftsourceinfo (in target 'XcodeProj' from project 'XcodeProj')
    cd /Users/admin/builder/spi-builder-workspace/.dependencies/checkouts/XcodeProj
    builtin-copy -exclude .DS_Store -exclude CVS -exclude .svn -exclude .git -exclude .hg -resolve-src-symlinks -rename /Users/admin/builder/spi-builder-workspace/.derivedData/Build/Intermediates.noindex/XcodeProj.build/Debug-watchos/XcodeProj-t.build/Objects-normal/arm64_32/XcodeProj.swiftsourceinfo /Users/admin/builder/spi-builder-workspace/.derivedData/Build/Products/Debug-watchos/XcodeProj.swiftmodule/Project/arm64_32-apple-watchos.swiftsourceinfo
Copy /Users/admin/builder/spi-builder-workspace/.derivedData/Build/Products/Debug-watchos/XcodeProj.swiftmodule/Project/arm64-apple-watchos.swiftsourceinfo /Users/admin/builder/spi-builder-workspace/.derivedData/Build/Intermediates.noindex/XcodeProj.build/Debug-watchos/XcodeProj-t.build/Objects-normal/arm64/XcodeProj.swiftsourceinfo (in target 'XcodeProj' from project 'XcodeProj')
    cd /Users/admin/builder/spi-builder-workspace/.dependencies/checkouts/XcodeProj
    builtin-copy -exclude .DS_Store -exclude CVS -exclude .svn -exclude .git -exclude .hg -resolve-src-symlinks -rename /Users/admin/builder/spi-builder-workspace/.derivedData/Build/Intermediates.noindex/XcodeProj.build/Debug-watchos/XcodeProj-t.build/Objects-normal/arm64/XcodeProj.swiftsourceinfo /Users/admin/builder/spi-builder-workspace/.derivedData/Build/Products/Debug-watchos/XcodeProj.swiftmodule/Project/arm64-apple-watchos.swiftsourceinfo
SwiftCompile normal arm64_32 Compiling\ PlistDecoding.swift,\ PlistValue.swift,\ ReferenceGenerator.swift,\ XCConfig.swift,\ XCWorkspace.swift,\ XCWorkspaceData.swift,\ XCWorkspaceDataElement.swift,\ XCWorkspaceDataElementLocationType.swift,\ XCWorkspaceDataFileRef.swift,\ XCWorkspaceDataGroup.swift /Users/admin/builder/spi-builder-workspace/.dependencies/checkouts/XcodeProj/Sources/XcodeProj/Utils/PlistDecoding.swift /Users/admin/builder/spi-builder-workspace/.dependencies/checkouts/XcodeProj/Sources/XcodeProj/Utils/PlistValue.swift /Users/admin/builder/spi-builder-workspace/.dependencies/checkouts/XcodeProj/Sources/XcodeProj/Utils/ReferenceGenerator.swift /Users/admin/builder/spi-builder-workspace/.dependencies/checkouts/XcodeProj/Sources/XcodeProj/Utils/XCConfig.swift /Users/admin/builder/spi-builder-workspace/.dependencies/checkouts/XcodeProj/Sources/XcodeProj/Workspace/XCWorkspace.swift /Users/admin/builder/spi-builder-workspace/.dependencies/checkouts/XcodeProj/Sources/XcodeProj/Workspace/XCWorkspaceData.swift /Users/admin/builder/spi-builder-workspace/.dependencies/checkouts/XcodeProj/Sources/XcodeProj/Workspace/XCWorkspaceDataElement.swift /Users/admin/builder/spi-builder-workspace/.dependencies/checkouts/XcodeProj/Sources/XcodeProj/Workspace/XCWorkspaceDataElementLocationType.swift /Users/admin/builder/spi-builder-workspace/.dependencies/checkouts/XcodeProj/Sources/XcodeProj/Workspace/XCWorkspaceDataFileRef.swift /Users/admin/builder/spi-builder-workspace/.dependencies/checkouts/XcodeProj/Sources/XcodeProj/Workspace/XCWorkspaceDataGroup.swift (in target 'XcodeProj' from project 'XcodeProj')
SwiftCompile normal arm64_32 /Users/admin/builder/spi-builder-workspace/.dependencies/checkouts/XcodeProj/Sources/XcodeProj/Utils/PlistDecoding.swift (in target 'XcodeProj' from project 'XcodeProj')
    cd /Users/admin/builder/spi-builder-workspace/.swiftpm/xcode
    builtin-SwiftPerFileCompile PlistDecoding.swift
SwiftCompile normal arm64_32 /Users/admin/builder/spi-builder-workspace/.dependencies/checkouts/XcodeProj/Sources/XcodeProj/Utils/PlistValue.swift (in target 'XcodeProj' from project 'XcodeProj')
    cd /Users/admin/builder/spi-builder-workspace/.swiftpm/xcode
    builtin-SwiftPerFileCompile PlistValue.swift
SwiftCompile normal arm64_32 /Users/admin/builder/spi-builder-workspace/.dependencies/checkouts/XcodeProj/Sources/XcodeProj/Utils/ReferenceGenerator.swift (in target 'XcodeProj' from project 'XcodeProj')
    cd /Users/admin/builder/spi-builder-workspace/.swiftpm/xcode
    builtin-SwiftPerFileCompile ReferenceGenerator.swift
SwiftCompile normal arm64_32 /Users/admin/builder/spi-builder-workspace/.dependencies/checkouts/XcodeProj/Sources/XcodeProj/Utils/XCConfig.swift (in target 'XcodeProj' from project 'XcodeProj')
    cd /Users/admin/builder/spi-builder-workspace/.swiftpm/xcode
    builtin-SwiftPerFileCompile XCConfig.swift
SwiftCompile normal arm64_32 /Users/admin/builder/spi-builder-workspace/.dependencies/checkouts/XcodeProj/Sources/XcodeProj/Workspace/XCWorkspace.swift (in target 'XcodeProj' from project 'XcodeProj')
    cd /Users/admin/builder/spi-builder-workspace/.swiftpm/xcode
    builtin-SwiftPerFileCompile XCWorkspace.swift
SwiftCompile normal arm64_32 /Users/admin/builder/spi-builder-workspace/.dependencies/checkouts/XcodeProj/Sources/XcodeProj/Workspace/XCWorkspaceData.swift (in target 'XcodeProj' from project 'XcodeProj')
    cd /Users/admin/builder/spi-builder-workspace/.swiftpm/xcode
    builtin-SwiftPerFileCompile XCWorkspaceData.swift
SwiftCompile normal arm64_32 /Users/admin/builder/spi-builder-workspace/.dependencies/checkouts/XcodeProj/Sources/XcodeProj/Workspace/XCWorkspaceDataElement.swift (in target 'XcodeProj' from project 'XcodeProj')
    cd /Users/admin/builder/spi-builder-workspace/.swiftpm/xcode
    builtin-SwiftPerFileCompile XCWorkspaceDataElement.swift
SwiftCompile normal arm64_32 /Users/admin/builder/spi-builder-workspace/.dependencies/checkouts/XcodeProj/Sources/XcodeProj/Workspace/XCWorkspaceDataElementLocationType.swift (in target 'XcodeProj' from project 'XcodeProj')
    cd /Users/admin/builder/spi-builder-workspace/.swiftpm/xcode
    builtin-SwiftPerFileCompile XCWorkspaceDataElementLocationType.swift
SwiftCompile normal arm64_32 /Users/admin/builder/spi-builder-workspace/.dependencies/checkouts/XcodeProj/Sources/XcodeProj/Workspace/XCWorkspaceDataFileRef.swift (in target 'XcodeProj' from project 'XcodeProj')
    cd /Users/admin/builder/spi-builder-workspace/.swiftpm/xcode
    builtin-SwiftPerFileCompile XCWorkspaceDataFileRef.swift
SwiftCompile normal arm64_32 /Users/admin/builder/spi-builder-workspace/.dependencies/checkouts/XcodeProj/Sources/XcodeProj/Workspace/XCWorkspaceDataGroup.swift (in target 'XcodeProj' from project 'XcodeProj')
    cd /Users/admin/builder/spi-builder-workspace/.swiftpm/xcode
    builtin-SwiftPerFileCompile XCWorkspaceDataGroup.swift
SwiftCompile normal arm64 Compiling\ XCScheme+LaunchAction.swift,\ XCScheme+LocationScenarioReference.swift,\ XCScheme+PathRunnable.swift,\ XCScheme+ProfileAction.swift,\ XCScheme+RemoteRunnable.swift,\ XCScheme+Runnable.swift,\ XCScheme+SerialAction.swift,\ XCScheme+StoreKitConfigurationFileReference.swift,\ XCScheme+TestAction.swift,\ XCScheme+TestItem.swift /Users/admin/builder/spi-builder-workspace/.dependencies/checkouts/XcodeProj/Sources/XcodeProj/Scheme/XCScheme+LaunchAction.swift /Users/admin/builder/spi-builder-workspace/.dependencies/checkouts/XcodeProj/Sources/XcodeProj/Scheme/XCScheme+LocationScenarioReference.swift /Users/admin/builder/spi-builder-workspace/.dependencies/checkouts/XcodeProj/Sources/XcodeProj/Scheme/XCScheme+PathRunnable.swift /Users/admin/builder/spi-builder-workspace/.dependencies/checkouts/XcodeProj/Sources/XcodeProj/Scheme/XCScheme+ProfileAction.swift /Users/admin/builder/spi-builder-workspace/.dependencies/checkouts/XcodeProj/Sources/XcodeProj/Scheme/XCScheme+RemoteRunnable.swift /Users/admin/builder/spi-builder-workspace/.dependencies/checkouts/XcodeProj/Sources/XcodeProj/Scheme/XCScheme+Runnable.swift /Users/admin/builder/spi-builder-workspace/.dependencies/checkouts/XcodeProj/Sources/XcodeProj/Scheme/XCScheme+SerialAction.swift /Users/admin/builder/spi-builder-workspace/.dependencies/checkouts/XcodeProj/Sources/XcodeProj/Scheme/XCScheme+StoreKitConfigurationFileReference.swift /Users/admin/builder/spi-builder-workspace/.dependencies/checkouts/XcodeProj/Sources/XcodeProj/Scheme/XCScheme+TestAction.swift /Users/admin/builder/spi-builder-workspace/.dependencies/checkouts/XcodeProj/Sources/XcodeProj/Scheme/XCScheme+TestItem.swift (in target 'XcodeProj' from project 'XcodeProj')
SwiftCompile normal arm64 /Users/admin/builder/spi-builder-workspace/.dependencies/checkouts/XcodeProj/Sources/XcodeProj/Scheme/XCScheme+LaunchAction.swift (in target 'XcodeProj' from project 'XcodeProj')
    cd /Users/admin/builder/spi-builder-workspace/.swiftpm/xcode
    builtin-SwiftPerFileCompile XCScheme+LaunchAction.swift
SwiftCompile normal arm64 /Users/admin/builder/spi-builder-workspace/.dependencies/checkouts/XcodeProj/Sources/XcodeProj/Scheme/XCScheme+LocationScenarioReference.swift (in target 'XcodeProj' from project 'XcodeProj')
    cd /Users/admin/builder/spi-builder-workspace/.swiftpm/xcode
    builtin-SwiftPerFileCompile XCScheme+LocationScenarioReference.swift
SwiftCompile normal arm64 /Users/admin/builder/spi-builder-workspace/.dependencies/checkouts/XcodeProj/Sources/XcodeProj/Scheme/XCScheme+PathRunnable.swift (in target 'XcodeProj' from project 'XcodeProj')
    cd /Users/admin/builder/spi-builder-workspace/.swiftpm/xcode
    builtin-SwiftPerFileCompile XCScheme+PathRunnable.swift
SwiftCompile normal arm64 /Users/admin/builder/spi-builder-workspace/.dependencies/checkouts/XcodeProj/Sources/XcodeProj/Scheme/XCScheme+ProfileAction.swift (in target 'XcodeProj' from project 'XcodeProj')
    cd /Users/admin/builder/spi-builder-workspace/.swiftpm/xcode
    builtin-SwiftPerFileCompile XCScheme+ProfileAction.swift
SwiftCompile normal arm64 /Users/admin/builder/spi-builder-workspace/.dependencies/checkouts/XcodeProj/Sources/XcodeProj/Scheme/XCScheme+RemoteRunnable.swift (in target 'XcodeProj' from project 'XcodeProj')
    cd /Users/admin/builder/spi-builder-workspace/.swiftpm/xcode
    builtin-SwiftPerFileCompile XCScheme+RemoteRunnable.swift
SwiftCompile normal arm64 /Users/admin/builder/spi-builder-workspace/.dependencies/checkouts/XcodeProj/Sources/XcodeProj/Scheme/XCScheme+Runnable.swift (in target 'XcodeProj' from project 'XcodeProj')
    cd /Users/admin/builder/spi-builder-workspace/.swiftpm/xcode
    builtin-SwiftPerFileCompile XCScheme+Runnable.swift
SwiftCompile normal arm64 /Users/admin/builder/spi-builder-workspace/.dependencies/checkouts/XcodeProj/Sources/XcodeProj/Scheme/XCScheme+SerialAction.swift (in target 'XcodeProj' from project 'XcodeProj')
    cd /Users/admin/builder/spi-builder-workspace/.swiftpm/xcode
    builtin-SwiftPerFileCompile XCScheme+SerialAction.swift
SwiftCompile normal arm64 /Users/admin/builder/spi-builder-workspace/.dependencies/checkouts/XcodeProj/Sources/XcodeProj/Scheme/XCScheme+StoreKitConfigurationFileReference.swift (in target 'XcodeProj' from project 'XcodeProj')
    cd /Users/admin/builder/spi-builder-workspace/.swiftpm/xcode
    builtin-SwiftPerFileCompile XCScheme+StoreKitConfigurationFileReference.swift
SwiftCompile normal arm64 /Users/admin/builder/spi-builder-workspace/.dependencies/checkouts/XcodeProj/Sources/XcodeProj/Scheme/XCScheme+TestAction.swift (in target 'XcodeProj' from project 'XcodeProj')
    cd /Users/admin/builder/spi-builder-workspace/.swiftpm/xcode
    builtin-SwiftPerFileCompile XCScheme+TestAction.swift
SwiftCompile normal arm64 /Users/admin/builder/spi-builder-workspace/.dependencies/checkouts/XcodeProj/Sources/XcodeProj/Scheme/XCScheme+TestItem.swift (in target 'XcodeProj' from project 'XcodeProj')
    cd /Users/admin/builder/spi-builder-workspace/.swiftpm/xcode
    builtin-SwiftPerFileCompile XCScheme+TestItem.swift
SwiftCompile normal arm64_32 Compiling\ PBXSourceTree.swift,\ PBXVariantGroup.swift,\ XCVersionGroup.swift,\ PBXObject.swift,\ PBXObjectDictionaryEntry.swift,\ PBXObjectReference.swift,\ PBXObjects.swift,\ PBXOutputSettings.swift,\ PBXProj.swift,\ PBXProjEncoder.swift /Users/admin/builder/spi-builder-workspace/.dependencies/checkouts/XcodeProj/Sources/XcodeProj/Objects/Files/PBXSourceTree.swift /Users/admin/builder/spi-builder-workspace/.dependencies/checkouts/XcodeProj/Sources/XcodeProj/Objects/Files/PBXVariantGroup.swift /Users/admin/builder/spi-builder-workspace/.dependencies/checkouts/XcodeProj/Sources/XcodeProj/Objects/Files/XCVersionGroup.swift /Users/admin/builder/spi-builder-workspace/.dependencies/checkouts/XcodeProj/Sources/XcodeProj/Objects/Project/PBXObject.swift /Users/admin/builder/spi-builder-workspace/.dependencies/checkouts/XcodeProj/Sources/XcodeProj/Objects/Project/PBXObjectDictionaryEntry.swift /Users/admin/builder/spi-builder-workspace/.dependencies/checkouts/XcodeProj/Sources/XcodeProj/Objects/Project/PBXObjectReference.swift /Users/admin/builder/spi-builder-workspace/.dependencies/checkouts/XcodeProj/Sources/XcodeProj/Objects/Project/PBXObjects.swift /Users/admin/builder/spi-builder-workspace/.dependencies/checkouts/XcodeProj/Sources/XcodeProj/Objects/Project/PBXOutputSettings.swift /Users/admin/builder/spi-builder-workspace/.dependencies/checkouts/XcodeProj/Sources/XcodeProj/Objects/Project/PBXProj.swift /Users/admin/builder/spi-builder-workspace/.dependencies/checkouts/XcodeProj/Sources/XcodeProj/Objects/Project/PBXProjEncoder.swift (in target 'XcodeProj' from project 'XcodeProj')
SwiftCompile normal arm64_32 /Users/admin/builder/spi-builder-workspace/.dependencies/checkouts/XcodeProj/Sources/XcodeProj/Objects/Files/PBXSourceTree.swift (in target 'XcodeProj' from project 'XcodeProj')
    cd /Users/admin/builder/spi-builder-workspace/.swiftpm/xcode
    builtin-SwiftPerFileCompile PBXSourceTree.swift
SwiftCompile normal arm64_32 /Users/admin/builder/spi-builder-workspace/.dependencies/checkouts/XcodeProj/Sources/XcodeProj/Objects/Files/PBXVariantGroup.swift (in target 'XcodeProj' from project 'XcodeProj')
    cd /Users/admin/builder/spi-builder-workspace/.swiftpm/xcode
    builtin-SwiftPerFileCompile PBXVariantGroup.swift
SwiftCompile normal arm64_32 /Users/admin/builder/spi-builder-workspace/.dependencies/checkouts/XcodeProj/Sources/XcodeProj/Objects/Files/XCVersionGroup.swift (in target 'XcodeProj' from project 'XcodeProj')
    cd /Users/admin/builder/spi-builder-workspace/.swiftpm/xcode
    builtin-SwiftPerFileCompile XCVersionGroup.swift
SwiftCompile normal arm64_32 /Users/admin/builder/spi-builder-workspace/.dependencies/checkouts/XcodeProj/Sources/XcodeProj/Objects/Project/PBXObject.swift (in target 'XcodeProj' from project 'XcodeProj')
    cd /Users/admin/builder/spi-builder-workspace/.swiftpm/xcode
    builtin-SwiftPerFileCompile PBXObject.swift
SwiftCompile normal arm64_32 /Users/admin/builder/spi-builder-workspace/.dependencies/checkouts/XcodeProj/Sources/XcodeProj/Objects/Project/PBXObjectDictionaryEntry.swift (in target 'XcodeProj' from project 'XcodeProj')
    cd /Users/admin/builder/spi-builder-workspace/.swiftpm/xcode
    builtin-SwiftPerFileCompile PBXObjectDictionaryEntry.swift
SwiftCompile normal arm64_32 /Users/admin/builder/spi-builder-workspace/.dependencies/checkouts/XcodeProj/Sources/XcodeProj/Objects/Project/PBXObjectReference.swift (in target 'XcodeProj' from project 'XcodeProj')
    cd /Users/admin/builder/spi-builder-workspace/.swiftpm/xcode
    builtin-SwiftPerFileCompile PBXObjectReference.swift
SwiftCompile normal arm64_32 /Users/admin/builder/spi-builder-workspace/.dependencies/checkouts/XcodeProj/Sources/XcodeProj/Objects/Project/PBXObjects.swift (in target 'XcodeProj' from project 'XcodeProj')
    cd /Users/admin/builder/spi-builder-workspace/.swiftpm/xcode
    builtin-SwiftPerFileCompile PBXObjects.swift
SwiftCompile normal arm64_32 /Users/admin/builder/spi-builder-workspace/.dependencies/checkouts/XcodeProj/Sources/XcodeProj/Objects/Project/PBXOutputSettings.swift (in target 'XcodeProj' from project 'XcodeProj')
    cd /Users/admin/builder/spi-builder-workspace/.swiftpm/xcode
    builtin-SwiftPerFileCompile PBXOutputSettings.swift
SwiftCompile normal arm64_32 /Users/admin/builder/spi-builder-workspace/.dependencies/checkouts/XcodeProj/Sources/XcodeProj/Objects/Project/PBXProj.swift (in target 'XcodeProj' from project 'XcodeProj')
    cd /Users/admin/builder/spi-builder-workspace/.swiftpm/xcode
    builtin-SwiftPerFileCompile PBXProj.swift
SwiftCompile normal arm64_32 /Users/admin/builder/spi-builder-workspace/.dependencies/checkouts/XcodeProj/Sources/XcodeProj/Objects/Project/PBXProjEncoder.swift (in target 'XcodeProj' from project 'XcodeProj')
    cd /Users/admin/builder/spi-builder-workspace/.swiftpm/xcode
    builtin-SwiftPerFileCompile PBXProjEncoder.swift
SwiftExplicitDependencyGeneratePcm arm64 /Users/admin/builder/spi-builder-workspace/.derivedData/Build/Intermediates.noindex/SwiftExplicitPrecompiledModules/XCUIAutomation-65SKIQZZ6OXJZ058GTE7TZUKY.pcm
SwiftDriverJobDiscovery normal arm64 Compiling PlistDecoding.swift, PlistValue.swift, ReferenceGenerator.swift, XCConfig.swift, XCWorkspace.swift, XCWorkspaceData.swift, XCWorkspaceDataElement.swift, XCWorkspaceDataElementLocationType.swift, XCWorkspaceDataFileRef.swift, XCWorkspaceDataGroup.swift (in target 'XcodeProj' from project 'XcodeProj')
SwiftCompile normal arm64 Compiling\ XCConfigurationList.swift,\ PBXContainerItem.swift,\ PBXContainerItemProxy.swift,\ PBXFileElement.swift,\ PBXFileReference.swift,\ PBXFileSystemSynchronizedBuildFileExceptionSet.swift,\ PBXFileSystemSynchronizedExceptionSet.swift,\ PBXFileSystemSynchronizedGroupBuildPhaseMembershipExceptionSet.swift,\ PBXFileSystemSynchronizedRootGroup.swift,\ PBXGroup.swift /Users/admin/builder/spi-builder-workspace/.dependencies/checkouts/XcodeProj/Sources/XcodeProj/Objects/Configuration/XCConfigurationList.swift /Users/admin/builder/spi-builder-workspace/.dependencies/checkouts/XcodeProj/Sources/XcodeProj/Objects/Files/PBXContainerItem.swift /Users/admin/builder/spi-builder-workspace/.dependencies/checkouts/XcodeProj/Sources/XcodeProj/Objects/Files/PBXContainerItemProxy.swift /Users/admin/builder/spi-builder-workspace/.dependencies/checkouts/XcodeProj/Sources/XcodeProj/Objects/Files/PBXFileElement.swift /Users/admin/builder/spi-builder-workspace/.dependencies/checkouts/XcodeProj/Sources/XcodeProj/Objects/Files/PBXFileReference.swift /Users/admin/builder/spi-builder-workspace/.dependencies/checkouts/XcodeProj/Sources/XcodeProj/Objects/Files/PBXFileSystemSynchronizedBuildFileExceptionSet.swift /Users/admin/builder/spi-builder-workspace/.dependencies/checkouts/XcodeProj/Sources/XcodeProj/Objects/Files/PBXFileSystemSynchronizedExceptionSet.swift /Users/admin/builder/spi-builder-workspace/.dependencies/checkouts/XcodeProj/Sources/XcodeProj/Objects/Files/PBXFileSystemSynchronizedGroupBuildPhaseMembershipExceptionSet.swift /Users/admin/builder/spi-builder-workspace/.dependencies/checkouts/XcodeProj/Sources/XcodeProj/Objects/Files/PBXFileSystemSynchronizedRootGroup.swift /Users/admin/builder/spi-builder-workspace/.dependencies/checkouts/XcodeProj/Sources/XcodeProj/Objects/Files/PBXGroup.swift (in target 'XcodeProj' from project 'XcodeProj')
SwiftCompile normal arm64 /Users/admin/builder/spi-builder-workspace/.dependencies/checkouts/XcodeProj/Sources/XcodeProj/Objects/Configuration/XCConfigurationList.swift (in target 'XcodeProj' from project 'XcodeProj')
    cd /Users/admin/builder/spi-builder-workspace/.swiftpm/xcode
    builtin-SwiftPerFileCompile XCConfigurationList.swift
SwiftCompile normal arm64 /Users/admin/builder/spi-builder-workspace/.dependencies/checkouts/XcodeProj/Sources/XcodeProj/Objects/Files/PBXContainerItem.swift (in target 'XcodeProj' from project 'XcodeProj')
    cd /Users/admin/builder/spi-builder-workspace/.swiftpm/xcode
    builtin-SwiftPerFileCompile PBXContainerItem.swift
SwiftCompile normal arm64 /Users/admin/builder/spi-builder-workspace/.dependencies/checkouts/XcodeProj/Sources/XcodeProj/Objects/Files/PBXContainerItemProxy.swift (in target 'XcodeProj' from project 'XcodeProj')
    cd /Users/admin/builder/spi-builder-workspace/.swiftpm/xcode
    builtin-SwiftPerFileCompile PBXContainerItemProxy.swift
SwiftCompile normal arm64 /Users/admin/builder/spi-builder-workspace/.dependencies/checkouts/XcodeProj/Sources/XcodeProj/Objects/Files/PBXFileElement.swift (in target 'XcodeProj' from project 'XcodeProj')
    cd /Users/admin/builder/spi-builder-workspace/.swiftpm/xcode
    builtin-SwiftPerFileCompile PBXFileElement.swift
SwiftCompile normal arm64 /Users/admin/builder/spi-builder-workspace/.dependencies/checkouts/XcodeProj/Sources/XcodeProj/Objects/Files/PBXFileReference.swift (in target 'XcodeProj' from project 'XcodeProj')
    cd /Users/admin/builder/spi-builder-workspace/.swiftpm/xcode
    builtin-SwiftPerFileCompile PBXFileReference.swift
SwiftCompile normal arm64 /Users/admin/builder/spi-builder-workspace/.dependencies/checkouts/XcodeProj/Sources/XcodeProj/Objects/Files/PBXFileSystemSynchronizedBuildFileExceptionSet.swift (in target 'XcodeProj' from project 'XcodeProj')
    cd /Users/admin/builder/spi-builder-workspace/.swiftpm/xcode
    builtin-SwiftPerFileCompile PBXFileSystemSynchronizedBuildFileExceptionSet.swift
SwiftCompile normal arm64 /Users/admin/builder/spi-builder-workspace/.dependencies/checkouts/XcodeProj/Sources/XcodeProj/Objects/Files/PBXFileSystemSynchronizedExceptionSet.swift (in target 'XcodeProj' from project 'XcodeProj')
    cd /Users/admin/builder/spi-builder-workspace/.swiftpm/xcode
    builtin-SwiftPerFileCompile PBXFileSystemSynchronizedExceptionSet.swift
SwiftCompile normal arm64 /Users/admin/builder/spi-builder-workspace/.dependencies/checkouts/XcodeProj/Sources/XcodeProj/Objects/Files/PBXFileSystemSynchronizedGroupBuildPhaseMembershipExceptionSet.swift (in target 'XcodeProj' from project 'XcodeProj')
    cd /Users/admin/builder/spi-builder-workspace/.swiftpm/xcode
    builtin-SwiftPerFileCompile PBXFileSystemSynchronizedGroupBuildPhaseMembershipExceptionSet.swift
SwiftCompile normal arm64 /Users/admin/builder/spi-builder-workspace/.dependencies/checkouts/XcodeProj/Sources/XcodeProj/Objects/Files/PBXFileSystemSynchronizedRootGroup.swift (in target 'XcodeProj' from project 'XcodeProj')
    cd /Users/admin/builder/spi-builder-workspace/.swiftpm/xcode
    builtin-SwiftPerFileCompile PBXFileSystemSynchronizedRootGroup.swift
SwiftCompile normal arm64 /Users/admin/builder/spi-builder-workspace/.dependencies/checkouts/XcodeProj/Sources/XcodeProj/Objects/Files/PBXGroup.swift (in target 'XcodeProj' from project 'XcodeProj')
    cd /Users/admin/builder/spi-builder-workspace/.swiftpm/xcode
    builtin-SwiftPerFileCompile PBXGroup.swift
SwiftExplicitDependencyCompileModuleFromInterface arm64 /Users/admin/builder/spi-builder-workspace/.derivedData/Build/Intermediates.noindex/SwiftExplicitPrecompiledModules/XCUIAutomation-2BC5897SHXM5Y.swiftmodule
SwiftExplicitDependencyGeneratePcm arm64 /Users/admin/builder/spi-builder-workspace/.derivedData/Build/Intermediates.noindex/SwiftExplicitPrecompiledModules/XCTest-4Q8FQHAHRUNG512Q4TRQNJS8O.pcm
SwiftDriverJobDiscovery normal arm64 Compiling XCScheme+TestParallelization.swift, XCScheme+TestPlanReference.swift, XCScheme+TestableReference.swift, XCScheme.swift, XCSchemeManagement.swift, BuildSettingsProvider.swift, CommentedString.swift, Decoders.swift, JSONDecoding.swift, PBXBatchUpdater.swift (in target 'XcodeProj' from project 'XcodeProj')
SwiftCompile normal arm64_32 Compiling\ PBXProject.swift,\ Equality.generated.swift,\ Sourcery.swift,\ XCLocalSwiftPackageReference.swift,\ XCRemoteSwiftPackageReference.swift,\ XCSwiftPackageProductDependency.swift,\ PBXAggregateTarget.swift,\ PBXLegacyTarget.swift,\ PBXNativeTarget.swift,\ PBXProductType.swift /Users/admin/builder/spi-builder-workspace/.dependencies/checkouts/XcodeProj/Sources/XcodeProj/Objects/Project/PBXProject.swift /Users/admin/builder/spi-builder-workspace/.dependencies/checkouts/XcodeProj/Sources/XcodeProj/Objects/Sourcery/Equality.generated.swift /Users/admin/builder/spi-builder-workspace/.dependencies/checkouts/XcodeProj/Sources/XcodeProj/Objects/Sourcery/Sourcery.swift /Users/admin/builder/spi-builder-workspace/.dependencies/checkouts/XcodeProj/Sources/XcodeProj/Objects/SwiftPackage/XCLocalSwiftPackageReference.swift /Users/admin/builder/spi-builder-workspace/.dependencies/checkouts/XcodeProj/Sources/XcodeProj/Objects/SwiftPackage/XCRemoteSwiftPackageReference.swift /Users/admin/builder/spi-builder-workspace/.dependencies/checkouts/XcodeProj/Sources/XcodeProj/Objects/SwiftPackage/XCSwiftPackageProductDependency.swift /Users/admin/builder/spi-builder-workspace/.dependencies/checkouts/XcodeProj/Sources/XcodeProj/Objects/Targets/PBXAggregateTarget.swift /Users/admin/builder/spi-builder-workspace/.dependencies/checkouts/XcodeProj/Sources/XcodeProj/Objects/Targets/PBXLegacyTarget.swift /Users/admin/builder/spi-builder-workspace/.dependencies/checkouts/XcodeProj/Sources/XcodeProj/Objects/Targets/PBXNativeTarget.swift /Users/admin/builder/spi-builder-workspace/.dependencies/checkouts/XcodeProj/Sources/XcodeProj/Objects/Targets/PBXProductType.swift (in target 'XcodeProj' from project 'XcodeProj')
SwiftCompile normal arm64_32 /Users/admin/builder/spi-builder-workspace/.dependencies/checkouts/XcodeProj/Sources/XcodeProj/Objects/Project/PBXProject.swift (in target 'XcodeProj' from project 'XcodeProj')
    cd /Users/admin/builder/spi-builder-workspace/.swiftpm/xcode
    builtin-SwiftPerFileCompile PBXProject.swift
SwiftCompile normal arm64_32 /Users/admin/builder/spi-builder-workspace/.dependencies/checkouts/XcodeProj/Sources/XcodeProj/Objects/Sourcery/Equality.generated.swift (in target 'XcodeProj' from project 'XcodeProj')
    cd /Users/admin/builder/spi-builder-workspace/.swiftpm/xcode
    builtin-SwiftPerFileCompile Equality.generated.swift
SwiftCompile normal arm64_32 /Users/admin/builder/spi-builder-workspace/.dependencies/checkouts/XcodeProj/Sources/XcodeProj/Objects/Sourcery/Sourcery.swift (in target 'XcodeProj' from project 'XcodeProj')
    cd /Users/admin/builder/spi-builder-workspace/.swiftpm/xcode
    builtin-SwiftPerFileCompile Sourcery.swift
SwiftCompile normal arm64_32 /Users/admin/builder/spi-builder-workspace/.dependencies/checkouts/XcodeProj/Sources/XcodeProj/Objects/SwiftPackage/XCLocalSwiftPackageReference.swift (in target 'XcodeProj' from project 'XcodeProj')
    cd /Users/admin/builder/spi-builder-workspace/.swiftpm/xcode
    builtin-SwiftPerFileCompile XCLocalSwiftPackageReference.swift
SwiftCompile normal arm64_32 /Users/admin/builder/spi-builder-workspace/.dependencies/checkouts/XcodeProj/Sources/XcodeProj/Objects/SwiftPackage/XCRemoteSwiftPackageReference.swift (in target 'XcodeProj' from project 'XcodeProj')
    cd /Users/admin/builder/spi-builder-workspace/.swiftpm/xcode
    builtin-SwiftPerFileCompile XCRemoteSwiftPackageReference.swift
SwiftCompile normal arm64_32 /Users/admin/builder/spi-builder-workspace/.dependencies/checkouts/XcodeProj/Sources/XcodeProj/Objects/SwiftPackage/XCSwiftPackageProductDependency.swift (in target 'XcodeProj' from project 'XcodeProj')
    cd /Users/admin/builder/spi-builder-workspace/.swiftpm/xcode
    builtin-SwiftPerFileCompile XCSwiftPackageProductDependency.swift
SwiftCompile normal arm64_32 /Users/admin/builder/spi-builder-workspace/.dependencies/checkouts/XcodeProj/Sources/XcodeProj/Objects/Targets/PBXAggregateTarget.swift (in target 'XcodeProj' from project 'XcodeProj')
    cd /Users/admin/builder/spi-builder-workspace/.swiftpm/xcode
    builtin-SwiftPerFileCompile PBXAggregateTarget.swift
SwiftCompile normal arm64_32 /Users/admin/builder/spi-builder-workspace/.dependencies/checkouts/XcodeProj/Sources/XcodeProj/Objects/Targets/PBXLegacyTarget.swift (in target 'XcodeProj' from project 'XcodeProj')
    cd /Users/admin/builder/spi-builder-workspace/.swiftpm/xcode
    builtin-SwiftPerFileCompile PBXLegacyTarget.swift
SwiftCompile normal arm64_32 /Users/admin/builder/spi-builder-workspace/.dependencies/checkouts/XcodeProj/Sources/XcodeProj/Objects/Targets/PBXNativeTarget.swift (in target 'XcodeProj' from project 'XcodeProj')
    cd /Users/admin/builder/spi-builder-workspace/.swiftpm/xcode
    builtin-SwiftPerFileCompile PBXNativeTarget.swift
SwiftCompile normal arm64_32 /Users/admin/builder/spi-builder-workspace/.dependencies/checkouts/XcodeProj/Sources/XcodeProj/Objects/Targets/PBXProductType.swift (in target 'XcodeProj' from project 'XcodeProj')
    cd /Users/admin/builder/spi-builder-workspace/.swiftpm/xcode
    builtin-SwiftPerFileCompile PBXProductType.swift
SwiftCompile normal arm64 Compiling\ PBXSourceTree.swift,\ PBXVariantGroup.swift,\ XCVersionGroup.swift,\ PBXObject.swift,\ PBXObjectDictionaryEntry.swift,\ PBXObjectReference.swift,\ PBXObjects.swift,\ PBXOutputSettings.swift,\ PBXProj.swift,\ PBXProjEncoder.swift /Users/admin/builder/spi-builder-workspace/.dependencies/checkouts/XcodeProj/Sources/XcodeProj/Objects/Files/PBXSourceTree.swift /Users/admin/builder/spi-builder-workspace/.dependencies/checkouts/XcodeProj/Sources/XcodeProj/Objects/Files/PBXVariantGroup.swift /Users/admin/builder/spi-builder-workspace/.dependencies/checkouts/XcodeProj/Sources/XcodeProj/Objects/Files/XCVersionGroup.swift /Users/admin/builder/spi-builder-workspace/.dependencies/checkouts/XcodeProj/Sources/XcodeProj/Objects/Project/PBXObject.swift /Users/admin/builder/spi-builder-workspace/.dependencies/checkouts/XcodeProj/Sources/XcodeProj/Objects/Project/PBXObjectDictionaryEntry.swift /Users/admin/builder/spi-builder-workspace/.dependencies/checkouts/XcodeProj/Sources/XcodeProj/Objects/Project/PBXObjectReference.swift /Users/admin/builder/spi-builder-workspace/.dependencies/checkouts/XcodeProj/Sources/XcodeProj/Objects/Project/PBXObjects.swift /Users/admin/builder/spi-builder-workspace/.dependencies/checkouts/XcodeProj/Sources/XcodeProj/Objects/Project/PBXOutputSettings.swift /Users/admin/builder/spi-builder-workspace/.dependencies/checkouts/XcodeProj/Sources/XcodeProj/Objects/Project/PBXProj.swift /Users/admin/builder/spi-builder-workspace/.dependencies/checkouts/XcodeProj/Sources/XcodeProj/Objects/Project/PBXProjEncoder.swift (in target 'XcodeProj' from project 'XcodeProj')
SwiftCompile normal arm64 /Users/admin/builder/spi-builder-workspace/.dependencies/checkouts/XcodeProj/Sources/XcodeProj/Objects/Files/PBXSourceTree.swift (in target 'XcodeProj' from project 'XcodeProj')
    cd /Users/admin/builder/spi-builder-workspace/.swiftpm/xcode
    builtin-SwiftPerFileCompile PBXSourceTree.swift
SwiftCompile normal arm64 /Users/admin/builder/spi-builder-workspace/.dependencies/checkouts/XcodeProj/Sources/XcodeProj/Objects/Files/PBXVariantGroup.swift (in target 'XcodeProj' from project 'XcodeProj')
    cd /Users/admin/builder/spi-builder-workspace/.swiftpm/xcode
    builtin-SwiftPerFileCompile PBXVariantGroup.swift
SwiftCompile normal arm64 /Users/admin/builder/spi-builder-workspace/.dependencies/checkouts/XcodeProj/Sources/XcodeProj/Objects/Files/XCVersionGroup.swift (in target 'XcodeProj' from project 'XcodeProj')
    cd /Users/admin/builder/spi-builder-workspace/.swiftpm/xcode
    builtin-SwiftPerFileCompile XCVersionGroup.swift
SwiftCompile normal arm64 /Users/admin/builder/spi-builder-workspace/.dependencies/checkouts/XcodeProj/Sources/XcodeProj/Objects/Project/PBXObject.swift (in target 'XcodeProj' from project 'XcodeProj')
    cd /Users/admin/builder/spi-builder-workspace/.swiftpm/xcode
    builtin-SwiftPerFileCompile PBXObject.swift
SwiftCompile normal arm64 /Users/admin/builder/spi-builder-workspace/.dependencies/checkouts/XcodeProj/Sources/XcodeProj/Objects/Project/PBXObjectDictionaryEntry.swift (in target 'XcodeProj' from project 'XcodeProj')
    cd /Users/admin/builder/spi-builder-workspace/.swiftpm/xcode
    builtin-SwiftPerFileCompile PBXObjectDictionaryEntry.swift
SwiftCompile normal arm64 /Users/admin/builder/spi-builder-workspace/.dependencies/checkouts/XcodeProj/Sources/XcodeProj/Objects/Project/PBXObjectReference.swift (in target 'XcodeProj' from project 'XcodeProj')
    cd /Users/admin/builder/spi-builder-workspace/.swiftpm/xcode
    builtin-SwiftPerFileCompile PBXObjectReference.swift
SwiftCompile normal arm64 /Users/admin/builder/spi-builder-workspace/.dependencies/checkouts/XcodeProj/Sources/XcodeProj/Objects/Project/PBXObjects.swift (in target 'XcodeProj' from project 'XcodeProj')
    cd /Users/admin/builder/spi-builder-workspace/.swiftpm/xcode
    builtin-SwiftPerFileCompile PBXObjects.swift
SwiftCompile normal arm64 /Users/admin/builder/spi-builder-workspace/.dependencies/checkouts/XcodeProj/Sources/XcodeProj/Objects/Project/PBXOutputSettings.swift (in target 'XcodeProj' from project 'XcodeProj')
    cd /Users/admin/builder/spi-builder-workspace/.swiftpm/xcode
    builtin-SwiftPerFileCompile PBXOutputSettings.swift
SwiftCompile normal arm64 /Users/admin/builder/spi-builder-workspace/.dependencies/checkouts/XcodeProj/Sources/XcodeProj/Objects/Project/PBXProj.swift (in target 'XcodeProj' from project 'XcodeProj')
    cd /Users/admin/builder/spi-builder-workspace/.swiftpm/xcode
    builtin-SwiftPerFileCompile PBXProj.swift
SwiftCompile normal arm64 /Users/admin/builder/spi-builder-workspace/.dependencies/checkouts/XcodeProj/Sources/XcodeProj/Objects/Project/PBXProjEncoder.swift (in target 'XcodeProj' from project 'XcodeProj')
    cd /Users/admin/builder/spi-builder-workspace/.swiftpm/xcode
    builtin-SwiftPerFileCompile PBXProjEncoder.swift
SwiftExplicitDependencyGeneratePcm arm64_32 /Users/admin/builder/spi-builder-workspace/.derivedData/Build/Intermediates.noindex/SwiftExplicitPrecompiledModules/XCUIAutomation-ERPZF489YJ15F4EKGJCX4WDM7.pcm
SwiftExplicitDependencyCompileModuleFromInterface arm64 /Users/admin/builder/spi-builder-workspace/.derivedData/Build/Intermediates.noindex/SwiftExplicitPrecompiledModules/XCTest-296Q314KH7RKU.swiftmodule
SwiftExplicitDependencyGeneratePcm arm64_32 /Users/admin/builder/spi-builder-workspace/.derivedData/Build/Intermediates.noindex/SwiftExplicitPrecompiledModules/XCTest-9YC7ZIH3UMB42XTXWLC83PNWV.pcm
SwiftDriverJobDiscovery normal arm64_32 Compiling PBXBuildPhase.swift, PBXBuildRule.swift, PBXCopyFilesBuildPhase.swift, PBXFrameworksBuildPhase.swift, PBXHeadersBuildPhase.swift, PBXResourcesBuildPhase.swift, PBXRezBuildPhase.swift, PBXShellScriptBuildPhase.swift, PBXSourcesBuildPhase.swift, BuildSettings.swift, XCBuildConfiguration.swift (in target 'XcodeProj' from project 'XcodeProj')
SwiftExplicitDependencyCompileModuleFromInterface arm64_32 /Users/admin/builder/spi-builder-workspace/.derivedData/Build/Intermediates.noindex/SwiftExplicitPrecompiledModules/XCUIAutomation-2KEQCEI56WY22.swiftmodule
SwiftDriverJobDiscovery normal arm64_32 Compiling XCConfigurationList.swift, PBXContainerItem.swift, PBXContainerItemProxy.swift, PBXFileElement.swift, PBXFileReference.swift, PBXFileSystemSynchronizedBuildFileExceptionSet.swift, PBXFileSystemSynchronizedExceptionSet.swift, PBXFileSystemSynchronizedGroupBuildPhaseMembershipExceptionSet.swift, PBXFileSystemSynchronizedRootGroup.swift, PBXGroup.swift (in target 'XcodeProj' from project 'XcodeProj')
SwiftCompile normal arm64_32 Compiling\ XCScheme+TestParallelization.swift,\ XCScheme+TestPlanReference.swift,\ XCScheme+TestableReference.swift,\ XCScheme.swift,\ XCSchemeManagement.swift,\ BuildSettingsProvider.swift,\ CommentedString.swift,\ Decoders.swift,\ JSONDecoding.swift,\ PBXBatchUpdater.swift /Users/admin/builder/spi-builder-workspace/.dependencies/checkouts/XcodeProj/Sources/XcodeProj/Scheme/XCScheme+TestParallelization.swift /Users/admin/builder/spi-builder-workspace/.dependencies/checkouts/XcodeProj/Sources/XcodeProj/Scheme/XCScheme+TestPlanReference.swift /Users/admin/builder/spi-builder-workspace/.dependencies/checkouts/XcodeProj/Sources/XcodeProj/Scheme/XCScheme+TestableReference.swift /Users/admin/builder/spi-builder-workspace/.dependencies/checkouts/XcodeProj/Sources/XcodeProj/Scheme/XCScheme.swift /Users/admin/builder/spi-builder-workspace/.dependencies/checkouts/XcodeProj/Sources/XcodeProj/Scheme/XCSchemeManagement.swift /Users/admin/builder/spi-builder-workspace/.dependencies/checkouts/XcodeProj/Sources/XcodeProj/Utils/BuildSettingsProvider.swift /Users/admin/builder/spi-builder-workspace/.dependencies/checkouts/XcodeProj/Sources/XcodeProj/Utils/CommentedString.swift /Users/admin/builder/spi-builder-workspace/.dependencies/checkouts/XcodeProj/Sources/XcodeProj/Utils/Decoders.swift /Users/admin/builder/spi-builder-workspace/.dependencies/checkouts/XcodeProj/Sources/XcodeProj/Utils/JSONDecoding.swift /Users/admin/builder/spi-builder-workspace/.dependencies/checkouts/XcodeProj/Sources/XcodeProj/Utils/PBXBatchUpdater.swift (in target 'XcodeProj' from project 'XcodeProj')
SwiftCompile normal arm64_32 /Users/admin/builder/spi-builder-workspace/.dependencies/checkouts/XcodeProj/Sources/XcodeProj/Scheme/XCScheme+TestParallelization.swift (in target 'XcodeProj' from project 'XcodeProj')
    cd /Users/admin/builder/spi-builder-workspace/.swiftpm/xcode
    builtin-SwiftPerFileCompile XCScheme+TestParallelization.swift
SwiftCompile normal arm64_32 /Users/admin/builder/spi-builder-workspace/.dependencies/checkouts/XcodeProj/Sources/XcodeProj/Scheme/XCScheme+TestPlanReference.swift (in target 'XcodeProj' from project 'XcodeProj')
    cd /Users/admin/builder/spi-builder-workspace/.swiftpm/xcode
    builtin-SwiftPerFileCompile XCScheme+TestPlanReference.swift
SwiftCompile normal arm64_32 /Users/admin/builder/spi-builder-workspace/.dependencies/checkouts/XcodeProj/Sources/XcodeProj/Scheme/XCScheme+TestableReference.swift (in target 'XcodeProj' from project 'XcodeProj')
    cd /Users/admin/builder/spi-builder-workspace/.swiftpm/xcode
    builtin-SwiftPerFileCompile XCScheme+TestableReference.swift
SwiftCompile normal arm64_32 /Users/admin/builder/spi-builder-workspace/.dependencies/checkouts/XcodeProj/Sources/XcodeProj/Scheme/XCScheme.swift (in target 'XcodeProj' from project 'XcodeProj')
    cd /Users/admin/builder/spi-builder-workspace/.swiftpm/xcode
    builtin-SwiftPerFileCompile XCScheme.swift
SwiftCompile normal arm64_32 /Users/admin/builder/spi-builder-workspace/.dependencies/checkouts/XcodeProj/Sources/XcodeProj/Scheme/XCSchemeManagement.swift (in target 'XcodeProj' from project 'XcodeProj')
    cd /Users/admin/builder/spi-builder-workspace/.swiftpm/xcode
    builtin-SwiftPerFileCompile XCSchemeManagement.swift
SwiftCompile normal arm64_32 /Users/admin/builder/spi-builder-workspace/.dependencies/checkouts/XcodeProj/Sources/XcodeProj/Utils/BuildSettingsProvider.swift (in target 'XcodeProj' from project 'XcodeProj')
    cd /Users/admin/builder/spi-builder-workspace/.swiftpm/xcode
    builtin-SwiftPerFileCompile BuildSettingsProvider.swift
SwiftCompile normal arm64_32 /Users/admin/builder/spi-builder-workspace/.dependencies/checkouts/XcodeProj/Sources/XcodeProj/Utils/CommentedString.swift (in target 'XcodeProj' from project 'XcodeProj')
    cd /Users/admin/builder/spi-builder-workspace/.swiftpm/xcode
    builtin-SwiftPerFileCompile CommentedString.swift
SwiftCompile normal arm64_32 /Users/admin/builder/spi-builder-workspace/.dependencies/checkouts/XcodeProj/Sources/XcodeProj/Utils/Decoders.swift (in target 'XcodeProj' from project 'XcodeProj')
    cd /Users/admin/builder/spi-builder-workspace/.swiftpm/xcode
    builtin-SwiftPerFileCompile Decoders.swift
SwiftCompile normal arm64_32 /Users/admin/builder/spi-builder-workspace/.dependencies/checkouts/XcodeProj/Sources/XcodeProj/Utils/JSONDecoding.swift (in target 'XcodeProj' from project 'XcodeProj')
    cd /Users/admin/builder/spi-builder-workspace/.swiftpm/xcode
    builtin-SwiftPerFileCompile JSONDecoding.swift
SwiftCompile normal arm64_32 /Users/admin/builder/spi-builder-workspace/.dependencies/checkouts/XcodeProj/Sources/XcodeProj/Utils/PBXBatchUpdater.swift (in target 'XcodeProj' from project 'XcodeProj')
    cd /Users/admin/builder/spi-builder-workspace/.swiftpm/xcode
    builtin-SwiftPerFileCompile PBXBatchUpdater.swift
SwiftDriverJobDiscovery normal arm64_32 Compiling XCScheme+LaunchAction.swift, XCScheme+LocationScenarioReference.swift, XCScheme+PathRunnable.swift, XCScheme+ProfileAction.swift, XCScheme+RemoteRunnable.swift, XCScheme+Runnable.swift, XCScheme+SerialAction.swift, XCScheme+StoreKitConfigurationFileReference.swift, XCScheme+TestAction.swift, XCScheme+TestItem.swift (in target 'XcodeProj' from project 'XcodeProj')
SwiftCompile normal arm64_32 Compiling\ Writable.swift,\ XCScheme+AditionalOption.swift,\ XCScheme+AnalyzeAction.swift,\ XCScheme+ArchiveAction.swift,\ XCScheme+BuildAction.swift,\ XCScheme+BuildableProductRunnable.swift,\ XCScheme+BuildableReference.swift,\ XCScheme+CommandLineArguments.swift,\ XCScheme+EnvironmentVariable.swift,\ XCScheme+ExecutionAction.swift /Users/admin/builder/spi-builder-workspace/.dependencies/checkouts/XcodeProj/Sources/XcodeProj/Protocols/Writable.swift /Users/admin/builder/spi-builder-workspace/.dependencies/checkouts/XcodeProj/Sources/XcodeProj/Scheme/XCScheme+AditionalOption.swift /Users/admin/builder/spi-builder-workspace/.dependencies/checkouts/XcodeProj/Sources/XcodeProj/Scheme/XCScheme+AnalyzeAction.swift /Users/admin/builder/spi-builder-workspace/.dependencies/checkouts/XcodeProj/Sources/XcodeProj/Scheme/XCScheme+ArchiveAction.swift /Users/admin/builder/spi-builder-workspace/.dependencies/checkouts/XcodeProj/Sources/XcodeProj/Scheme/XCScheme+BuildAction.swift /Users/admin/builder/spi-builder-workspace/.dependencies/checkouts/XcodeProj/Sources/XcodeProj/Scheme/XCScheme+BuildableProductRunnable.swift /Users/admin/builder/spi-builder-workspace/.dependencies/checkouts/XcodeProj/Sources/XcodeProj/Scheme/XCScheme+BuildableReference.swift /Users/admin/builder/spi-builder-workspace/.dependencies/checkouts/XcodeProj/Sources/XcodeProj/Scheme/XCScheme+CommandLineArguments.swift /Users/admin/builder/spi-builder-workspace/.dependencies/checkouts/XcodeProj/Sources/XcodeProj/Scheme/XCScheme+EnvironmentVariable.swift /Users/admin/builder/spi-builder-workspace/.dependencies/checkouts/XcodeProj/Sources/XcodeProj/Scheme/XCScheme+ExecutionAction.swift (in target 'XcodeProj' from project 'XcodeProj')
SwiftCompile normal arm64_32 /Users/admin/builder/spi-builder-workspace/.dependencies/checkouts/XcodeProj/Sources/XcodeProj/Protocols/Writable.swift (in target 'XcodeProj' from project 'XcodeProj')
    cd /Users/admin/builder/spi-builder-workspace/.swiftpm/xcode
    builtin-SwiftPerFileCompile Writable.swift
SwiftCompile normal arm64_32 /Users/admin/builder/spi-builder-workspace/.dependencies/checkouts/XcodeProj/Sources/XcodeProj/Scheme/XCScheme+AditionalOption.swift (in target 'XcodeProj' from project 'XcodeProj')
    cd /Users/admin/builder/spi-builder-workspace/.swiftpm/xcode
    builtin-SwiftPerFileCompile XCScheme+AditionalOption.swift
SwiftCompile normal arm64_32 /Users/admin/builder/spi-builder-workspace/.dependencies/checkouts/XcodeProj/Sources/XcodeProj/Scheme/XCScheme+AnalyzeAction.swift (in target 'XcodeProj' from project 'XcodeProj')
    cd /Users/admin/builder/spi-builder-workspace/.swiftpm/xcode
    builtin-SwiftPerFileCompile XCScheme+AnalyzeAction.swift
SwiftCompile normal arm64_32 /Users/admin/builder/spi-builder-workspace/.dependencies/checkouts/XcodeProj/Sources/XcodeProj/Scheme/XCScheme+ArchiveAction.swift (in target 'XcodeProj' from project 'XcodeProj')
    cd /Users/admin/builder/spi-builder-workspace/.swiftpm/xcode
    builtin-SwiftPerFileCompile XCScheme+ArchiveAction.swift
SwiftCompile normal arm64_32 /Users/admin/builder/spi-builder-workspace/.dependencies/checkouts/XcodeProj/Sources/XcodeProj/Scheme/XCScheme+BuildAction.swift (in target 'XcodeProj' from project 'XcodeProj')
    cd /Users/admin/builder/spi-builder-workspace/.swiftpm/xcode
    builtin-SwiftPerFileCompile XCScheme+BuildAction.swift
SwiftCompile normal arm64_32 /Users/admin/builder/spi-builder-workspace/.dependencies/checkouts/XcodeProj/Sources/XcodeProj/Scheme/XCScheme+BuildableProductRunnable.swift (in target 'XcodeProj' from project 'XcodeProj')
    cd /Users/admin/builder/spi-builder-workspace/.swiftpm/xcode
    builtin-SwiftPerFileCompile XCScheme+BuildableProductRunnable.swift
SwiftCompile normal arm64_32 /Users/admin/builder/spi-builder-workspace/.dependencies/checkouts/XcodeProj/Sources/XcodeProj/Scheme/XCScheme+BuildableReference.swift (in target 'XcodeProj' from project 'XcodeProj')
    cd /Users/admin/builder/spi-builder-workspace/.swiftpm/xcode
    builtin-SwiftPerFileCompile XCScheme+BuildableReference.swift
SwiftCompile normal arm64_32 /Users/admin/builder/spi-builder-workspace/.dependencies/checkouts/XcodeProj/Sources/XcodeProj/Scheme/XCScheme+CommandLineArguments.swift (in target 'XcodeProj' from project 'XcodeProj')
    cd /Users/admin/builder/spi-builder-workspace/.swiftpm/xcode
    builtin-SwiftPerFileCompile XCScheme+CommandLineArguments.swift
SwiftCompile normal arm64_32 /Users/admin/builder/spi-builder-workspace/.dependencies/checkouts/XcodeProj/Sources/XcodeProj/Scheme/XCScheme+EnvironmentVariable.swift (in target 'XcodeProj' from project 'XcodeProj')
    cd /Users/admin/builder/spi-builder-workspace/.swiftpm/xcode
    builtin-SwiftPerFileCompile XCScheme+EnvironmentVariable.swift
SwiftCompile normal arm64_32 /Users/admin/builder/spi-builder-workspace/.dependencies/checkouts/XcodeProj/Sources/XcodeProj/Scheme/XCScheme+ExecutionAction.swift (in target 'XcodeProj' from project 'XcodeProj')
    cd /Users/admin/builder/spi-builder-workspace/.swiftpm/xcode
    builtin-SwiftPerFileCompile XCScheme+ExecutionAction.swift
SwiftCompile normal arm64 Compiling\ PBXBuildPhase.swift,\ PBXBuildRule.swift,\ PBXCopyFilesBuildPhase.swift,\ PBXFrameworksBuildPhase.swift,\ PBXHeadersBuildPhase.swift,\ PBXResourcesBuildPhase.swift,\ PBXRezBuildPhase.swift,\ PBXShellScriptBuildPhase.swift,\ PBXSourcesBuildPhase.swift,\ BuildSettings.swift,\ XCBuildConfiguration.swift /Users/admin/builder/spi-builder-workspace/.dependencies/checkouts/XcodeProj/Sources/XcodeProj/Objects/BuildPhase/PBXBuildPhase.swift /Users/admin/builder/spi-builder-workspace/.dependencies/checkouts/XcodeProj/Sources/XcodeProj/Objects/BuildPhase/PBXBuildRule.swift /Users/admin/builder/spi-builder-workspace/.dependencies/checkouts/XcodeProj/Sources/XcodeProj/Objects/BuildPhase/PBXCopyFilesBuildPhase.swift /Users/admin/builder/spi-builder-workspace/.dependencies/checkouts/XcodeProj/Sources/XcodeProj/Objects/BuildPhase/PBXFrameworksBuildPhase.swift /Users/admin/builder/spi-builder-workspace/.dependencies/checkouts/XcodeProj/Sources/XcodeProj/Objects/BuildPhase/PBXHeadersBuildPhase.swift /Users/admin/builder/spi-builder-workspace/.dependencies/checkouts/XcodeProj/Sources/XcodeProj/Objects/BuildPhase/PBXResourcesBuildPhase.swift /Users/admin/builder/spi-builder-workspace/.dependencies/checkouts/XcodeProj/Sources/XcodeProj/Objects/BuildPhase/PBXRezBuildPhase.swift /Users/admin/builder/spi-builder-workspace/.dependencies/checkouts/XcodeProj/Sources/XcodeProj/Objects/BuildPhase/PBXShellScriptBuildPhase.swift /Users/admin/builder/spi-builder-workspace/.dependencies/checkouts/XcodeProj/Sources/XcodeProj/Objects/BuildPhase/PBXSourcesBuildPhase.swift /Users/admin/builder/spi-builder-workspace/.dependencies/checkouts/XcodeProj/Sources/XcodeProj/Objects/Configuration/BuildSettings.swift /Users/admin/builder/spi-builder-workspace/.dependencies/checkouts/XcodeProj/Sources/XcodeProj/Objects/Configuration/XCBuildConfiguration.swift (in target 'XcodeProj' from project 'XcodeProj')
SwiftCompile normal arm64 /Users/admin/builder/spi-builder-workspace/.dependencies/checkouts/XcodeProj/Sources/XcodeProj/Objects/BuildPhase/PBXBuildPhase.swift (in target 'XcodeProj' from project 'XcodeProj')
    cd /Users/admin/builder/spi-builder-workspace/.swiftpm/xcode
    builtin-SwiftPerFileCompile PBXBuildPhase.swift
SwiftCompile normal arm64 /Users/admin/builder/spi-builder-workspace/.dependencies/checkouts/XcodeProj/Sources/XcodeProj/Objects/BuildPhase/PBXBuildRule.swift (in target 'XcodeProj' from project 'XcodeProj')
    cd /Users/admin/builder/spi-builder-workspace/.swiftpm/xcode
    builtin-SwiftPerFileCompile PBXBuildRule.swift
SwiftCompile normal arm64 /Users/admin/builder/spi-builder-workspace/.dependencies/checkouts/XcodeProj/Sources/XcodeProj/Objects/BuildPhase/PBXCopyFilesBuildPhase.swift (in target 'XcodeProj' from project 'XcodeProj')
    cd /Users/admin/builder/spi-builder-workspace/.swiftpm/xcode
    builtin-SwiftPerFileCompile PBXCopyFilesBuildPhase.swift
SwiftCompile normal arm64 /Users/admin/builder/spi-builder-workspace/.dependencies/checkouts/XcodeProj/Sources/XcodeProj/Objects/BuildPhase/PBXFrameworksBuildPhase.swift (in target 'XcodeProj' from project 'XcodeProj')
    cd /Users/admin/builder/spi-builder-workspace/.swiftpm/xcode
    builtin-SwiftPerFileCompile PBXFrameworksBuildPhase.swift
SwiftCompile normal arm64 /Users/admin/builder/spi-builder-workspace/.dependencies/checkouts/XcodeProj/Sources/XcodeProj/Objects/BuildPhase/PBXHeadersBuildPhase.swift (in target 'XcodeProj' from project 'XcodeProj')
    cd /Users/admin/builder/spi-builder-workspace/.swiftpm/xcode
    builtin-SwiftPerFileCompile PBXHeadersBuildPhase.swift
SwiftCompile normal arm64 /Users/admin/builder/spi-builder-workspace/.dependencies/checkouts/XcodeProj/Sources/XcodeProj/Objects/BuildPhase/PBXResourcesBuildPhase.swift (in target 'XcodeProj' from project 'XcodeProj')
    cd /Users/admin/builder/spi-builder-workspace/.swiftpm/xcode
    builtin-SwiftPerFileCompile PBXResourcesBuildPhase.swift
SwiftCompile normal arm64 /Users/admin/builder/spi-builder-workspace/.dependencies/checkouts/XcodeProj/Sources/XcodeProj/Objects/BuildPhase/PBXRezBuildPhase.swift (in target 'XcodeProj' from project 'XcodeProj')
    cd /Users/admin/builder/spi-builder-workspace/.swiftpm/xcode
    builtin-SwiftPerFileCompile PBXRezBuildPhase.swift
SwiftCompile normal arm64 /Users/admin/builder/spi-builder-workspace/.dependencies/checkouts/XcodeProj/Sources/XcodeProj/Objects/BuildPhase/PBXShellScriptBuildPhase.swift (in target 'XcodeProj' from project 'XcodeProj')
    cd /Users/admin/builder/spi-builder-workspace/.swiftpm/xcode
    builtin-SwiftPerFileCompile PBXShellScriptBuildPhase.swift
SwiftCompile normal arm64 /Users/admin/builder/spi-builder-workspace/.dependencies/checkouts/XcodeProj/Sources/XcodeProj/Objects/BuildPhase/PBXSourcesBuildPhase.swift (in target 'XcodeProj' from project 'XcodeProj')
    cd /Users/admin/builder/spi-builder-workspace/.swiftpm/xcode
    builtin-SwiftPerFileCompile PBXSourcesBuildPhase.swift
SwiftCompile normal arm64 /Users/admin/builder/spi-builder-workspace/.dependencies/checkouts/XcodeProj/Sources/XcodeProj/Objects/Configuration/BuildSettings.swift (in target 'XcodeProj' from project 'XcodeProj')
    cd /Users/admin/builder/spi-builder-workspace/.swiftpm/xcode
    builtin-SwiftPerFileCompile BuildSettings.swift
SwiftCompile normal arm64 /Users/admin/builder/spi-builder-workspace/.dependencies/checkouts/XcodeProj/Sources/XcodeProj/Objects/Configuration/XCBuildConfiguration.swift (in target 'XcodeProj' from project 'XcodeProj')
    cd /Users/admin/builder/spi-builder-workspace/.swiftpm/xcode
    builtin-SwiftPerFileCompile XCBuildConfiguration.swift
SwiftDriverJobDiscovery normal arm64_32 Compiling PlistDecoding.swift, PlistValue.swift, ReferenceGenerator.swift, XCConfig.swift, XCWorkspace.swift, XCWorkspaceData.swift, XCWorkspaceDataElement.swift, XCWorkspaceDataElementLocationType.swift, XCWorkspaceDataFileRef.swift, XCWorkspaceDataGroup.swift (in target 'XcodeProj' from project 'XcodeProj')
SwiftCompile normal arm64_32 Compiling\ PBXReferenceProxy.swift,\ PBXTarget.swift,\ PBXTargetDependency.swift,\ WorkspaceSettings.swift,\ XCBreakpointList.swift,\ XCDebugger.swift,\ XCSharedData.swift,\ XCUserData.swift,\ Xcode.swift,\ XcodeProj.swift /Users/admin/builder/spi-builder-workspace/.dependencies/checkouts/XcodeProj/Sources/XcodeProj/Objects/Targets/PBXReferenceProxy.swift /Users/admin/builder/spi-builder-workspace/.dependencies/checkouts/XcodeProj/Sources/XcodeProj/Objects/Targets/PBXTarget.swift /Users/admin/builder/spi-builder-workspace/.dependencies/checkouts/XcodeProj/Sources/XcodeProj/Objects/Targets/PBXTargetDependency.swift /Users/admin/builder/spi-builder-workspace/.dependencies/checkouts/XcodeProj/Sources/XcodeProj/Project/WorkspaceSettings.swift /Users/admin/builder/spi-builder-workspace/.dependencies/checkouts/XcodeProj/Sources/XcodeProj/Project/XCBreakpointList.swift /Users/admin/builder/spi-builder-workspace/.dependencies/checkouts/XcodeProj/Sources/XcodeProj/Project/XCDebugger.swift /Users/admin/builder/spi-builder-workspace/.dependencies/checkouts/XcodeProj/Sources/XcodeProj/Project/XCSharedData.swift /Users/admin/builder/spi-builder-workspace/.dependencies/checkouts/XcodeProj/Sources/XcodeProj/Project/XCUserData.swift /Users/admin/builder/spi-builder-workspace/.dependencies/checkouts/XcodeProj/Sources/XcodeProj/Project/Xcode.swift /Users/admin/builder/spi-builder-workspace/.dependencies/checkouts/XcodeProj/Sources/XcodeProj/Project/XcodeProj.swift (in target 'XcodeProj' from project 'XcodeProj')
SwiftCompile normal arm64_32 /Users/admin/builder/spi-builder-workspace/.dependencies/checkouts/XcodeProj/Sources/XcodeProj/Objects/Targets/PBXReferenceProxy.swift (in target 'XcodeProj' from project 'XcodeProj')
    cd /Users/admin/builder/spi-builder-workspace/.swiftpm/xcode
    builtin-SwiftPerFileCompile PBXReferenceProxy.swift
SwiftCompile normal arm64_32 /Users/admin/builder/spi-builder-workspace/.dependencies/checkouts/XcodeProj/Sources/XcodeProj/Objects/Targets/PBXTarget.swift (in target 'XcodeProj' from project 'XcodeProj')
    cd /Users/admin/builder/spi-builder-workspace/.swiftpm/xcode
    builtin-SwiftPerFileCompile PBXTarget.swift
SwiftCompile normal arm64_32 /Users/admin/builder/spi-builder-workspace/.dependencies/checkouts/XcodeProj/Sources/XcodeProj/Objects/Targets/PBXTargetDependency.swift (in target 'XcodeProj' from project 'XcodeProj')
    cd /Users/admin/builder/spi-builder-workspace/.swiftpm/xcode
    builtin-SwiftPerFileCompile PBXTargetDependency.swift
SwiftCompile normal arm64_32 /Users/admin/builder/spi-builder-workspace/.dependencies/checkouts/XcodeProj/Sources/XcodeProj/Project/WorkspaceSettings.swift (in target 'XcodeProj' from project 'XcodeProj')
    cd /Users/admin/builder/spi-builder-workspace/.swiftpm/xcode
    builtin-SwiftPerFileCompile WorkspaceSettings.swift
SwiftCompile normal arm64_32 /Users/admin/builder/spi-builder-workspace/.dependencies/checkouts/XcodeProj/Sources/XcodeProj/Project/XCBreakpointList.swift (in target 'XcodeProj' from project 'XcodeProj')
    cd /Users/admin/builder/spi-builder-workspace/.swiftpm/xcode
    builtin-SwiftPerFileCompile XCBreakpointList.swift
SwiftCompile normal arm64_32 /Users/admin/builder/spi-builder-workspace/.dependencies/checkouts/XcodeProj/Sources/XcodeProj/Project/XCDebugger.swift (in target 'XcodeProj' from project 'XcodeProj')
    cd /Users/admin/builder/spi-builder-workspace/.swiftpm/xcode
    builtin-SwiftPerFileCompile XCDebugger.swift
SwiftCompile normal arm64_32 /Users/admin/builder/spi-builder-workspace/.dependencies/checkouts/XcodeProj/Sources/XcodeProj/Project/XCSharedData.swift (in target 'XcodeProj' from project 'XcodeProj')
    cd /Users/admin/builder/spi-builder-workspace/.swiftpm/xcode
    builtin-SwiftPerFileCompile XCSharedData.swift
SwiftCompile normal arm64_32 /Users/admin/builder/spi-builder-workspace/.dependencies/checkouts/XcodeProj/Sources/XcodeProj/Project/XCUserData.swift (in target 'XcodeProj' from project 'XcodeProj')
    cd /Users/admin/builder/spi-builder-workspace/.swiftpm/xcode
    builtin-SwiftPerFileCompile XCUserData.swift
SwiftCompile normal arm64_32 /Users/admin/builder/spi-builder-workspace/.dependencies/checkouts/XcodeProj/Sources/XcodeProj/Project/Xcode.swift (in target 'XcodeProj' from project 'XcodeProj')
    cd /Users/admin/builder/spi-builder-workspace/.swiftpm/xcode
    builtin-SwiftPerFileCompile Xcode.swift
SwiftCompile normal arm64_32 /Users/admin/builder/spi-builder-workspace/.dependencies/checkouts/XcodeProj/Sources/XcodeProj/Project/XcodeProj.swift (in target 'XcodeProj' from project 'XcodeProj')
    cd /Users/admin/builder/spi-builder-workspace/.swiftpm/xcode
    builtin-SwiftPerFileCompile XcodeProj.swift
SwiftEmitModule normal arm64 Emitting\ module\ for\ StringIndentHelpersTests (in target 'StringIndentHelpersTests-product' from project 'DependencyGraph')
SwiftCompile normal arm64 (in target 'StringIndentHelpersTests-product' from project 'DependencyGraph')
    cd /Users/admin/builder/spi-builder-workspace/.swiftpm/xcode

SwiftExplicitDependencyCompileModuleFromInterface arm64_32 /Users/admin/builder/spi-builder-workspace/.derivedData/Build/Intermediates.noindex/SwiftExplicitPrecompiledModules/XCTest-3CRT07T5RQDUO.swiftmodule
SwiftDriverJobDiscovery normal arm64 Emitting module for StringIndentHelpersTests (in target 'StringIndentHelpersTests-product' from project 'DependencyGraph')
SwiftDriver\ Compilation\ Requirements StringIndentHelpersTests normal arm64 com.apple.xcode.tools.swift.compiler (in target 'StringIndentHelpersTests-product' from project 'DependencyGraph')
    cd /Users/admin/builder/spi-builder-workspace/.swiftpm/xcode
    builtin-Swift-Compilation-Requirements -- /Applications/Xcode-27.0.0-Release.Candidate.app/Contents/Developer/Toolchains/XcodeDefault.xctoolchain/usr/bin/swiftc -parse-as-library -module-name StringIndentHelpersTests -Onone @/Users/admin/builder/spi-builder-workspace/.derivedData/Build/Intermediates.noindex/DependencyGraph.build/Debug-watchos/StringIndentHelpersTests-p.build/Objects-normal/arm64/StringIndentHelpersTests.SwiftFileList -DSWIFT_PACKAGE -DDEBUG -DXcode -plugin-path /Applications/Xcode-27.0.0-Release.Candidate.app/Contents/Developer/Toolchains/XcodeDefault.xctoolchain/usr/lib/swift/host/plugins/testing -enable-experimental-feature DebugDescriptionMacro -sdk /Applications/Xcode-27.0.0-Release.Candidate.app/Contents/Developer/Platforms/WatchOS.platform/Developer/SDKs/WatchOS27.0.sdk -target arm64-apple-watchos10.0 -g -module-cache-path /Users/admin/builder/spi-builder-workspace/.derivedData/ModuleCache.noindex -Xfrontend -serialize-debugging-options -enable-testing -index-store-path /Users/admin/builder/spi-builder-workspace/.derivedData/Index.noindex/DataStore -Xcc -D_LIBCPP_HARDENING_MODE\=_LIBCPP_HARDENING_MODE_DEBUG -swift-version 5 -I /Users/admin/builder/spi-builder-workspace/.derivedData/Build/Products/Debug-watchos -Isystem /Applications/Xcode-27.0.0-Release.Candidate.app/Contents/Developer/Platforms/WatchOS.platform/Developer/usr/lib -F /Users/admin/builder/spi-builder-workspace/.derivedData/Build/Products/Debug-watchos/PackageFrameworks -F /Users/admin/builder/spi-builder-workspace/.derivedData/Build/Products/Debug-watchos -F /Applications/Xcode-27.0.0-Release.Candidate.app/Contents/Developer/Platforms/WatchOS.platform/Developer/Library/Frameworks -F /Applications/Xcode-27.0.0-Release.Candidate.app/Contents/Developer/Platforms/WatchOS.platform/Developer/SDKs/WatchOS27.0.sdk/Developer/Library/Frameworks -c -j10 -enable-batch-mode -incremental -Xcc -ivfsstatcache -Xcc /Users/admin/builder/spi-builder-workspace/.derivedData/SDKStatCaches.noindex/watchos27.0-24R360-e829b21a6f8c9b70876ba0858053c04477534ef55a1706bf4c1112bbb242f0a2.sdkstatcache -output-file-map /Users/admin/builder/spi-builder-workspace/.derivedData/Build/Intermediates.noindex/DependencyGraph.build/Debug-watchos/StringIndentHelpersTests-p.build/Objects-normal/arm64/StringIndentHelpersTests-OutputFileMap.json -save-temps -no-color-diagnostics -explicit-module-build -module-cache-path /Users/admin/builder/spi-builder-workspace/.derivedData/Build/Intermediates.noindex/SwiftExplicitPrecompiledModules -clang-scanner-module-cache-path /Users/admin/builder/spi-builder-workspace/.derivedData/ModuleCache.noindex -sdk-module-cache-path /Users/admin/builder/spi-builder-workspace/.derivedData/SDKExplicitPrecompiledModules -emit-dependencies -emit-module -emit-module-path /Users/admin/builder/spi-builder-workspace/.derivedData/Build/Intermediates.noindex/DependencyGraph.build/Debug-watchos/StringIndentHelpersTests-p.build/Objects-normal/arm64/StringIndentHelpersTests.swiftmodule -serialize-diagnostics -dependency-scan-serialize-diagnostics-path /Users/admin/builder/spi-builder-workspace/.derivedData/Build/Intermediates.noindex/DependencyGraph.build/Debug-watchos/StringIndentHelpersTests-p.build/Objects-normal/arm64/StringIndentHelpersTests-dependency-scan.dia -validate-clang-modules-once -clang-build-session-file /Users/admin/builder/spi-builder-workspace/.derivedData/ModuleCache.noindex/Session.modulevalidation -Xcc -fmodules-prune-interval\=86400 -Xcc -fmodules-prune-after\=345600 -emit-const-values -const-gather-protocols-list /Users/admin/builder/spi-builder-workspace/.derivedData/Build/Intermediates.noindex/DependencyGraph.build/Debug-watchos/StringIndentHelpersTests-p.build/Objects-normal/arm64/StringIndentHelpersTests_const_extract_protocols.json -Xcc -I/Users/admin/builder/spi-builder-workspace/.derivedData/Build/Products/Debug-watchos/include -Xcc -I/Users/admin/builder/spi-builder-workspace/.derivedData/Build/Intermediates.noindex/DependencyGraph.build/Debug-watchos/StringIndentHelpersTests-p.build/DerivedSources-normal/arm64 -Xcc -I/Users/admin/builder/spi-builder-workspace/.derivedData/Build/Intermediates.noindex/DependencyGraph.build/Debug-watchos/StringIndentHelpersTests-p.build/DerivedSources/arm64 -Xcc -I/Users/admin/builder/spi-builder-workspace/.derivedData/Build/Intermediates.noindex/DependencyGraph.build/Debug-watchos/StringIndentHelpersTests-p.build/DerivedSources -Xcc -DSWIFT_PACKAGE -Xcc -DDEBUG\=1 -working-directory /Users/admin/builder/spi-builder-workspace/.swiftpm/xcode -experimental-emit-module-separately -disable-cmo
SwiftDriverJobDiscovery normal arm64 Compiling XCScheme+LaunchAction.swift, XCScheme+LocationScenarioReference.swift, XCScheme+PathRunnable.swift, XCScheme+ProfileAction.swift, XCScheme+RemoteRunnable.swift, XCScheme+Runnable.swift, XCScheme+SerialAction.swift, XCScheme+StoreKitConfigurationFileReference.swift, XCScheme+TestAction.swift, XCScheme+TestItem.swift (in target 'XcodeProj' from project 'XcodeProj')
SwiftCompile normal arm64 Compiling\ PBXProject.swift,\ Equality.generated.swift,\ Sourcery.swift,\ XCLocalSwiftPackageReference.swift,\ XCRemoteSwiftPackageReference.swift,\ XCSwiftPackageProductDependency.swift,\ PBXAggregateTarget.swift,\ PBXLegacyTarget.swift,\ PBXNativeTarget.swift,\ PBXProductType.swift /Users/admin/builder/spi-builder-workspace/.dependencies/checkouts/XcodeProj/Sources/XcodeProj/Objects/Project/PBXProject.swift /Users/admin/builder/spi-builder-workspace/.dependencies/checkouts/XcodeProj/Sources/XcodeProj/Objects/Sourcery/Equality.generated.swift /Users/admin/builder/spi-builder-workspace/.dependencies/checkouts/XcodeProj/Sources/XcodeProj/Objects/Sourcery/Sourcery.swift /Users/admin/builder/spi-builder-workspace/.dependencies/checkouts/XcodeProj/Sources/XcodeProj/Objects/SwiftPackage/XCLocalSwiftPackageReference.swift /Users/admin/builder/spi-builder-workspace/.dependencies/checkouts/XcodeProj/Sources/XcodeProj/Objects/SwiftPackage/XCRemoteSwiftPackageReference.swift /Users/admin/builder/spi-builder-workspace/.dependencies/checkouts/XcodeProj/Sources/XcodeProj/Objects/SwiftPackage/XCSwiftPackageProductDependency.swift /Users/admin/builder/spi-builder-workspace/.dependencies/checkouts/XcodeProj/Sources/XcodeProj/Objects/Targets/PBXAggregateTarget.swift /Users/admin/builder/spi-builder-workspace/.dependencies/checkouts/XcodeProj/Sources/XcodeProj/Objects/Targets/PBXLegacyTarget.swift /Users/admin/builder/spi-builder-workspace/.dependencies/checkouts/XcodeProj/Sources/XcodeProj/Objects/Targets/PBXNativeTarget.swift /Users/admin/builder/spi-builder-workspace/.dependencies/checkouts/XcodeProj/Sources/XcodeProj/Objects/Targets/PBXProductType.swift (in target 'XcodeProj' from project 'XcodeProj')
SwiftCompile normal arm64 /Users/admin/builder/spi-builder-workspace/.dependencies/checkouts/XcodeProj/Sources/XcodeProj/Objects/Project/PBXProject.swift (in target 'XcodeProj' from project 'XcodeProj')
    cd /Users/admin/builder/spi-builder-workspace/.swiftpm/xcode
    builtin-SwiftPerFileCompile PBXProject.swift
SwiftCompile normal arm64 /Users/admin/builder/spi-builder-workspace/.dependencies/checkouts/XcodeProj/Sources/XcodeProj/Objects/Sourcery/Equality.generated.swift (in target 'XcodeProj' from project 'XcodeProj')
    cd /Users/admin/builder/spi-builder-workspace/.swiftpm/xcode
    builtin-SwiftPerFileCompile Equality.generated.swift
SwiftCompile normal arm64 /Users/admin/builder/spi-builder-workspace/.dependencies/checkouts/XcodeProj/Sources/XcodeProj/Objects/Sourcery/Sourcery.swift (in target 'XcodeProj' from project 'XcodeProj')
    cd /Users/admin/builder/spi-builder-workspace/.swiftpm/xcode
    builtin-SwiftPerFileCompile Sourcery.swift
SwiftCompile normal arm64 /Users/admin/builder/spi-builder-workspace/.dependencies/checkouts/XcodeProj/Sources/XcodeProj/Objects/SwiftPackage/XCLocalSwiftPackageReference.swift (in target 'XcodeProj' from project 'XcodeProj')
    cd /Users/admin/builder/spi-builder-workspace/.swiftpm/xcode
    builtin-SwiftPerFileCompile XCLocalSwiftPackageReference.swift
SwiftCompile normal arm64 /Users/admin/builder/spi-builder-workspace/.dependencies/checkouts/XcodeProj/Sources/XcodeProj/Objects/SwiftPackage/XCRemoteSwiftPackageReference.swift (in target 'XcodeProj' from project 'XcodeProj')
    cd /Users/admin/builder/spi-builder-workspace/.swiftpm/xcode
    builtin-SwiftPerFileCompile XCRemoteSwiftPackageReference.swift
SwiftCompile normal arm64 /Users/admin/builder/spi-builder-workspace/.dependencies/checkouts/XcodeProj/Sources/XcodeProj/Objects/SwiftPackage/XCSwiftPackageProductDependency.swift (in target 'XcodeProj' from project 'XcodeProj')
    cd /Users/admin/builder/spi-builder-workspace/.swiftpm/xcode
    builtin-SwiftPerFileCompile XCSwiftPackageProductDependency.swift
SwiftCompile normal arm64 /Users/admin/builder/spi-builder-workspace/.dependencies/checkouts/XcodeProj/Sources/XcodeProj/Objects/Targets/PBXAggregateTarget.swift (in target 'XcodeProj' from project 'XcodeProj')
    cd /Users/admin/builder/spi-builder-workspace/.swiftpm/xcode
    builtin-SwiftPerFileCompile PBXAggregateTarget.swift
SwiftCompile normal arm64 /Users/admin/builder/spi-builder-workspace/.dependencies/checkouts/XcodeProj/Sources/XcodeProj/Objects/Targets/PBXLegacyTarget.swift (in target 'XcodeProj' from project 'XcodeProj')
    cd /Users/admin/builder/spi-builder-workspace/.swiftpm/xcode
    builtin-SwiftPerFileCompile PBXLegacyTarget.swift
SwiftCompile normal arm64 /Users/admin/builder/spi-builder-workspace/.dependencies/checkouts/XcodeProj/Sources/XcodeProj/Objects/Targets/PBXNativeTarget.swift (in target 'XcodeProj' from project 'XcodeProj')
    cd /Users/admin/builder/spi-builder-workspace/.swiftpm/xcode
    builtin-SwiftPerFileCompile PBXNativeTarget.swift
SwiftCompile normal arm64 /Users/admin/builder/spi-builder-workspace/.dependencies/checkouts/XcodeProj/Sources/XcodeProj/Objects/Targets/PBXProductType.swift (in target 'XcodeProj' from project 'XcodeProj')
    cd /Users/admin/builder/spi-builder-workspace/.swiftpm/xcode
    builtin-SwiftPerFileCompile PBXProductType.swift
Copy /Users/admin/builder/spi-builder-workspace/.derivedData/Build/Products/Debug-watchos/StringIndentHelpersTests.swiftmodule/arm64-apple-watchos.swiftmodule /Users/admin/builder/spi-builder-workspace/.derivedData/Build/Intermediates.noindex/DependencyGraph.build/Debug-watchos/StringIndentHelpersTests-p.build/Objects-normal/arm64/StringIndentHelpersTests.swiftmodule (in target 'StringIndentHelpersTests-product' from project 'DependencyGraph')
    cd /Users/admin/builder/spi-builder-workspace
    builtin-copy -exclude .DS_Store -exclude CVS -exclude .svn -exclude .git -exclude .hg -resolve-src-symlinks -rename /Users/admin/builder/spi-builder-workspace/.derivedData/Build/Intermediates.noindex/DependencyGraph.build/Debug-watchos/StringIndentHelpersTests-p.build/Objects-normal/arm64/StringIndentHelpersTests.swiftmodule /Users/admin/builder/spi-builder-workspace/.derivedData/Build/Products/Debug-watchos/StringIndentHelpersTests.swiftmodule/arm64-apple-watchos.swiftmodule
SwiftEmitModule normal arm64_32 Emitting\ module\ for\ StringIndentHelpersTests (in target 'StringIndentHelpersTests-product' from project 'DependencyGraph')
SwiftCompile normal arm64_32 (in target 'StringIndentHelpersTests-product' from project 'DependencyGraph')
    cd /Users/admin/builder/spi-builder-workspace/.swiftpm/xcode

Copy /Users/admin/builder/spi-builder-workspace/.derivedData/Build/Products/Debug-watchos/StringIndentHelpersTests.swiftmodule/arm64-apple-watchos.swiftdoc /Users/admin/builder/spi-builder-workspace/.derivedData/Build/Intermediates.noindex/DependencyGraph.build/Debug-watchos/StringIndentHelpersTests-p.build/Objects-normal/arm64/StringIndentHelpersTests.swiftdoc (in target 'StringIndentHelpersTests-product' from project 'DependencyGraph')
    cd /Users/admin/builder/spi-builder-workspace
    builtin-copy -exclude .DS_Store -exclude CVS -exclude .svn -exclude .git -exclude .hg -resolve-src-symlinks -rename /Users/admin/builder/spi-builder-workspace/.derivedData/Build/Intermediates.noindex/DependencyGraph.build/Debug-watchos/StringIndentHelpersTests-p.build/Objects-normal/arm64/StringIndentHelpersTests.swiftdoc /Users/admin/builder/spi-builder-workspace/.derivedData/Build/Products/Debug-watchos/StringIndentHelpersTests.swiftmodule/arm64-apple-watchos.swiftdoc
SwiftDriverJobDiscovery normal arm64_32 Emitting module for StringIndentHelpersTests (in target 'StringIndentHelpersTests-product' from project 'DependencyGraph')
SwiftDriver\ Compilation\ Requirements StringIndentHelpersTests normal arm64_32 com.apple.xcode.tools.swift.compiler (in target 'StringIndentHelpersTests-product' from project 'DependencyGraph')
    cd /Users/admin/builder/spi-builder-workspace/.swiftpm/xcode
    builtin-Swift-Compilation-Requirements -- /Applications/Xcode-27.0.0-Release.Candidate.app/Contents/Developer/Toolchains/XcodeDefault.xctoolchain/usr/bin/swiftc -parse-as-library -module-name StringIndentHelpersTests -Onone @/Users/admin/builder/spi-builder-workspace/.derivedData/Build/Intermediates.noindex/DependencyGraph.build/Debug-watchos/StringIndentHelpersTests-p.build/Objects-normal/arm64_32/StringIndentHelpersTests.SwiftFileList -DSWIFT_PACKAGE -DDEBUG -DXcode -plugin-path /Applications/Xcode-27.0.0-Release.Candidate.app/Contents/Developer/Toolchains/XcodeDefault.xctoolchain/usr/lib/swift/host/plugins/testing -enable-experimental-feature DebugDescriptionMacro -sdk /Applications/Xcode-27.0.0-Release.Candidate.app/Contents/Developer/Platforms/WatchOS.platform/Developer/SDKs/WatchOS27.0.sdk -target arm64_32-apple-watchos10.0 -g -module-cache-path /Users/admin/builder/spi-builder-workspace/.derivedData/ModuleCache.noindex -Xfrontend -serialize-debugging-options -enable-testing -index-store-path /Users/admin/builder/spi-builder-workspace/.derivedData/Index.noindex/DataStore -Xcc -D_LIBCPP_HARDENING_MODE\=_LIBCPP_HARDENING_MODE_DEBUG -swift-version 5 -I /Users/admin/builder/spi-builder-workspace/.derivedData/Build/Products/Debug-watchos -Isystem /Applications/Xcode-27.0.0-Release.Candidate.app/Contents/Developer/Platforms/WatchOS.platform/Developer/usr/lib -F /Users/admin/builder/spi-builder-workspace/.derivedData/Build/Products/Debug-watchos/PackageFrameworks -F /Users/admin/builder/spi-builder-workspace/.derivedData/Build/Products/Debug-watchos -F /Applications/Xcode-27.0.0-Release.Candidate.app/Contents/Developer/Platforms/WatchOS.platform/Developer/Library/Frameworks -F /Applications/Xcode-27.0.0-Release.Candidate.app/Contents/Developer/Platforms/WatchOS.platform/Developer/SDKs/WatchOS27.0.sdk/Developer/Library/Frameworks -c -j10 -enable-batch-mode -incremental -Xcc -ivfsstatcache -Xcc /Users/admin/builder/spi-builder-workspace/.derivedData/SDKStatCaches.noindex/watchos27.0-24R360-e829b21a6f8c9b70876ba0858053c04477534ef55a1706bf4c1112bbb242f0a2.sdkstatcache -output-file-map /Users/admin/builder/spi-builder-workspace/.derivedData/Build/Intermediates.noindex/DependencyGraph.build/Debug-watchos/StringIndentHelpersTests-p.build/Objects-normal/arm64_32/StringIndentHelpersTests-OutputFileMap.json -save-temps -no-color-diagnostics -explicit-module-build -module-cache-path /Users/admin/builder/spi-builder-workspace/.derivedData/Build/Intermediates.noindex/SwiftExplicitPrecompiledModules -clang-scanner-module-cache-path /Users/admin/builder/spi-builder-workspace/.derivedData/ModuleCache.noindex -sdk-module-cache-path /Users/admin/builder/spi-builder-workspace/.derivedData/SDKExplicitPrecompiledModules -emit-dependencies -emit-module -emit-module-path /Users/admin/builder/spi-builder-workspace/.derivedData/Build/Intermediates.noindex/DependencyGraph.build/Debug-watchos/StringIndentHelpersTests-p.build/Objects-normal/arm64_32/StringIndentHelpersTests.swiftmodule -serialize-diagnostics -dependency-scan-serialize-diagnostics-path /Users/admin/builder/spi-builder-workspace/.derivedData/Build/Intermediates.noindex/DependencyGraph.build/Debug-watchos/StringIndentHelpersTests-p.build/Objects-normal/arm64_32/StringIndentHelpersTests-dependency-scan.dia -validate-clang-modules-once -clang-build-session-file /Users/admin/builder/spi-builder-workspace/.derivedData/ModuleCache.noindex/Session.modulevalidation -Xcc -fmodules-prune-interval\=86400 -Xcc -fmodules-prune-after\=345600 -emit-const-values -const-gather-protocols-list /Users/admin/builder/spi-builder-workspace/.derivedData/Build/Intermediates.noindex/DependencyGraph.build/Debug-watchos/StringIndentHelpersTests-p.build/Objects-normal/arm64_32/StringIndentHelpersTests_const_extract_protocols.json -Xcc -I/Users/admin/builder/spi-builder-workspace/.derivedData/Build/Products/Debug-watchos/include -Xcc -I/Users/admin/builder/spi-builder-workspace/.derivedData/Build/Intermediates.noindex/DependencyGraph.build/Debug-watchos/StringIndentHelpersTests-p.build/DerivedSources-normal/arm64_32 -Xcc -I/Users/admin/builder/spi-builder-workspace/.derivedData/Build/Intermediates.noindex/DependencyGraph.build/Debug-watchos/StringIndentHelpersTests-p.build/DerivedSources/arm64_32 -Xcc -I/Users/admin/builder/spi-builder-workspace/.derivedData/Build/Intermediates.noindex/DependencyGraph.build/Debug-watchos/StringIndentHelpersTests-p.build/DerivedSources -Xcc -DSWIFT_PACKAGE -Xcc -DDEBUG\=1 -working-directory /Users/admin/builder/spi-builder-workspace/.swiftpm/xcode -experimental-emit-module-separately -disable-cmo
Copy /Users/admin/builder/spi-builder-workspace/.derivedData/Build/Products/Debug-watchos/StringIndentHelpersTests.swiftmodule/arm64-apple-watchos.abi.json /Users/admin/builder/spi-builder-workspace/.derivedData/Build/Intermediates.noindex/DependencyGraph.build/Debug-watchos/StringIndentHelpersTests-p.build/Objects-normal/arm64/StringIndentHelpersTests.abi.json (in target 'StringIndentHelpersTests-product' from project 'DependencyGraph')
    cd /Users/admin/builder/spi-builder-workspace
    builtin-copy -exclude .DS_Store -exclude CVS -exclude .svn -exclude .git -exclude .hg -resolve-src-symlinks -rename /Users/admin/builder/spi-builder-workspace/.derivedData/Build/Intermediates.noindex/DependencyGraph.build/Debug-watchos/StringIndentHelpersTests-p.build/Objects-normal/arm64/StringIndentHelpersTests.abi.json /Users/admin/builder/spi-builder-workspace/.derivedData/Build/Products/Debug-watchos/StringIndentHelpersTests.swiftmodule/arm64-apple-watchos.abi.json
Copy /Users/admin/builder/spi-builder-workspace/.derivedData/Build/Products/Debug-watchos/StringIndentHelpersTests.swiftmodule/arm64_32-apple-watchos.swiftmodule /Users/admin/builder/spi-builder-workspace/.derivedData/Build/Intermediates.noindex/DependencyGraph.build/Debug-watchos/StringIndentHelpersTests-p.build/Objects-normal/arm64_32/StringIndentHelpersTests.swiftmodule (in target 'StringIndentHelpersTests-product' from project 'DependencyGraph')
    cd /Users/admin/builder/spi-builder-workspace
    builtin-copy -exclude .DS_Store -exclude CVS -exclude .svn -exclude .git -exclude .hg -resolve-src-symlinks -rename /Users/admin/builder/spi-builder-workspace/.derivedData/Build/Intermediates.noindex/DependencyGraph.build/Debug-watchos/StringIndentHelpersTests-p.build/Objects-normal/arm64_32/StringIndentHelpersTests.swiftmodule /Users/admin/builder/spi-builder-workspace/.derivedData/Build/Products/Debug-watchos/StringIndentHelpersTests.swiftmodule/arm64_32-apple-watchos.swiftmodule
Copy /Users/admin/builder/spi-builder-workspace/.derivedData/Build/Products/Debug-watchos/StringIndentHelpersTests.swiftmodule/arm64_32-apple-watchos.swiftdoc /Users/admin/builder/spi-builder-workspace/.derivedData/Build/Intermediates.noindex/DependencyGraph.build/Debug-watchos/StringIndentHelpersTests-p.build/Objects-normal/arm64_32/StringIndentHelpersTests.swiftdoc (in target 'StringIndentHelpersTests-product' from project 'DependencyGraph')
    cd /Users/admin/builder/spi-builder-workspace
    builtin-copy -exclude .DS_Store -exclude CVS -exclude .svn -exclude .git -exclude .hg -resolve-src-symlinks -rename /Users/admin/builder/spi-builder-workspace/.derivedData/Build/Intermediates.noindex/DependencyGraph.build/Debug-watchos/StringIndentHelpersTests-p.build/Objects-normal/arm64_32/StringIndentHelpersTests.swiftdoc /Users/admin/builder/spi-builder-workspace/.derivedData/Build/Products/Debug-watchos/StringIndentHelpersTests.swiftmodule/arm64_32-apple-watchos.swiftdoc
Copy /Users/admin/builder/spi-builder-workspace/.derivedData/Build/Products/Debug-watchos/StringIndentHelpersTests.swiftmodule/arm64_32-apple-watchos.abi.json /Users/admin/builder/spi-builder-workspace/.derivedData/Build/Intermediates.noindex/DependencyGraph.build/Debug-watchos/StringIndentHelpersTests-p.build/Objects-normal/arm64_32/StringIndentHelpersTests.abi.json (in target 'StringIndentHelpersTests-product' from project 'DependencyGraph')
    cd /Users/admin/builder/spi-builder-workspace
    builtin-copy -exclude .DS_Store -exclude CVS -exclude .svn -exclude .git -exclude .hg -resolve-src-symlinks -rename /Users/admin/builder/spi-builder-workspace/.derivedData/Build/Intermediates.noindex/DependencyGraph.build/Debug-watchos/StringIndentHelpersTests-p.build/Objects-normal/arm64_32/StringIndentHelpersTests.abi.json /Users/admin/builder/spi-builder-workspace/.derivedData/Build/Products/Debug-watchos/StringIndentHelpersTests.swiftmodule/arm64_32-apple-watchos.abi.json
Copy /Users/admin/builder/spi-builder-workspace/.derivedData/Build/Products/Debug-watchos/StringIndentHelpersTests.swiftmodule/Project/arm64_32-apple-watchos.swiftsourceinfo /Users/admin/builder/spi-builder-workspace/.derivedData/Build/Intermediates.noindex/DependencyGraph.build/Debug-watchos/StringIndentHelpersTests-p.build/Objects-normal/arm64_32/StringIndentHelpersTests.swiftsourceinfo (in target 'StringIndentHelpersTests-product' from project 'DependencyGraph')
    cd /Users/admin/builder/spi-builder-workspace
    builtin-copy -exclude .DS_Store -exclude CVS -exclude .svn -exclude .git -exclude .hg -resolve-src-symlinks -rename /Users/admin/builder/spi-builder-workspace/.derivedData/Build/Intermediates.noindex/DependencyGraph.build/Debug-watchos/StringIndentHelpersTests-p.build/Objects-normal/arm64_32/StringIndentHelpersTests.swiftsourceinfo /Users/admin/builder/spi-builder-workspace/.derivedData/Build/Products/Debug-watchos/StringIndentHelpersTests.swiftmodule/Project/arm64_32-apple-watchos.swiftsourceinfo
Copy /Users/admin/builder/spi-builder-workspace/.derivedData/Build/Products/Debug-watchos/StringIndentHelpersTests.swiftmodule/Project/arm64-apple-watchos.swiftsourceinfo /Users/admin/builder/spi-builder-workspace/.derivedData/Build/Intermediates.noindex/DependencyGraph.build/Debug-watchos/StringIndentHelpersTests-p.build/Objects-normal/arm64/StringIndentHelpersTests.swiftsourceinfo (in target 'StringIndentHelpersTests-product' from project 'DependencyGraph')
    cd /Users/admin/builder/spi-builder-workspace
    builtin-copy -exclude .DS_Store -exclude CVS -exclude .svn -exclude .git -exclude .hg -resolve-src-symlinks -rename /Users/admin/builder/spi-builder-workspace/.derivedData/Build/Intermediates.noindex/DependencyGraph.build/Debug-watchos/StringIndentHelpersTests-p.build/Objects-normal/arm64/StringIndentHelpersTests.swiftsourceinfo /Users/admin/builder/spi-builder-workspace/.derivedData/Build/Products/Debug-watchos/StringIndentHelpersTests.swiftmodule/Project/arm64-apple-watchos.swiftsourceinfo
SwiftCompile normal arm64 Compiling\ Writable.swift,\ XCScheme+AditionalOption.swift,\ XCScheme+AnalyzeAction.swift,\ XCScheme+ArchiveAction.swift,\ XCScheme+BuildAction.swift,\ XCScheme+BuildableProductRunnable.swift,\ XCScheme+BuildableReference.swift,\ XCScheme+CommandLineArguments.swift,\ XCScheme+EnvironmentVariable.swift,\ XCScheme+ExecutionAction.swift /Users/admin/builder/spi-builder-workspace/.dependencies/checkouts/XcodeProj/Sources/XcodeProj/Protocols/Writable.swift /Users/admin/builder/spi-builder-workspace/.dependencies/checkouts/XcodeProj/Sources/XcodeProj/Scheme/XCScheme+AditionalOption.swift /Users/admin/builder/spi-builder-workspace/.dependencies/checkouts/XcodeProj/Sources/XcodeProj/Scheme/XCScheme+AnalyzeAction.swift /Users/admin/builder/spi-builder-workspace/.dependencies/checkouts/XcodeProj/Sources/XcodeProj/Scheme/XCScheme+ArchiveAction.swift /Users/admin/builder/spi-builder-workspace/.dependencies/checkouts/XcodeProj/Sources/XcodeProj/Scheme/XCScheme+BuildAction.swift /Users/admin/builder/spi-builder-workspace/.dependencies/checkouts/XcodeProj/Sources/XcodeProj/Scheme/XCScheme+BuildableProductRunnable.swift /Users/admin/builder/spi-builder-workspace/.dependencies/checkouts/XcodeProj/Sources/XcodeProj/Scheme/XCScheme+BuildableReference.swift /Users/admin/builder/spi-builder-workspace/.dependencies/checkouts/XcodeProj/Sources/XcodeProj/Scheme/XCScheme+CommandLineArguments.swift /Users/admin/builder/spi-builder-workspace/.dependencies/checkouts/XcodeProj/Sources/XcodeProj/Scheme/XCScheme+EnvironmentVariable.swift /Users/admin/builder/spi-builder-workspace/.dependencies/checkouts/XcodeProj/Sources/XcodeProj/Scheme/XCScheme+ExecutionAction.swift (in target 'XcodeProj' from project 'XcodeProj')
SwiftCompile normal arm64 /Users/admin/builder/spi-builder-workspace/.dependencies/checkouts/XcodeProj/Sources/XcodeProj/Protocols/Writable.swift (in target 'XcodeProj' from project 'XcodeProj')
    cd /Users/admin/builder/spi-builder-workspace/.swiftpm/xcode
    builtin-SwiftPerFileCompile Writable.swift
SwiftCompile normal arm64 /Users/admin/builder/spi-builder-workspace/.dependencies/checkouts/XcodeProj/Sources/XcodeProj/Scheme/XCScheme+AditionalOption.swift (in target 'XcodeProj' from project 'XcodeProj')
    cd /Users/admin/builder/spi-builder-workspace/.swiftpm/xcode
    builtin-SwiftPerFileCompile XCScheme+AditionalOption.swift
SwiftCompile normal arm64 /Users/admin/builder/spi-builder-workspace/.dependencies/checkouts/XcodeProj/Sources/XcodeProj/Scheme/XCScheme+AnalyzeAction.swift (in target 'XcodeProj' from project 'XcodeProj')
    cd /Users/admin/builder/spi-builder-workspace/.swiftpm/xcode
    builtin-SwiftPerFileCompile XCScheme+AnalyzeAction.swift
SwiftCompile normal arm64 /Users/admin/builder/spi-builder-workspace/.dependencies/checkouts/XcodeProj/Sources/XcodeProj/Scheme/XCScheme+ArchiveAction.swift (in target 'XcodeProj' from project 'XcodeProj')
    cd /Users/admin/builder/spi-builder-workspace/.swiftpm/xcode
    builtin-SwiftPerFileCompile XCScheme+ArchiveAction.swift
SwiftCompile normal arm64 /Users/admin/builder/spi-builder-workspace/.dependencies/checkouts/XcodeProj/Sources/XcodeProj/Scheme/XCScheme+BuildAction.swift (in target 'XcodeProj' from project 'XcodeProj')
    cd /Users/admin/builder/spi-builder-workspace/.swiftpm/xcode
    builtin-SwiftPerFileCompile XCScheme+BuildAction.swift
SwiftCompile normal arm64 /Users/admin/builder/spi-builder-workspace/.dependencies/checkouts/XcodeProj/Sources/XcodeProj/Scheme/XCScheme+BuildableProductRunnable.swift (in target 'XcodeProj' from project 'XcodeProj')
    cd /Users/admin/builder/spi-builder-workspace/.swiftpm/xcode
    builtin-SwiftPerFileCompile XCScheme+BuildableProductRunnable.swift
SwiftCompile normal arm64 /Users/admin/builder/spi-builder-workspace/.dependencies/checkouts/XcodeProj/Sources/XcodeProj/Scheme/XCScheme+BuildableReference.swift (in target 'XcodeProj' from project 'XcodeProj')
    cd /Users/admin/builder/spi-builder-workspace/.swiftpm/xcode
    builtin-SwiftPerFileCompile XCScheme+BuildableReference.swift
SwiftCompile normal arm64 /Users/admin/builder/spi-builder-workspace/.dependencies/checkouts/XcodeProj/Sources/XcodeProj/Scheme/XCScheme+CommandLineArguments.swift (in target 'XcodeProj' from project 'XcodeProj')
    cd /Users/admin/builder/spi-builder-workspace/.swiftpm/xcode
    builtin-SwiftPerFileCompile XCScheme+CommandLineArguments.swift
SwiftCompile normal arm64 /Users/admin/builder/spi-builder-workspace/.dependencies/checkouts/XcodeProj/Sources/XcodeProj/Scheme/XCScheme+EnvironmentVariable.swift (in target 'XcodeProj' from project 'XcodeProj')
    cd /Users/admin/builder/spi-builder-workspace/.swiftpm/xcode
    builtin-SwiftPerFileCompile XCScheme+EnvironmentVariable.swift
SwiftCompile normal arm64 /Users/admin/builder/spi-builder-workspace/.dependencies/checkouts/XcodeProj/Sources/XcodeProj/Scheme/XCScheme+ExecutionAction.swift (in target 'XcodeProj' from project 'XcodeProj')
    cd /Users/admin/builder/spi-builder-workspace/.swiftpm/xcode
    builtin-SwiftPerFileCompile XCScheme+ExecutionAction.swift
SwiftCompile normal arm64 Compiling\ PBXReferenceProxy.swift,\ PBXTarget.swift,\ PBXTargetDependency.swift,\ WorkspaceSettings.swift,\ XCBreakpointList.swift,\ XCDebugger.swift,\ XCSharedData.swift,\ XCUserData.swift,\ Xcode.swift,\ XcodeProj.swift /Users/admin/builder/spi-builder-workspace/.dependencies/checkouts/XcodeProj/Sources/XcodeProj/Objects/Targets/PBXReferenceProxy.swift /Users/admin/builder/spi-builder-workspace/.dependencies/checkouts/XcodeProj/Sources/XcodeProj/Objects/Targets/PBXTarget.swift /Users/admin/builder/spi-builder-workspace/.dependencies/checkouts/XcodeProj/Sources/XcodeProj/Objects/Targets/PBXTargetDependency.swift /Users/admin/builder/spi-builder-workspace/.dependencies/checkouts/XcodeProj/Sources/XcodeProj/Project/WorkspaceSettings.swift /Users/admin/builder/spi-builder-workspace/.dependencies/checkouts/XcodeProj/Sources/XcodeProj/Project/XCBreakpointList.swift /Users/admin/builder/spi-builder-workspace/.dependencies/checkouts/XcodeProj/Sources/XcodeProj/Project/XCDebugger.swift /Users/admin/builder/spi-builder-workspace/.dependencies/checkouts/XcodeProj/Sources/XcodeProj/Project/XCSharedData.swift /Users/admin/builder/spi-builder-workspace/.dependencies/checkouts/XcodeProj/Sources/XcodeProj/Project/XCUserData.swift /Users/admin/builder/spi-builder-workspace/.dependencies/checkouts/XcodeProj/Sources/XcodeProj/Project/Xcode.swift /Users/admin/builder/spi-builder-workspace/.dependencies/checkouts/XcodeProj/Sources/XcodeProj/Project/XcodeProj.swift (in target 'XcodeProj' from project 'XcodeProj')
SwiftCompile normal arm64 /Users/admin/builder/spi-builder-workspace/.dependencies/checkouts/XcodeProj/Sources/XcodeProj/Objects/Targets/PBXReferenceProxy.swift (in target 'XcodeProj' from project 'XcodeProj')
    cd /Users/admin/builder/spi-builder-workspace/.swiftpm/xcode
    builtin-SwiftPerFileCompile PBXReferenceProxy.swift
SwiftCompile normal arm64 /Users/admin/builder/spi-builder-workspace/.dependencies/checkouts/XcodeProj/Sources/XcodeProj/Objects/Targets/PBXTarget.swift (in target 'XcodeProj' from project 'XcodeProj')
    cd /Users/admin/builder/spi-builder-workspace/.swiftpm/xcode
    builtin-SwiftPerFileCompile PBXTarget.swift
SwiftCompile normal arm64 /Users/admin/builder/spi-builder-workspace/.dependencies/checkouts/XcodeProj/Sources/XcodeProj/Objects/Targets/PBXTargetDependency.swift (in target 'XcodeProj' from project 'XcodeProj')
    cd /Users/admin/builder/spi-builder-workspace/.swiftpm/xcode
    builtin-SwiftPerFileCompile PBXTargetDependency.swift
SwiftCompile normal arm64 /Users/admin/builder/spi-builder-workspace/.dependencies/checkouts/XcodeProj/Sources/XcodeProj/Project/WorkspaceSettings.swift (in target 'XcodeProj' from project 'XcodeProj')
    cd /Users/admin/builder/spi-builder-workspace/.swiftpm/xcode
    builtin-SwiftPerFileCompile WorkspaceSettings.swift
SwiftCompile normal arm64 /Users/admin/builder/spi-builder-workspace/.dependencies/checkouts/XcodeProj/Sources/XcodeProj/Project/XCBreakpointList.swift (in target 'XcodeProj' from project 'XcodeProj')
    cd /Users/admin/builder/spi-builder-workspace/.swiftpm/xcode
    builtin-SwiftPerFileCompile XCBreakpointList.swift
SwiftCompile normal arm64 /Users/admin/builder/spi-builder-workspace/.dependencies/checkouts/XcodeProj/Sources/XcodeProj/Project/XCDebugger.swift (in target 'XcodeProj' from project 'XcodeProj')
    cd /Users/admin/builder/spi-builder-workspace/.swiftpm/xcode
    builtin-SwiftPerFileCompile XCDebugger.swift
SwiftCompile normal arm64 /Users/admin/builder/spi-builder-workspace/.dependencies/checkouts/XcodeProj/Sources/XcodeProj/Project/XCSharedData.swift (in target 'XcodeProj' from project 'XcodeProj')
    cd /Users/admin/builder/spi-builder-workspace/.swiftpm/xcode
    builtin-SwiftPerFileCompile XCSharedData.swift
SwiftCompile normal arm64 /Users/admin/builder/spi-builder-workspace/.dependencies/checkouts/XcodeProj/Sources/XcodeProj/Project/XCUserData.swift (in target 'XcodeProj' from project 'XcodeProj')
    cd /Users/admin/builder/spi-builder-workspace/.swiftpm/xcode
    builtin-SwiftPerFileCompile XCUserData.swift
SwiftCompile normal arm64 /Users/admin/builder/spi-builder-workspace/.dependencies/checkouts/XcodeProj/Sources/XcodeProj/Project/Xcode.swift (in target 'XcodeProj' from project 'XcodeProj')
    cd /Users/admin/builder/spi-builder-workspace/.swiftpm/xcode
    builtin-SwiftPerFileCompile Xcode.swift
SwiftCompile normal arm64 /Users/admin/builder/spi-builder-workspace/.dependencies/checkouts/XcodeProj/Sources/XcodeProj/Project/XcodeProj.swift (in target 'XcodeProj' from project 'XcodeProj')
    cd /Users/admin/builder/spi-builder-workspace/.swiftpm/xcode
    builtin-SwiftPerFileCompile XcodeProj.swift
SwiftDriverJobDiscovery normal arm64 Compiling XCConfigurationList.swift, PBXContainerItem.swift, PBXContainerItemProxy.swift, PBXFileElement.swift, PBXFileReference.swift, PBXFileSystemSynchronizedBuildFileExceptionSet.swift, PBXFileSystemSynchronizedExceptionSet.swift, PBXFileSystemSynchronizedGroupBuildPhaseMembershipExceptionSet.swift, PBXFileSystemSynchronizedRootGroup.swift, PBXGroup.swift (in target 'XcodeProj' from project 'XcodeProj')
SwiftCompile normal arm64 Compiling\ Errors.swift,\ AEXML+XcodeFormat.swift,\ Array+Extras.swift,\ Bool+Extras.swift,\ KeyedDecodingContainer+Additions.swift,\ NSRecursiveLock+Sync.swift,\ Path+Extras.swift,\ String+Utils.swift,\ String+md5.swift,\ BuildPhase.swift,\ PBXBuildFile.swift /Users/admin/builder/spi-builder-workspace/.dependencies/checkouts/XcodeProj/Sources/XcodeProj/Errors/Errors.swift /Users/admin/builder/spi-builder-workspace/.dependencies/checkouts/XcodeProj/Sources/XcodeProj/Extensions/AEXML+XcodeFormat.swift /Users/admin/builder/spi-builder-workspace/.dependencies/checkouts/XcodeProj/Sources/XcodeProj/Extensions/Array+Extras.swift /Users/admin/builder/spi-builder-workspace/.dependencies/checkouts/XcodeProj/Sources/XcodeProj/Extensions/Bool+Extras.swift /Users/admin/builder/spi-builder-workspace/.dependencies/checkouts/XcodeProj/Sources/XcodeProj/Extensions/KeyedDecodingContainer+Additions.swift /Users/admin/builder/spi-builder-workspace/.dependencies/checkouts/XcodeProj/Sources/XcodeProj/Extensions/NSRecursiveLock+Sync.swift /Users/admin/builder/spi-builder-workspace/.dependencies/checkouts/XcodeProj/Sources/XcodeProj/Extensions/Path+Extras.swift /Users/admin/builder/spi-builder-workspace/.dependencies/checkouts/XcodeProj/Sources/XcodeProj/Extensions/String+Utils.swift /Users/admin/builder/spi-builder-workspace/.dependencies/checkouts/XcodeProj/Sources/XcodeProj/Extensions/String+md5.swift /Users/admin/builder/spi-builder-workspace/.dependencies/checkouts/XcodeProj/Sources/XcodeProj/Objects/BuildPhase/BuildPhase.swift /Users/admin/builder/spi-builder-workspace/.dependencies/checkouts/XcodeProj/Sources/XcodeProj/Objects/BuildPhase/PBXBuildFile.swift (in target 'XcodeProj' from project 'XcodeProj')
SwiftCompile normal arm64 /Users/admin/builder/spi-builder-workspace/.dependencies/checkouts/XcodeProj/Sources/XcodeProj/Errors/Errors.swift (in target 'XcodeProj' from project 'XcodeProj')
    cd /Users/admin/builder/spi-builder-workspace/.swiftpm/xcode
    builtin-SwiftPerFileCompile Errors.swift
SwiftCompile normal arm64 /Users/admin/builder/spi-builder-workspace/.dependencies/checkouts/XcodeProj/Sources/XcodeProj/Extensions/AEXML+XcodeFormat.swift (in target 'XcodeProj' from project 'XcodeProj')
    cd /Users/admin/builder/spi-builder-workspace/.swiftpm/xcode
    builtin-SwiftPerFileCompile AEXML+XcodeFormat.swift
SwiftCompile normal arm64 /Users/admin/builder/spi-builder-workspace/.dependencies/checkouts/XcodeProj/Sources/XcodeProj/Extensions/Array+Extras.swift (in target 'XcodeProj' from project 'XcodeProj')
    cd /Users/admin/builder/spi-builder-workspace/.swiftpm/xcode
    builtin-SwiftPerFileCompile Array+Extras.swift
SwiftCompile normal arm64 /Users/admin/builder/spi-builder-workspace/.dependencies/checkouts/XcodeProj/Sources/XcodeProj/Extensions/Bool+Extras.swift (in target 'XcodeProj' from project 'XcodeProj')
    cd /Users/admin/builder/spi-builder-workspace/.swiftpm/xcode
    builtin-SwiftPerFileCompile Bool+Extras.swift
SwiftCompile normal arm64 /Users/admin/builder/spi-builder-workspace/.dependencies/checkouts/XcodeProj/Sources/XcodeProj/Extensions/KeyedDecodingContainer+Additions.swift (in target 'XcodeProj' from project 'XcodeProj')
    cd /Users/admin/builder/spi-builder-workspace/.swiftpm/xcode
    builtin-SwiftPerFileCompile KeyedDecodingContainer+Additions.swift
SwiftCompile normal arm64 /Users/admin/builder/spi-builder-workspace/.dependencies/checkouts/XcodeProj/Sources/XcodeProj/Extensions/NSRecursiveLock+Sync.swift (in target 'XcodeProj' from project 'XcodeProj')
    cd /Users/admin/builder/spi-builder-workspace/.swiftpm/xcode
    builtin-SwiftPerFileCompile NSRecursiveLock+Sync.swift
SwiftCompile normal arm64 /Users/admin/builder/spi-builder-workspace/.dependencies/checkouts/XcodeProj/Sources/XcodeProj/Extensions/Path+Extras.swift (in target 'XcodeProj' from project 'XcodeProj')
    cd /Users/admin/builder/spi-builder-workspace/.swiftpm/xcode
    builtin-SwiftPerFileCompile Path+Extras.swift
SwiftCompile normal arm64 /Users/admin/builder/spi-builder-workspace/.dependencies/checkouts/XcodeProj/Sources/XcodeProj/Extensions/String+Utils.swift (in target 'XcodeProj' from project 'XcodeProj')
    cd /Users/admin/builder/spi-builder-workspace/.swiftpm/xcode
    builtin-SwiftPerFileCompile String+Utils.swift
SwiftCompile normal arm64 /Users/admin/builder/spi-builder-workspace/.dependencies/checkouts/XcodeProj/Sources/XcodeProj/Extensions/String+md5.swift (in target 'XcodeProj' from project 'XcodeProj')
    cd /Users/admin/builder/spi-builder-workspace/.swiftpm/xcode
    builtin-SwiftPerFileCompile String+md5.swift
SwiftCompile normal arm64 /Users/admin/builder/spi-builder-workspace/.dependencies/checkouts/XcodeProj/Sources/XcodeProj/Objects/BuildPhase/BuildPhase.swift (in target 'XcodeProj' from project 'XcodeProj')
    cd /Users/admin/builder/spi-builder-workspace/.swiftpm/xcode
    builtin-SwiftPerFileCompile BuildPhase.swift
SwiftCompile normal arm64 /Users/admin/builder/spi-builder-workspace/.dependencies/checkouts/XcodeProj/Sources/XcodeProj/Objects/BuildPhase/PBXBuildFile.swift (in target 'XcodeProj' from project 'XcodeProj')
    cd /Users/admin/builder/spi-builder-workspace/.swiftpm/xcode
    builtin-SwiftPerFileCompile PBXBuildFile.swift
SwiftDriverJobDiscovery normal arm64_32 Compiling Writable.swift, XCScheme+AditionalOption.swift, XCScheme+AnalyzeAction.swift, XCScheme+ArchiveAction.swift, XCScheme+BuildAction.swift, XCScheme+BuildableProductRunnable.swift, XCScheme+BuildableReference.swift, XCScheme+CommandLineArguments.swift, XCScheme+EnvironmentVariable.swift, XCScheme+ExecutionAction.swift (in target 'XcodeProj' from project 'XcodeProj')
SwiftCompile normal arm64_32 Compiling\ Errors.swift,\ AEXML+XcodeFormat.swift,\ Array+Extras.swift,\ Bool+Extras.swift,\ KeyedDecodingContainer+Additions.swift,\ NSRecursiveLock+Sync.swift,\ Path+Extras.swift,\ String+Utils.swift,\ String+md5.swift,\ BuildPhase.swift,\ PBXBuildFile.swift /Users/admin/builder/spi-builder-workspace/.dependencies/checkouts/XcodeProj/Sources/XcodeProj/Errors/Errors.swift /Users/admin/builder/spi-builder-workspace/.dependencies/checkouts/XcodeProj/Sources/XcodeProj/Extensions/AEXML+XcodeFormat.swift /Users/admin/builder/spi-builder-workspace/.dependencies/checkouts/XcodeProj/Sources/XcodeProj/Extensions/Array+Extras.swift /Users/admin/builder/spi-builder-workspace/.dependencies/checkouts/XcodeProj/Sources/XcodeProj/Extensions/Bool+Extras.swift /Users/admin/builder/spi-builder-workspace/.dependencies/checkouts/XcodeProj/Sources/XcodeProj/Extensions/KeyedDecodingContainer+Additions.swift /Users/admin/builder/spi-builder-workspace/.dependencies/checkouts/XcodeProj/Sources/XcodeProj/Extensions/NSRecursiveLock+Sync.swift /Users/admin/builder/spi-builder-workspace/.dependencies/checkouts/XcodeProj/Sources/XcodeProj/Extensions/Path+Extras.swift /Users/admin/builder/spi-builder-workspace/.dependencies/checkouts/XcodeProj/Sources/XcodeProj/Extensions/String+Utils.swift /Users/admin/builder/spi-builder-workspace/.dependencies/checkouts/XcodeProj/Sources/XcodeProj/Extensions/String+md5.swift /Users/admin/builder/spi-builder-workspace/.dependencies/checkouts/XcodeProj/Sources/XcodeProj/Objects/BuildPhase/BuildPhase.swift /Users/admin/builder/spi-builder-workspace/.dependencies/checkouts/XcodeProj/Sources/XcodeProj/Objects/BuildPhase/PBXBuildFile.swift (in target 'XcodeProj' from project 'XcodeProj')
SwiftCompile normal arm64_32 /Users/admin/builder/spi-builder-workspace/.dependencies/checkouts/XcodeProj/Sources/XcodeProj/Errors/Errors.swift (in target 'XcodeProj' from project 'XcodeProj')
    cd /Users/admin/builder/spi-builder-workspace/.swiftpm/xcode
    builtin-SwiftPerFileCompile Errors.swift
SwiftCompile normal arm64_32 /Users/admin/builder/spi-builder-workspace/.dependencies/checkouts/XcodeProj/Sources/XcodeProj/Extensions/AEXML+XcodeFormat.swift (in target 'XcodeProj' from project 'XcodeProj')
    cd /Users/admin/builder/spi-builder-workspace/.swiftpm/xcode
    builtin-SwiftPerFileCompile AEXML+XcodeFormat.swift
SwiftCompile normal arm64_32 /Users/admin/builder/spi-builder-workspace/.dependencies/checkouts/XcodeProj/Sources/XcodeProj/Extensions/Array+Extras.swift (in target 'XcodeProj' from project 'XcodeProj')
    cd /Users/admin/builder/spi-builder-workspace/.swiftpm/xcode
    builtin-SwiftPerFileCompile Array+Extras.swift
SwiftCompile normal arm64_32 /Users/admin/builder/spi-builder-workspace/.dependencies/checkouts/XcodeProj/Sources/XcodeProj/Extensions/Bool+Extras.swift (in target 'XcodeProj' from project 'XcodeProj')
    cd /Users/admin/builder/spi-builder-workspace/.swiftpm/xcode
    builtin-SwiftPerFileCompile Bool+Extras.swift
SwiftCompile normal arm64_32 /Users/admin/builder/spi-builder-workspace/.dependencies/checkouts/XcodeProj/Sources/XcodeProj/Extensions/KeyedDecodingContainer+Additions.swift (in target 'XcodeProj' from project 'XcodeProj')
    cd /Users/admin/builder/spi-builder-workspace/.swiftpm/xcode
    builtin-SwiftPerFileCompile KeyedDecodingContainer+Additions.swift
SwiftCompile normal arm64_32 /Users/admin/builder/spi-builder-workspace/.dependencies/checkouts/XcodeProj/Sources/XcodeProj/Extensions/NSRecursiveLock+Sync.swift (in target 'XcodeProj' from project 'XcodeProj')
    cd /Users/admin/builder/spi-builder-workspace/.swiftpm/xcode
    builtin-SwiftPerFileCompile NSRecursiveLock+Sync.swift
SwiftCompile normal arm64_32 /Users/admin/builder/spi-builder-workspace/.dependencies/checkouts/XcodeProj/Sources/XcodeProj/Extensions/Path+Extras.swift (in target 'XcodeProj' from project 'XcodeProj')
    cd /Users/admin/builder/spi-builder-workspace/.swiftpm/xcode
    builtin-SwiftPerFileCompile Path+Extras.swift
SwiftCompile normal arm64_32 /Users/admin/builder/spi-builder-workspace/.dependencies/checkouts/XcodeProj/Sources/XcodeProj/Extensions/String+Utils.swift (in target 'XcodeProj' from project 'XcodeProj')
    cd /Users/admin/builder/spi-builder-workspace/.swiftpm/xcode
    builtin-SwiftPerFileCompile String+Utils.swift
SwiftCompile normal arm64_32 /Users/admin/builder/spi-builder-workspace/.dependencies/checkouts/XcodeProj/Sources/XcodeProj/Extensions/String+md5.swift (in target 'XcodeProj' from project 'XcodeProj')
    cd /Users/admin/builder/spi-builder-workspace/.swiftpm/xcode
    builtin-SwiftPerFileCompile String+md5.swift
SwiftCompile normal arm64_32 /Users/admin/builder/spi-builder-workspace/.dependencies/checkouts/XcodeProj/Sources/XcodeProj/Objects/BuildPhase/BuildPhase.swift (in target 'XcodeProj' from project 'XcodeProj')
    cd /Users/admin/builder/spi-builder-workspace/.swiftpm/xcode
    builtin-SwiftPerFileCompile BuildPhase.swift
SwiftCompile normal arm64_32 /Users/admin/builder/spi-builder-workspace/.dependencies/checkouts/XcodeProj/Sources/XcodeProj/Objects/BuildPhase/PBXBuildFile.swift (in target 'XcodeProj' from project 'XcodeProj')
    cd /Users/admin/builder/spi-builder-workspace/.swiftpm/xcode
    builtin-SwiftPerFileCompile PBXBuildFile.swift
SwiftDriverJobDiscovery normal arm64_32 Compiling PBXSourceTree.swift, PBXVariantGroup.swift, XCVersionGroup.swift, PBXObject.swift, PBXObjectDictionaryEntry.swift, PBXObjectReference.swift, PBXObjects.swift, PBXOutputSettings.swift, PBXProj.swift, PBXProjEncoder.swift (in target 'XcodeProj' from project 'XcodeProj')
SwiftCompile normal arm64 Compiling\ StringIndentHelpersTests.swift /Users/admin/builder/spi-builder-workspace/Tests/StringIndentHelpersTests/StringIndentHelpersTests.swift (in target 'StringIndentHelpersTests-product' from project 'DependencyGraph')
SwiftCompile normal arm64 /Users/admin/builder/spi-builder-workspace/Tests/StringIndentHelpersTests/StringIndentHelpersTests.swift (in target 'StringIndentHelpersTests-product' from project 'DependencyGraph')
    cd /Users/admin/builder/spi-builder-workspace/.swiftpm/xcode
    builtin-SwiftPerFileCompile StringIndentHelpersTests.swift
SwiftDriverJobDiscovery normal arm64 Compiling PBXBuildPhase.swift, PBXBuildRule.swift, PBXCopyFilesBuildPhase.swift, PBXFrameworksBuildPhase.swift, PBXHeadersBuildPhase.swift, PBXResourcesBuildPhase.swift, PBXRezBuildPhase.swift, PBXShellScriptBuildPhase.swift, PBXSourcesBuildPhase.swift, BuildSettings.swift, XCBuildConfiguration.swift (in target 'XcodeProj' from project 'XcodeProj')
SwiftDriverJobDiscovery normal arm64_32 Compiling PBXProject.swift, Equality.generated.swift, Sourcery.swift, XCLocalSwiftPackageReference.swift, XCRemoteSwiftPackageReference.swift, XCSwiftPackageProductDependency.swift, PBXAggregateTarget.swift, PBXLegacyTarget.swift, PBXNativeTarget.swift, PBXProductType.swift (in target 'XcodeProj' from project 'XcodeProj')
SwiftCompile normal arm64_32 Compiling\ StringIndentHelpersTests.swift /Users/admin/builder/spi-builder-workspace/Tests/StringIndentHelpersTests/StringIndentHelpersTests.swift (in target 'StringIndentHelpersTests-product' from project 'DependencyGraph')
SwiftCompile normal arm64_32 /Users/admin/builder/spi-builder-workspace/Tests/StringIndentHelpersTests/StringIndentHelpersTests.swift (in target 'StringIndentHelpersTests-product' from project 'DependencyGraph')
    cd /Users/admin/builder/spi-builder-workspace/.swiftpm/xcode
    builtin-SwiftPerFileCompile StringIndentHelpersTests.swift
SwiftCompile normal arm64_32 Compiling\ ShellCommandRunnerLive.swift /Users/admin/builder/spi-builder-workspace/Sources/Library/Utilities/ShellCommandRunnerLive/ShellCommandRunnerLive.swift (in target 'ShellCommandRunnerLive' from project 'DependencyGraph')
/Users/admin/builder/spi-builder-workspace/Sources/Library/Utilities/ShellCommandRunnerLive/ShellCommandRunnerLive.swift:8:20: error: cannot find 'Process' in scope
 6 |
 7 |     public func run(withArguments arguments: [String], fromDirectoryURL directoryURL: URL) -> ShellCommandOutput {
 8 |         let task = Process()
   |                    `- error: cannot find 'Process' in scope
 9 |         let pipe = Pipe()
10 |         task.currentDirectoryURL = directoryURL
Failed frontend command:
/Applications/Xcode-27.0.0-Release.Candidate.app/Contents/Developer/Toolchains/XcodeDefault.xctoolchain/usr/bin/swift-frontend -frontend -c -primary-file /Users/admin/builder/spi-builder-workspace/Sources/Library/Utilities/ShellCommandRunnerLive/ShellCommandRunnerLive.swift -emit-dependencies-path /Users/admin/builder/spi-builder-workspace/.derivedData/Build/Intermediates.noindex/DependencyGraph.build/Debug-watchos/ShellCommandRunnerLive-t.build/Objects-normal/arm64_32/ShellCommandRunnerLive.d -emit-const-values-path /Users/admin/builder/spi-builder-workspace/.derivedData/Build/Intermediates.noindex/DependencyGraph.build/Debug-watchos/ShellCommandRunnerLive-t.build/Objects-normal/arm64_32/ShellCommandRunnerLive.swiftconstvalues -emit-reference-dependencies-path /Users/admin/builder/spi-builder-workspace/.derivedData/Build/Intermediates.noindex/DependencyGraph.build/Debug-watchos/ShellCommandRunnerLive-t.build/Objects-normal/arm64_32/ShellCommandRunnerLive.swiftdeps -serialize-diagnostics-path /Users/admin/builder/spi-builder-workspace/.derivedData/Build/Intermediates.noindex/DependencyGraph.build/Debug-watchos/ShellCommandRunnerLive-t.build/Objects-normal/arm64_32/ShellCommandRunnerLive.dia -target arm64_32-apple-watchos9.0 -disable-cross-import-overlay-search -load-resolved-plugin /Applications/Xcode-27.0.0-Release.Candidate.app/Contents/Developer/Platforms/WatchOS.platform/Developer/usr/lib/swift/host/plugins/libFoundationMacros.dylib\#/Applications/Xcode-27.0.0-Release.Candidate.app/Contents/Developer/Platforms/WatchOS.platform/Developer/usr/bin/swift-plugin-server\#FoundationMacros -load-resolved-plugin /Applications/Xcode-27.0.0-Release.Candidate.app/Contents/Developer/Platforms/WatchOS.platform/Developer/usr/lib/swift/host/plugins/libObservationMacros.dylib\#/Applications/Xcode-27.0.0-Release.Candidate.app/Contents/Developer/Platforms/WatchOS.platform/Developer/usr/bin/swift-plugin-server\#ObservationMacros -load-resolved-plugin /Applications/Xcode-27.0.0-Release.Candidate.app/Contents/Developer/Platforms/WatchOS.platform/Developer/usr/lib/swift/host/plugins/libSwiftMacros.dylib\#/Applications/Xcode-27.0.0-Release.Candidate.app/Contents/Developer/Platforms/WatchOS.platform/Developer/usr/bin/swift-plugin-server\#SwiftMacros -disable-implicit-swift-modules -Xcc -fno-implicit-modules -Xcc -fno-implicit-module-maps -explicit-swift-module-map-file /Users/admin/builder/spi-builder-workspace/.derivedData/Build/Intermediates.noindex/DependencyGraph.build/Debug-watchos/ShellCommandRunnerLive-t.build/Objects-normal/arm64_32/ShellCommandRunnerLive-dependencies-2.json -enable-objc-interop -sdk /Applications/Xcode-27.0.0-Release.Candidate.app/Contents/Developer/Platforms/WatchOS.platform/Developer/SDKs/WatchOS27.0.sdk -I /Users/admin/builder/spi-builder-workspace/.derivedData/Build/Products/Debug-watchos -Isystem /Applications/Xcode-27.0.0-Release.Candidate.app/Contents/Developer/Platforms/WatchOS.platform/Developer/usr/lib -F /Users/admin/builder/spi-builder-workspace/.derivedData/Build/Products/Debug-watchos/PackageFrameworks -F /Users/admin/builder/spi-builder-workspace/.derivedData/Build/Products/Debug-watchos -F /Applications/Xcode-27.0.0-Release.Candidate.app/Contents/Developer/Platforms/WatchOS.platform/Developer/Library/Frameworks -F /Applications/Xcode-27.0.0-Release.Candidate.app/Contents/Developer/Platforms/WatchOS.platform/Developer/SDKs/WatchOS27.0.sdk/Developer/Library/Frameworks -module-cache-path /Users/admin/builder/spi-builder-workspace/.derivedData/Build/Intermediates.noindex/SwiftExplicitPrecompiledModules -no-color-diagnostics -Xcc -fno-color-diagnostics -enable-testing -g -debug-info-format\=dwarf -dwarf-version\=4 -swift-version 5 -Onone -D SWIFT_PACKAGE -D DEBUG -D SWIFT_MODULE_RESOURCE_BUNDLE_UNAVAILABLE -D Xcode -serialize-debugging-options -enable-experimental-feature DebugDescriptionMacro -empty-abi-descriptor -validate-clang-modules-once -clang-build-session-file /Users/admin/builder/spi-builder-workspace/.derivedData/ModuleCache.noindex/Session.modulevalidation -Xcc -working-directory -Xcc /Users/admin/builder/spi-builder-workspace/.swiftpm/xcode -enable-anonymous-context-mangled-names -file-compilation-dir /Users/admin/builder/spi-builder-workspace/.swiftpm/xcode -Xcc -D_LIBCPP_HARDENING_MODE\=_LIBCPP_HARDENING_MODE_DEBUG -Xcc -ivfsstatcache -Xcc /Users/admin/builder/spi-builder-workspace/.derivedData/SDKStatCaches.noindex/watchos27.0-24R360-e829b21a6f8c9b70876ba0858053c04477534ef55a1706bf4c1112bbb242f0a2.sdkstatcache -Xcc -fmodules-prune-interval\=86400 -Xcc -fmodules-prune-after\=345600 -Xcc -I/Users/admin/builder/spi-builder-workspace/.derivedData/Build/Products/Debug-watchos/include -Xcc -I/Users/admin/builder/spi-builder-workspace/.derivedData/Build/Intermediates.noindex/DependencyGraph.build/Debug-watchos/ShellCommandRunnerLive-t.build/DerivedSources-normal/arm64_32 -Xcc -I/Users/admin/builder/spi-builder-workspace/.derivedData/Build/Intermediates.noindex/DependencyGraph.build/Debug-watchos/ShellCommandRunnerLive-t.build/DerivedSources/arm64_32 -Xcc -I/Users/admin/builder/spi-builder-workspace/.derivedData/Build/Intermediates.noindex/DependencyGraph.build/Debug-watchos/ShellCommandRunnerLive-t.build/DerivedSources -Xcc -DSWIFT_PACKAGE -Xcc -DDEBUG\=1 -no-auto-bridging-header-chaining -module-name ShellCommandRunnerLive -const-gather-protocols-file /Users/admin/builder/spi-builder-workspace/.derivedData/Build/Intermediates.noindex/DependencyGraph.build/Debug-watchos/ShellCommandRunnerLive-t.build/Objects-normal/arm64_32/ShellCommandRunnerLive_const_extract_protocols.json -disable-clang-spi -clang-target arm64_32-apple-watchos27.0 -target-sdk-version 27.0 -target-sdk-name watchos27.0 -in-process-plugin-server-path /Applications/Xcode-27.0.0-Release.Candidate.app/Contents/Developer/Toolchains/XcodeDefault.xctoolchain/usr/lib/swift/host/libSwiftInProcPluginServer.dylib -parse-as-library -o /Users/admin/builder/spi-builder-workspace/.derivedData/Build/Intermediates.noindex/DependencyGraph.build/Debug-watchos/ShellCommandRunnerLive-t.build/Objects-normal/arm64_32/ShellCommandRunnerLive.o -debug-module-path /Users/admin/builder/spi-builder-workspace/.derivedData/Build/Intermediates.noindex/DependencyGraph.build/Debug-watchos/ShellCommandRunnerLive-t.build/Objects-normal/arm64_32/ShellCommandRunnerLive.swiftmodule -index-unit-output-path /DependencyGraph.build/Debug-watchos/ShellCommandRunnerLive-t.build/Objects-normal/arm64_32/ShellCommandRunnerLive.o -index-store-path /Users/admin/builder/spi-builder-workspace/.derivedData/Index.noindex/DataStore -index-system-modules
SwiftCompile normal arm64_32 /Users/admin/builder/spi-builder-workspace/Sources/Library/Utilities/ShellCommandRunnerLive/ShellCommandRunnerLive.swift (in target 'ShellCommandRunnerLive' from project 'DependencyGraph')
    cd /Users/admin/builder/spi-builder-workspace/.swiftpm/xcode
    builtin-SwiftPerFileCompile ShellCommandRunnerLive.swift
SwiftDriverJobDiscovery normal arm64 Compiling PBXSourceTree.swift, PBXVariantGroup.swift, XCVersionGroup.swift, PBXObject.swift, PBXObjectDictionaryEntry.swift, PBXObjectReference.swift, PBXObjects.swift, PBXOutputSettings.swift, PBXProj.swift, PBXProjEncoder.swift (in target 'XcodeProj' from project 'XcodeProj')
SwiftCompile normal arm64 Compiling\ ShellCommandRunnerLive.swift /Users/admin/builder/spi-builder-workspace/Sources/Library/Utilities/ShellCommandRunnerLive/ShellCommandRunnerLive.swift (in target 'ShellCommandRunnerLive' from project 'DependencyGraph')
SwiftCompile normal arm64 /Users/admin/builder/spi-builder-workspace/Sources/Library/Utilities/ShellCommandRunnerLive/ShellCommandRunnerLive.swift (in target 'ShellCommandRunnerLive' from project 'DependencyGraph')
    cd /Users/admin/builder/spi-builder-workspace/.swiftpm/xcode
    builtin-SwiftPerFileCompile ShellCommandRunnerLive.swift
SwiftDriverJobDiscovery normal arm64_32 Compiling XCScheme+TestParallelization.swift, XCScheme+TestPlanReference.swift, XCScheme+TestableReference.swift, XCScheme.swift, XCSchemeManagement.swift, BuildSettingsProvider.swift, CommentedString.swift, Decoders.swift, JSONDecoding.swift, PBXBatchUpdater.swift (in target 'XcodeProj' from project 'XcodeProj')
PruneExplicitPrecompiledModules /Users/admin/builder/spi-builder-workspace/.derivedData/SDKExplicitPrecompiledModules
PruneExplicitPrecompiledModules /Users/admin/builder/spi-builder-workspace/.derivedData/Build/Intermediates.noindex/ExplicitPrecompiledModules
PruneExplicitPrecompiledModules /Users/admin/builder/spi-builder-workspace/.derivedData/Build/Intermediates.noindex/SwiftExplicitPrecompiledModules
2026-09-18 17:00:43.934 xcodebuild[1307:8082] [MT] IDERunDestination: Supported platforms for the buildables in the current scheme is empty.
2026-09-18 17:00:44.035 xcodebuild[1307:8082] [MT] IDERunDestination: Supported platforms for the buildables in the current scheme is empty.
** BUILD FAILED **
The following build commands failed:
	SwiftCompile normal arm64_32 Compiling\ ShellCommandRunnerLive.swift /Users/admin/builder/spi-builder-workspace/Sources/Library/Utilities/ShellCommandRunnerLive/ShellCommandRunnerLive.swift (in target 'ShellCommandRunnerLive' from project 'DependencyGraph')
	SwiftCompile normal arm64_32 /Users/admin/builder/spi-builder-workspace/Sources/Library/Utilities/ShellCommandRunnerLive/ShellCommandRunnerLive.swift (in target 'ShellCommandRunnerLive' from project 'DependencyGraph')
	Building workspace DependencyGraph with scheme DependencyGraph
(3 failures)
BUILD FAILURE 6.4 watchOS