Build Information
Failed to build LevelPlay-Swift-Package, reference main (81522d), with Swift 6.3 for tvOS using Xcode 26.4 on 3 Oct 2026 16:38:26 UTC.
Build Command
env DEVELOPER_DIR=/Applications/Xcode-26.5.0.app xcrun xcodebuild -IDEClonedSourcePackagesDirPathOverride=$PWD/.dependencies -skipMacroValidation -skipPackagePluginValidation -derivedDataPath $PWD/.derivedData build -scheme LevelPlay-Swift-Package -destination generic/platform=tvOSBuild Log
========================================
RunAll
========================================
Builder version: 5.1.1
Interrupt handler set up.
========================================
Checkout
========================================
Clone URL: https://github.com/ironsource-mobile/LevelPlay-Swift-Package.git
Reference: main
Initialized empty Git repository in /Users/admin/builder/spi-builder-workspace/.git/
From https://github.com/ironsource-mobile/LevelPlay-Swift-Package
* branch main -> FETCH_HEAD
* [new branch] main -> origin/main
HEAD is now at 81522d7 Release SDK 9.6.1
Cloned https://github.com/ironsource-mobile/LevelPlay-Swift-Package.git
Revision (git rev-parse @):
81522d737cfc19539ebbee4425c1dffab0463f53
SUCCESS checkout https://github.com/ironsource-mobile/LevelPlay-Swift-Package.git at main
========================================
Build
========================================
Selected platform: tvOS
Swift version: 6.3
Building package at path: $PWD
https://github.com/ironsource-mobile/LevelPlay-Swift-Package.git
Command line invocation:
/Applications/Xcode-26.5.0.app/Contents/Developer/usr/bin/xcodebuild -IDEClonedSourcePackagesDirPathOverride=/Users/admin/builder/spi-builder-workspace/.dependencies -resolvePackageDependencies
Resolve Package Graph
Fetching from https://github.com/ironsource-mobile/Unity-Ad-Quality-Swift-Package
Creating working copy of package ‘Unity-Ad-Quality-Swift-Package’
Checking out 9.10.0 of package ‘Unity-Ad-Quality-Swift-Package’
Resolve Package Graph
Resolved source packages:
LevelPlay-Swift-Package: /Users/admin/builder/spi-builder-workspace
Unity-Ad-Quality-Swift-Package: https://github.com/ironsource-mobile/Unity-Ad-Quality-Swift-Package @ 9.10.0
resolved source packages: LevelPlay-Swift-Package, Unity-Ad-Quality-Swift-Package
2026-10-03 12:38:12.396 xcodebuild[569:3104] [MT] IDERunDestination: Supported platforms for the buildables in the current scheme is empty.
2026-10-03 12:38:12.548 xcodebuild[569:3104] [MT] DVTAssertions: Warning in IDEFrameworks/IDEFoundation/Execution/RunContextManager/IDERunContextManager.m:926
Details: Error deleting scheme: Cannot modify data because the process disallows saving.
Object: <IDERunContextManager: 0xa5bbb2940>
Method: -deleteRunContexts:completionQueue:completionBlock:
Thread: <_NSMainThread: 0x1013cde60>{number = 1, name = main}
Please file a bug at https://feedbackassistant.apple.com with this warning message and any useful information you can provide.
2026-10-03 12:38:12.549 xcodebuild[569:3104] could not delete old scheme: Error Domain=DVTCustomDataStoringErrors Code=0 "Cannot modify data because the process disallows saving." UserInfo={NSLocalizedDescription=Cannot modify data because the process disallows saving.}
{
"dependencies" : [
{
"identity" : "unity-ad-quality-swift-package",
"requirement" : {
"range" : [
{
"lower_bound" : "9.0.0",
"upper_bound" : "10.0.0"
}
]
},
"type" : "sourceControl",
"url" : "https://github.com/ironsource-mobile/Unity-Ad-Quality-Swift-Package"
}
],
"manifest_display_name" : "LevelPlay-Swift-Package",
"name" : "LevelPlay-Swift-Package",
"path" : "/Users/admin/builder/spi-builder-workspace",
"platforms" : [
{
"name" : "ios",
"version" : "12.0"
}
],
"products" : [
{
"name" : "UnityMediationSDK",
"targets" : [
"LPSPM"
],
"type" : {
"library" : [
"automatic"
]
}
}
],
"targets" : [
{
"c99name" : "LPSPM",
"module_type" : "SwiftTarget",
"name" : "LPSPM",
"path" : "Sources/LPSPM",
"product_dependencies" : [
"AdQuality"
],
"product_memberships" : [
"UnityMediationSDK"
],
"sources" : [
"LPSPM.swift"
],
"target_dependencies" : [
"IronSourceSDK"
],
"type" : "library"
},
{
"c99name" : "IronSourceSDK",
"module_type" : "BinaryTarget",
"name" : "IronSourceSDK",
"path" : "remote/archive/IronSource9.6.1.zip",
"product_memberships" : [
"UnityMediationSDK"
],
"sources" : [
],
"type" : "binary"
}
],
"tools_version" : "6.0"
}
{
"workspace" : {
"name" : "spi-builder-workspace",
"schemes" : [
"LevelPlay-Swift-Package"
]
}
}
2026-10-03 12:38:20.435 xcodebuild[749:4200] [MT] IDERunDestination: Supported platforms for the buildables in the current scheme is empty.
Running build ...
env DEVELOPER_DIR=/Applications/Xcode-26.5.0.app xcrun xcodebuild -IDEClonedSourcePackagesDirPathOverride=$PWD/.dependencies -skipMacroValidation -skipPackagePluginValidation -derivedDataPath $PWD/.derivedData build -scheme LevelPlay-Swift-Package -destination generic/platform=tvOS
Command line invocation:
/Applications/Xcode-26.5.0.app/Contents/Developer/usr/bin/xcodebuild -IDEClonedSourcePackagesDirPathOverride=/Users/admin/builder/spi-builder-workspace/.dependencies -skipMacroValidation -skipPackagePluginValidation -derivedDataPath /Users/admin/builder/spi-builder-workspace/.derivedData build -scheme LevelPlay-Swift-Package -destination generic/platform=tvOS
Resolve Package Graph
Resolve Package Graph
Resolved source packages:
Unity-Ad-Quality-Swift-Package: https://github.com/ironsource-mobile/Unity-Ad-Quality-Swift-Package @ 9.10.0
LevelPlay-Swift-Package: /Users/admin/builder/spi-builder-workspace
2026-10-03 12:38:22.583 xcodebuild[759:4276] [MT] IDERunDestination: Supported platforms for the buildables in the current scheme is empty.
2026-10-03 12:38:22.656 xcodebuild[759:4276] [MT] DVTAssertions: Warning in IDEFrameworks/IDEFoundation/Execution/RunContextManager/IDERunContextManager.m:926
Details: Error deleting scheme: Cannot modify data because the process disallows saving.
Object: <IDERunContextManager: 0xc09bcaa00>
Method: -deleteRunContexts:completionQueue:completionBlock:
Thread: <_NSMainThread: 0x10341de60>{number = 1, name = main}
Please file a bug at https://feedbackassistant.apple.com with this warning message and any useful information you can provide.
2026-10-03 12:38:22.657 xcodebuild[759:4276] could not delete old scheme: Error Domain=DVTCustomDataStoringErrors Code=0 "Cannot modify data because the process disallows saving." UserInfo={NSLocalizedDescription=Cannot modify data because the process disallows saving.}
2026-10-03 12:38:22.658 xcodebuild[759:4276] Writing error result bundle to /var/folders/xq/y_g06wb113726d38xsyx71_h0000gn/T/ResultBundle_2026-03-10_12-38-0022.xcresult
xcodebuild: error: The workspace named "spi-builder-workspace" does not contain a scheme named "LevelPlay-Swift-Package". The "-list" option can be used to find the names of the schemes in the workspace.
Command line invocation:
/Applications/Xcode-26.5.0.app/Contents/Developer/usr/bin/xcodebuild -IDEClonedSourcePackagesDirPathOverride=/Users/admin/builder/spi-builder-workspace/.dependencies -resolvePackageDependencies
Resolve Package Graph
Resolved source packages:
LevelPlay-Swift-Package: /Users/admin/builder/spi-builder-workspace
Unity-Ad-Quality-Swift-Package: https://github.com/ironsource-mobile/Unity-Ad-Quality-Swift-Package @ 9.10.0
resolved source packages: LevelPlay-Swift-Package, Unity-Ad-Quality-Swift-Package
2026-10-03 12:38:23.610 xcodebuild[784:4408] [MT] IDERunDestination: Supported platforms for the buildables in the current scheme is empty.
{
"dependencies" : [
{
"identity" : "unity-ad-quality-swift-package",
"requirement" : {
"range" : [
{
"lower_bound" : "9.0.0",
"upper_bound" : "10.0.0"
}
]
},
"type" : "sourceControl",
"url" : "https://github.com/ironsource-mobile/Unity-Ad-Quality-Swift-Package"
}
],
"manifest_display_name" : "LevelPlay-Swift-Package",
"name" : "LevelPlay-Swift-Package",
"path" : "/Users/admin/builder/spi-builder-workspace",
"platforms" : [
{
"name" : "ios",
"version" : "12.0"
}
],
"products" : [
{
"name" : "UnityMediationSDK",
"targets" : [
"LPSPM"
],
"type" : {
"library" : [
"automatic"
]
}
}
],
"targets" : [
{
"c99name" : "LPSPM",
"module_type" : "SwiftTarget",
"name" : "LPSPM",
"path" : "Sources/LPSPM",
"product_dependencies" : [
"AdQuality"
],
"product_memberships" : [
"UnityMediationSDK"
],
"sources" : [
"LPSPM.swift"
],
"target_dependencies" : [
"IronSourceSDK"
],
"type" : "library"
},
{
"c99name" : "IronSourceSDK",
"module_type" : "BinaryTarget",
"name" : "IronSourceSDK",
"path" : "remote/archive/IronSource9.6.1.zip",
"product_memberships" : [
"UnityMediationSDK"
],
"sources" : [
],
"type" : "binary"
}
],
"tools_version" : "6.0"
}
{
"workspace" : {
"name" : "spi-builder-workspace",
"schemes" : [
"LevelPlay-Swift-Package"
]
}
}
2026-10-03 12:38:24.780 xcodebuild[797:4483] [MT] IDERunDestination: Supported platforms for the buildables in the current scheme is empty.
Running build ...
env DEVELOPER_DIR=/Applications/Xcode-26.5.0.app xcrun xcodebuild -IDEClonedSourcePackagesDirPathOverride=$PWD/.dependencies -skipMacroValidation -skipPackagePluginValidation -derivedDataPath $PWD/.derivedData build -scheme LevelPlay-Swift-Package -destination generic/platform=tvOS
Command line invocation:
/Applications/Xcode-26.5.0.app/Contents/Developer/usr/bin/xcodebuild -IDEClonedSourcePackagesDirPathOverride=/Users/admin/builder/spi-builder-workspace/.dependencies -skipMacroValidation -skipPackagePluginValidation -derivedDataPath /Users/admin/builder/spi-builder-workspace/.derivedData build -scheme LevelPlay-Swift-Package -destination generic/platform=tvOS
Resolve Package Graph
Resolved source packages:
Unity-Ad-Quality-Swift-Package: https://github.com/ironsource-mobile/Unity-Ad-Quality-Swift-Package @ 9.10.0
LevelPlay-Swift-Package: /Users/admin/builder/spi-builder-workspace
ComputePackagePrebuildTargetDependencyGraph
Prepare packages
CreateBuildRequest
SendProjectDescription
CreateBuildOperation
ComputeTargetDependencyGraph
note: Building targets in dependency order
note: Target dependency graph (3 targets)
Target 'UnityMediationSDK' in project 'LevelPlay-Swift-Package'
➜ Explicit dependency on target 'LPSPM' in project 'LevelPlay-Swift-Package'
➜ Explicit dependency on target 'AdQuality' in project 'Unity-Ad-Quality-Swift-Package'
Target 'LPSPM' in project 'LevelPlay-Swift-Package'
➜ Explicit dependency on target 'AdQuality' in project 'Unity-Ad-Quality-Swift-Package'
Target 'AdQuality' in project 'Unity-Ad-Quality-Swift-Package' (no dependencies)
GatherProvisioningInputs
CreateBuildDescription
ExecuteExternalTool /Applications/Xcode-26.5.0.app/Contents/Developer/Toolchains/XcodeDefault.xctoolchain/usr/bin/clang -v -E -dM -isysroot /Applications/Xcode-26.5.0.app/Contents/Developer/Platforms/AppleTVOS.platform/Developer/SDKs/AppleTVOS26.5.sdk -x c -c /dev/null
ExecuteExternalTool /Applications/Xcode-26.5.0.app/Contents/Developer/Toolchains/XcodeDefault.xctoolchain/usr/bin/swiftc --version
ExecuteExternalTool /Applications/Xcode-26.5.0.app/Contents/Developer/Toolchains/XcodeDefault.xctoolchain/usr/bin/ld -version_details
Build description signature: 7de14f21799afc1d7eabd525f4274707
Build description path: /Users/admin/builder/spi-builder-workspace/.derivedData/Build/Intermediates.noindex/XCBuildData/7de14f21799afc1d7eabd525f4274707.xcbuilddata
/Users/admin/builder/spi-builder-workspace/.dependencies/artifacts/spi-builder-workspace/IronSourceSDK/IronSource.xcframework:1:1: error: While building for tvOS, no library for this platform was found in '/Users/admin/builder/spi-builder-workspace/.dependencies/artifacts/spi-builder-workspace/IronSourceSDK/IronSource.xcframework'. (in target 'LPSPM' from project 'LevelPlay-Swift-Package')
/Users/admin/builder/spi-builder-workspace/.dependencies/artifacts/unity-ad-quality-swift-package/AdQuality/IronSourceAdQualitySDK.xcframework:1:1: error: While building for tvOS, no library for this platform was found in '/Users/admin/builder/spi-builder-workspace/.dependencies/artifacts/unity-ad-quality-swift-package/AdQuality/IronSourceAdQualitySDK.xcframework'. (in target 'LPSPM' from project 'LevelPlay-Swift-Package')
/Users/admin/builder/spi-builder-workspace/.dependencies/artifacts/unity-ad-quality-swift-package/AdQuality/IronSourceAdQualitySDK.xcframework:1:1: error: While building for tvOS, no library for this platform was found in '/Users/admin/builder/spi-builder-workspace/.dependencies/artifacts/unity-ad-quality-swift-package/AdQuality/IronSourceAdQualitySDK.xcframework'. (in target 'AdQuality' from project 'Unity-Ad-Quality-Swift-Package')
/Users/admin/builder/spi-builder-workspace/.dependencies/artifacts/spi-builder-workspace/IronSourceSDK/IronSource.xcframework:1:1: error: While building for tvOS, no library for this platform was found in '/Users/admin/builder/spi-builder-workspace/.dependencies/artifacts/spi-builder-workspace/IronSourceSDK/IronSource.xcframework'. (in target 'UnityMediationSDK' from project 'LevelPlay-Swift-Package')
/Users/admin/builder/spi-builder-workspace/.dependencies/artifacts/unity-ad-quality-swift-package/AdQuality/IronSourceAdQualitySDK.xcframework:1:1: error: While building for tvOS, no library for this platform was found in '/Users/admin/builder/spi-builder-workspace/.dependencies/artifacts/unity-ad-quality-swift-package/AdQuality/IronSourceAdQualitySDK.xcframework'. (in target 'UnityMediationSDK' from project 'LevelPlay-Swift-Package')
/Users/admin/builder/spi-builder-workspace/.dependencies/artifacts/unity-ad-quality-swift-package/AdQuality/IronSourceAdQualitySDK.xcframework:1:1: error: While building for tvOS, no library for this platform was found in '/Users/admin/builder/spi-builder-workspace/.dependencies/artifacts/unity-ad-quality-swift-package/AdQuality/IronSourceAdQualitySDK.xcframework'. (in target 'UnityMediationSDK' from project 'LevelPlay-Swift-Package')
2026-10-03 12:38:25.645 xcodebuild[803:4523] [MT] IDERunDestination: Supported platforms for the buildables in the current scheme is empty.
** BUILD FAILED **
The following build commands failed:
Building workspace spi-builder-workspace with scheme LevelPlay-Swift-Package
(1 failure)
BUILD FAILURE 6.3 tvOS