Build Information
Failed to build SpeziHealthKit, reference main (5341a7), with Swift 6.4 for tvOS using Xcode 27.0 on 24 Sep 2026 17:53:12 UTC.
Build Command
env DEVELOPER_DIR=/Applications/Xcode-27.0.0-Release.Candidate.app xcrun xcodebuild -IDEClonedSourcePackagesDirPathOverride=$PWD/.dependencies -skipMacroValidation -skipPackagePluginValidation -derivedDataPath $PWD/.derivedData build -scheme SpeziHealthKit-Package -destination generic/platform=tvOSBuild Log
Copy /Users/admin/builder/spi-builder-workspace/.derivedData/Build/Products/Debug-appletvos/SpeziKeychainStorage.swiftmodule/Project/arm64-apple-tvos.swiftsourceinfo /Users/admin/builder/spi-builder-workspace/.derivedData/Build/Intermediates.noindex/SpeziStorage.build/Debug-appletvos/SpeziKeychainStorage-t.build/Objects-normal/arm64/SpeziKeychainStorage.swiftsourceinfo (in target 'SpeziKeychainStorage' from project 'SpeziStorage')
cd /Users/admin/builder/spi-builder-workspace/.dependencies/checkouts/SpeziStorage
builtin-copy -exclude .DS_Store -exclude CVS -exclude .svn -exclude .git -exclude .hg -resolve-src-symlinks -rename /Users/admin/builder/spi-builder-workspace/.derivedData/Build/Intermediates.noindex/SpeziStorage.build/Debug-appletvos/SpeziKeychainStorage-t.build/Objects-normal/arm64/SpeziKeychainStorage.swiftsourceinfo /Users/admin/builder/spi-builder-workspace/.derivedData/Build/Products/Debug-appletvos/SpeziKeychainStorage.swiftmodule/Project/arm64-apple-tvos.swiftsourceinfo
SwiftDriverJobDiscovery normal arm64 Compiling RemoteNotificationRegistrationSupport.swift, Spezi+RegisterRemoteNotificationsAction.swift, Spezi+UnregisterRemoteNotifications.swift, SpeziNotificationCenterDelegate.swift, ImplicitlyCreatedModulesKey.swift, LaunchOptionsKey.swift (in target 'Spezi' from project 'Spezi')
SwiftCompile normal arm64 Compiling\ KeychainStorage+CryptographicKeys.swift /Users/admin/builder/spi-builder-workspace/.dependencies/checkouts/SpeziStorage/Sources/SpeziKeychainStorage/CryptographicKeys/KeychainStorage+CryptographicKeys.swift (in target 'SpeziKeychainStorage' from project 'SpeziStorage')
SwiftCompile normal arm64 /Users/admin/builder/spi-builder-workspace/.dependencies/checkouts/SpeziStorage/Sources/SpeziKeychainStorage/CryptographicKeys/KeychainStorage+CryptographicKeys.swift (in target 'SpeziKeychainStorage' from project 'SpeziStorage')
cd /Users/admin/builder/spi-builder-workspace/.swiftpm/xcode
builtin-SwiftPerFileCompile KeychainStorage+CryptographicKeys.swift
SwiftCompile normal arm64 Compiling\ KeychainStorage+Credentials.swift /Users/admin/builder/spi-builder-workspace/.dependencies/checkouts/SpeziStorage/Sources/SpeziKeychainStorage/Credentials/KeychainStorage+Credentials.swift (in target 'SpeziKeychainStorage' from project 'SpeziStorage')
SwiftCompile normal arm64 /Users/admin/builder/spi-builder-workspace/.dependencies/checkouts/SpeziStorage/Sources/SpeziKeychainStorage/Credentials/KeychainStorage+Credentials.swift (in target 'SpeziKeychainStorage' from project 'SpeziStorage')
cd /Users/admin/builder/spi-builder-workspace/.swiftpm/xcode
builtin-SwiftPerFileCompile KeychainStorage+Credentials.swift
SwiftDriverJobDiscovery normal arm64 Compiling Credentials.swift (in target 'SpeziKeychainStorage' from project 'SpeziStorage')
SwiftCompile normal arm64 Compiling\ CredentialsKind.swift /Users/admin/builder/spi-builder-workspace/.dependencies/checkouts/SpeziStorage/Sources/SpeziKeychainStorage/Credentials/CredentialsKind.swift (in target 'SpeziKeychainStorage' from project 'SpeziStorage')
SwiftCompile normal arm64 /Users/admin/builder/spi-builder-workspace/.dependencies/checkouts/SpeziStorage/Sources/SpeziKeychainStorage/Credentials/CredentialsKind.swift (in target 'SpeziKeychainStorage' from project 'SpeziStorage')
cd /Users/admin/builder/spi-builder-workspace/.swiftpm/xcode
builtin-SwiftPerFileCompile CredentialsKind.swift
SwiftCompile normal arm64 Compiling\ KeychainItemAccessibility.swift /Users/admin/builder/spi-builder-workspace/.dependencies/checkouts/SpeziStorage/Sources/SpeziKeychainStorage/KeychainItemAccessibility.swift (in target 'SpeziKeychainStorage' from project 'SpeziStorage')
SwiftCompile normal arm64 /Users/admin/builder/spi-builder-workspace/.dependencies/checkouts/SpeziStorage/Sources/SpeziKeychainStorage/KeychainItemAccessibility.swift (in target 'SpeziKeychainStorage' from project 'SpeziStorage')
cd /Users/admin/builder/spi-builder-workspace/.swiftpm/xcode
builtin-SwiftPerFileCompile KeychainItemAccessibility.swift
SwiftCompile normal arm64 Compiling\ SecKey+Extensions.swift /Users/admin/builder/spi-builder-workspace/.dependencies/checkouts/SpeziStorage/Sources/SpeziKeychainStorage/CryptographicKeys/SecKey+Extensions.swift (in target 'SpeziKeychainStorage' from project 'SpeziStorage')
SwiftCompile normal arm64 /Users/admin/builder/spi-builder-workspace/.dependencies/checkouts/SpeziStorage/Sources/SpeziKeychainStorage/CryptographicKeys/SecKey+Extensions.swift (in target 'SpeziKeychainStorage' from project 'SpeziStorage')
cd /Users/admin/builder/spi-builder-workspace/.swiftpm/xcode
builtin-SwiftPerFileCompile SecKey+Extensions.swift
SwiftDriverJobDiscovery normal arm64 Compiling ServiceModule.swift, EnvironmentAccessible.swift, ModelModifier.swift, ModelPropertyWrapper.swift, ModifierPropertyWrapper.swift, ViewModifierProvider.swift, Configuration.swift (in target 'Spezi' from project 'Spezi')
SwiftCompile normal arm64 Compiling\ KeychainItemStorageOption.swift /Users/admin/builder/spi-builder-workspace/.dependencies/checkouts/SpeziStorage/Sources/SpeziKeychainStorage/KeychainItemStorageOption.swift (in target 'SpeziKeychainStorage' from project 'SpeziStorage')
SwiftCompile normal arm64 /Users/admin/builder/spi-builder-workspace/.dependencies/checkouts/SpeziStorage/Sources/SpeziKeychainStorage/KeychainItemStorageOption.swift (in target 'SpeziKeychainStorage' from project 'SpeziStorage')
cd /Users/admin/builder/spi-builder-workspace/.swiftpm/xcode
builtin-SwiftPerFileCompile KeychainItemStorageOption.swift
SwiftDriverJobDiscovery normal arm64 Compiling ApplicationPropertyWrapper.swift, CollectPropertyWrapper.swift, CollectedModuleValues.swift, ProvidePropertyWrapper.swift, StorageValueCollector.swift, StorageValueProvider.swift, LifecycleHandler.swift (in target 'Spezi' from project 'Spezi')
SwiftDriverJobDiscovery normal arm64 Compiling Spezi+Preview.swift, Spezi+Spezi.swift, Spezi.swift, SpeziAppDelegate.swift, SpeziModuleError.swift, SpeziPropertyWrapper.swift (in target 'Spezi' from project 'Spezi')
SwiftDriverJobDiscovery normal arm64 Compiling Application+TypeAlias.swift, ApplicationDelegate.swift, ApplicationDelegateAdaptor.swift, DynamicReference.swift, Module+Properties.swift, ProcessInfo+PreviewSimulator.swift (in target 'Spezi' from project 'Spezi')
SwiftCompile normal arm64 Compiling\ CryptographicKeyTag.swift /Users/admin/builder/spi-builder-workspace/.dependencies/checkouts/SpeziStorage/Sources/SpeziKeychainStorage/CryptographicKeys/CryptographicKeyTag.swift (in target 'SpeziKeychainStorage' from project 'SpeziStorage')
SwiftCompile normal arm64 /Users/admin/builder/spi-builder-workspace/.dependencies/checkouts/SpeziStorage/Sources/SpeziKeychainStorage/CryptographicKeys/CryptographicKeyTag.swift (in target 'SpeziKeychainStorage' from project 'SpeziStorage')
cd /Users/admin/builder/spi-builder-workspace/.swiftpm/xcode
builtin-SwiftPerFileCompile CryptographicKeyTag.swift
SwiftDriver\ Compilation SpeziFoundation normal arm64 com.apple.xcode.tools.swift.compiler (in target 'SpeziFoundation' from project 'SpeziFoundation')
cd /Users/admin/builder/spi-builder-workspace/.swiftpm/xcode
builtin-Swift-Compilation -- /Applications/Xcode-27.0.0-Release.Candidate.app/Contents/Developer/Toolchains/XcodeDefault.xctoolchain/usr/bin/swiftc -parse-as-library -module-name SpeziFoundation -Onone @/Users/admin/builder/spi-builder-workspace/.derivedData/Build/Intermediates.noindex/SpeziFoundation.build/Debug-appletvos/SpeziFoundation-t.build/Objects-normal/arm64/SpeziFoundation.SwiftFileList -DSWIFT_PACKAGE -DDEBUG -DSWIFT_MODULE_RESOURCE_BUNDLE_AVAILABLE -Xcc -fmodule-map-file\=/Users/admin/builder/spi-builder-workspace/.dependencies/checkouts/zstd/lib/module.modulemap -Xcc -fmodule-map-file\=/Users/admin/builder/spi-builder-workspace/.dependencies/checkouts/swift-atomics/Sources/_AtomicsShims/include/module.modulemap -Xcc -fmodule-map-file\=/Users/admin/builder/spi-builder-workspace/.dependencies/checkouts/swift-numerics/Sources/_NumericsShims/include/module.modulemap -Xcc -fmodule-map-file\=/Users/admin/builder/spi-builder-workspace/.derivedData/Build/Intermediates.noindex/GeneratedModuleMaps-appletvos/SpeziFoundationObjC.modulemap -DXcode -enable-upcoming-feature ExistentialAny -enable-upcoming-feature InternalImportsByDefault -plugin-path /Applications/Xcode-27.0.0-Release.Candidate.app/Contents/Developer/Toolchains/XcodeDefault.xctoolchain/usr/lib/swift/host/plugins/testing -enable-experimental-feature DebugDescriptionMacro -sdk /Applications/Xcode-27.0.0-Release.Candidate.app/Contents/Developer/Platforms/AppleTVOS.platform/Developer/SDKs/AppleTVOS27.0.sdk -target arm64-apple-tvos17.0 -g -module-cache-path /Users/admin/builder/spi-builder-workspace/.derivedData/ModuleCache.noindex -Xfrontend -serialize-debugging-options -profile-coverage-mapping -profile-generate -enable-testing -suppress-warnings -index-store-path /Users/admin/builder/spi-builder-workspace/.derivedData/Index.noindex/DataStore -Xcc -D_LIBCPP_HARDENING_MODE\=_LIBCPP_HARDENING_MODE_DEBUG -swift-version 6 -I /Users/admin/builder/spi-builder-workspace/.derivedData/Build/Products/Debug-appletvos -Isystem /Applications/Xcode-27.0.0-Release.Candidate.app/Contents/Developer/Platforms/AppleTVOS.platform/Developer/usr/lib -F /Users/admin/builder/spi-builder-workspace/.derivedData/Build/Products/Debug-appletvos/PackageFrameworks -F /Users/admin/builder/spi-builder-workspace/.derivedData/Build/Products/Debug-appletvos -F /Applications/Xcode-27.0.0-Release.Candidate.app/Contents/Developer/Platforms/AppleTVOS.platform/Developer/Library/Frameworks -F /Applications/Xcode-27.0.0-Release.Candidate.app/Contents/Developer/Platforms/AppleTVOS.platform/Developer/SDKs/AppleTVOS27.0.sdk/Developer/Library/Frameworks -Xfrontend -load-plugin-executable -Xfrontend /Users/admin/builder/spi-builder-workspace/.derivedData/Build/Products/Debug/ThreadLocalMacros\#ThreadLocalMacros -emit-localized-strings -emit-localized-strings-path /Users/admin/builder/spi-builder-workspace/.derivedData/Build/Intermediates.noindex/SpeziFoundation.build/Debug-appletvos/SpeziFoundation-t.build/Objects-normal/arm64 -c -j10 -enable-batch-mode -incremental -Xcc -ivfsstatcache -Xcc /Users/admin/builder/spi-builder-workspace/.derivedData/SDKStatCaches.noindex/appletvos27.0-24J360-e829b21a6f8c9b70876ba0858053c044b32bfd8d43560033f8d89884cdb90028.sdkstatcache -output-file-map /Users/admin/builder/spi-builder-workspace/.derivedData/Build/Intermediates.noindex/SpeziFoundation.build/Debug-appletvos/SpeziFoundation-t.build/Objects-normal/arm64/SpeziFoundation-OutputFileMap.json -save-temps -no-color-diagnostics -explicit-module-build -module-cache-path /Users/admin/builder/spi-builder-workspace/.derivedData/Build/Intermediates.noindex/SwiftExplicitPrecompiledModules -clang-scanner-module-cache-path /Users/admin/builder/spi-builder-workspace/.derivedData/ModuleCache.noindex -sdk-module-cache-path /Users/admin/builder/spi-builder-workspace/.derivedData/SDKExplicitPrecompiledModules -emit-dependencies -emit-module -emit-module-path /Users/admin/builder/spi-builder-workspace/.derivedData/Build/Intermediates.noindex/SpeziFoundation.build/Debug-appletvos/SpeziFoundation-t.build/Objects-normal/arm64/SpeziFoundation.swiftmodule -serialize-diagnostics -dependency-scan-serialize-diagnostics-path /Users/admin/builder/spi-builder-workspace/.derivedData/Build/Intermediates.noindex/SpeziFoundation.build/Debug-appletvos/SpeziFoundation-t.build/Objects-normal/arm64/SpeziFoundation-dependency-scan.dia -user-module-version 2.7.7 -validate-clang-modules-once -clang-build-session-file /Users/admin/builder/spi-builder-workspace/.derivedData/ModuleCache.noindex/Session.modulevalidation -Xcc -fmodules-prune-interval\=86400 -Xcc -fmodules-prune-after\=345600 -package-name spezifoundation -emit-const-values -const-gather-protocols-list /Users/admin/builder/spi-builder-workspace/.derivedData/Build/Intermediates.noindex/SpeziFoundation.build/Debug-appletvos/SpeziFoundation-t.build/Objects-normal/arm64/SpeziFoundation_const_extract_protocols.json -Xcc -I/Users/admin/builder/spi-builder-workspace/.dependencies/checkouts/zstd/lib -Xcc -I/Users/admin/builder/spi-builder-workspace/.dependencies/checkouts/swift-atomics/Sources/_AtomicsShims/include -Xcc -I/Users/admin/builder/spi-builder-workspace/.dependencies/checkouts/swift-numerics/Sources/_NumericsShims/include -Xcc -I/Users/admin/builder/spi-builder-workspace/.dependencies/checkouts/SpeziFoundation/Sources/SpeziFoundationObjC/include -Xcc -I/Users/admin/builder/spi-builder-workspace/.derivedData/Build/Products/Debug-appletvos/include -Xcc -I/Users/admin/builder/spi-builder-workspace/.derivedData/Build/Intermediates.noindex/SpeziFoundation.build/Debug-appletvos/SpeziFoundation-t.build/DerivedSources-normal/arm64 -Xcc -I/Users/admin/builder/spi-builder-workspace/.derivedData/Build/Intermediates.noindex/SpeziFoundation.build/Debug-appletvos/SpeziFoundation-t.build/DerivedSources/arm64 -Xcc -I/Users/admin/builder/spi-builder-workspace/.derivedData/Build/Intermediates.noindex/SpeziFoundation.build/Debug-appletvos/SpeziFoundation-t.build/DerivedSources -Xcc -DSWIFT_PACKAGE -Xcc -DDEBUG\=1 -emit-objc-header -emit-objc-header-path /Users/admin/builder/spi-builder-workspace/.derivedData/Build/Intermediates.noindex/SpeziFoundation.build/Debug-appletvos/SpeziFoundation-t.build/Objects-normal/arm64/SpeziFoundation-Swift.h -working-directory /Users/admin/builder/spi-builder-workspace/.swiftpm/xcode -experimental-emit-module-separately -disable-cmo
SwiftDriverJobDiscovery normal arm64 Compiling CredentialsTag.swift (in target 'SpeziKeychainStorage' from project 'SpeziStorage')
Ld /Users/admin/builder/spi-builder-workspace/.derivedData/Build/Products/Debug-appletvos/SpeziFoundation.o normal (in target 'SpeziFoundation' from project 'SpeziFoundation')
cd /Users/admin/builder/spi-builder-workspace/.dependencies/checkouts/SpeziFoundation
/Applications/Xcode-27.0.0-Release.Candidate.app/Contents/Developer/Toolchains/XcodeDefault.xctoolchain/usr/bin/clang -Xlinker -reproducible -target arm64-apple-tvos17.0 -r -isysroot /Applications/Xcode-27.0.0-Release.Candidate.app/Contents/Developer/Platforms/AppleTVOS.platform/Developer/SDKs/AppleTVOS27.0.sdk -O0 -w -Xlinker -no_warn_duplicate_libraries -F/Users/admin/builder/spi-builder-workspace/.derivedData/Build/Intermediates.noindex/EagerLinkingTBDs/Debug-appletvos -F/Users/admin/builder/spi-builder-workspace/.derivedData/Build/Products/Debug-appletvos/PackageFrameworks -F/Users/admin/builder/spi-builder-workspace/.derivedData/Build/Products/Debug-appletvos -iframework /Applications/Xcode-27.0.0-Release.Candidate.app/Contents/Developer/Platforms/AppleTVOS.platform/Developer/Library/Frameworks -iframework /Applications/Xcode-27.0.0-Release.Candidate.app/Contents/Developer/Platforms/AppleTVOS.platform/Developer/SDKs/AppleTVOS27.0.sdk/Developer/Library/Frameworks -filelist /Users/admin/builder/spi-builder-workspace/.derivedData/Build/Intermediates.noindex/SpeziFoundation.build/Debug-appletvos/SpeziFoundation-t.build/Objects-normal/arm64/SpeziFoundation.LinkFileList -nostdlib -Xlinker -object_path_lto -Xlinker /Users/admin/builder/spi-builder-workspace/.derivedData/Build/Intermediates.noindex/SpeziFoundation.build/Debug-appletvos/SpeziFoundation-t.build/Objects-normal/arm64/SpeziFoundation_lto.o -Xlinker -no_deduplicate -Xlinker -debug_variant -Xlinker -dependency_info -Xlinker /Users/admin/builder/spi-builder-workspace/.derivedData/Build/Intermediates.noindex/SpeziFoundation.build/Debug-appletvos/SpeziFoundation-t.build/Objects-normal/arm64/SpeziFoundation_dependency_info.dat -fobjc-link-runtime -L/Applications/Xcode-27.0.0-Release.Candidate.app/Contents/Developer/Toolchains/XcodeDefault.xctoolchain/usr/lib/swift/appletvos -L/usr/lib/swift -Xlinker -add_ast_path -Xlinker /Users/admin/builder/spi-builder-workspace/.derivedData/Build/Intermediates.noindex/SpeziFoundation.build/Debug-appletvos/SpeziFoundation-t.build/Objects-normal/arm64/SpeziFoundation.swiftmodule -o /Users/admin/builder/spi-builder-workspace/.derivedData/Build/Products/Debug-appletvos/SpeziFoundation.o
SwiftDriverJobDiscovery normal arm64 Compiling SpeziSceneDelegate.swift, View+Spezi.swift, DefaultStandard.swift, Module+Standard.swift, Standard.swift, StandardPropertyWrapper.swift (in target 'Spezi' from project 'Spezi')
SwiftDriver\ Compilation Spezi normal arm64 com.apple.xcode.tools.swift.compiler (in target 'Spezi' from project 'Spezi')
cd /Users/admin/builder/spi-builder-workspace/.swiftpm/xcode
builtin-Swift-Compilation -- /Applications/Xcode-27.0.0-Release.Candidate.app/Contents/Developer/Toolchains/XcodeDefault.xctoolchain/usr/bin/swiftc -parse-as-library -module-name Spezi -Onone @/Users/admin/builder/spi-builder-workspace/.derivedData/Build/Intermediates.noindex/Spezi.build/Debug-appletvos/Spezi-t.build/Objects-normal/arm64/Spezi.SwiftFileList -DSWIFT_PACKAGE -DDEBUG -DSWIFT_MODULE_RESOURCE_BUNDLE_UNAVAILABLE -Xcc -fmodule-map-file\=/Users/admin/builder/spi-builder-workspace/.dependencies/checkouts/zstd/lib/module.modulemap -Xcc -fmodule-map-file\=/Users/admin/builder/spi-builder-workspace/.dependencies/checkouts/swift-atomics/Sources/_AtomicsShims/include/module.modulemap -Xcc -fmodule-map-file\=/Users/admin/builder/spi-builder-workspace/.dependencies/checkouts/swift-numerics/Sources/_NumericsShims/include/module.modulemap -Xcc -fmodule-map-file\=/Users/admin/builder/spi-builder-workspace/.derivedData/Build/Intermediates.noindex/GeneratedModuleMaps-appletvos/SpeziFoundationObjC.modulemap -DXcode -enable-upcoming-feature ExistentialAny -plugin-path /Applications/Xcode-27.0.0-Release.Candidate.app/Contents/Developer/Toolchains/XcodeDefault.xctoolchain/usr/lib/swift/host/plugins/testing -enable-experimental-feature DebugDescriptionMacro -sdk /Applications/Xcode-27.0.0-Release.Candidate.app/Contents/Developer/Platforms/AppleTVOS.platform/Developer/SDKs/AppleTVOS27.0.sdk -target arm64-apple-tvos17.0 -g -module-cache-path /Users/admin/builder/spi-builder-workspace/.derivedData/ModuleCache.noindex -Xfrontend -serialize-debugging-options -profile-coverage-mapping -profile-generate -enable-testing -suppress-warnings -index-store-path /Users/admin/builder/spi-builder-workspace/.derivedData/Index.noindex/DataStore -Xcc -D_LIBCPP_HARDENING_MODE\=_LIBCPP_HARDENING_MODE_DEBUG -swift-version 6 -I /Users/admin/builder/spi-builder-workspace/.derivedData/Build/Products/Debug-appletvos -Isystem /Applications/Xcode-27.0.0-Release.Candidate.app/Contents/Developer/Platforms/AppleTVOS.platform/Developer/usr/lib -F /Users/admin/builder/spi-builder-workspace/.derivedData/Build/Products/Debug-appletvos/PackageFrameworks -F /Users/admin/builder/spi-builder-workspace/.derivedData/Build/Products/Debug-appletvos -F /Applications/Xcode-27.0.0-Release.Candidate.app/Contents/Developer/Platforms/AppleTVOS.platform/Developer/Library/Frameworks -F /Applications/Xcode-27.0.0-Release.Candidate.app/Contents/Developer/Platforms/AppleTVOS.platform/Developer/SDKs/AppleTVOS27.0.sdk/Developer/Library/Frameworks -Xfrontend -load-plugin-executable -Xfrontend /Users/admin/builder/spi-builder-workspace/.derivedData/Build/Products/Debug/ThreadLocalMacros\#ThreadLocalMacros -emit-localized-strings -emit-localized-strings-path /Users/admin/builder/spi-builder-workspace/.derivedData/Build/Intermediates.noindex/Spezi.build/Debug-appletvos/Spezi-t.build/Objects-normal/arm64 -c -j10 -enable-batch-mode -incremental -Xcc -ivfsstatcache -Xcc /Users/admin/builder/spi-builder-workspace/.derivedData/SDKStatCaches.noindex/appletvos27.0-24J360-e829b21a6f8c9b70876ba0858053c044b32bfd8d43560033f8d89884cdb90028.sdkstatcache -output-file-map /Users/admin/builder/spi-builder-workspace/.derivedData/Build/Intermediates.noindex/Spezi.build/Debug-appletvos/Spezi-t.build/Objects-normal/arm64/Spezi-OutputFileMap.json -save-temps -no-color-diagnostics -explicit-module-build -module-cache-path /Users/admin/builder/spi-builder-workspace/.derivedData/Build/Intermediates.noindex/SwiftExplicitPrecompiledModules -clang-scanner-module-cache-path /Users/admin/builder/spi-builder-workspace/.derivedData/ModuleCache.noindex -sdk-module-cache-path /Users/admin/builder/spi-builder-workspace/.derivedData/SDKExplicitPrecompiledModules -emit-dependencies -emit-module -emit-module-path /Users/admin/builder/spi-builder-workspace/.derivedData/Build/Intermediates.noindex/Spezi.build/Debug-appletvos/Spezi-t.build/Objects-normal/arm64/Spezi.swiftmodule -serialize-diagnostics -dependency-scan-serialize-diagnostics-path /Users/admin/builder/spi-builder-workspace/.derivedData/Build/Intermediates.noindex/Spezi.build/Debug-appletvos/Spezi-t.build/Objects-normal/arm64/Spezi-dependency-scan.dia -user-module-version 1.10.2 -validate-clang-modules-once -clang-build-session-file /Users/admin/builder/spi-builder-workspace/.derivedData/ModuleCache.noindex/Session.modulevalidation -Xcc -fmodules-prune-interval\=86400 -Xcc -fmodules-prune-after\=345600 -package-name spezi -emit-const-values -const-gather-protocols-list /Users/admin/builder/spi-builder-workspace/.derivedData/Build/Intermediates.noindex/Spezi.build/Debug-appletvos/Spezi-t.build/Objects-normal/arm64/Spezi_const_extract_protocols.json -Xcc -I/Users/admin/builder/spi-builder-workspace/.dependencies/checkouts/zstd/lib -Xcc -I/Users/admin/builder/spi-builder-workspace/.dependencies/checkouts/swift-atomics/Sources/_AtomicsShims/include -Xcc -I/Users/admin/builder/spi-builder-workspace/.dependencies/checkouts/swift-numerics/Sources/_NumericsShims/include -Xcc -I/Users/admin/builder/spi-builder-workspace/.dependencies/checkouts/SpeziFoundation/Sources/SpeziFoundationObjC/include -Xcc -I/Users/admin/builder/spi-builder-workspace/.derivedData/Build/Products/Debug-appletvos/include -Xcc -I/Users/admin/builder/spi-builder-workspace/.derivedData/Build/Intermediates.noindex/Spezi.build/Debug-appletvos/Spezi-t.build/DerivedSources-normal/arm64 -Xcc -I/Users/admin/builder/spi-builder-workspace/.derivedData/Build/Intermediates.noindex/Spezi.build/Debug-appletvos/Spezi-t.build/DerivedSources/arm64 -Xcc -I/Users/admin/builder/spi-builder-workspace/.derivedData/Build/Intermediates.noindex/Spezi.build/Debug-appletvos/Spezi-t.build/DerivedSources -Xcc -DSWIFT_PACKAGE -Xcc -DDEBUG\=1 -emit-objc-header -emit-objc-header-path /Users/admin/builder/spi-builder-workspace/.derivedData/Build/Intermediates.noindex/Spezi.build/Debug-appletvos/Spezi-t.build/Objects-normal/arm64/Spezi-Swift.h -working-directory /Users/admin/builder/spi-builder-workspace/.swiftpm/xcode -experimental-emit-module-separately -disable-cmo
SwiftDriver SpeziLocalStorage normal arm64 com.apple.xcode.tools.swift.compiler (in target 'SpeziLocalStorage' from project 'SpeziStorage')
cd /Users/admin/builder/spi-builder-workspace/.swiftpm/xcode
builtin-SwiftDriver -- /Applications/Xcode-27.0.0-Release.Candidate.app/Contents/Developer/Toolchains/XcodeDefault.xctoolchain/usr/bin/swiftc -parse-as-library -module-name SpeziLocalStorage -Onone @/Users/admin/builder/spi-builder-workspace/.derivedData/Build/Intermediates.noindex/SpeziStorage.build/Debug-appletvos/SpeziLocalStorage-t.build/Objects-normal/arm64/SpeziLocalStorage.SwiftFileList -DSWIFT_PACKAGE -DDEBUG -DSWIFT_MODULE_RESOURCE_BUNDLE_UNAVAILABLE -Xcc -fmodule-map-file\=/Users/admin/builder/spi-builder-workspace/.dependencies/checkouts/zstd/lib/module.modulemap -Xcc -fmodule-map-file\=/Users/admin/builder/spi-builder-workspace/.dependencies/checkouts/swift-atomics/Sources/_AtomicsShims/include/module.modulemap -Xcc -fmodule-map-file\=/Users/admin/builder/spi-builder-workspace/.dependencies/checkouts/swift-numerics/Sources/_NumericsShims/include/module.modulemap -Xcc -fmodule-map-file\=/Users/admin/builder/spi-builder-workspace/.derivedData/Build/Intermediates.noindex/GeneratedModuleMaps-appletvos/SpeziFoundationObjC.modulemap -DXcode -enable-upcoming-feature ExistentialAny -plugin-path /Applications/Xcode-27.0.0-Release.Candidate.app/Contents/Developer/Toolchains/XcodeDefault.xctoolchain/usr/lib/swift/host/plugins/testing -enable-experimental-feature DebugDescriptionMacro -sdk /Applications/Xcode-27.0.0-Release.Candidate.app/Contents/Developer/Platforms/AppleTVOS.platform/Developer/SDKs/AppleTVOS27.0.sdk -target arm64-apple-tvos17.0 -g -module-cache-path /Users/admin/builder/spi-builder-workspace/.derivedData/ModuleCache.noindex -Xfrontend -serialize-debugging-options -profile-coverage-mapping -profile-generate -enable-testing -suppress-warnings -index-store-path /Users/admin/builder/spi-builder-workspace/.derivedData/Index.noindex/DataStore -Xcc -D_LIBCPP_HARDENING_MODE\=_LIBCPP_HARDENING_MODE_DEBUG -swift-version 6 -I /Users/admin/builder/spi-builder-workspace/.derivedData/Build/Products/Debug-appletvos -Isystem /Applications/Xcode-27.0.0-Release.Candidate.app/Contents/Developer/Platforms/AppleTVOS.platform/Developer/usr/lib -F /Users/admin/builder/spi-builder-workspace/.derivedData/Build/Products/Debug-appletvos/PackageFrameworks -F /Users/admin/builder/spi-builder-workspace/.derivedData/Build/Products/Debug-appletvos -F /Applications/Xcode-27.0.0-Release.Candidate.app/Contents/Developer/Platforms/AppleTVOS.platform/Developer/Library/Frameworks -F /Applications/Xcode-27.0.0-Release.Candidate.app/Contents/Developer/Platforms/AppleTVOS.platform/Developer/SDKs/AppleTVOS27.0.sdk/Developer/Library/Frameworks -Xfrontend -load-plugin-executable -Xfrontend /Users/admin/builder/spi-builder-workspace/.derivedData/Build/Products/Debug/ThreadLocalMacros\#ThreadLocalMacros -c -j10 -enable-batch-mode -incremental -Xcc -ivfsstatcache -Xcc /Users/admin/builder/spi-builder-workspace/.derivedData/SDKStatCaches.noindex/appletvos27.0-24J360-e829b21a6f8c9b70876ba0858053c044b32bfd8d43560033f8d89884cdb90028.sdkstatcache -output-file-map /Users/admin/builder/spi-builder-workspace/.derivedData/Build/Intermediates.noindex/SpeziStorage.build/Debug-appletvos/SpeziLocalStorage-t.build/Objects-normal/arm64/SpeziLocalStorage-OutputFileMap.json -save-temps -no-color-diagnostics -explicit-module-build -module-cache-path /Users/admin/builder/spi-builder-workspace/.derivedData/Build/Intermediates.noindex/SwiftExplicitPrecompiledModules -clang-scanner-module-cache-path /Users/admin/builder/spi-builder-workspace/.derivedData/ModuleCache.noindex -sdk-module-cache-path /Users/admin/builder/spi-builder-workspace/.derivedData/SDKExplicitPrecompiledModules -emit-dependencies -emit-module -emit-module-path /Users/admin/builder/spi-builder-workspace/.derivedData/Build/Intermediates.noindex/SpeziStorage.build/Debug-appletvos/SpeziLocalStorage-t.build/Objects-normal/arm64/SpeziLocalStorage.swiftmodule -serialize-diagnostics -dependency-scan-serialize-diagnostics-path /Users/admin/builder/spi-builder-workspace/.derivedData/Build/Intermediates.noindex/SpeziStorage.build/Debug-appletvos/SpeziLocalStorage-t.build/Objects-normal/arm64/SpeziLocalStorage-dependency-scan.dia -user-module-version 2.1.4 -validate-clang-modules-once -clang-build-session-file /Users/admin/builder/spi-builder-workspace/.derivedData/ModuleCache.noindex/Session.modulevalidation -Xcc -fmodules-prune-interval\=86400 -Xcc -fmodules-prune-after\=345600 -package-name spezistorage -emit-const-values -const-gather-protocols-list /Users/admin/builder/spi-builder-workspace/.derivedData/Build/Intermediates.noindex/SpeziStorage.build/Debug-appletvos/SpeziLocalStorage-t.build/Objects-normal/arm64/SpeziLocalStorage_const_extract_protocols.json -Xcc -I/Users/admin/builder/spi-builder-workspace/.dependencies/checkouts/zstd/lib -Xcc -I/Users/admin/builder/spi-builder-workspace/.dependencies/checkouts/swift-atomics/Sources/_AtomicsShims/include -Xcc -I/Users/admin/builder/spi-builder-workspace/.dependencies/checkouts/swift-numerics/Sources/_NumericsShims/include -Xcc -I/Users/admin/builder/spi-builder-workspace/.dependencies/checkouts/SpeziFoundation/Sources/SpeziFoundationObjC/include -Xcc -I/Users/admin/builder/spi-builder-workspace/.derivedData/Build/Products/Debug-appletvos/include -Xcc -I/Users/admin/builder/spi-builder-workspace/.derivedData/Build/Intermediates.noindex/SpeziStorage.build/Debug-appletvos/SpeziLocalStorage-t.build/DerivedSources-normal/arm64 -Xcc -I/Users/admin/builder/spi-builder-workspace/.derivedData/Build/Intermediates.noindex/SpeziStorage.build/Debug-appletvos/SpeziLocalStorage-t.build/DerivedSources/arm64 -Xcc -I/Users/admin/builder/spi-builder-workspace/.derivedData/Build/Intermediates.noindex/SpeziStorage.build/Debug-appletvos/SpeziLocalStorage-t.build/DerivedSources -Xcc -DSWIFT_PACKAGE -Xcc -DDEBUG\=1 -emit-objc-header -emit-objc-header-path /Users/admin/builder/spi-builder-workspace/.derivedData/Build/Intermediates.noindex/SpeziStorage.build/Debug-appletvos/SpeziLocalStorage-t.build/Objects-normal/arm64/SpeziLocalStorage-Swift.h -working-directory /Users/admin/builder/spi-builder-workspace/.swiftpm/xcode -experimental-emit-module-separately -disable-cmo
ExtractAppIntentsMetadata (in target 'SpeziFoundation' from project 'SpeziFoundation')
cd /Users/admin/builder/spi-builder-workspace/.dependencies/checkouts/SpeziFoundation
/Applications/Xcode-27.0.0-Release.Candidate.app/Contents/Developer/Toolchains/XcodeDefault.xctoolchain/usr/bin/appintentsmetadataprocessor --toolchain-dir /var/run/com.apple.security.cryptexd/mnt/com.apple.MobileAsset.MetalToolchain-v27.1.266.1.pLr1TX/Metal.xctoolchain --module-name SpeziFoundation --sdk-root /Applications/Xcode-27.0.0-Release.Candidate.app/Contents/Developer/Platforms/AppleTVOS.platform/Developer/SDKs/AppleTVOS27.0.sdk --xcode-version 27A266a --platform-family tvOS --deployment-target 17.0 --bundle-identifier spezifoundation.SpeziFoundation --output /Users/admin/builder/spi-builder-workspace/.derivedData/Build/Products/Debug-appletvos/SpeziFoundation.appintents --target-triple arm64-apple-tvos17.0 --binary-file /Users/admin/builder/spi-builder-workspace/.derivedData/Build/Products/Debug-appletvos/SpeziFoundation.o --dependency-file /Users/admin/builder/spi-builder-workspace/.derivedData/Build/Intermediates.noindex/SpeziFoundation.build/Debug-appletvos/SpeziFoundation-t.build/Objects-normal/arm64/SpeziFoundation_dependency_info.dat --stringsdata-file /Users/admin/builder/spi-builder-workspace/.derivedData/Build/Intermediates.noindex/SpeziFoundation.build/Debug-appletvos/SpeziFoundation-t.build/Objects-normal/arm64/ExtractedAppShortcutsMetadata.stringsdata --source-file-list /Users/admin/builder/spi-builder-workspace/.derivedData/Build/Intermediates.noindex/SpeziFoundation.build/Debug-appletvos/SpeziFoundation-t.build/Objects-normal/arm64/SpeziFoundation.SwiftFileList --metadata-file-list /Users/admin/builder/spi-builder-workspace/.derivedData/Build/Intermediates.noindex/SpeziFoundation.build/Debug-appletvos/SpeziFoundation-t.build/SpeziFoundation.DependencyMetadataFileList --static-metadata-file-list /Users/admin/builder/spi-builder-workspace/.derivedData/Build/Intermediates.noindex/SpeziFoundation.build/Debug-appletvos/SpeziFoundation-t.build/SpeziFoundation.DependencyStaticMetadataFileList --swift-const-vals-list /Users/admin/builder/spi-builder-workspace/.derivedData/Build/Intermediates.noindex/SpeziFoundation.build/Debug-appletvos/SpeziFoundation-t.build/Objects-normal/arm64/SpeziFoundation.SwiftConstValuesFileList --force --compile-time-extraction --deployment-aware-processing --no-app-shortcuts-localization
2026-09-24 13:52:56.512 appintentsmetadataprocessor[1989:10310] Starting appintentsmetadataprocessor export
2026-09-24 13:52:56.629 appintentsmetadataprocessor[1989:10310] Extracted no relevant App Intents symbols, skipping writing output
SwiftDriverJobDiscovery normal arm64 Compiling CredentialsKind.swift (in target 'SpeziKeychainStorage' from project 'SpeziStorage')
Ld /Users/admin/builder/spi-builder-workspace/.derivedData/Build/Products/Debug-appletvos/Spezi.o normal (in target 'Spezi' from project 'Spezi')
cd /Users/admin/builder/spi-builder-workspace/.dependencies/checkouts/Spezi
/Applications/Xcode-27.0.0-Release.Candidate.app/Contents/Developer/Toolchains/XcodeDefault.xctoolchain/usr/bin/clang -Xlinker -reproducible -target arm64-apple-tvos17.0 -r -isysroot /Applications/Xcode-27.0.0-Release.Candidate.app/Contents/Developer/Platforms/AppleTVOS.platform/Developer/SDKs/AppleTVOS27.0.sdk -O0 -w -Xlinker -no_warn_duplicate_libraries -F/Users/admin/builder/spi-builder-workspace/.derivedData/Build/Intermediates.noindex/EagerLinkingTBDs/Debug-appletvos -F/Users/admin/builder/spi-builder-workspace/.derivedData/Build/Products/Debug-appletvos/PackageFrameworks -F/Users/admin/builder/spi-builder-workspace/.derivedData/Build/Products/Debug-appletvos -iframework /Applications/Xcode-27.0.0-Release.Candidate.app/Contents/Developer/Platforms/AppleTVOS.platform/Developer/Library/Frameworks -iframework /Applications/Xcode-27.0.0-Release.Candidate.app/Contents/Developer/Platforms/AppleTVOS.platform/Developer/SDKs/AppleTVOS27.0.sdk/Developer/Library/Frameworks -filelist /Users/admin/builder/spi-builder-workspace/.derivedData/Build/Intermediates.noindex/Spezi.build/Debug-appletvos/Spezi-t.build/Objects-normal/arm64/Spezi.LinkFileList -nostdlib -Xlinker -object_path_lto -Xlinker /Users/admin/builder/spi-builder-workspace/.derivedData/Build/Intermediates.noindex/Spezi.build/Debug-appletvos/Spezi-t.build/Objects-normal/arm64/Spezi_lto.o -Xlinker -no_deduplicate -Xlinker -debug_variant -Xlinker -dependency_info -Xlinker /Users/admin/builder/spi-builder-workspace/.derivedData/Build/Intermediates.noindex/Spezi.build/Debug-appletvos/Spezi-t.build/Objects-normal/arm64/Spezi_dependency_info.dat -fobjc-link-runtime -L/Applications/Xcode-27.0.0-Release.Candidate.app/Contents/Developer/Toolchains/XcodeDefault.xctoolchain/usr/lib/swift/appletvos -L/usr/lib/swift -Xlinker -add_ast_path -Xlinker /Users/admin/builder/spi-builder-workspace/.derivedData/Build/Intermediates.noindex/Spezi.build/Debug-appletvos/Spezi-t.build/Objects-normal/arm64/Spezi.swiftmodule -o /Users/admin/builder/spi-builder-workspace/.derivedData/Build/Products/Debug-appletvos/Spezi.o
SwiftDriverJobDiscovery normal arm64 Compiling KeychainItemAccessibility.swift (in target 'SpeziKeychainStorage' from project 'SpeziStorage')
SwiftDriverJobDiscovery normal arm64 Compiling CryptographicKeyTag.swift (in target 'SpeziKeychainStorage' from project 'SpeziStorage')
SwiftDriverJobDiscovery normal arm64 Compiling KeychainItemStorageOption.swift (in target 'SpeziKeychainStorage' from project 'SpeziStorage')
ExtractAppIntentsMetadata (in target 'Spezi' from project 'Spezi')
cd /Users/admin/builder/spi-builder-workspace/.dependencies/checkouts/Spezi
/Applications/Xcode-27.0.0-Release.Candidate.app/Contents/Developer/Toolchains/XcodeDefault.xctoolchain/usr/bin/appintentsmetadataprocessor --toolchain-dir /var/run/com.apple.security.cryptexd/mnt/com.apple.MobileAsset.MetalToolchain-v27.1.266.1.pLr1TX/Metal.xctoolchain --module-name Spezi --sdk-root /Applications/Xcode-27.0.0-Release.Candidate.app/Contents/Developer/Platforms/AppleTVOS.platform/Developer/SDKs/AppleTVOS27.0.sdk --xcode-version 27A266a --platform-family tvOS --deployment-target 17.0 --bundle-identifier spezi.Spezi --output /Users/admin/builder/spi-builder-workspace/.derivedData/Build/Products/Debug-appletvos/Spezi.appintents --target-triple arm64-apple-tvos17.0 --binary-file /Users/admin/builder/spi-builder-workspace/.derivedData/Build/Products/Debug-appletvos/Spezi.o --dependency-file /Users/admin/builder/spi-builder-workspace/.derivedData/Build/Intermediates.noindex/Spezi.build/Debug-appletvos/Spezi-t.build/Objects-normal/arm64/Spezi_dependency_info.dat --stringsdata-file /Users/admin/builder/spi-builder-workspace/.derivedData/Build/Intermediates.noindex/Spezi.build/Debug-appletvos/Spezi-t.build/Objects-normal/arm64/ExtractedAppShortcutsMetadata.stringsdata --source-file-list /Users/admin/builder/spi-builder-workspace/.derivedData/Build/Intermediates.noindex/Spezi.build/Debug-appletvos/Spezi-t.build/Objects-normal/arm64/Spezi.SwiftFileList --metadata-file-list /Users/admin/builder/spi-builder-workspace/.derivedData/Build/Intermediates.noindex/Spezi.build/Debug-appletvos/Spezi-t.build/Spezi.DependencyMetadataFileList --static-metadata-file-list /Users/admin/builder/spi-builder-workspace/.derivedData/Build/Intermediates.noindex/Spezi.build/Debug-appletvos/Spezi-t.build/Spezi.DependencyStaticMetadataFileList --swift-const-vals-list /Users/admin/builder/spi-builder-workspace/.derivedData/Build/Intermediates.noindex/Spezi.build/Debug-appletvos/Spezi-t.build/Objects-normal/arm64/Spezi.SwiftConstValuesFileList --force --compile-time-extraction --deployment-aware-processing --no-app-shortcuts-localization
2026-09-24 13:52:56.703 appintentsmetadataprocessor[1992:10377] Starting appintentsmetadataprocessor export
2026-09-24 13:52:56.784 appintentsmetadataprocessor[1992:10377] Extracted no relevant App Intents symbols, skipping writing output
SwiftDriverJobDiscovery normal arm64 Compiling KeychainStorage.swift (in target 'SpeziKeychainStorage' from project 'SpeziStorage')
SwiftDriverJobDiscovery normal arm64 Compiling SecKey+Extensions.swift (in target 'SpeziKeychainStorage' from project 'SpeziStorage')
SwiftDriverJobDiscovery normal arm64 Compiling KeychainStorage+CryptographicKeys.swift (in target 'SpeziKeychainStorage' from project 'SpeziStorage')
SwiftDriverJobDiscovery normal arm64 Compiling KeychainStorage+Credentials.swift (in target 'SpeziKeychainStorage' from project 'SpeziStorage')
SwiftDriver\ Compilation SpeziKeychainStorage normal arm64 com.apple.xcode.tools.swift.compiler (in target 'SpeziKeychainStorage' from project 'SpeziStorage')
cd /Users/admin/builder/spi-builder-workspace/.swiftpm/xcode
builtin-Swift-Compilation -- /Applications/Xcode-27.0.0-Release.Candidate.app/Contents/Developer/Toolchains/XcodeDefault.xctoolchain/usr/bin/swiftc -parse-as-library -module-name SpeziKeychainStorage -Onone @/Users/admin/builder/spi-builder-workspace/.derivedData/Build/Intermediates.noindex/SpeziStorage.build/Debug-appletvos/SpeziKeychainStorage-t.build/Objects-normal/arm64/SpeziKeychainStorage.SwiftFileList -DSWIFT_PACKAGE -DDEBUG -DSWIFT_MODULE_RESOURCE_BUNDLE_UNAVAILABLE -Xcc -fmodule-map-file\=/Users/admin/builder/spi-builder-workspace/.dependencies/checkouts/zstd/lib/module.modulemap -Xcc -fmodule-map-file\=/Users/admin/builder/spi-builder-workspace/.dependencies/checkouts/swift-atomics/Sources/_AtomicsShims/include/module.modulemap -Xcc -fmodule-map-file\=/Users/admin/builder/spi-builder-workspace/.dependencies/checkouts/swift-numerics/Sources/_NumericsShims/include/module.modulemap -Xcc -fmodule-map-file\=/Users/admin/builder/spi-builder-workspace/.derivedData/Build/Intermediates.noindex/GeneratedModuleMaps-appletvos/SpeziFoundationObjC.modulemap -DXcode -enable-upcoming-feature ExistentialAny -plugin-path /Applications/Xcode-27.0.0-Release.Candidate.app/Contents/Developer/Toolchains/XcodeDefault.xctoolchain/usr/lib/swift/host/plugins/testing -enable-experimental-feature DebugDescriptionMacro -sdk /Applications/Xcode-27.0.0-Release.Candidate.app/Contents/Developer/Platforms/AppleTVOS.platform/Developer/SDKs/AppleTVOS27.0.sdk -target arm64-apple-tvos17.0 -g -module-cache-path /Users/admin/builder/spi-builder-workspace/.derivedData/ModuleCache.noindex -Xfrontend -serialize-debugging-options -profile-coverage-mapping -profile-generate -enable-testing -suppress-warnings -index-store-path /Users/admin/builder/spi-builder-workspace/.derivedData/Index.noindex/DataStore -Xcc -D_LIBCPP_HARDENING_MODE\=_LIBCPP_HARDENING_MODE_DEBUG -swift-version 6 -I /Users/admin/builder/spi-builder-workspace/.derivedData/Build/Products/Debug-appletvos -Isystem /Applications/Xcode-27.0.0-Release.Candidate.app/Contents/Developer/Platforms/AppleTVOS.platform/Developer/usr/lib -F /Users/admin/builder/spi-builder-workspace/.derivedData/Build/Products/Debug-appletvos/PackageFrameworks -F /Users/admin/builder/spi-builder-workspace/.derivedData/Build/Products/Debug-appletvos -F /Applications/Xcode-27.0.0-Release.Candidate.app/Contents/Developer/Platforms/AppleTVOS.platform/Developer/Library/Frameworks -F /Applications/Xcode-27.0.0-Release.Candidate.app/Contents/Developer/Platforms/AppleTVOS.platform/Developer/SDKs/AppleTVOS27.0.sdk/Developer/Library/Frameworks -Xfrontend -load-plugin-executable -Xfrontend /Users/admin/builder/spi-builder-workspace/.derivedData/Build/Products/Debug/ThreadLocalMacros\#ThreadLocalMacros -c -j10 -enable-batch-mode -incremental -Xcc -ivfsstatcache -Xcc /Users/admin/builder/spi-builder-workspace/.derivedData/SDKStatCaches.noindex/appletvos27.0-24J360-e829b21a6f8c9b70876ba0858053c044b32bfd8d43560033f8d89884cdb90028.sdkstatcache -output-file-map /Users/admin/builder/spi-builder-workspace/.derivedData/Build/Intermediates.noindex/SpeziStorage.build/Debug-appletvos/SpeziKeychainStorage-t.build/Objects-normal/arm64/SpeziKeychainStorage-OutputFileMap.json -save-temps -no-color-diagnostics -explicit-module-build -module-cache-path /Users/admin/builder/spi-builder-workspace/.derivedData/Build/Intermediates.noindex/SwiftExplicitPrecompiledModules -clang-scanner-module-cache-path /Users/admin/builder/spi-builder-workspace/.derivedData/ModuleCache.noindex -sdk-module-cache-path /Users/admin/builder/spi-builder-workspace/.derivedData/SDKExplicitPrecompiledModules -emit-dependencies -emit-module -emit-module-path /Users/admin/builder/spi-builder-workspace/.derivedData/Build/Intermediates.noindex/SpeziStorage.build/Debug-appletvos/SpeziKeychainStorage-t.build/Objects-normal/arm64/SpeziKeychainStorage.swiftmodule -serialize-diagnostics -dependency-scan-serialize-diagnostics-path /Users/admin/builder/spi-builder-workspace/.derivedData/Build/Intermediates.noindex/SpeziStorage.build/Debug-appletvos/SpeziKeychainStorage-t.build/Objects-normal/arm64/SpeziKeychainStorage-dependency-scan.dia -user-module-version 2.1.4 -validate-clang-modules-once -clang-build-session-file /Users/admin/builder/spi-builder-workspace/.derivedData/ModuleCache.noindex/Session.modulevalidation -Xcc -fmodules-prune-interval\=86400 -Xcc -fmodules-prune-after\=345600 -package-name spezistorage -emit-const-values -const-gather-protocols-list /Users/admin/builder/spi-builder-workspace/.derivedData/Build/Intermediates.noindex/SpeziStorage.build/Debug-appletvos/SpeziKeychainStorage-t.build/Objects-normal/arm64/SpeziKeychainStorage_const_extract_protocols.json -Xcc -I/Users/admin/builder/spi-builder-workspace/.dependencies/checkouts/zstd/lib -Xcc -I/Users/admin/builder/spi-builder-workspace/.dependencies/checkouts/swift-atomics/Sources/_AtomicsShims/include -Xcc -I/Users/admin/builder/spi-builder-workspace/.dependencies/checkouts/swift-numerics/Sources/_NumericsShims/include -Xcc -I/Users/admin/builder/spi-builder-workspace/.dependencies/checkouts/SpeziFoundation/Sources/SpeziFoundationObjC/include -Xcc -I/Users/admin/builder/spi-builder-workspace/.derivedData/Build/Products/Debug-appletvos/include -Xcc -I/Users/admin/builder/spi-builder-workspace/.derivedData/Build/Intermediates.noindex/SpeziStorage.build/Debug-appletvos/SpeziKeychainStorage-t.build/DerivedSources-normal/arm64 -Xcc -I/Users/admin/builder/spi-builder-workspace/.derivedData/Build/Intermediates.noindex/SpeziStorage.build/Debug-appletvos/SpeziKeychainStorage-t.build/DerivedSources/arm64 -Xcc -I/Users/admin/builder/spi-builder-workspace/.derivedData/Build/Intermediates.noindex/SpeziStorage.build/Debug-appletvos/SpeziKeychainStorage-t.build/DerivedSources -Xcc -DSWIFT_PACKAGE -Xcc -DDEBUG\=1 -emit-objc-header -emit-objc-header-path /Users/admin/builder/spi-builder-workspace/.derivedData/Build/Intermediates.noindex/SpeziStorage.build/Debug-appletvos/SpeziKeychainStorage-t.build/Objects-normal/arm64/SpeziKeychainStorage-Swift.h -working-directory /Users/admin/builder/spi-builder-workspace/.swiftpm/xcode -experimental-emit-module-separately -disable-cmo
Ld /Users/admin/builder/spi-builder-workspace/.derivedData/Build/Products/Debug-appletvos/SpeziKeychainStorage.o normal (in target 'SpeziKeychainStorage' from project 'SpeziStorage')
cd /Users/admin/builder/spi-builder-workspace/.dependencies/checkouts/SpeziStorage
/Applications/Xcode-27.0.0-Release.Candidate.app/Contents/Developer/Toolchains/XcodeDefault.xctoolchain/usr/bin/clang -Xlinker -reproducible -target arm64-apple-tvos17.0 -r -isysroot /Applications/Xcode-27.0.0-Release.Candidate.app/Contents/Developer/Platforms/AppleTVOS.platform/Developer/SDKs/AppleTVOS27.0.sdk -O0 -w -Xlinker -no_warn_duplicate_libraries -F/Users/admin/builder/spi-builder-workspace/.derivedData/Build/Intermediates.noindex/EagerLinkingTBDs/Debug-appletvos -F/Users/admin/builder/spi-builder-workspace/.derivedData/Build/Products/Debug-appletvos/PackageFrameworks -F/Users/admin/builder/spi-builder-workspace/.derivedData/Build/Products/Debug-appletvos -iframework /Applications/Xcode-27.0.0-Release.Candidate.app/Contents/Developer/Platforms/AppleTVOS.platform/Developer/Library/Frameworks -iframework /Applications/Xcode-27.0.0-Release.Candidate.app/Contents/Developer/Platforms/AppleTVOS.platform/Developer/SDKs/AppleTVOS27.0.sdk/Developer/Library/Frameworks -filelist /Users/admin/builder/spi-builder-workspace/.derivedData/Build/Intermediates.noindex/SpeziStorage.build/Debug-appletvos/SpeziKeychainStorage-t.build/Objects-normal/arm64/SpeziKeychainStorage.LinkFileList -nostdlib -Xlinker -object_path_lto -Xlinker /Users/admin/builder/spi-builder-workspace/.derivedData/Build/Intermediates.noindex/SpeziStorage.build/Debug-appletvos/SpeziKeychainStorage-t.build/Objects-normal/arm64/SpeziKeychainStorage_lto.o -Xlinker -no_deduplicate -Xlinker -debug_variant -Xlinker -dependency_info -Xlinker /Users/admin/builder/spi-builder-workspace/.derivedData/Build/Intermediates.noindex/SpeziStorage.build/Debug-appletvos/SpeziKeychainStorage-t.build/Objects-normal/arm64/SpeziKeychainStorage_dependency_info.dat -fobjc-link-runtime -L/Applications/Xcode-27.0.0-Release.Candidate.app/Contents/Developer/Toolchains/XcodeDefault.xctoolchain/usr/lib/swift/appletvos -L/usr/lib/swift -Xlinker -add_ast_path -Xlinker /Users/admin/builder/spi-builder-workspace/.derivedData/Build/Intermediates.noindex/SpeziStorage.build/Debug-appletvos/SpeziKeychainStorage-t.build/Objects-normal/arm64/SpeziKeychainStorage.swiftmodule -o /Users/admin/builder/spi-builder-workspace/.derivedData/Build/Products/Debug-appletvos/SpeziKeychainStorage.o
ExtractAppIntentsMetadata (in target 'SpeziKeychainStorage' from project 'SpeziStorage')
cd /Users/admin/builder/spi-builder-workspace/.dependencies/checkouts/SpeziStorage
/Applications/Xcode-27.0.0-Release.Candidate.app/Contents/Developer/Toolchains/XcodeDefault.xctoolchain/usr/bin/appintentsmetadataprocessor --toolchain-dir /var/run/com.apple.security.cryptexd/mnt/com.apple.MobileAsset.MetalToolchain-v27.1.266.1.pLr1TX/Metal.xctoolchain --module-name SpeziKeychainStorage --sdk-root /Applications/Xcode-27.0.0-Release.Candidate.app/Contents/Developer/Platforms/AppleTVOS.platform/Developer/SDKs/AppleTVOS27.0.sdk --xcode-version 27A266a --platform-family tvOS --deployment-target 17.0 --bundle-identifier spezistorage.SpeziKeychainStorage --output /Users/admin/builder/spi-builder-workspace/.derivedData/Build/Products/Debug-appletvos/SpeziKeychainStorage.appintents --target-triple arm64-apple-tvos17.0 --binary-file /Users/admin/builder/spi-builder-workspace/.derivedData/Build/Products/Debug-appletvos/SpeziKeychainStorage.o --dependency-file /Users/admin/builder/spi-builder-workspace/.derivedData/Build/Intermediates.noindex/SpeziStorage.build/Debug-appletvos/SpeziKeychainStorage-t.build/Objects-normal/arm64/SpeziKeychainStorage_dependency_info.dat --stringsdata-file /Users/admin/builder/spi-builder-workspace/.derivedData/Build/Intermediates.noindex/SpeziStorage.build/Debug-appletvos/SpeziKeychainStorage-t.build/Objects-normal/arm64/ExtractedAppShortcutsMetadata.stringsdata --source-file-list /Users/admin/builder/spi-builder-workspace/.derivedData/Build/Intermediates.noindex/SpeziStorage.build/Debug-appletvos/SpeziKeychainStorage-t.build/Objects-normal/arm64/SpeziKeychainStorage.SwiftFileList --metadata-file-list /Users/admin/builder/spi-builder-workspace/.derivedData/Build/Intermediates.noindex/SpeziStorage.build/Debug-appletvos/SpeziKeychainStorage-t.build/SpeziKeychainStorage.DependencyMetadataFileList --static-metadata-file-list /Users/admin/builder/spi-builder-workspace/.derivedData/Build/Intermediates.noindex/SpeziStorage.build/Debug-appletvos/SpeziKeychainStorage-t.build/SpeziKeychainStorage.DependencyStaticMetadataFileList --swift-const-vals-list /Users/admin/builder/spi-builder-workspace/.derivedData/Build/Intermediates.noindex/SpeziStorage.build/Debug-appletvos/SpeziKeychainStorage-t.build/Objects-normal/arm64/SpeziKeychainStorage.SwiftConstValuesFileList --force --compile-time-extraction --deployment-aware-processing --no-app-shortcuts-localization
2026-09-24 13:52:56.847 appintentsmetadataprocessor[1995:10428] Starting appintentsmetadataprocessor export
2026-09-24 13:52:56.908 appintentsmetadataprocessor[1995:10428] Extracted no relevant App Intents symbols, skipping writing output
SwiftCompile normal arm64 Compiling\ LocalStorageEntry.swift /Users/admin/builder/spi-builder-workspace/.dependencies/checkouts/SpeziStorage/Sources/SpeziLocalStorage/LocalStorageEntry.swift (in target 'SpeziLocalStorage' from project 'SpeziStorage')
SwiftCompile normal arm64 /Users/admin/builder/spi-builder-workspace/.dependencies/checkouts/SpeziStorage/Sources/SpeziLocalStorage/LocalStorageEntry.swift (in target 'SpeziLocalStorage' from project 'SpeziStorage')
cd /Users/admin/builder/spi-builder-workspace/.swiftpm/xcode
builtin-SwiftPerFileCompile LocalStorageEntry.swift
SwiftCompile normal arm64 Compiling\ LocalStorageError.swift /Users/admin/builder/spi-builder-workspace/.dependencies/checkouts/SpeziStorage/Sources/SpeziLocalStorage/LocalStorageError.swift (in target 'SpeziLocalStorage' from project 'SpeziStorage')
SwiftCompile normal arm64 /Users/admin/builder/spi-builder-workspace/.dependencies/checkouts/SpeziStorage/Sources/SpeziLocalStorage/LocalStorageError.swift (in target 'SpeziLocalStorage' from project 'SpeziStorage')
cd /Users/admin/builder/spi-builder-workspace/.swiftpm/xcode
builtin-SwiftPerFileCompile LocalStorageError.swift
SwiftEmitModule normal arm64 Emitting\ module\ for\ SpeziLocalStorage (in target 'SpeziLocalStorage' from project 'SpeziStorage')
SwiftCompile normal arm64 (in target 'SpeziLocalStorage' from project 'SpeziStorage')
cd /Users/admin/builder/spi-builder-workspace/.swiftpm/xcode
SwiftCompile normal arm64 Compiling\ LocalStorageKey.swift /Users/admin/builder/spi-builder-workspace/.dependencies/checkouts/SpeziStorage/Sources/SpeziLocalStorage/LocalStorageKey.swift (in target 'SpeziLocalStorage' from project 'SpeziStorage')
SwiftCompile normal arm64 /Users/admin/builder/spi-builder-workspace/.dependencies/checkouts/SpeziStorage/Sources/SpeziLocalStorage/LocalStorageKey.swift (in target 'SpeziLocalStorage' from project 'SpeziStorage')
cd /Users/admin/builder/spi-builder-workspace/.swiftpm/xcode
builtin-SwiftPerFileCompile LocalStorageKey.swift
SwiftCompile normal arm64 Compiling\ LocalStorageSetting.swift /Users/admin/builder/spi-builder-workspace/.dependencies/checkouts/SpeziStorage/Sources/SpeziLocalStorage/LocalStorageSetting.swift (in target 'SpeziLocalStorage' from project 'SpeziStorage')
SwiftCompile normal arm64 /Users/admin/builder/spi-builder-workspace/.dependencies/checkouts/SpeziStorage/Sources/SpeziLocalStorage/LocalStorageSetting.swift (in target 'SpeziLocalStorage' from project 'SpeziStorage')
cd /Users/admin/builder/spi-builder-workspace/.swiftpm/xcode
builtin-SwiftPerFileCompile LocalStorageSetting.swift
SwiftCompile normal arm64 Compiling\ LocalStorage.swift /Users/admin/builder/spi-builder-workspace/.dependencies/checkouts/SpeziStorage/Sources/SpeziLocalStorage/LocalStorage.swift (in target 'SpeziLocalStorage' from project 'SpeziStorage')
SwiftCompile normal arm64 /Users/admin/builder/spi-builder-workspace/.dependencies/checkouts/SpeziStorage/Sources/SpeziLocalStorage/LocalStorage.swift (in target 'SpeziLocalStorage' from project 'SpeziStorage')
cd /Users/admin/builder/spi-builder-workspace/.swiftpm/xcode
builtin-SwiftPerFileCompile LocalStorage.swift
SwiftDriverJobDiscovery normal arm64 Compiling LocalStorageError.swift (in target 'SpeziLocalStorage' from project 'SpeziStorage')
SwiftDriverJobDiscovery normal arm64 Compiling LocalStorageSetting.swift (in target 'SpeziLocalStorage' from project 'SpeziStorage')
SwiftDriverJobDiscovery normal arm64 Compiling LocalStorageKey.swift (in target 'SpeziLocalStorage' from project 'SpeziStorage')
SwiftDriverJobDiscovery normal arm64 Emitting module for SpeziLocalStorage (in target 'SpeziLocalStorage' from project 'SpeziStorage')
SwiftDriver\ Compilation\ Requirements SpeziLocalStorage normal arm64 com.apple.xcode.tools.swift.compiler (in target 'SpeziLocalStorage' from project 'SpeziStorage')
cd /Users/admin/builder/spi-builder-workspace/.swiftpm/xcode
builtin-Swift-Compilation-Requirements -- /Applications/Xcode-27.0.0-Release.Candidate.app/Contents/Developer/Toolchains/XcodeDefault.xctoolchain/usr/bin/swiftc -parse-as-library -module-name SpeziLocalStorage -Onone @/Users/admin/builder/spi-builder-workspace/.derivedData/Build/Intermediates.noindex/SpeziStorage.build/Debug-appletvos/SpeziLocalStorage-t.build/Objects-normal/arm64/SpeziLocalStorage.SwiftFileList -DSWIFT_PACKAGE -DDEBUG -DSWIFT_MODULE_RESOURCE_BUNDLE_UNAVAILABLE -Xcc -fmodule-map-file\=/Users/admin/builder/spi-builder-workspace/.dependencies/checkouts/zstd/lib/module.modulemap -Xcc -fmodule-map-file\=/Users/admin/builder/spi-builder-workspace/.dependencies/checkouts/swift-atomics/Sources/_AtomicsShims/include/module.modulemap -Xcc -fmodule-map-file\=/Users/admin/builder/spi-builder-workspace/.dependencies/checkouts/swift-numerics/Sources/_NumericsShims/include/module.modulemap -Xcc -fmodule-map-file\=/Users/admin/builder/spi-builder-workspace/.derivedData/Build/Intermediates.noindex/GeneratedModuleMaps-appletvos/SpeziFoundationObjC.modulemap -DXcode -enable-upcoming-feature ExistentialAny -plugin-path /Applications/Xcode-27.0.0-Release.Candidate.app/Contents/Developer/Toolchains/XcodeDefault.xctoolchain/usr/lib/swift/host/plugins/testing -enable-experimental-feature DebugDescriptionMacro -sdk /Applications/Xcode-27.0.0-Release.Candidate.app/Contents/Developer/Platforms/AppleTVOS.platform/Developer/SDKs/AppleTVOS27.0.sdk -target arm64-apple-tvos17.0 -g -module-cache-path /Users/admin/builder/spi-builder-workspace/.derivedData/ModuleCache.noindex -Xfrontend -serialize-debugging-options -profile-coverage-mapping -profile-generate -enable-testing -suppress-warnings -index-store-path /Users/admin/builder/spi-builder-workspace/.derivedData/Index.noindex/DataStore -Xcc -D_LIBCPP_HARDENING_MODE\=_LIBCPP_HARDENING_MODE_DEBUG -swift-version 6 -I /Users/admin/builder/spi-builder-workspace/.derivedData/Build/Products/Debug-appletvos -Isystem /Applications/Xcode-27.0.0-Release.Candidate.app/Contents/Developer/Platforms/AppleTVOS.platform/Developer/usr/lib -F /Users/admin/builder/spi-builder-workspace/.derivedData/Build/Products/Debug-appletvos/PackageFrameworks -F /Users/admin/builder/spi-builder-workspace/.derivedData/Build/Products/Debug-appletvos -F /Applications/Xcode-27.0.0-Release.Candidate.app/Contents/Developer/Platforms/AppleTVOS.platform/Developer/Library/Frameworks -F /Applications/Xcode-27.0.0-Release.Candidate.app/Contents/Developer/Platforms/AppleTVOS.platform/Developer/SDKs/AppleTVOS27.0.sdk/Developer/Library/Frameworks -Xfrontend -load-plugin-executable -Xfrontend /Users/admin/builder/spi-builder-workspace/.derivedData/Build/Products/Debug/ThreadLocalMacros\#ThreadLocalMacros -c -j10 -enable-batch-mode -incremental -Xcc -ivfsstatcache -Xcc /Users/admin/builder/spi-builder-workspace/.derivedData/SDKStatCaches.noindex/appletvos27.0-24J360-e829b21a6f8c9b70876ba0858053c044b32bfd8d43560033f8d89884cdb90028.sdkstatcache -output-file-map /Users/admin/builder/spi-builder-workspace/.derivedData/Build/Intermediates.noindex/SpeziStorage.build/Debug-appletvos/SpeziLocalStorage-t.build/Objects-normal/arm64/SpeziLocalStorage-OutputFileMap.json -save-temps -no-color-diagnostics -explicit-module-build -module-cache-path /Users/admin/builder/spi-builder-workspace/.derivedData/Build/Intermediates.noindex/SwiftExplicitPrecompiledModules -clang-scanner-module-cache-path /Users/admin/builder/spi-builder-workspace/.derivedData/ModuleCache.noindex -sdk-module-cache-path /Users/admin/builder/spi-builder-workspace/.derivedData/SDKExplicitPrecompiledModules -emit-dependencies -emit-module -emit-module-path /Users/admin/builder/spi-builder-workspace/.derivedData/Build/Intermediates.noindex/SpeziStorage.build/Debug-appletvos/SpeziLocalStorage-t.build/Objects-normal/arm64/SpeziLocalStorage.swiftmodule -serialize-diagnostics -dependency-scan-serialize-diagnostics-path /Users/admin/builder/spi-builder-workspace/.derivedData/Build/Intermediates.noindex/SpeziStorage.build/Debug-appletvos/SpeziLocalStorage-t.build/Objects-normal/arm64/SpeziLocalStorage-dependency-scan.dia -user-module-version 2.1.4 -validate-clang-modules-once -clang-build-session-file /Users/admin/builder/spi-builder-workspace/.derivedData/ModuleCache.noindex/Session.modulevalidation -Xcc -fmodules-prune-interval\=86400 -Xcc -fmodules-prune-after\=345600 -package-name spezistorage -emit-const-values -const-gather-protocols-list /Users/admin/builder/spi-builder-workspace/.derivedData/Build/Intermediates.noindex/SpeziStorage.build/Debug-appletvos/SpeziLocalStorage-t.build/Objects-normal/arm64/SpeziLocalStorage_const_extract_protocols.json -Xcc -I/Users/admin/builder/spi-builder-workspace/.dependencies/checkouts/zstd/lib -Xcc -I/Users/admin/builder/spi-builder-workspace/.dependencies/checkouts/swift-atomics/Sources/_AtomicsShims/include -Xcc -I/Users/admin/builder/spi-builder-workspace/.dependencies/checkouts/swift-numerics/Sources/_NumericsShims/include -Xcc -I/Users/admin/builder/spi-builder-workspace/.dependencies/checkouts/SpeziFoundation/Sources/SpeziFoundationObjC/include -Xcc -I/Users/admin/builder/spi-builder-workspace/.derivedData/Build/Products/Debug-appletvos/include -Xcc -I/Users/admin/builder/spi-builder-workspace/.derivedData/Build/Intermediates.noindex/SpeziStorage.build/Debug-appletvos/SpeziLocalStorage-t.build/DerivedSources-normal/arm64 -Xcc -I/Users/admin/builder/spi-builder-workspace/.derivedData/Build/Intermediates.noindex/SpeziStorage.build/Debug-appletvos/SpeziLocalStorage-t.build/DerivedSources/arm64 -Xcc -I/Users/admin/builder/spi-builder-workspace/.derivedData/Build/Intermediates.noindex/SpeziStorage.build/Debug-appletvos/SpeziLocalStorage-t.build/DerivedSources -Xcc -DSWIFT_PACKAGE -Xcc -DDEBUG\=1 -emit-objc-header -emit-objc-header-path /Users/admin/builder/spi-builder-workspace/.derivedData/Build/Intermediates.noindex/SpeziStorage.build/Debug-appletvos/SpeziLocalStorage-t.build/Objects-normal/arm64/SpeziLocalStorage-Swift.h -working-directory /Users/admin/builder/spi-builder-workspace/.swiftpm/xcode -experimental-emit-module-separately -disable-cmo
SwiftMergeGeneratedHeaders /Users/admin/builder/spi-builder-workspace/.derivedData/Build/Intermediates.noindex/GeneratedModuleMaps-appletvos/SpeziLocalStorage-Swift.h /Users/admin/builder/spi-builder-workspace/.derivedData/Build/Intermediates.noindex/SpeziStorage.build/Debug-appletvos/SpeziLocalStorage-t.build/Objects-normal/arm64/SpeziLocalStorage-Swift.h (in target 'SpeziLocalStorage' from project 'SpeziStorage')
cd /Users/admin/builder/spi-builder-workspace/.dependencies/checkouts/SpeziStorage
builtin-swiftHeaderTool -arch arm64 /Users/admin/builder/spi-builder-workspace/.derivedData/Build/Intermediates.noindex/SpeziStorage.build/Debug-appletvos/SpeziLocalStorage-t.build/Objects-normal/arm64/SpeziLocalStorage-Swift.h -o /Users/admin/builder/spi-builder-workspace/.derivedData/Build/Intermediates.noindex/GeneratedModuleMaps-appletvos/SpeziLocalStorage-Swift.h
Copy /Users/admin/builder/spi-builder-workspace/.derivedData/Build/Products/Debug-appletvos/SpeziLocalStorage.swiftmodule/arm64-apple-tvos.swiftmodule /Users/admin/builder/spi-builder-workspace/.derivedData/Build/Intermediates.noindex/SpeziStorage.build/Debug-appletvos/SpeziLocalStorage-t.build/Objects-normal/arm64/SpeziLocalStorage.swiftmodule (in target 'SpeziLocalStorage' from project 'SpeziStorage')
cd /Users/admin/builder/spi-builder-workspace/.dependencies/checkouts/SpeziStorage
builtin-copy -exclude .DS_Store -exclude CVS -exclude .svn -exclude .git -exclude .hg -resolve-src-symlinks -rename /Users/admin/builder/spi-builder-workspace/.derivedData/Build/Intermediates.noindex/SpeziStorage.build/Debug-appletvos/SpeziLocalStorage-t.build/Objects-normal/arm64/SpeziLocalStorage.swiftmodule /Users/admin/builder/spi-builder-workspace/.derivedData/Build/Products/Debug-appletvos/SpeziLocalStorage.swiftmodule/arm64-apple-tvos.swiftmodule
Copy /Users/admin/builder/spi-builder-workspace/.derivedData/Build/Products/Debug-appletvos/SpeziLocalStorage.swiftmodule/arm64-apple-tvos.swiftdoc /Users/admin/builder/spi-builder-workspace/.derivedData/Build/Intermediates.noindex/SpeziStorage.build/Debug-appletvos/SpeziLocalStorage-t.build/Objects-normal/arm64/SpeziLocalStorage.swiftdoc (in target 'SpeziLocalStorage' from project 'SpeziStorage')
cd /Users/admin/builder/spi-builder-workspace/.dependencies/checkouts/SpeziStorage
builtin-copy -exclude .DS_Store -exclude CVS -exclude .svn -exclude .git -exclude .hg -resolve-src-symlinks -rename /Users/admin/builder/spi-builder-workspace/.derivedData/Build/Intermediates.noindex/SpeziStorage.build/Debug-appletvos/SpeziLocalStorage-t.build/Objects-normal/arm64/SpeziLocalStorage.swiftdoc /Users/admin/builder/spi-builder-workspace/.derivedData/Build/Products/Debug-appletvos/SpeziLocalStorage.swiftmodule/arm64-apple-tvos.swiftdoc
Copy /Users/admin/builder/spi-builder-workspace/.derivedData/Build/Products/Debug-appletvos/SpeziLocalStorage.swiftmodule/arm64-apple-tvos.abi.json /Users/admin/builder/spi-builder-workspace/.derivedData/Build/Intermediates.noindex/SpeziStorage.build/Debug-appletvos/SpeziLocalStorage-t.build/Objects-normal/arm64/SpeziLocalStorage.abi.json (in target 'SpeziLocalStorage' from project 'SpeziStorage')
cd /Users/admin/builder/spi-builder-workspace/.dependencies/checkouts/SpeziStorage
builtin-copy -exclude .DS_Store -exclude CVS -exclude .svn -exclude .git -exclude .hg -resolve-src-symlinks -rename /Users/admin/builder/spi-builder-workspace/.derivedData/Build/Intermediates.noindex/SpeziStorage.build/Debug-appletvos/SpeziLocalStorage-t.build/Objects-normal/arm64/SpeziLocalStorage.abi.json /Users/admin/builder/spi-builder-workspace/.derivedData/Build/Products/Debug-appletvos/SpeziLocalStorage.swiftmodule/arm64-apple-tvos.abi.json
Copy /Users/admin/builder/spi-builder-workspace/.derivedData/Build/Products/Debug-appletvos/SpeziLocalStorage.swiftmodule/Project/arm64-apple-tvos.swiftsourceinfo /Users/admin/builder/spi-builder-workspace/.derivedData/Build/Intermediates.noindex/SpeziStorage.build/Debug-appletvos/SpeziLocalStorage-t.build/Objects-normal/arm64/SpeziLocalStorage.swiftsourceinfo (in target 'SpeziLocalStorage' from project 'SpeziStorage')
cd /Users/admin/builder/spi-builder-workspace/.dependencies/checkouts/SpeziStorage
builtin-copy -exclude .DS_Store -exclude CVS -exclude .svn -exclude .git -exclude .hg -resolve-src-symlinks -rename /Users/admin/builder/spi-builder-workspace/.derivedData/Build/Intermediates.noindex/SpeziStorage.build/Debug-appletvos/SpeziLocalStorage-t.build/Objects-normal/arm64/SpeziLocalStorage.swiftsourceinfo /Users/admin/builder/spi-builder-workspace/.derivedData/Build/Products/Debug-appletvos/SpeziLocalStorage.swiftmodule/Project/arm64-apple-tvos.swiftsourceinfo
SwiftDriver SpeziHealthKit normal arm64 com.apple.xcode.tools.swift.compiler (in target 'SpeziHealthKit' from project 'SpeziHealthKit')
cd /Users/admin/builder/spi-builder-workspace/.swiftpm/xcode
builtin-SwiftDriver -- /Applications/Xcode-27.0.0-Release.Candidate.app/Contents/Developer/Toolchains/XcodeDefault.xctoolchain/usr/bin/swiftc -parse-as-library -module-name SpeziHealthKit -Onone @/Users/admin/builder/spi-builder-workspace/.derivedData/Build/Intermediates.noindex/SpeziHealthKit.build/Debug-appletvos/SpeziHealthKit-t.build/Objects-normal/arm64/SpeziHealthKit.SwiftFileList -DSWIFT_PACKAGE -DDEBUG -DSWIFT_MODULE_RESOURCE_BUNDLE_AVAILABLE -Xcc -fmodule-map-file\=/Users/admin/builder/spi-builder-workspace/.dependencies/checkouts/zstd/lib/module.modulemap -Xcc -fmodule-map-file\=/Users/admin/builder/spi-builder-workspace/.dependencies/checkouts/swift-atomics/Sources/_AtomicsShims/include/module.modulemap -Xcc -fmodule-map-file\=/Users/admin/builder/spi-builder-workspace/.derivedData/Build/Intermediates.noindex/GeneratedModuleMaps-appletvos/SpeziFoundationObjC.modulemap -Xcc -fmodule-map-file\=/Users/admin/builder/spi-builder-workspace/.dependencies/checkouts/swift-numerics/Sources/_NumericsShims/include/module.modulemap -DXcode -enable-upcoming-feature ExistentialAny -enable-upcoming-feature InternalImportsByDefault -plugin-path /Applications/Xcode-27.0.0-Release.Candidate.app/Contents/Developer/Toolchains/XcodeDefault.xctoolchain/usr/lib/swift/host/plugins/testing -enable-experimental-feature DebugDescriptionMacro -sdk /Applications/Xcode-27.0.0-Release.Candidate.app/Contents/Developer/Platforms/AppleTVOS.platform/Developer/SDKs/AppleTVOS27.0.sdk -target arm64-apple-tvos17.0 -g -module-cache-path /Users/admin/builder/spi-builder-workspace/.derivedData/ModuleCache.noindex -Xfrontend -serialize-debugging-options -profile-coverage-mapping -profile-generate -enable-testing -index-store-path /Users/admin/builder/spi-builder-workspace/.derivedData/Index.noindex/DataStore -Xcc -D_LIBCPP_HARDENING_MODE\=_LIBCPP_HARDENING_MODE_DEBUG -swift-version 6 -I /Users/admin/builder/spi-builder-workspace/.derivedData/Build/Products/Debug-appletvos -Isystem /Applications/Xcode-27.0.0-Release.Candidate.app/Contents/Developer/Platforms/AppleTVOS.platform/Developer/usr/lib -F /Users/admin/builder/spi-builder-workspace/.derivedData/Build/Products/Debug-appletvos/PackageFrameworks -F /Users/admin/builder/spi-builder-workspace/.derivedData/Build/Products/Debug-appletvos -F /Applications/Xcode-27.0.0-Release.Candidate.app/Contents/Developer/Platforms/AppleTVOS.platform/Developer/Library/Frameworks -F /Applications/Xcode-27.0.0-Release.Candidate.app/Contents/Developer/Platforms/AppleTVOS.platform/Developer/SDKs/AppleTVOS27.0.sdk/Developer/Library/Frameworks -Xfrontend -load-plugin-executable -Xfrontend /Users/admin/builder/spi-builder-workspace/.derivedData/Build/Products/Debug/ThreadLocalMacros\#ThreadLocalMacros -emit-localized-strings -emit-localized-strings-path /Users/admin/builder/spi-builder-workspace/.derivedData/Build/Intermediates.noindex/SpeziHealthKit.build/Debug-appletvos/SpeziHealthKit-t.build/Objects-normal/arm64 -c -j10 -enable-batch-mode -incremental -Xcc -ivfsstatcache -Xcc /Users/admin/builder/spi-builder-workspace/.derivedData/SDKStatCaches.noindex/appletvos27.0-24J360-e829b21a6f8c9b70876ba0858053c044b32bfd8d43560033f8d89884cdb90028.sdkstatcache -output-file-map /Users/admin/builder/spi-builder-workspace/.derivedData/Build/Intermediates.noindex/SpeziHealthKit.build/Debug-appletvos/SpeziHealthKit-t.build/Objects-normal/arm64/SpeziHealthKit-OutputFileMap.json -save-temps -no-color-diagnostics -explicit-module-build -module-cache-path /Users/admin/builder/spi-builder-workspace/.derivedData/Build/Intermediates.noindex/SwiftExplicitPrecompiledModules -clang-scanner-module-cache-path /Users/admin/builder/spi-builder-workspace/.derivedData/ModuleCache.noindex -sdk-module-cache-path /Users/admin/builder/spi-builder-workspace/.derivedData/SDKExplicitPrecompiledModules -emit-dependencies -emit-module -emit-module-path /Users/admin/builder/spi-builder-workspace/.derivedData/Build/Intermediates.noindex/SpeziHealthKit.build/Debug-appletvos/SpeziHealthKit-t.build/Objects-normal/arm64/SpeziHealthKit.swiftmodule -serialize-diagnostics -dependency-scan-serialize-diagnostics-path /Users/admin/builder/spi-builder-workspace/.derivedData/Build/Intermediates.noindex/SpeziHealthKit.build/Debug-appletvos/SpeziHealthKit-t.build/Objects-normal/arm64/SpeziHealthKit-dependency-scan.dia -validate-clang-modules-once -clang-build-session-file /Users/admin/builder/spi-builder-workspace/.derivedData/ModuleCache.noindex/Session.modulevalidation -Xcc -fmodules-prune-interval\=86400 -Xcc -fmodules-prune-after\=345600 -package-name spi_builder_workspace -emit-const-values -const-gather-protocols-list /Users/admin/builder/spi-builder-workspace/.derivedData/Build/Intermediates.noindex/SpeziHealthKit.build/Debug-appletvos/SpeziHealthKit-t.build/Objects-normal/arm64/SpeziHealthKit_const_extract_protocols.json -Xcc -I/Users/admin/builder/spi-builder-workspace/.dependencies/checkouts/zstd/lib -Xcc -I/Users/admin/builder/spi-builder-workspace/.dependencies/checkouts/swift-atomics/Sources/_AtomicsShims/include -Xcc -I/Users/admin/builder/spi-builder-workspace/.dependencies/checkouts/SpeziFoundation/Sources/SpeziFoundationObjC/include -Xcc -I/Users/admin/builder/spi-builder-workspace/.dependencies/checkouts/swift-numerics/Sources/_NumericsShims/include -Xcc -I/Users/admin/builder/spi-builder-workspace/.derivedData/Build/Products/Debug-appletvos/include -Xcc -I/Users/admin/builder/spi-builder-workspace/.derivedData/Build/Intermediates.noindex/SpeziHealthKit.build/Debug-appletvos/SpeziHealthKit-t.build/DerivedSources-normal/arm64 -Xcc -I/Users/admin/builder/spi-builder-workspace/.derivedData/Build/Intermediates.noindex/SpeziHealthKit.build/Debug-appletvos/SpeziHealthKit-t.build/DerivedSources/arm64 -Xcc -I/Users/admin/builder/spi-builder-workspace/.derivedData/Build/Intermediates.noindex/SpeziHealthKit.build/Debug-appletvos/SpeziHealthKit-t.build/DerivedSources -Xcc -DSWIFT_PACKAGE -Xcc -DDEBUG\=1 -emit-objc-header -emit-objc-header-path /Users/admin/builder/spi-builder-workspace/.derivedData/Build/Intermediates.noindex/SpeziHealthKit.build/Debug-appletvos/SpeziHealthKit-t.build/Objects-normal/arm64/SpeziHealthKit-Swift.h -working-directory /Users/admin/builder/spi-builder-workspace/.swiftpm/xcode -experimental-emit-module-separately -disable-cmo
SwiftDriverJobDiscovery normal arm64 Compiling LocalStorage.swift (in target 'SpeziLocalStorage' from project 'SpeziStorage')
SwiftDriverJobDiscovery normal arm64 Compiling LocalStorageEntry.swift (in target 'SpeziLocalStorage' from project 'SpeziStorage')
SwiftDriver\ Compilation SpeziLocalStorage normal arm64 com.apple.xcode.tools.swift.compiler (in target 'SpeziLocalStorage' from project 'SpeziStorage')
cd /Users/admin/builder/spi-builder-workspace/.swiftpm/xcode
builtin-Swift-Compilation -- /Applications/Xcode-27.0.0-Release.Candidate.app/Contents/Developer/Toolchains/XcodeDefault.xctoolchain/usr/bin/swiftc -parse-as-library -module-name SpeziLocalStorage -Onone @/Users/admin/builder/spi-builder-workspace/.derivedData/Build/Intermediates.noindex/SpeziStorage.build/Debug-appletvos/SpeziLocalStorage-t.build/Objects-normal/arm64/SpeziLocalStorage.SwiftFileList -DSWIFT_PACKAGE -DDEBUG -DSWIFT_MODULE_RESOURCE_BUNDLE_UNAVAILABLE -Xcc -fmodule-map-file\=/Users/admin/builder/spi-builder-workspace/.dependencies/checkouts/zstd/lib/module.modulemap -Xcc -fmodule-map-file\=/Users/admin/builder/spi-builder-workspace/.dependencies/checkouts/swift-atomics/Sources/_AtomicsShims/include/module.modulemap -Xcc -fmodule-map-file\=/Users/admin/builder/spi-builder-workspace/.dependencies/checkouts/swift-numerics/Sources/_NumericsShims/include/module.modulemap -Xcc -fmodule-map-file\=/Users/admin/builder/spi-builder-workspace/.derivedData/Build/Intermediates.noindex/GeneratedModuleMaps-appletvos/SpeziFoundationObjC.modulemap -DXcode -enable-upcoming-feature ExistentialAny -plugin-path /Applications/Xcode-27.0.0-Release.Candidate.app/Contents/Developer/Toolchains/XcodeDefault.xctoolchain/usr/lib/swift/host/plugins/testing -enable-experimental-feature DebugDescriptionMacro -sdk /Applications/Xcode-27.0.0-Release.Candidate.app/Contents/Developer/Platforms/AppleTVOS.platform/Developer/SDKs/AppleTVOS27.0.sdk -target arm64-apple-tvos17.0 -g -module-cache-path /Users/admin/builder/spi-builder-workspace/.derivedData/ModuleCache.noindex -Xfrontend -serialize-debugging-options -profile-coverage-mapping -profile-generate -enable-testing -suppress-warnings -index-store-path /Users/admin/builder/spi-builder-workspace/.derivedData/Index.noindex/DataStore -Xcc -D_LIBCPP_HARDENING_MODE\=_LIBCPP_HARDENING_MODE_DEBUG -swift-version 6 -I /Users/admin/builder/spi-builder-workspace/.derivedData/Build/Products/Debug-appletvos -Isystem /Applications/Xcode-27.0.0-Release.Candidate.app/Contents/Developer/Platforms/AppleTVOS.platform/Developer/usr/lib -F /Users/admin/builder/spi-builder-workspace/.derivedData/Build/Products/Debug-appletvos/PackageFrameworks -F /Users/admin/builder/spi-builder-workspace/.derivedData/Build/Products/Debug-appletvos -F /Applications/Xcode-27.0.0-Release.Candidate.app/Contents/Developer/Platforms/AppleTVOS.platform/Developer/Library/Frameworks -F /Applications/Xcode-27.0.0-Release.Candidate.app/Contents/Developer/Platforms/AppleTVOS.platform/Developer/SDKs/AppleTVOS27.0.sdk/Developer/Library/Frameworks -Xfrontend -load-plugin-executable -Xfrontend /Users/admin/builder/spi-builder-workspace/.derivedData/Build/Products/Debug/ThreadLocalMacros\#ThreadLocalMacros -c -j10 -enable-batch-mode -incremental -Xcc -ivfsstatcache -Xcc /Users/admin/builder/spi-builder-workspace/.derivedData/SDKStatCaches.noindex/appletvos27.0-24J360-e829b21a6f8c9b70876ba0858053c044b32bfd8d43560033f8d89884cdb90028.sdkstatcache -output-file-map /Users/admin/builder/spi-builder-workspace/.derivedData/Build/Intermediates.noindex/SpeziStorage.build/Debug-appletvos/SpeziLocalStorage-t.build/Objects-normal/arm64/SpeziLocalStorage-OutputFileMap.json -save-temps -no-color-diagnostics -explicit-module-build -module-cache-path /Users/admin/builder/spi-builder-workspace/.derivedData/Build/Intermediates.noindex/SwiftExplicitPrecompiledModules -clang-scanner-module-cache-path /Users/admin/builder/spi-builder-workspace/.derivedData/ModuleCache.noindex -sdk-module-cache-path /Users/admin/builder/spi-builder-workspace/.derivedData/SDKExplicitPrecompiledModules -emit-dependencies -emit-module -emit-module-path /Users/admin/builder/spi-builder-workspace/.derivedData/Build/Intermediates.noindex/SpeziStorage.build/Debug-appletvos/SpeziLocalStorage-t.build/Objects-normal/arm64/SpeziLocalStorage.swiftmodule -serialize-diagnostics -dependency-scan-serialize-diagnostics-path /Users/admin/builder/spi-builder-workspace/.derivedData/Build/Intermediates.noindex/SpeziStorage.build/Debug-appletvos/SpeziLocalStorage-t.build/Objects-normal/arm64/SpeziLocalStorage-dependency-scan.dia -user-module-version 2.1.4 -validate-clang-modules-once -clang-build-session-file /Users/admin/builder/spi-builder-workspace/.derivedData/ModuleCache.noindex/Session.modulevalidation -Xcc -fmodules-prune-interval\=86400 -Xcc -fmodules-prune-after\=345600 -package-name spezistorage -emit-const-values -const-gather-protocols-list /Users/admin/builder/spi-builder-workspace/.derivedData/Build/Intermediates.noindex/SpeziStorage.build/Debug-appletvos/SpeziLocalStorage-t.build/Objects-normal/arm64/SpeziLocalStorage_const_extract_protocols.json -Xcc -I/Users/admin/builder/spi-builder-workspace/.dependencies/checkouts/zstd/lib -Xcc -I/Users/admin/builder/spi-builder-workspace/.dependencies/checkouts/swift-atomics/Sources/_AtomicsShims/include -Xcc -I/Users/admin/builder/spi-builder-workspace/.dependencies/checkouts/swift-numerics/Sources/_NumericsShims/include -Xcc -I/Users/admin/builder/spi-builder-workspace/.dependencies/checkouts/SpeziFoundation/Sources/SpeziFoundationObjC/include -Xcc -I/Users/admin/builder/spi-builder-workspace/.derivedData/Build/Products/Debug-appletvos/include -Xcc -I/Users/admin/builder/spi-builder-workspace/.derivedData/Build/Intermediates.noindex/SpeziStorage.build/Debug-appletvos/SpeziLocalStorage-t.build/DerivedSources-normal/arm64 -Xcc -I/Users/admin/builder/spi-builder-workspace/.derivedData/Build/Intermediates.noindex/SpeziStorage.build/Debug-appletvos/SpeziLocalStorage-t.build/DerivedSources/arm64 -Xcc -I/Users/admin/builder/spi-builder-workspace/.derivedData/Build/Intermediates.noindex/SpeziStorage.build/Debug-appletvos/SpeziLocalStorage-t.build/DerivedSources -Xcc -DSWIFT_PACKAGE -Xcc -DDEBUG\=1 -emit-objc-header -emit-objc-header-path /Users/admin/builder/spi-builder-workspace/.derivedData/Build/Intermediates.noindex/SpeziStorage.build/Debug-appletvos/SpeziLocalStorage-t.build/Objects-normal/arm64/SpeziLocalStorage-Swift.h -working-directory /Users/admin/builder/spi-builder-workspace/.swiftpm/xcode -experimental-emit-module-separately -disable-cmo
Ld /Users/admin/builder/spi-builder-workspace/.derivedData/Build/Products/Debug-appletvos/SpeziLocalStorage.o normal (in target 'SpeziLocalStorage' from project 'SpeziStorage')
cd /Users/admin/builder/spi-builder-workspace/.dependencies/checkouts/SpeziStorage
/Applications/Xcode-27.0.0-Release.Candidate.app/Contents/Developer/Toolchains/XcodeDefault.xctoolchain/usr/bin/clang -Xlinker -reproducible -target arm64-apple-tvos17.0 -r -isysroot /Applications/Xcode-27.0.0-Release.Candidate.app/Contents/Developer/Platforms/AppleTVOS.platform/Developer/SDKs/AppleTVOS27.0.sdk -O0 -w -Xlinker -no_warn_duplicate_libraries -F/Users/admin/builder/spi-builder-workspace/.derivedData/Build/Intermediates.noindex/EagerLinkingTBDs/Debug-appletvos -F/Users/admin/builder/spi-builder-workspace/.derivedData/Build/Products/Debug-appletvos/PackageFrameworks -F/Users/admin/builder/spi-builder-workspace/.derivedData/Build/Products/Debug-appletvos -iframework /Applications/Xcode-27.0.0-Release.Candidate.app/Contents/Developer/Platforms/AppleTVOS.platform/Developer/Library/Frameworks -iframework /Applications/Xcode-27.0.0-Release.Candidate.app/Contents/Developer/Platforms/AppleTVOS.platform/Developer/SDKs/AppleTVOS27.0.sdk/Developer/Library/Frameworks -filelist /Users/admin/builder/spi-builder-workspace/.derivedData/Build/Intermediates.noindex/SpeziStorage.build/Debug-appletvos/SpeziLocalStorage-t.build/Objects-normal/arm64/SpeziLocalStorage.LinkFileList -nostdlib -Xlinker -object_path_lto -Xlinker /Users/admin/builder/spi-builder-workspace/.derivedData/Build/Intermediates.noindex/SpeziStorage.build/Debug-appletvos/SpeziLocalStorage-t.build/Objects-normal/arm64/SpeziLocalStorage_lto.o -Xlinker -no_deduplicate -Xlinker -debug_variant -Xlinker -dependency_info -Xlinker /Users/admin/builder/spi-builder-workspace/.derivedData/Build/Intermediates.noindex/SpeziStorage.build/Debug-appletvos/SpeziLocalStorage-t.build/Objects-normal/arm64/SpeziLocalStorage_dependency_info.dat -fobjc-link-runtime -L/Applications/Xcode-27.0.0-Release.Candidate.app/Contents/Developer/Toolchains/XcodeDefault.xctoolchain/usr/lib/swift/appletvos -L/usr/lib/swift -Xlinker -add_ast_path -Xlinker /Users/admin/builder/spi-builder-workspace/.derivedData/Build/Intermediates.noindex/SpeziStorage.build/Debug-appletvos/SpeziLocalStorage-t.build/Objects-normal/arm64/SpeziLocalStorage.swiftmodule -o /Users/admin/builder/spi-builder-workspace/.derivedData/Build/Products/Debug-appletvos/SpeziLocalStorage.o
ExtractAppIntentsMetadata (in target 'SpeziLocalStorage' from project 'SpeziStorage')
cd /Users/admin/builder/spi-builder-workspace/.dependencies/checkouts/SpeziStorage
/Applications/Xcode-27.0.0-Release.Candidate.app/Contents/Developer/Toolchains/XcodeDefault.xctoolchain/usr/bin/appintentsmetadataprocessor --toolchain-dir /var/run/com.apple.security.cryptexd/mnt/com.apple.MobileAsset.MetalToolchain-v27.1.266.1.pLr1TX/Metal.xctoolchain --module-name SpeziLocalStorage --sdk-root /Applications/Xcode-27.0.0-Release.Candidate.app/Contents/Developer/Platforms/AppleTVOS.platform/Developer/SDKs/AppleTVOS27.0.sdk --xcode-version 27A266a --platform-family tvOS --deployment-target 17.0 --bundle-identifier spezistorage.SpeziLocalStorage --output /Users/admin/builder/spi-builder-workspace/.derivedData/Build/Products/Debug-appletvos/SpeziLocalStorage.appintents --target-triple arm64-apple-tvos17.0 --binary-file /Users/admin/builder/spi-builder-workspace/.derivedData/Build/Products/Debug-appletvos/SpeziLocalStorage.o --dependency-file /Users/admin/builder/spi-builder-workspace/.derivedData/Build/Intermediates.noindex/SpeziStorage.build/Debug-appletvos/SpeziLocalStorage-t.build/Objects-normal/arm64/SpeziLocalStorage_dependency_info.dat --stringsdata-file /Users/admin/builder/spi-builder-workspace/.derivedData/Build/Intermediates.noindex/SpeziStorage.build/Debug-appletvos/SpeziLocalStorage-t.build/Objects-normal/arm64/ExtractedAppShortcutsMetadata.stringsdata --source-file-list /Users/admin/builder/spi-builder-workspace/.derivedData/Build/Intermediates.noindex/SpeziStorage.build/Debug-appletvos/SpeziLocalStorage-t.build/Objects-normal/arm64/SpeziLocalStorage.SwiftFileList --metadata-file-list /Users/admin/builder/spi-builder-workspace/.derivedData/Build/Intermediates.noindex/SpeziStorage.build/Debug-appletvos/SpeziLocalStorage-t.build/SpeziLocalStorage.DependencyMetadataFileList --static-metadata-file-list /Users/admin/builder/spi-builder-workspace/.derivedData/Build/Intermediates.noindex/SpeziStorage.build/Debug-appletvos/SpeziLocalStorage-t.build/SpeziLocalStorage.DependencyStaticMetadataFileList --swift-const-vals-list /Users/admin/builder/spi-builder-workspace/.derivedData/Build/Intermediates.noindex/SpeziStorage.build/Debug-appletvos/SpeziLocalStorage-t.build/Objects-normal/arm64/SpeziLocalStorage.SwiftConstValuesFileList --force --compile-time-extraction --deployment-aware-processing --no-app-shortcuts-localization
2026-09-24 13:52:57.372 appintentsmetadataprocessor[2006:10494] Starting appintentsmetadataprocessor export
2026-09-24 13:52:57.435 appintentsmetadataprocessor[2006:10494] Extracted no relevant App Intents symbols, skipping writing output
SwiftCompile normal arm64 Compiling\ HealthKitSampleCollector.swift,\ HKBloodType+Extensions.swift,\ HKElectrocardiogram+RelatedData.swift,\ HKHealthStore+BackgroundDelivery.swift /Users/admin/builder/spi-builder-workspace/Sources/SpeziHealthKit/Health\ Data\ Collection/HealthKitSampleCollector.swift /Users/admin/builder/spi-builder-workspace/Sources/SpeziHealthKit/HealthKit\ Extensions/HKBloodType+Extensions.swift /Users/admin/builder/spi-builder-workspace/Sources/SpeziHealthKit/HealthKit\ Extensions/HKElectrocardiogram+RelatedData.swift /Users/admin/builder/spi-builder-workspace/Sources/SpeziHealthKit/HealthKit\ Extensions/HKHealthStore+BackgroundDelivery.swift (in target 'SpeziHealthKit' from project 'SpeziHealthKit')
SwiftCompile normal arm64 /Users/admin/builder/spi-builder-workspace/Sources/SpeziHealthKit/Health\ Data\ Collection/HealthKitSampleCollector.swift (in target 'SpeziHealthKit' from project 'SpeziHealthKit')
cd /Users/admin/builder/spi-builder-workspace/.swiftpm/xcode
builtin-SwiftPerFileCompile HealthKitSampleCollector.swift
SwiftCompile normal arm64 /Users/admin/builder/spi-builder-workspace/Sources/SpeziHealthKit/HealthKit\ Extensions/HKBloodType+Extensions.swift (in target 'SpeziHealthKit' from project 'SpeziHealthKit')
cd /Users/admin/builder/spi-builder-workspace/.swiftpm/xcode
builtin-SwiftPerFileCompile HKBloodType+Extensions.swift
SwiftCompile normal arm64 /Users/admin/builder/spi-builder-workspace/Sources/SpeziHealthKit/HealthKit\ Extensions/HKElectrocardiogram+RelatedData.swift (in target 'SpeziHealthKit' from project 'SpeziHealthKit')
cd /Users/admin/builder/spi-builder-workspace/.swiftpm/xcode
builtin-SwiftPerFileCompile HKElectrocardiogram+RelatedData.swift
SwiftCompile normal arm64 /Users/admin/builder/spi-builder-workspace/Sources/SpeziHealthKit/HealthKit\ Extensions/HKHealthStore+BackgroundDelivery.swift (in target 'SpeziHealthKit' from project 'SpeziHealthKit')
cd /Users/admin/builder/spi-builder-workspace/.swiftpm/xcode
builtin-SwiftPerFileCompile HKHealthStore+BackgroundDelivery.swift
SwiftCompile normal arm64 Compiling\ HKSample+Identifiable.swift,\ SleepSession.swift,\ SleepSessionsBuilder.swift,\ HealthKit+Linux.swift /Users/admin/builder/spi-builder-workspace/Sources/SpeziHealthKit/HealthKit\ Extensions/HKSample+Identifiable.swift /Users/admin/builder/spi-builder-workspace/Sources/SpeziHealthKit/HealthKit\ Extensions/Sleep\ Sessions/SleepSession.swift /Users/admin/builder/spi-builder-workspace/Sources/SpeziHealthKit/HealthKit\ Extensions/Sleep\ Sessions/SleepSessionsBuilder.swift /Users/admin/builder/spi-builder-workspace/Sources/SpeziHealthKit/HealthKit+Linux.swift (in target 'SpeziHealthKit' from project 'SpeziHealthKit')
SwiftCompile normal arm64 /Users/admin/builder/spi-builder-workspace/Sources/SpeziHealthKit/HealthKit\ Extensions/HKSample+Identifiable.swift (in target 'SpeziHealthKit' from project 'SpeziHealthKit')
cd /Users/admin/builder/spi-builder-workspace/.swiftpm/xcode
builtin-SwiftPerFileCompile HKSample+Identifiable.swift
SwiftCompile normal arm64 /Users/admin/builder/spi-builder-workspace/Sources/SpeziHealthKit/HealthKit\ Extensions/Sleep\ Sessions/SleepSession.swift (in target 'SpeziHealthKit' from project 'SpeziHealthKit')
cd /Users/admin/builder/spi-builder-workspace/.swiftpm/xcode
builtin-SwiftPerFileCompile SleepSession.swift
SwiftCompile normal arm64 /Users/admin/builder/spi-builder-workspace/Sources/SpeziHealthKit/HealthKit\ Extensions/Sleep\ Sessions/SleepSessionsBuilder.swift (in target 'SpeziHealthKit' from project 'SpeziHealthKit')
cd /Users/admin/builder/spi-builder-workspace/.swiftpm/xcode
builtin-SwiftPerFileCompile SleepSessionsBuilder.swift
SwiftCompile normal arm64 /Users/admin/builder/spi-builder-workspace/Sources/SpeziHealthKit/HealthKit+Linux.swift (in target 'SpeziHealthKit' from project 'SpeziHealthKit')
cd /Users/admin/builder/spi-builder-workspace/.swiftpm/xcode
builtin-SwiftPerFileCompile HealthKit+Linux.swift
SwiftCompile normal arm64 Compiling\ HKQuantity.swift,\ HKTypeIdentifiers+Linux.swift,\ HKTypes+Linux.swift,\ HKUnit.swift /Users/admin/builder/spi-builder-workspace/Sources/SpeziHealthKit/Sample\ Types/Linux/HKQuantity.swift /Users/admin/builder/spi-builder-workspace/Sources/SpeziHealthKit/Sample\ Types/Linux/HKTypeIdentifiers+Linux.swift /Users/admin/builder/spi-builder-workspace/Sources/SpeziHealthKit/Sample\ Types/Linux/HKTypes+Linux.swift /Users/admin/builder/spi-builder-workspace/Sources/SpeziHealthKit/Sample\ Types/Linux/HKUnit.swift (in target 'SpeziHealthKit' from project 'SpeziHealthKit')
SwiftCompile normal arm64 /Users/admin/builder/spi-builder-workspace/Sources/SpeziHealthKit/Sample\ Types/Linux/HKQuantity.swift (in target 'SpeziHealthKit' from project 'SpeziHealthKit')
cd /Users/admin/builder/spi-builder-workspace/.swiftpm/xcode
builtin-SwiftPerFileCompile HKQuantity.swift
SwiftCompile normal arm64 /Users/admin/builder/spi-builder-workspace/Sources/SpeziHealthKit/Sample\ Types/Linux/HKTypeIdentifiers+Linux.swift (in target 'SpeziHealthKit' from project 'SpeziHealthKit')
cd /Users/admin/builder/spi-builder-workspace/.swiftpm/xcode
builtin-SwiftPerFileCompile HKTypeIdentifiers+Linux.swift
SwiftCompile normal arm64 /Users/admin/builder/spi-builder-workspace/Sources/SpeziHealthKit/Sample\ Types/Linux/HKTypes+Linux.swift (in target 'SpeziHealthKit' from project 'SpeziHealthKit')
cd /Users/admin/builder/spi-builder-workspace/.swiftpm/xcode
builtin-SwiftPerFileCompile HKTypes+Linux.swift
SwiftCompile normal arm64 /Users/admin/builder/spi-builder-workspace/Sources/SpeziHealthKit/Sample\ Types/Linux/HKUnit.swift (in target 'SpeziHealthKit' from project 'SpeziHealthKit')
cd /Users/admin/builder/spi-builder-workspace/.swiftpm/xcode
builtin-SwiftPerFileCompile HKUnit.swift
SwiftEmitModule normal arm64 Emitting\ module\ for\ SpeziHealthKit (in target 'SpeziHealthKit' from project 'SpeziHealthKit')
SwiftCompile normal arm64 (in target 'SpeziHealthKit' from project 'SpeziHealthKit')
cd /Users/admin/builder/spi-builder-workspace/.swiftpm/xcode
SwiftCompile normal arm64 Compiling\ HealthKit.swift,\ HealthKitConstraint.swift,\ HealthKitQuery.swift,\ HealthKitQueryTimeRange.swift /Users/admin/builder/spi-builder-workspace/Sources/SpeziHealthKit/HealthKit.swift /Users/admin/builder/spi-builder-workspace/Sources/SpeziHealthKit/HealthKitConstraint.swift /Users/admin/builder/spi-builder-workspace/Sources/SpeziHealthKit/Queries/HealthKitQuery.swift /Users/admin/builder/spi-builder-workspace/Sources/SpeziHealthKit/Queries/HealthKitQueryTimeRange.swift (in target 'SpeziHealthKit' from project 'SpeziHealthKit')
SwiftCompile normal arm64 /Users/admin/builder/spi-builder-workspace/Sources/SpeziHealthKit/HealthKit.swift (in target 'SpeziHealthKit' from project 'SpeziHealthKit')
cd /Users/admin/builder/spi-builder-workspace/.swiftpm/xcode
builtin-SwiftPerFileCompile HealthKit.swift
SwiftCompile normal arm64 /Users/admin/builder/spi-builder-workspace/Sources/SpeziHealthKit/HealthKitConstraint.swift (in target 'SpeziHealthKit' from project 'SpeziHealthKit')
cd /Users/admin/builder/spi-builder-workspace/.swiftpm/xcode
builtin-SwiftPerFileCompile HealthKitConstraint.swift
SwiftCompile normal arm64 /Users/admin/builder/spi-builder-workspace/Sources/SpeziHealthKit/Queries/HealthKitQuery.swift (in target 'SpeziHealthKit' from project 'SpeziHealthKit')
cd /Users/admin/builder/spi-builder-workspace/.swiftpm/xcode
builtin-SwiftPerFileCompile HealthKitQuery.swift
SwiftCompile normal arm64 /Users/admin/builder/spi-builder-workspace/Sources/SpeziHealthKit/Queries/HealthKitQueryTimeRange.swift (in target 'SpeziHealthKit' from project 'SpeziHealthKit')
cd /Users/admin/builder/spi-builder-workspace/.swiftpm/xcode
builtin-SwiftPerFileCompile HealthKitQueryTimeRange.swift
SwiftCompile normal arm64 Compiling\ SampleType+Cache.swift,\ SampleType+Localization.swift,\ SampleType.swift,\ SampleTypeProxy+Initializers.swift /Users/admin/builder/spi-builder-workspace/Sources/SpeziHealthKit/Sample\ Types/SampleType+Cache.swift /Users/admin/builder/spi-builder-workspace/Sources/SpeziHealthKit/Sample\ Types/SampleType+Localization.swift /Users/admin/builder/spi-builder-workspace/Sources/SpeziHealthKit/Sample\ Types/SampleType.swift /Users/admin/builder/spi-builder-workspace/Sources/SpeziHealthKit/Sample\ Types/SampleTypeProxy+Initializers.swift (in target 'SpeziHealthKit' from project 'SpeziHealthKit')
/Users/admin/builder/spi-builder-workspace/Sources/SpeziHealthKit/Sample Types/SampleType.swift:58:23: error: 'LocalizedStringResource' aliases 'Foundation.LocalizedStringResource' and cannot be used here because 'Foundation' was not imported publicly
9 | // swiftlint:disable file_types_order
10 |
11 | import Foundation
| `- note: struct 'LocalizedStringResource' imported as 'internal' from 'Foundation' here
12 | #if canImport(HealthKit)
13 | import HealthKit
:
56 | @usableFromInline init(
57 | _ hkSampleType: Sample._SampleType,
58 | displayTitle: LocalizedStringResource? = nil, // swiftlint:disable:this function_default_parameter_at_end
| `- error: 'LocalizedStringResource' aliases 'Foundation.LocalizedStringResource' and cannot be used here because 'Foundation' was not imported publicly
59 | variant: Variant
60 | ) {
Foundation.LocalizedStringResource:2:15: note: type declared here
1 | @available(macOS 13, iOS 16, tvOS 16, watchOS 9, *)
2 | public struct LocalizedStringResource : Equatable, Codable, CustomLocalizedStringResourceConvertible, ExpressibleByStringInterpolation {
| `- note: type declared here
3 | public let key: String
4 | public let defaultValue: String.LocalizationValue
/Users/admin/builder/spi-builder-workspace/Sources/SpeziHealthKit/Sample Types/SampleType.swift:143:22: error: type alias cannot be declared public because its underlying type uses an internal type
141 | #if canImport(Darwin)
142 | // swiftlint:disable:next missing_docs
143 | public typealias LocalizedStringResource = Foundation.LocalizedStringResource
| `- error: type alias cannot be declared public because its underlying type uses an internal type
144 | #else
145 | // swiftlint:disable:next missing_docs
<unknown>:0: note: type declared here
/Users/admin/builder/spi-builder-workspace/Sources/SpeziHealthKit/Sample Types/SampleType.swift:143:22: note: module 'Foundation' is imported by this file as 'internal' from 'Foundation'
9 | // swiftlint:disable file_types_order
10 |
11 | import Foundation
| `- note: module 'Foundation' imported as 'internal' from 'Foundation' here
12 | #if canImport(HealthKit)
13 | import HealthKit
:
141 | #if canImport(Darwin)
142 | // swiftlint:disable:next missing_docs
143 | public typealias LocalizedStringResource = Foundation.LocalizedStringResource
| `- note: module 'Foundation' is imported by this file as 'internal' from 'Foundation'
144 | #else
145 | // swiftlint:disable:next missing_docs
/Users/admin/builder/spi-builder-workspace/Sources/SpeziHealthKit/Sample Types/SampleType.swift:158:23: error: 'LocalizedStringResource' aliases 'Foundation.LocalizedStringResource' and cannot be used in an '@inlinable' function because 'Foundation' was not imported publicly
9 | // swiftlint:disable file_types_order
10 |
11 | import Foundation
| `- note: struct 'LocalizedStringResource' imported as 'internal' from 'Foundation' here
12 | #if canImport(HealthKit)
13 | import HealthKit
:
156 | @inlinable public static func quantity(
157 | _ identifier: HKQuantityTypeIdentifier,
158 | displayTitle: LocalizedStringResource? = nil, // swiftlint:disable:this function_default_parameter_at_end
| `- error: 'LocalizedStringResource' aliases 'Foundation.LocalizedStringResource' and cannot be used in an '@inlinable' function because 'Foundation' was not imported publicly
159 | displayUnit: HKUnit,
160 | expectedValuesRange: ClosedRange<Double>? = nil
Foundation.LocalizedStringResource:2:15: note: type declared here
1 | @available(macOS 13, iOS 16, tvOS 16, watchOS 9, *)
2 | public struct LocalizedStringResource : Equatable, Codable, CustomLocalizedStringResourceConvertible, ExpressibleByStringInterpolation {
| `- note: type declared here
3 | public let key: String
4 | public let defaultValue: String.LocalizationValue
/Users/admin/builder/spi-builder-workspace/Sources/SpeziHealthKit/Sample Types/SampleType.swift:176:23: error: 'LocalizedStringResource' aliases 'Foundation.LocalizedStringResource' and cannot be used in an '@inlinable' function because 'Foundation' was not imported publicly
9 | // swiftlint:disable file_types_order
10 |
11 | import Foundation
| `- note: struct 'LocalizedStringResource' imported as 'internal' from 'Foundation' here
12 | #if canImport(HealthKit)
13 | import HealthKit
:
174 | @inlinable public static func correlation(
175 | _ identifier: HKCorrelationTypeIdentifier,
176 | displayTitle: LocalizedStringResource? = nil, // swiftlint:disable:this function_default_parameter_at_end
| `- error: 'LocalizedStringResource' aliases 'Foundation.LocalizedStringResource' and cannot be used in an '@inlinable' function because 'Foundation' was not imported publicly
177 | associatedQuantityTypes: Set<SampleType<HKQuantitySample>>
178 | ) -> SampleType<HKCorrelation> {
Foundation.LocalizedStringResource:2:15: note: type declared here
1 | @available(macOS 13, iOS 16, tvOS 16, watchOS 9, *)
2 | public struct LocalizedStringResource : Equatable, Codable, CustomLocalizedStringResourceConvertible, ExpressibleByStringInterpolation {
| `- note: type declared here
3 | public let key: String
4 | public let defaultValue: String.LocalizationValue
/Users/admin/builder/spi-builder-workspace/Sources/SpeziHealthKit/Sample Types/SampleType.swift:188:23: error: 'LocalizedStringResource' aliases 'Foundation.LocalizedStringResource' and cannot be used in an '@inlinable' function because 'Foundation' was not imported publicly
9 | // swiftlint:disable file_types_order
10 |
11 | import Foundation
| `- note: struct 'LocalizedStringResource' imported as 'internal' from 'Foundation' here
12 | #if canImport(HealthKit)
13 | import HealthKit
:
186 | @inlinable public static func category(
187 | _ identifier: HKCategoryTypeIdentifier,
188 | displayTitle: LocalizedStringResource? = nil
| `- error: 'LocalizedStringResource' aliases 'Foundation.LocalizedStringResource' and cannot be used in an '@inlinable' function because 'Foundation' was not imported publicly
189 | ) -> SampleType<HKCategorySample> {
190 | .init(HKCategoryType(identifier), displayTitle: displayTitle, variant: .category)
Foundation.LocalizedStringResource:2:15: note: type declared here
1 | @available(macOS 13, iOS 16, tvOS 16, watchOS 9, *)
2 | public struct LocalizedStringResource : Equatable, Codable, CustomLocalizedStringResourceConvertible, ExpressibleByStringInterpolation {
| `- note: type declared here
3 | public let key: String
4 | public let defaultValue: String.LocalizationValue
/Users/admin/builder/spi-builder-workspace/Sources/SpeziHealthKit/Sample Types/SampleType.swift:200:23: error: 'LocalizedStringResource' aliases 'Foundation.LocalizedStringResource' and cannot be used in an '@inlinable' function because 'Foundation' was not imported publicly
9 | // swiftlint:disable file_types_order
10 |
11 | import Foundation
| `- note: struct 'LocalizedStringResource' imported as 'internal' from 'Foundation' here
12 | #if canImport(HealthKit)
13 | import HealthKit
:
198 | @inlinable public static func clinical(
199 | _ identifier: HKClinicalTypeIdentifier,
200 | displayTitle: LocalizedStringResource? = nil
| `- error: 'LocalizedStringResource' aliases 'Foundation.LocalizedStringResource' and cannot be used in an '@inlinable' function because 'Foundation' was not imported publicly
201 | ) -> SampleType<HKClinicalRecord> {
202 | .init(HKClinicalType(identifier), displayTitle: displayTitle, variant: .other)
Foundation.LocalizedStringResource:2:15: note: type declared here
1 | @available(macOS 13, iOS 16, tvOS 16, watchOS 9, *)
2 | public struct LocalizedStringResource : Equatable, Codable, CustomLocalizedStringResourceConvertible, ExpressibleByStringInterpolation {
| `- note: type declared here
3 | public let key: String
4 | public let defaultValue: String.LocalizationValue
Failed frontend command:
/Applications/Xcode-27.0.0-Release.Candidate.app/Contents/Developer/Toolchains/XcodeDefault.xctoolchain/usr/bin/swift-frontend -frontend -c /Users/admin/builder/spi-builder-workspace/.derivedData/Build/Intermediates.noindex/SpeziHealthKit.build/Debug-appletvos/SpeziHealthKit-t.build/DerivedSources/resource_bundle_accessor.swift /Users/admin/builder/spi-builder-workspace/Sources/SpeziHealthKit/Configuration/HealthKitConfiguration.swift /Users/admin/builder/spi-builder-workspace/Sources/SpeziHealthKit/Configuration/RequestReadAccess.swift /Users/admin/builder/spi-builder-workspace/Sources/SpeziHealthKit/Configuration/RequestWriteAccess.swift /Users/admin/builder/spi-builder-workspace/Sources/SpeziHealthKit/Export.swift /Users/admin/builder/spi-builder-workspace/Sources/SpeziHealthKit/Health\ Data\ Collection/CollectSamples.swift /Users/admin/builder/spi-builder-workspace/Sources/SpeziHealthKit/Health\ Data\ Collection/HealthDataCollector.swift /Users/admin/builder/spi-builder-workspace/Sources/SpeziHealthKit/Health\ Data\ Collection/HealthDataCollectorDeliverySetting.swift /Users/admin/builder/spi-builder-workspace/Sources/SpeziHealthKit/Health\ Data\ Collection/HealthKitSampleCollector.swift /Users/admin/builder/spi-builder-workspace/Sources/SpeziHealthKit/HealthKit\ Extensions/HKBloodType+Extensions.swift /Users/admin/builder/spi-builder-workspace/Sources/SpeziHealthKit/HealthKit\ Extensions/HKElectrocardiogram+RelatedData.swift /Users/admin/builder/spi-builder-workspace/Sources/SpeziHealthKit/HealthKit\ Extensions/HKHealthStore+BackgroundDelivery.swift /Users/admin/builder/spi-builder-workspace/Sources/SpeziHealthKit/HealthKit\ Extensions/HKSample+Identifiable.swift /Users/admin/builder/spi-builder-workspace/Sources/SpeziHealthKit/HealthKit\ Extensions/Sleep\ Sessions/SleepSession.swift /Users/admin/builder/spi-builder-workspace/Sources/SpeziHealthKit/HealthKit\ Extensions/Sleep\ Sessions/SleepSessionsBuilder.swift /Users/admin/builder/spi-builder-workspace/Sources/SpeziHealthKit/HealthKit+Linux.swift /Users/admin/builder/spi-builder-workspace/Sources/SpeziHealthKit/HealthKit.swift /Users/admin/builder/spi-builder-workspace/Sources/SpeziHealthKit/HealthKitConstraint.swift /Users/admin/builder/spi-builder-workspace/Sources/SpeziHealthKit/Queries/HealthKitQuery.swift /Users/admin/builder/spi-builder-workspace/Sources/SpeziHealthKit/Queries/HealthKitQueryTimeRange.swift /Users/admin/builder/spi-builder-workspace/Sources/SpeziHealthKit/Queries/HealthKitStatisticsQuery.swift /Users/admin/builder/spi-builder-workspace/Sources/SpeziHealthKit/Queries/QueryAnchor.swift /Users/admin/builder/spi-builder-workspace/Sources/SpeziHealthKit/Sample\ Types/AnySampleType.swift /Users/admin/builder/spi-builder-workspace/Sources/SpeziHealthKit/Sample\ Types/HealthKitCharacteristic.swift /Users/admin/builder/spi-builder-workspace/Sources/SpeziHealthKit/Sample\ Types/Linux/HKQuantity.swift /Users/admin/builder/spi-builder-workspace/Sources/SpeziHealthKit/Sample\ Types/Linux/HKTypeIdentifiers+Linux.swift /Users/admin/builder/spi-builder-workspace/Sources/SpeziHealthKit/Sample\ Types/Linux/HKTypes+Linux.swift /Users/admin/builder/spi-builder-workspace/Sources/SpeziHealthKit/Sample\ Types/Linux/HKUnit.swift -primary-file /Users/admin/builder/spi-builder-workspace/Sources/SpeziHealthKit/Sample\ Types/SampleType+Cache.swift -primary-file /Users/admin/builder/spi-builder-workspace/Sources/SpeziHealthKit/Sample\ Types/SampleType+Localization.swift -primary-file /Users/admin/builder/spi-builder-workspace/Sources/SpeziHealthKit/Sample\ Types/SampleType.swift -primary-file /Users/admin/builder/spi-builder-workspace/Sources/SpeziHealthKit/Sample\ Types/SampleTypeProxy+Initializers.swift /Users/admin/builder/spi-builder-workspace/Sources/SpeziHealthKit/Sample\ Types/SampleTypeProxy.swift /Users/admin/builder/spi-builder-workspace/Sources/SpeziHealthKit/Sample\ Types/SampleTypes.swift /Users/admin/builder/spi-builder-workspace/Sources/SpeziHealthKit/Sample\ Types/SampleTypesCollection.swift /Users/admin/builder/spi-builder-workspace/Sources/SpeziHealthKit/Sample\ Types/_HKSampleTypeWithIdentifierType.swift /Users/admin/builder/spi-builder-workspace/Sources/SpeziHealthKit/Sample\ Types/_HKSampleWithSampleType.swift /Users/admin/builder/spi-builder-workspace/Sources/SpeziHealthKit/SampleTypeScopedLocalStorage.swift -supplementary-output-file-map /Users/admin/builder/spi-builder-workspace/.derivedData/Build/Intermediates.noindex/SpeziHealthKit.build/Debug-appletvos/SpeziHealthKit-t.build/Objects-normal/arm64/supplementaryOutputs-85 -emit-localized-strings -emit-localized-strings-path /Users/admin/builder/spi-builder-workspace/.derivedData/Build/Intermediates.noindex/SpeziHealthKit.build/Debug-appletvos/SpeziHealthKit-t.build/Objects-normal/arm64 -target arm64-apple-tvos17.0 -module-can-import-version Darwin 428.0.10 0 -module-can-import-version ObjectiveC 973.1 0 -module-can-import-version SpeziLocalStorage 2.1.4.0 0 -disable-cross-import-overlay-search -load-resolved-plugin /Applications/Xcode-27.0.0-Release.Candidate.app/Contents/Developer/Platforms/AppleTVOS.platform/Developer/usr/lib/swift/host/plugins/libFoundationMacros.dylib\#/Applications/Xcode-27.0.0-Release.Candidate.app/Contents/Developer/Platforms/AppleTVOS.platform/Developer/usr/bin/swift-plugin-server\#FoundationMacros -load-resolved-plugin /Applications/Xcode-27.0.0-Release.Candidate.app/Contents/Developer/Platforms/AppleTVOS.platform/Developer/usr/lib/swift/host/plugins/libObservationMacros.dylib\#/Applications/Xcode-27.0.0-Release.Candidate.app/Contents/Developer/Platforms/AppleTVOS.platform/Developer/usr/bin/swift-plugin-server\#ObservationMacros -load-resolved-plugin /Applications/Xcode-27.0.0-Release.Candidate.app/Contents/Developer/Platforms/AppleTVOS.platform/Developer/usr/lib/swift/host/plugins/libPreviewsMacros.dylib\#/Applications/Xcode-27.0.0-Release.Candidate.app/Contents/Developer/Platforms/AppleTVOS.platform/Developer/usr/bin/swift-plugin-server\#PreviewsMacros -load-resolved-plugin /Applications/Xcode-27.0.0-Release.Candidate.app/Contents/Developer/Platforms/AppleTVOS.platform/Developer/usr/lib/swift/host/plugins/libSwiftMacros.dylib\#/Applications/Xcode-27.0.0-Release.Candidate.app/Contents/Developer/Platforms/AppleTVOS.platform/Developer/usr/bin/swift-plugin-server\#SwiftMacros -load-resolved-plugin /Applications/Xcode-27.0.0-Release.Candidate.app/Contents/Developer/Platforms/AppleTVOS.platform/Developer/usr/lib/swift/host/plugins/libSwiftUIMacros.dylib\#/Applications/Xcode-27.0.0-Release.Candidate.app/Contents/Developer/Platforms/AppleTVOS.platform/Developer/usr/bin/swift-plugin-server\#SwiftUIMacros -load-resolved-plugin \#/Users/admin/builder/spi-builder-workspace/.derivedData/Build/Products/Debug/ThreadLocalMacros\#ThreadLocalMacros -disable-implicit-swift-modules -Xcc -fno-implicit-modules -Xcc -fno-implicit-module-maps -explicit-swift-module-map-file /Users/admin/builder/spi-builder-workspace/.derivedData/Build/Intermediates.noindex/SpeziHealthKit.build/Debug-appletvos/SpeziHealthKit-t.build/Objects-normal/arm64/SpeziHealthKit-dependencies-1.json -Xllvm -aarch64-use-tbi -enable-objc-interop -stack-check -sdk /Applications/Xcode-27.0.0-Release.Candidate.app/Contents/Developer/Platforms/AppleTVOS.platform/Developer/SDKs/AppleTVOS27.0.sdk -I /Users/admin/builder/spi-builder-workspace/.derivedData/Build/Products/Debug-appletvos -Isystem /Applications/Xcode-27.0.0-Release.Candidate.app/Contents/Developer/Platforms/AppleTVOS.platform/Developer/usr/lib -F /Users/admin/builder/spi-builder-workspace/.derivedData/Build/Products/Debug-appletvos/PackageFrameworks -F /Users/admin/builder/spi-builder-workspace/.derivedData/Build/Products/Debug-appletvos -F /Applications/Xcode-27.0.0-Release.Candidate.app/Contents/Developer/Platforms/AppleTVOS.platform/Developer/Library/Frameworks -F /Applications/Xcode-27.0.0-Release.Candidate.app/Contents/Developer/Platforms/AppleTVOS.platform/Developer/SDKs/AppleTVOS27.0.sdk/Developer/Library/Frameworks -module-cache-path /Users/admin/builder/spi-builder-workspace/.derivedData/Build/Intermediates.noindex/SwiftExplicitPrecompiledModules -no-color-diagnostics -Xcc -fno-color-diagnostics -enable-testing -g -debug-info-format\=dwarf -dwarf-version\=4 -profile-generate -profile-coverage-mapping -swift-version 6 -Onone -D SWIFT_PACKAGE -D DEBUG -D SWIFT_MODULE_RESOURCE_BUNDLE_AVAILABLE -D Xcode -serialize-debugging-options -load-plugin-executable /Users/admin/builder/spi-builder-workspace/.derivedData/Build/Products/Debug/ThreadLocalMacros\#ThreadLocalMacros -enable-upcoming-feature ExistentialAny -enable-upcoming-feature InternalImportsByDefault -enable-experimental-feature DebugDescriptionMacro -empty-abi-descriptor -validate-clang-modules-once -clang-build-session-file /Users/admin/builder/spi-builder-workspace/.derivedData/ModuleCache.noindex/Session.modulevalidation -Xcc -working-directory -Xcc /Users/admin/builder/spi-builder-workspace/.swiftpm/xcode -enable-anonymous-context-mangled-names -file-compilation-dir /Users/admin/builder/spi-builder-workspace/.swiftpm/xcode -Xcc -fmodule-map-file\=/Users/admin/builder/spi-builder-workspace/.dependencies/checkouts/zstd/lib/module.modulemap -Xcc -fmodule-map-file\=/Users/admin/builder/spi-builder-workspace/.dependencies/checkouts/swift-atomics/Sources/_AtomicsShims/include/module.modulemap -Xcc -fmodule-map-file\=/Users/admin/builder/spi-builder-workspace/.derivedData/Build/Intermediates.noindex/GeneratedModuleMaps-appletvos/SpeziFoundationObjC.modulemap -Xcc -fmodule-map-file\=/Users/admin/builder/spi-builder-workspace/.dependencies/checkouts/swift-numerics/Sources/_NumericsShims/include/module.modulemap -Xcc -D_LIBCPP_HARDENING_MODE\=_LIBCPP_HARDENING_MODE_DEBUG -Xcc -ivfsstatcache -Xcc /Users/admin/builder/spi-builder-workspace/.derivedData/SDKStatCaches.noindex/appletvos27.0-24J360-e829b21a6f8c9b70876ba0858053c044b32bfd8d43560033f8d89884cdb90028.sdkstatcache -Xcc -fmodules-prune-interval\=86400 -Xcc -fmodules-prune-after\=345600 -Xcc -I/Users/admin/builder/spi-builder-workspace/.dependencies/checkouts/zstd/lib -Xcc -I/Users/admin/builder/spi-builder-workspace/.dependencies/checkouts/swift-atomics/Sources/_AtomicsShims/include -Xcc -I/Users/admin/builder/spi-builder-workspace/.dependencies/checkouts/SpeziFoundation/Sources/SpeziFoundationObjC/include -Xcc -I/Users/admin/builder/spi-builder-workspace/.dependencies/checkouts/swift-numerics/Sources/_NumericsShims/include -Xcc -I/Users/admin/builder/spi-builder-workspace/.derivedData/Build/Products/Debug-appletvos/include -Xcc -I/Users/admin/builder/spi-builder-workspace/.derivedData/Build/Intermediates.noindex/SpeziHealthKit.build/Debug-appletvos/SpeziHealthKit-t.build/DerivedSources-normal/arm64 -Xcc -I/Users/admin/builder/spi-builder-workspace/.derivedData/Build/Intermediates.noindex/SpeziHealthKit.build/Debug-appletvos/SpeziHealthKit-t.build/DerivedSources/arm64 -Xcc -I/Users/admin/builder/spi-builder-workspace/.derivedData/Build/Intermediates.noindex/SpeziHealthKit.build/Debug-appletvos/SpeziHealthKit-t.build/DerivedSources -Xcc -DSWIFT_PACKAGE -Xcc -DDEBUG\=1 -no-auto-bridging-header-chaining -module-name SpeziHealthKit -package-name spi_builder_workspace -const-gather-protocols-file /Users/admin/builder/spi-builder-workspace/.derivedData/Build/Intermediates.noindex/SpeziHealthKit.build/Debug-appletvos/SpeziHealthKit-t.build/Objects-normal/arm64/SpeziHealthKit_const_extract_protocols.json -disable-clang-spi -clang-target arm64-apple-tvos27.0 -target-sdk-version 27.0 -target-sdk-name appletvos27.0 -in-process-plugin-server-path /Applications/Xcode-27.0.0-Release.Candidate.app/Contents/Developer/Toolchains/XcodeDefault.xctoolchain/usr/lib/swift/host/libSwiftInProcPluginServer.dylib -parse-as-library -o /Users/admin/builder/spi-builder-workspace/.derivedData/Build/Intermediates.noindex/SpeziHealthKit.build/Debug-appletvos/SpeziHealthKit-t.build/Objects-normal/arm64/SampleType+Cache.o -o /Users/admin/builder/spi-builder-workspace/.derivedData/Build/Intermediates.noindex/SpeziHealthKit.build/Debug-appletvos/SpeziHealthKit-t.build/Objects-normal/arm64/SampleType+Localization.o -o /Users/admin/builder/spi-builder-workspace/.derivedData/Build/Intermediates.noindex/SpeziHealthKit.build/Debug-appletvos/SpeziHealthKit-t.build/Objects-normal/arm64/SampleType.o -o /Users/admin/builder/spi-builder-workspace/.derivedData/Build/Intermediates.noindex/SpeziHealthKit.build/Debug-appletvos/SpeziHealthKit-t.build/Objects-normal/arm64/SampleTypeProxy+Initializers.o -debug-module-path /Users/admin/builder/spi-builder-workspace/.derivedData/Build/Intermediates.noindex/SpeziHealthKit.build/Debug-appletvos/SpeziHealthKit-t.build/Objects-normal/arm64/SpeziHealthKit.swiftmodule -index-unit-output-path /SpeziHealthKit.build/Debug-appletvos/SpeziHealthKit-t.build/Objects-normal/arm64/SampleType+Cache.o -index-unit-output-path /SpeziHealthKit.build/Debug-appletvos/SpeziHealthKit-t.build/Objects-normal/arm64/SampleType+Localization.o -index-unit-output-path /SpeziHealthKit.build/Debug-appletvos/SpeziHealthKit-t.build/Objects-normal/arm64/SampleType.o -index-unit-output-path /SpeziHealthKit.build/Debug-appletvos/SpeziHealthKit-t.build/Objects-normal/arm64/SampleTypeProxy+Initializers.o -index-store-path /Users/admin/builder/spi-builder-workspace/.derivedData/Index.noindex/DataStore -index-system-modules
SwiftCompile normal arm64 /Users/admin/builder/spi-builder-workspace/Sources/SpeziHealthKit/Sample\ Types/SampleType+Cache.swift (in target 'SpeziHealthKit' from project 'SpeziHealthKit')
cd /Users/admin/builder/spi-builder-workspace/.swiftpm/xcode
builtin-SwiftPerFileCompile SampleType+Cache.swift
SwiftCompile normal arm64 /Users/admin/builder/spi-builder-workspace/Sources/SpeziHealthKit/Sample\ Types/SampleType+Localization.swift (in target 'SpeziHealthKit' from project 'SpeziHealthKit')
cd /Users/admin/builder/spi-builder-workspace/.swiftpm/xcode
builtin-SwiftPerFileCompile SampleType+Localization.swift
SwiftCompile normal arm64 /Users/admin/builder/spi-builder-workspace/Sources/SpeziHealthKit/Sample\ Types/SampleType.swift (in target 'SpeziHealthKit' from project 'SpeziHealthKit')
cd /Users/admin/builder/spi-builder-workspace/.swiftpm/xcode
builtin-SwiftPerFileCompile SampleType.swift
SwiftCompile normal arm64 /Users/admin/builder/spi-builder-workspace/Sources/SpeziHealthKit/Sample\ Types/SampleTypeProxy+Initializers.swift (in target 'SpeziHealthKit' from project 'SpeziHealthKit')
cd /Users/admin/builder/spi-builder-workspace/.swiftpm/xcode
builtin-SwiftPerFileCompile SampleTypeProxy+Initializers.swift
SwiftCompile normal arm64 Compiling\ SampleTypeProxy.swift,\ SampleTypes.swift,\ SampleTypesCollection.swift /Users/admin/builder/spi-builder-workspace/Sources/SpeziHealthKit/Sample\ Types/SampleTypeProxy.swift /Users/admin/builder/spi-builder-workspace/Sources/SpeziHealthKit/Sample\ Types/SampleTypes.swift /Users/admin/builder/spi-builder-workspace/Sources/SpeziHealthKit/Sample\ Types/SampleTypesCollection.swift (in target 'SpeziHealthKit' from project 'SpeziHealthKit')
SwiftCompile normal arm64 /Users/admin/builder/spi-builder-workspace/Sources/SpeziHealthKit/Sample\ Types/SampleTypeProxy.swift (in target 'SpeziHealthKit' from project 'SpeziHealthKit')
cd /Users/admin/builder/spi-builder-workspace/.swiftpm/xcode
builtin-SwiftPerFileCompile SampleTypeProxy.swift
SwiftCompile normal arm64 /Users/admin/builder/spi-builder-workspace/Sources/SpeziHealthKit/Sample\ Types/SampleTypes.swift (in target 'SpeziHealthKit' from project 'SpeziHealthKit')
cd /Users/admin/builder/spi-builder-workspace/.swiftpm/xcode
builtin-SwiftPerFileCompile SampleTypes.swift
SwiftCompile normal arm64 /Users/admin/builder/spi-builder-workspace/Sources/SpeziHealthKit/Sample\ Types/SampleTypesCollection.swift (in target 'SpeziHealthKit' from project 'SpeziHealthKit')
cd /Users/admin/builder/spi-builder-workspace/.swiftpm/xcode
builtin-SwiftPerFileCompile SampleTypesCollection.swift
SwiftCompile normal arm64 Compiling\ Export.swift,\ CollectSamples.swift,\ HealthDataCollector.swift,\ HealthDataCollectorDeliverySetting.swift /Users/admin/builder/spi-builder-workspace/Sources/SpeziHealthKit/Export.swift /Users/admin/builder/spi-builder-workspace/Sources/SpeziHealthKit/Health\ Data\ Collection/CollectSamples.swift /Users/admin/builder/spi-builder-workspace/Sources/SpeziHealthKit/Health\ Data\ Collection/HealthDataCollector.swift /Users/admin/builder/spi-builder-workspace/Sources/SpeziHealthKit/Health\ Data\ Collection/HealthDataCollectorDeliverySetting.swift (in target 'SpeziHealthKit' from project 'SpeziHealthKit')
SwiftCompile normal arm64 /Users/admin/builder/spi-builder-workspace/Sources/SpeziHealthKit/Export.swift (in target 'SpeziHealthKit' from project 'SpeziHealthKit')
cd /Users/admin/builder/spi-builder-workspace/.swiftpm/xcode
builtin-SwiftPerFileCompile Export.swift
SwiftCompile normal arm64 /Users/admin/builder/spi-builder-workspace/Sources/SpeziHealthKit/Health\ Data\ Collection/CollectSamples.swift (in target 'SpeziHealthKit' from project 'SpeziHealthKit')
cd /Users/admin/builder/spi-builder-workspace/.swiftpm/xcode
builtin-SwiftPerFileCompile CollectSamples.swift
SwiftCompile normal arm64 /Users/admin/builder/spi-builder-workspace/Sources/SpeziHealthKit/Health\ Data\ Collection/HealthDataCollector.swift (in target 'SpeziHealthKit' from project 'SpeziHealthKit')
cd /Users/admin/builder/spi-builder-workspace/.swiftpm/xcode
builtin-SwiftPerFileCompile HealthDataCollector.swift
SwiftCompile normal arm64 /Users/admin/builder/spi-builder-workspace/Sources/SpeziHealthKit/Health\ Data\ Collection/HealthDataCollectorDeliverySetting.swift (in target 'SpeziHealthKit' from project 'SpeziHealthKit')
cd /Users/admin/builder/spi-builder-workspace/.swiftpm/xcode
builtin-SwiftPerFileCompile HealthDataCollectorDeliverySetting.swift
SwiftCompile normal arm64 Compiling\ HealthKitStatisticsQuery.swift,\ QueryAnchor.swift,\ AnySampleType.swift,\ HealthKitCharacteristic.swift /Users/admin/builder/spi-builder-workspace/Sources/SpeziHealthKit/Queries/HealthKitStatisticsQuery.swift /Users/admin/builder/spi-builder-workspace/Sources/SpeziHealthKit/Queries/QueryAnchor.swift /Users/admin/builder/spi-builder-workspace/Sources/SpeziHealthKit/Sample\ Types/AnySampleType.swift /Users/admin/builder/spi-builder-workspace/Sources/SpeziHealthKit/Sample\ Types/HealthKitCharacteristic.swift (in target 'SpeziHealthKit' from project 'SpeziHealthKit')
SwiftCompile normal arm64 /Users/admin/builder/spi-builder-workspace/Sources/SpeziHealthKit/Queries/HealthKitStatisticsQuery.swift (in target 'SpeziHealthKit' from project 'SpeziHealthKit')
cd /Users/admin/builder/spi-builder-workspace/.swiftpm/xcode
builtin-SwiftPerFileCompile HealthKitStatisticsQuery.swift
SwiftCompile normal arm64 /Users/admin/builder/spi-builder-workspace/Sources/SpeziHealthKit/Queries/QueryAnchor.swift (in target 'SpeziHealthKit' from project 'SpeziHealthKit')
cd /Users/admin/builder/spi-builder-workspace/.swiftpm/xcode
builtin-SwiftPerFileCompile QueryAnchor.swift
SwiftCompile normal arm64 /Users/admin/builder/spi-builder-workspace/Sources/SpeziHealthKit/Sample\ Types/AnySampleType.swift (in target 'SpeziHealthKit' from project 'SpeziHealthKit')
cd /Users/admin/builder/spi-builder-workspace/.swiftpm/xcode
builtin-SwiftPerFileCompile AnySampleType.swift
SwiftCompile normal arm64 /Users/admin/builder/spi-builder-workspace/Sources/SpeziHealthKit/Sample\ Types/HealthKitCharacteristic.swift (in target 'SpeziHealthKit' from project 'SpeziHealthKit')
cd /Users/admin/builder/spi-builder-workspace/.swiftpm/xcode
builtin-SwiftPerFileCompile HealthKitCharacteristic.swift
SwiftCompile normal arm64 Compiling\ resource_bundle_accessor.swift,\ HealthKitConfiguration.swift,\ RequestReadAccess.swift,\ RequestWriteAccess.swift /Users/admin/builder/spi-builder-workspace/.derivedData/Build/Intermediates.noindex/SpeziHealthKit.build/Debug-appletvos/SpeziHealthKit-t.build/DerivedSources/resource_bundle_accessor.swift /Users/admin/builder/spi-builder-workspace/Sources/SpeziHealthKit/Configuration/HealthKitConfiguration.swift /Users/admin/builder/spi-builder-workspace/Sources/SpeziHealthKit/Configuration/RequestReadAccess.swift /Users/admin/builder/spi-builder-workspace/Sources/SpeziHealthKit/Configuration/RequestWriteAccess.swift (in target 'SpeziHealthKit' from project 'SpeziHealthKit')
SwiftCompile normal arm64 /Users/admin/builder/spi-builder-workspace/.derivedData/Build/Intermediates.noindex/SpeziHealthKit.build/Debug-appletvos/SpeziHealthKit-t.build/DerivedSources/resource_bundle_accessor.swift (in target 'SpeziHealthKit' from project 'SpeziHealthKit')
cd /Users/admin/builder/spi-builder-workspace/.swiftpm/xcode
builtin-SwiftPerFileCompile resource_bundle_accessor.swift
SwiftCompile normal arm64 /Users/admin/builder/spi-builder-workspace/Sources/SpeziHealthKit/Configuration/HealthKitConfiguration.swift (in target 'SpeziHealthKit' from project 'SpeziHealthKit')
cd /Users/admin/builder/spi-builder-workspace/.swiftpm/xcode
builtin-SwiftPerFileCompile HealthKitConfiguration.swift
SwiftCompile normal arm64 /Users/admin/builder/spi-builder-workspace/Sources/SpeziHealthKit/Configuration/RequestReadAccess.swift (in target 'SpeziHealthKit' from project 'SpeziHealthKit')
cd /Users/admin/builder/spi-builder-workspace/.swiftpm/xcode
builtin-SwiftPerFileCompile RequestReadAccess.swift
SwiftCompile normal arm64 /Users/admin/builder/spi-builder-workspace/Sources/SpeziHealthKit/Configuration/RequestWriteAccess.swift (in target 'SpeziHealthKit' from project 'SpeziHealthKit')
cd /Users/admin/builder/spi-builder-workspace/.swiftpm/xcode
builtin-SwiftPerFileCompile RequestWriteAccess.swift
SwiftCompile normal arm64 Compiling\ _HKSampleTypeWithIdentifierType.swift,\ _HKSampleWithSampleType.swift,\ SampleTypeScopedLocalStorage.swift /Users/admin/builder/spi-builder-workspace/Sources/SpeziHealthKit/Sample\ Types/_HKSampleTypeWithIdentifierType.swift /Users/admin/builder/spi-builder-workspace/Sources/SpeziHealthKit/Sample\ Types/_HKSampleWithSampleType.swift /Users/admin/builder/spi-builder-workspace/Sources/SpeziHealthKit/SampleTypeScopedLocalStorage.swift (in target 'SpeziHealthKit' from project 'SpeziHealthKit')
SwiftCompile normal arm64 /Users/admin/builder/spi-builder-workspace/Sources/SpeziHealthKit/Sample\ Types/_HKSampleTypeWithIdentifierType.swift (in target 'SpeziHealthKit' from project 'SpeziHealthKit')
cd /Users/admin/builder/spi-builder-workspace/.swiftpm/xcode
builtin-SwiftPerFileCompile _HKSampleTypeWithIdentifierType.swift
SwiftCompile normal arm64 /Users/admin/builder/spi-builder-workspace/Sources/SpeziHealthKit/Sample\ Types/_HKSampleWithSampleType.swift (in target 'SpeziHealthKit' from project 'SpeziHealthKit')
cd /Users/admin/builder/spi-builder-workspace/.swiftpm/xcode
builtin-SwiftPerFileCompile _HKSampleWithSampleType.swift
SwiftCompile normal arm64 /Users/admin/builder/spi-builder-workspace/Sources/SpeziHealthKit/SampleTypeScopedLocalStorage.swift (in target 'SpeziHealthKit' from project 'SpeziHealthKit')
cd /Users/admin/builder/spi-builder-workspace/.swiftpm/xcode
builtin-SwiftPerFileCompile SampleTypeScopedLocalStorage.swift
SwiftDriverJobDiscovery normal arm64 Compiling HealthKitSampleCollector.swift, HKBloodType+Extensions.swift, HKElectrocardiogram+RelatedData.swift, HKHealthStore+BackgroundDelivery.swift (in target 'SpeziHealthKit' from project 'SpeziHealthKit')
SwiftDriverJobDiscovery normal arm64 Compiling HKSample+Identifiable.swift, SleepSession.swift, SleepSessionsBuilder.swift, HealthKit+Linux.swift (in target 'SpeziHealthKit' from project 'SpeziHealthKit')
SwiftDriverJobDiscovery normal arm64 Compiling HealthKit.swift, HealthKitConstraint.swift, HealthKitQuery.swift, HealthKitQueryTimeRange.swift (in target 'SpeziHealthKit' from project 'SpeziHealthKit')
SwiftDriverJobDiscovery normal arm64 Compiling Export.swift, CollectSamples.swift, HealthDataCollector.swift, HealthDataCollectorDeliverySetting.swift (in target 'SpeziHealthKit' from project 'SpeziHealthKit')
SwiftDriverJobDiscovery normal arm64 Compiling resource_bundle_accessor.swift, HealthKitConfiguration.swift, RequestReadAccess.swift, RequestWriteAccess.swift (in target 'SpeziHealthKit' from project 'SpeziHealthKit')
PruneExplicitPrecompiledModules /Users/admin/builder/spi-builder-workspace/.derivedData/Build/Intermediates.noindex/ExplicitPrecompiledModules
PruneExplicitPrecompiledModules /Users/admin/builder/spi-builder-workspace/.derivedData/Build/Intermediates.noindex/SwiftExplicitPrecompiledModules
PruneExplicitPrecompiledModules /Users/admin/builder/spi-builder-workspace/.derivedData/SDKExplicitPrecompiledModules
2026-09-24 13:52:35.573 xcodebuild[1341:7241] [MT] IDERunDestination: Supported platforms for the buildables in the current scheme is empty.
** BUILD FAILED **
The following build commands failed:
SwiftCompile normal arm64 Compiling\ SampleType+Cache.swift,\ SampleType+Localization.swift,\ SampleType.swift,\ SampleTypeProxy+Initializers.swift /Users/admin/builder/spi-builder-workspace/Sources/SpeziHealthKit/Sample\ Types/SampleType+Cache.swift /Users/admin/builder/spi-builder-workspace/Sources/SpeziHealthKit/Sample\ Types/SampleType+Localization.swift /Users/admin/builder/spi-builder-workspace/Sources/SpeziHealthKit/Sample\ Types/SampleType.swift /Users/admin/builder/spi-builder-workspace/Sources/SpeziHealthKit/Sample\ Types/SampleTypeProxy+Initializers.swift (in target 'SpeziHealthKit' from project 'SpeziHealthKit')
SwiftCompile normal arm64 /Users/admin/builder/spi-builder-workspace/Sources/SpeziHealthKit/Sample\ Types/SampleType.swift (in target 'SpeziHealthKit' from project 'SpeziHealthKit')
Building workspace SpeziHealthKit with scheme SpeziHealthKit-Package
(3 failures)
Command line invocation:
/Applications/Xcode-27.0.0-Release.Candidate.app/Contents/Developer/usr/bin/xcodebuild -IDEClonedSourcePackagesDirPathOverride=/Users/admin/builder/spi-builder-workspace/.dependencies -resolvePackageDependencies
Resolve Package Graph
failed to retrieve search paths with pkg-config; maybe pkg-config is not installedcouldn't find pc file for zlib
Resolved source packages:
SpeziStorage: https://github.com/StanfordSpezi/SpeziStorage.git @ 2.1.4
RuntimeAssertions: https://github.com/StanfordBDHG/XCTRuntimeAssertions.git @ 2.2.0
swift-issue-reporting: https://github.com/pointfreeco/swift-issue-reporting @ 2.1.1
SpeziFoundation: https://github.com/StanfordSpezi/SpeziFoundation.git @ 2.7.7
swift-syntax: https://github.com/swiftlang/swift-syntax.git @ 603.0.2
swift-atomics: https://github.com/apple/swift-atomics.git @ 1.3.1
swift-argument-parser: https://github.com/apple/swift-argument-parser.git @ 1.8.2
ThreadLocal: https://github.com/StanfordBDHG/ThreadLocal.git @ 0.1.3
swift-algorithms: https://github.com/apple/swift-algorithms.git @ 1.2.1
zstd: https://github.com/StanfordBDHG/zstd.git @ 1.5.8-beta.1
swift-log: https://github.com/apple/swift-log @ 1.15.1
swift-async-algorithms: https://github.com/apple/swift-async-algorithms.git @ 1.1.5
SpeziHealthKit: /Users/admin/builder/spi-builder-workspace
swift-custom-dump: https://github.com/pointfreeco/swift-custom-dump @ 1.7.3
Spezi: https://github.com/StanfordSpezi/Spezi.git @ 1.10.2
swift-collections: https://github.com/apple/swift-collections.git @ 1.7.0
swift-numerics: https://github.com/apple/swift-numerics.git @ 1.1.1
swift-snapshot-testing: https://github.com/pointfreeco/swift-snapshot-testing.git @ 1.19.6
resolved source packages: SpeziStorage, RuntimeAssertions, swift-issue-reporting, SpeziFoundation, swift-syntax, swift-atomics, swift-argument-parser, ThreadLocal, swift-algorithms, zstd, swift-log, swift-async-algorithms, SpeziHealthKit, swift-custom-dump, Spezi, swift-collections, swift-numerics, swift-snapshot-testing
2026-09-24 13:53:01.693 xcodebuild[2018:10621] [MT] IDERunDestination: Supported platforms for the buildables in the current scheme is empty.
{
"default_localization" : "en",
"dependencies" : [
{
"identity" : "spezi",
"requirement" : {
"range" : [
{
"lower_bound" : "1.10.0",
"upper_bound" : "2.0.0"
}
]
},
"type" : "sourceControl",
"url" : "https://github.com/StanfordSpezi/Spezi.git"
},
{
"identity" : "spezifoundation",
"requirement" : {
"range" : [
{
"lower_bound" : "2.7.5",
"upper_bound" : "3.0.0"
}
]
},
"type" : "sourceControl",
"url" : "https://github.com/StanfordSpezi/SpeziFoundation.git"
},
{
"identity" : "spezistorage",
"requirement" : {
"range" : [
{
"lower_bound" : "2.1.4",
"upper_bound" : "3.0.0"
}
]
},
"type" : "sourceControl",
"url" : "https://github.com/StanfordSpezi/SpeziStorage.git"
},
{
"identity" : "swift-algorithms",
"requirement" : {
"range" : [
{
"lower_bound" : "1.2.1",
"upper_bound" : "2.0.0"
}
]
},
"type" : "sourceControl",
"url" : "https://github.com/apple/swift-algorithms.git"
},
{
"identity" : "swift-async-algorithms",
"requirement" : {
"range" : [
{
"lower_bound" : "1.1.3",
"upper_bound" : "2.0.0"
}
]
},
"type" : "sourceControl",
"url" : "https://github.com/apple/swift-async-algorithms.git"
},
{
"identity" : "swift-snapshot-testing",
"requirement" : {
"range" : [
{
"lower_bound" : "1.17.7",
"upper_bound" : "2.0.0"
}
]
},
"type" : "sourceControl",
"url" : "https://github.com/pointfreeco/swift-snapshot-testing.git"
},
{
"identity" : "swift-argument-parser",
"requirement" : {
"range" : [
{
"lower_bound" : "1.6.1",
"upper_bound" : "2.0.0"
}
]
},
"type" : "sourceControl",
"url" : "https://github.com/apple/swift-argument-parser.git"
}
],
"manifest_display_name" : "SpeziHealthKit",
"name" : "SpeziHealthKit",
"path" : "/Users/admin/builder/spi-builder-workspace",
"platforms" : [
{
"name" : "ios",
"version" : "17.0"
},
{
"name" : "watchos",
"version" : "10.0"
},
{
"name" : "macos",
"version" : "14.0"
},
{
"name" : "maccatalyst",
"version" : "17.0"
},
{
"name" : "visionos",
"version" : "1.0"
}
],
"products" : [
{
"name" : "SpeziHealthKit",
"targets" : [
"SpeziHealthKit"
],
"type" : {
"library" : [
"automatic"
]
}
},
{
"name" : "SpeziHealthKitBulkExport",
"targets" : [
"SpeziHealthKitBulkExport"
],
"type" : {
"library" : [
"automatic"
]
}
},
{
"name" : "SpeziHealthKitUI",
"targets" : [
"SpeziHealthKitUI"
],
"type" : {
"library" : [
"automatic"
]
}
},
{
"name" : "LocalizationsProcessor",
"targets" : [
"LocalizationsProcessor"
],
"type" : {
"executable" : null
}
},
{
"name" : "Codegen",
"targets" : [
"Codegen"
],
"type" : {
"executable" : null
}
}
],
"targets" : [
{
"c99name" : "SpeziHealthKitUI",
"module_type" : "SwiftTarget",
"name" : "SpeziHealthKitUI",
"path" : "Sources/SpeziHealthKitUI",
"product_dependencies" : [
"SpeziFoundation"
],
"product_memberships" : [
"SpeziHealthKitUI"
],
"sources" : [
"Deprecations.swift",
"HealthAccessAuthorizationObserver.swift",
"HealthChart/HealthChart.swift",
"HealthChart/HealthChartDataPoint.swift",
"HealthChart/HealthChartEntry.swift",
"HealthChart/Utils.swift",
"Queries/HealthKitCharacteristicsQuery.swift",
"Queries/HealthKitQuery.swift",
"Queries/HealthKitQueryResults.swift",
"Queries/HealthKitStatisticsQuery.swift"
],
"target_dependencies" : [
"SpeziHealthKit"
],
"type" : "library"
},
{
"c99name" : "SpeziHealthKitTests",
"module_type" : "SwiftTarget",
"name" : "SpeziHealthKitTests",
"path" : "Tests/SpeziHealthKitTests",
"product_dependencies" : [
"XCTSpezi",
"SnapshotTesting"
],
"resources" : [
{
"path" : "/Users/admin/builder/spi-builder-workspace/Tests/SpeziHealthKitTests/__Snapshots__/SpeziHealthKitUITests/conditionalHealthChartContentSnapshot.1.png",
"rule" : {
"process" : {
}
}
},
{
"path" : "/Users/admin/builder/spi-builder-workspace/Tests/SpeziHealthKitTests/__Snapshots__/SpeziHealthKitUITests/conditionalHealthChartContentSnapshot.2.png",
"rule" : {
"process" : {
}
}
},
{
"path" : "/Users/admin/builder/spi-builder-workspace/Tests/SpeziHealthKitTests/__Snapshots__/SpeziHealthKitUITests/emptyHealthChartEntriesButNoDataSnapshot.1.png",
"rule" : {
"process" : {
}
}
},
{
"path" : "/Users/admin/builder/spi-builder-workspace/Tests/SpeziHealthKitTests/__Snapshots__/SpeziHealthKitUITests/emptyHealthChartNoEntriesSnapshot.1.png",
"rule" : {
"process" : {
}
}
},
{
"path" : "/Users/admin/builder/spi-builder-workspace/Tests/SpeziHealthKitTests/__Snapshots__/SpeziHealthKitUITests/multiEntryHealthChartViewSnapshot.1.png",
"rule" : {
"process" : {
}
}
},
{
"path" : "/Users/admin/builder/spi-builder-workspace/Tests/SpeziHealthKitTests/__Snapshots__/SpeziHealthKitUITests/simpleHealthChartViewSnapshot.1.png",
"rule" : {
"process" : {
}
}
},
{
"path" : "/Users/admin/builder/spi-builder-workspace/Tests/SpeziHealthKitTests/__Snapshots__/SpeziHealthKitUITests/simpleHealthChartViewSnapshot.2.png",
"rule" : {
"process" : {
}
}
}
],
"sources" : [
"BulkExporterAPITests.swift",
"CalendarUtilsTests.swift",
"HKFactorizationTests.swift",
"HKObjectTypeTests.swift",
"HKUnitTests.swift",
"LoopingIterator.swift",
"MockQueryResults.swift",
"SampleTypeProxyTests.swift",
"SampleTypesCollectionTests.swift",
"SampleTypesTests.swift",
"SpeziHealthKitTests+CollectSample.swift",
"SpeziHealthKitTests.swift",
"SpeziHealthKitUITests.swift",
"Utils.swift"
],
"target_dependencies" : [
"SpeziHealthKit",
"SpeziHealthKitBulkExport",
"SpeziHealthKitUI"
],
"type" : "test"
},
{
"c99name" : "SpeziHealthKitBulkExport",
"module_type" : "SwiftTarget",
"name" : "SpeziHealthKitBulkExport",
"path" : "Sources/SpeziHealthKitBulkExport",
"product_dependencies" : [
"SpeziFoundation",
"SpeziLocalStorage"
],
"product_memberships" : [
"SpeziHealthKitBulkExport"
],
"sources" : [
"BatchProcessor.swift",
"BulkExportSession.swift",
"BulkExportSessionDescriptor.swift",
"BulkExportSessionIdentifier.swift",
"BulkExportSessionImpl.swift",
"BulkHealthExporter.swift",
"CalendarUtils.swift",
"ExportBatch.swift",
"ExportSessionBatchSize.swift",
"ExportSessionStartDate.swift"
],
"target_dependencies" : [
"SpeziHealthKit"
],
"type" : "library"
},
{
"c99name" : "SpeziHealthKit",
"module_type" : "SwiftTarget",
"name" : "SpeziHealthKit",
"path" : "Sources/SpeziHealthKit",
"product_dependencies" : [
"Spezi",
"SpeziFoundation",
"SpeziLocalStorage",
"Algorithms",
"AsyncAlgorithms"
],
"product_memberships" : [
"SpeziHealthKit",
"SpeziHealthKitBulkExport",
"SpeziHealthKitUI",
"LocalizationsProcessor",
"Codegen"
],
"resources" : [
{
"path" : "/Users/admin/builder/spi-builder-workspace/Sources/SpeziHealthKit/Resources/de.lproj/Localizable-HKTypes.strings",
"rule" : {
"process" : {
"localization" : "de"
}
}
},
{
"path" : "/Users/admin/builder/spi-builder-workspace/Sources/SpeziHealthKit/Resources/en.lproj/Localizable-HKTypes.strings",
"rule" : {
"process" : {
"localization" : "en"
}
}
},
{
"path" : "/Users/admin/builder/spi-builder-workspace/Sources/SpeziHealthKit/Resources/en_GB.lproj/Localizable-HKTypes.strings",
"rule" : {
"process" : {
"localization" : "en_gb"
}
}
},
{
"path" : "/Users/admin/builder/spi-builder-workspace/Sources/SpeziHealthKit/Resources/es.lproj/Localizable-HKTypes.strings",
"rule" : {
"process" : {
"localization" : "es"
}
}
},
{
"path" : "/Users/admin/builder/spi-builder-workspace/Sources/SpeziHealthKit/Resources/es_US.lproj/Localizable-HKTypes.strings",
"rule" : {
"process" : {
"localization" : "es_us"
}
}
},
{
"path" : "/Users/admin/builder/spi-builder-workspace/Sources/SpeziHealthKit/Resources/fr.lproj/Localizable-HKTypes.strings",
"rule" : {
"process" : {
"localization" : "fr"
}
}
}
],
"sources" : [
"Configuration/HealthKitConfiguration.swift",
"Configuration/RequestReadAccess.swift",
"Configuration/RequestWriteAccess.swift",
"Export.swift",
"Health Data Collection/CollectSamples.swift",
"Health Data Collection/HealthDataCollector.swift",
"Health Data Collection/HealthDataCollectorDeliverySetting.swift",
"Health Data Collection/HealthKitSampleCollector.swift",
"HealthKit Extensions/HKBloodType+Extensions.swift",
"HealthKit Extensions/HKElectrocardiogram+RelatedData.swift",
"HealthKit Extensions/HKHealthStore+BackgroundDelivery.swift",
"HealthKit Extensions/HKSample+Identifiable.swift",
"HealthKit Extensions/Sleep Sessions/SleepSession.swift",
"HealthKit Extensions/Sleep Sessions/SleepSessionsBuilder.swift",
"HealthKit+Linux.swift",
"HealthKit.swift",
"HealthKitConstraint.swift",
"Queries/HealthKitQuery.swift",
"Queries/HealthKitQueryTimeRange.swift",
"Queries/HealthKitStatisticsQuery.swift",
"Queries/QueryAnchor.swift",
"Sample Types/AnySampleType.swift",
"Sample Types/HealthKitCharacteristic.swift",
"Sample Types/Linux/HKQuantity.swift",
"Sample Types/Linux/HKTypeIdentifiers+Linux.swift",
"Sample Types/Linux/HKTypes+Linux.swift",
"Sample Types/Linux/HKUnit.swift",
"Sample Types/SampleType+Cache.swift",
"Sample Types/SampleType+Localization.swift",
"Sample Types/SampleType.swift",
"Sample Types/SampleTypeProxy+Initializers.swift",
"Sample Types/SampleTypeProxy.swift",
"Sample Types/SampleTypes.swift",
"Sample Types/SampleTypesCollection.swift",
"Sample Types/_HKSampleTypeWithIdentifierType.swift",
"Sample Types/_HKSampleWithSampleType.swift",
"SampleTypeScopedLocalStorage.swift"
],
"type" : "library"
},
{
"c99name" : "LocalizationsProcessor",
"module_type" : "SwiftTarget",
"name" : "LocalizationsProcessor",
"path" : "Sources/LocalizationsProcessor",
"product_dependencies" : [
"ArgumentParser"
],
"product_memberships" : [
"LocalizationsProcessor"
],
"sources" : [
"LocalizationsProcessor.swift"
],
"target_dependencies" : [
"SpeziHealthKit"
],
"type" : "executable"
},
{
"c99name" : "Codegen",
"module_type" : "SwiftTarget",
"name" : "Codegen",
"path" : "Sources/Codegen",
"product_dependencies" : [
"ArgumentParser"
],
"product_memberships" : [
"Codegen"
],
"sources" : [
"Codegen.swift",
"HKTypeIdentifierDefs+Linux.swift"
],
"target_dependencies" : [
"SpeziHealthKit"
],
"type" : "executable"
}
],
"tools_version" : "6.2"
}
{
"workspace" : {
"name" : "SpeziHealthKit",
"schemes" : [
"Codegen",
"LocalizationsProcessor",
"SpeziHealthKit",
"SpeziHealthKit-Package",
"SpeziHealthKitBulkExport",
"SpeziHealthKitUI"
]
}
}
2026-09-24 13:53:05.592 xcodebuild[2042:10763] [MT] IDERunDestination: Supported platforms for the buildables in the current scheme is empty.
Running build ...
env DEVELOPER_DIR=/Applications/Xcode-27.0.0-Release.Candidate.app xcrun xcodebuild -IDEClonedSourcePackagesDirPathOverride=$PWD/.dependencies -skipMacroValidation -skipPackagePluginValidation -derivedDataPath $PWD/.derivedData build -scheme SpeziHealthKit-Package -destination generic/platform=tvOS
Command line invocation:
/Applications/Xcode-27.0.0-Release.Candidate.app/Contents/Developer/usr/bin/xcodebuild -IDEClonedSourcePackagesDirPathOverride=/Users/admin/builder/spi-builder-workspace/.dependencies -skipMacroValidation -skipPackagePluginValidation -derivedDataPath /Users/admin/builder/spi-builder-workspace/.derivedData build -scheme SpeziHealthKit-Package -destination generic/platform=tvOS
Resolve Package Graph
failed to retrieve search paths with pkg-config; maybe pkg-config is not installedcouldn't find pc file for zlib
Resolved source packages:
swift-issue-reporting: https://github.com/pointfreeco/swift-issue-reporting @ 2.1.1
swift-numerics: https://github.com/apple/swift-numerics.git @ 1.1.1
SpeziFoundation: https://github.com/StanfordSpezi/SpeziFoundation.git @ 2.7.7
swift-algorithms: https://github.com/apple/swift-algorithms.git @ 1.2.1
swift-custom-dump: https://github.com/pointfreeco/swift-custom-dump @ 1.7.3
swift-syntax: https://github.com/swiftlang/swift-syntax.git @ 603.0.2
swift-async-algorithms: https://github.com/apple/swift-async-algorithms.git @ 1.1.5
swift-snapshot-testing: https://github.com/pointfreeco/swift-snapshot-testing.git @ 1.19.6
ThreadLocal: https://github.com/StanfordBDHG/ThreadLocal.git @ 0.1.3
swift-collections: https://github.com/apple/swift-collections.git @ 1.7.0
Spezi: https://github.com/StanfordSpezi/Spezi.git @ 1.10.2
swift-argument-parser: https://github.com/apple/swift-argument-parser.git @ 1.8.2
RuntimeAssertions: https://github.com/StanfordBDHG/XCTRuntimeAssertions.git @ 2.2.0
zstd: https://github.com/StanfordBDHG/zstd.git @ 1.5.8-beta.1
swift-log: https://github.com/apple/swift-log @ 1.15.1
swift-atomics: https://github.com/apple/swift-atomics.git @ 1.3.1
SpeziHealthKit: /Users/admin/builder/spi-builder-workspace
SpeziStorage: https://github.com/StanfordSpezi/SpeziStorage.git @ 2.1.4
ComputePackagePrebuildTargetDependencyGraph
Prepare packages
CreateBuildRequest
SendProjectDescription
CreateBuildOperation
ComputeTargetDependencyGraph
note: Building targets in dependency order
note: Target dependency graph (46 targets)
Target 'Codegen-product' in project 'SpeziHealthKit'
➜ Explicit dependency on target 'SpeziHealthKit' in project 'SpeziHealthKit'
➜ Explicit dependency on target 'Spezi-product' in project 'Spezi'
➜ Explicit dependency on target 'SpeziFoundation-product' in project 'SpeziFoundation'
➜ Explicit dependency on target 'SpeziLocalStorage-product' in project 'SpeziStorage'
➜ Explicit dependency on target 'Algorithms-product' in project 'swift-algorithms'
➜ Explicit dependency on target 'AsyncAlgorithms-product' in project 'swift-async-algorithms'
➜ Explicit dependency on target 'ArgumentParser-product' in project 'swift-argument-parser'
Target 'LocalizationsProcessor-product' in project 'SpeziHealthKit'
➜ Explicit dependency on target 'SpeziHealthKit' in project 'SpeziHealthKit'
➜ Explicit dependency on target 'Spezi-product' in project 'Spezi'
➜ Explicit dependency on target 'SpeziFoundation-product' in project 'SpeziFoundation'
➜ Explicit dependency on target 'SpeziLocalStorage-product' in project 'SpeziStorage'
➜ Explicit dependency on target 'Algorithms-product' in project 'swift-algorithms'
➜ Explicit dependency on target 'AsyncAlgorithms-product' in project 'swift-async-algorithms'
➜ Explicit dependency on target 'ArgumentParser-product' in project 'swift-argument-parser'
Target 'ArgumentParser-product' in project 'swift-argument-parser'
➜ Explicit dependency on target 'ArgumentParser' in project 'swift-argument-parser'
➜ Explicit dependency on target 'ArgumentParserToolInfo' in project 'swift-argument-parser'
Target 'ArgumentParser' in project 'swift-argument-parser'
➜ Explicit dependency on target 'ArgumentParserToolInfo' in project 'swift-argument-parser'
Target 'ArgumentParserToolInfo' in project 'swift-argument-parser' (no dependencies)
Target 'SpeziHealthKitUI-product' in project 'SpeziHealthKit'
➜ Explicit dependency on target 'SpeziHealthKitUI' in project 'SpeziHealthKit'
➜ Explicit dependency on target 'SpeziHealthKit' in project 'SpeziHealthKit'
➜ Explicit dependency on target 'Spezi-product' in project 'Spezi'
➜ Explicit dependency on target 'SpeziFoundation-product' in project 'SpeziFoundation'
➜ Explicit dependency on target 'SpeziLocalStorage-product' in project 'SpeziStorage'
➜ Explicit dependency on target 'Algorithms-product' in project 'swift-algorithms'
➜ Explicit dependency on target 'AsyncAlgorithms-product' in project 'swift-async-algorithms'
Target 'SpeziHealthKitUI' in project 'SpeziHealthKit'
➜ Explicit dependency on target 'SpeziHealthKit' in project 'SpeziHealthKit'
➜ Explicit dependency on target 'Spezi-product' in project 'Spezi'
➜ Explicit dependency on target 'SpeziFoundation-product' in project 'SpeziFoundation'
➜ Explicit dependency on target 'SpeziLocalStorage-product' in project 'SpeziStorage'
➜ Explicit dependency on target 'Algorithms-product' in project 'swift-algorithms'
➜ Explicit dependency on target 'AsyncAlgorithms-product' in project 'swift-async-algorithms'
Target 'SpeziHealthKitBulkExport-product' in project 'SpeziHealthKit'
➜ Explicit dependency on target 'SpeziHealthKitBulkExport' in project 'SpeziHealthKit'
➜ Explicit dependency on target 'SpeziHealthKit' in project 'SpeziHealthKit'
➜ Explicit dependency on target 'Spezi-product' in project 'Spezi'
➜ Explicit dependency on target 'SpeziFoundation-product' in project 'SpeziFoundation'
➜ Explicit dependency on target 'SpeziLocalStorage-product' in project 'SpeziStorage'
➜ Explicit dependency on target 'Algorithms-product' in project 'swift-algorithms'
➜ Explicit dependency on target 'AsyncAlgorithms-product' in project 'swift-async-algorithms'
Target 'SpeziHealthKitBulkExport' in project 'SpeziHealthKit'
➜ Explicit dependency on target 'SpeziHealthKit' in project 'SpeziHealthKit'
➜ Explicit dependency on target 'Spezi-product' in project 'Spezi'
➜ Explicit dependency on target 'SpeziFoundation-product' in project 'SpeziFoundation'
➜ Explicit dependency on target 'SpeziLocalStorage-product' in project 'SpeziStorage'
➜ Explicit dependency on target 'Algorithms-product' in project 'swift-algorithms'
➜ Explicit dependency on target 'AsyncAlgorithms-product' in project 'swift-async-algorithms'
Target 'SpeziHealthKit-product' in project 'SpeziHealthKit'
➜ Explicit dependency on target 'SpeziHealthKit' in project 'SpeziHealthKit'
➜ Explicit dependency on target 'SpeziHealthKit_SpeziHealthKit' in project 'SpeziHealthKit'
➜ Explicit dependency on target 'Spezi-product' in project 'Spezi'
➜ Explicit dependency on target 'SpeziFoundation-product' in project 'SpeziFoundation'
➜ Explicit dependency on target 'SpeziLocalStorage-product' in project 'SpeziStorage'
➜ Explicit dependency on target 'Algorithms-product' in project 'swift-algorithms'
➜ Explicit dependency on target 'AsyncAlgorithms-product' in project 'swift-async-algorithms'
Target 'SpeziHealthKit' in project 'SpeziHealthKit'
➜ Explicit dependency on target 'SpeziHealthKit_SpeziHealthKit' in project 'SpeziHealthKit'
➜ Explicit dependency on target 'Spezi-product' in project 'Spezi'
➜ Explicit dependency on target 'SpeziFoundation-product' in project 'SpeziFoundation'
➜ Explicit dependency on target 'SpeziLocalStorage-product' in project 'SpeziStorage'
➜ Explicit dependency on target 'Algorithms-product' in project 'swift-algorithms'
➜ Explicit dependency on target 'AsyncAlgorithms-product' in project 'swift-async-algorithms'
Target 'AsyncAlgorithms-product' in project 'swift-async-algorithms'
➜ Explicit dependency on target 'AsyncAlgorithms' in project 'swift-async-algorithms'
➜ Explicit dependency on target 'OrderedCollections-product' in project 'swift-collections'
➜ Explicit dependency on target 'DequeModule-product' in project 'swift-collections'
Target 'AsyncAlgorithms' in project 'swift-async-algorithms'
➜ Explicit dependency on target 'OrderedCollections-product' in project 'swift-collections'
➜ Explicit dependency on target 'DequeModule-product' in project 'swift-collections'
Target 'DequeModule-product' in project 'swift-collections'
➜ Explicit dependency on target 'DequeModule' in project 'swift-collections'
➜ Explicit dependency on target 'InternalCollectionsUtilities' in project 'swift-collections'
➜ Explicit dependency on target 'SpanPreview' in project 'swift-collections'
Target 'DequeModule' in project 'swift-collections'
➜ Explicit dependency on target 'InternalCollectionsUtilities' in project 'swift-collections'
➜ Explicit dependency on target 'SpanPreview' in project 'swift-collections'
Target 'SpanPreview' in project 'swift-collections'
➜ Explicit dependency on target 'InternalCollectionsUtilities' in project 'swift-collections'
Target 'SpeziLocalStorage-product' in project 'SpeziStorage'
➜ Explicit dependency on target 'SpeziLocalStorage' in project 'SpeziStorage'
➜ Explicit dependency on target 'SpeziKeychainStorage' in project 'SpeziStorage'
➜ Explicit dependency on target 'Spezi-product' in project 'Spezi'
➜ Explicit dependency on target 'RuntimeAssertions-product' in project 'RuntimeAssertions'
➜ Explicit dependency on target 'SpeziFoundation-product' in project 'SpeziFoundation'
Target 'SpeziLocalStorage' in project 'SpeziStorage'
➜ Explicit dependency on target 'SpeziKeychainStorage' in project 'SpeziStorage'
➜ Explicit dependency on target 'Spezi-product' in project 'Spezi'
➜ Explicit dependency on target 'RuntimeAssertions-product' in project 'RuntimeAssertions'
➜ Explicit dependency on target 'SpeziFoundation-product' in project 'SpeziFoundation'
Target 'SpeziKeychainStorage' in project 'SpeziStorage'
➜ Explicit dependency on target 'Spezi-product' in project 'Spezi'
➜ Explicit dependency on target 'RuntimeAssertions-product' in project 'RuntimeAssertions'
Target 'Spezi-product' in project 'Spezi'
➜ Explicit dependency on target 'Spezi' in project 'Spezi'
➜ Explicit dependency on target 'SpeziFoundation-product' in project 'SpeziFoundation'
➜ Explicit dependency on target 'RuntimeAssertions-product' in project 'RuntimeAssertions'
➜ Explicit dependency on target 'OrderedCollections-product' in project 'swift-collections'
Target 'Spezi' in project 'Spezi'
➜ Explicit dependency on target 'SpeziFoundation-product' in project 'SpeziFoundation'
➜ Explicit dependency on target 'RuntimeAssertions-product' in project 'RuntimeAssertions'
➜ Explicit dependency on target 'OrderedCollections-product' in project 'swift-collections'
Target 'OrderedCollections-product' in project 'swift-collections'
➜ Explicit dependency on target 'OrderedCollections' in project 'swift-collections'
➜ Explicit dependency on target 'InternalCollectionsUtilities' in project 'swift-collections'
Target 'OrderedCollections' in project 'swift-collections'
➜ Explicit dependency on target 'InternalCollectionsUtilities' in project 'swift-collections'
Target 'InternalCollectionsUtilities' in project 'swift-collections' (no dependencies)
Target 'SpeziFoundation-product' in project 'SpeziFoundation'
➜ Explicit dependency on target 'SpeziFoundation' in project 'SpeziFoundation'
➜ Explicit dependency on target 'SpeziFoundation_SpeziFoundation' in project 'SpeziFoundation'
➜ Explicit dependency on target 'SpeziFoundationObjC' in project 'SpeziFoundation'
➜ Explicit dependency on target 'libzstd-product' in project 'zstd'
➜ Explicit dependency on target 'Atomics-product' in project 'swift-atomics'
➜ Explicit dependency on target 'Algorithms-product' in project 'swift-algorithms'
➜ Explicit dependency on target 'RuntimeAssertions-product' in project 'RuntimeAssertions'
➜ Explicit dependency on target 'Logging-product' in project 'swift-log'
➜ Explicit dependency on target 'ThreadLocal-product' in project 'ThreadLocal'
Target 'SpeziFoundation' in project 'SpeziFoundation'
➜ Explicit dependency on target 'SpeziFoundation_SpeziFoundation' in project 'SpeziFoundation'
➜ Explicit dependency on target 'SpeziFoundationObjC' in project 'SpeziFoundation'
➜ Explicit dependency on target 'libzstd-product' in project 'zstd'
➜ Explicit dependency on target 'Atomics-product' in project 'swift-atomics'
➜ Explicit dependency on target 'Algorithms-product' in project 'swift-algorithms'
➜ Explicit dependency on target 'RuntimeAssertions-product' in project 'RuntimeAssertions'
➜ Explicit dependency on target 'Logging-product' in project 'swift-log'
➜ Explicit dependency on target 'ThreadLocal-product' in project 'ThreadLocal'
Target 'ThreadLocal-product' in project 'ThreadLocal'
➜ Explicit dependency on target 'ThreadLocal' in project 'ThreadLocal'
➜ Explicit dependency on target 'ThreadLocalMacros' in project 'ThreadLocal'
Target 'ThreadLocal' in project 'ThreadLocal'
➜ Explicit dependency on target 'ThreadLocalMacros' in project 'ThreadLocal'
Target 'ThreadLocalMacros' in project 'ThreadLocal' (no dependencies)
Target 'Logging-product' in project 'swift-log'
➜ Explicit dependency on target 'Logging' in project 'swift-log'
Target 'Logging' in project 'swift-log' (no dependencies)
Target 'RuntimeAssertions-product' in project 'RuntimeAssertions'
➜ Explicit dependency on target 'RuntimeAssertions' in project 'RuntimeAssertions'
Target 'RuntimeAssertions' in project 'RuntimeAssertions' (no dependencies)
Target 'Algorithms-product' in project 'swift-algorithms'
➜ Explicit dependency on target 'Algorithms' in project 'swift-algorithms'
➜ Explicit dependency on target 'RealModule-product' in project 'swift-numerics'
Target 'Algorithms' in project 'swift-algorithms'
➜ Explicit dependency on target 'RealModule-product' in project 'swift-numerics'
Target 'RealModule-product' in project 'swift-numerics'
➜ Explicit dependency on target 'RealModule' in project 'swift-numerics'
➜ Explicit dependency on target '_NumericsShims' in project 'swift-numerics'
Target 'RealModule' in project 'swift-numerics'
➜ Explicit dependency on target '_NumericsShims' in project 'swift-numerics'
Target '_NumericsShims' in project 'swift-numerics' (no dependencies)
Target 'Atomics-product' in project 'swift-atomics'
➜ Explicit dependency on target 'Atomics' in project 'swift-atomics'
➜ Explicit dependency on target '_AtomicsShims' in project 'swift-atomics'
Target 'Atomics' in project 'swift-atomics'
➜ Explicit dependency on target '_AtomicsShims' in project 'swift-atomics'
Target '_AtomicsShims' in project 'swift-atomics' (no dependencies)
Target 'libzstd-product' in project 'zstd'
➜ Explicit dependency on target 'libzstd' in project 'zstd'
Target 'libzstd' in project 'zstd' (no dependencies)
Target 'SpeziFoundationObjC' in project 'SpeziFoundation' (no dependencies)
Target 'SpeziFoundation_SpeziFoundation' in project 'SpeziFoundation' (no dependencies)
Target 'SpeziHealthKit_SpeziHealthKit' in project 'SpeziHealthKit' (no dependencies)
GatherProvisioningInputs
CreateBuildDescription
ClangStatCache /Applications/Xcode-27.0.0-Release.Candidate.app/Contents/Developer/Toolchains/XcodeDefault.xctoolchain/usr/bin/clang-stat-cache /Applications/Xcode-27.0.0-Release.Candidate.app/Contents/Developer/Platforms/AppleTVOS.platform/Developer/SDKs/AppleTVOS27.0.sdk /Users/admin/builder/spi-builder-workspace/.derivedData/SDKStatCaches.noindex/appletvos27.0-24J360-e829b21a6f8c9b70876ba0858053c044b32bfd8d43560033f8d89884cdb90028.sdkstatcache
cd /Users/admin/builder/spi-builder-workspace/.swiftpm/xcode
/Applications/Xcode-27.0.0-Release.Candidate.app/Contents/Developer/Toolchains/XcodeDefault.xctoolchain/usr/bin/clang-stat-cache /Applications/Xcode-27.0.0-Release.Candidate.app/Contents/Developer/Platforms/AppleTVOS.platform/Developer/SDKs/AppleTVOS27.0.sdk -o /Users/admin/builder/spi-builder-workspace/.derivedData/SDKStatCaches.noindex/appletvos27.0-24J360-e829b21a6f8c9b70876ba0858053c044b32bfd8d43560033f8d89884cdb90028.sdkstatcache
ClangStatCache /Applications/Xcode-27.0.0-Release.Candidate.app/Contents/Developer/Toolchains/XcodeDefault.xctoolchain/usr/bin/clang-stat-cache /Applications/Xcode-27.0.0-Release.Candidate.app/Contents/Developer/Platforms/MacOSX.platform/Developer/SDKs/MacOSX27.0.sdk /Users/admin/builder/spi-builder-workspace/.derivedData/SDKStatCaches.noindex/macosx27.0-26A425-e829b21a6f8c9b70876ba0858053c0446a22442a12e9d48fe1a705f55a1adfc4.sdkstatcache
cd /Users/admin/builder/spi-builder-workspace/.swiftpm/xcode
/Applications/Xcode-27.0.0-Release.Candidate.app/Contents/Developer/Toolchains/XcodeDefault.xctoolchain/usr/bin/clang-stat-cache /Applications/Xcode-27.0.0-Release.Candidate.app/Contents/Developer/Platforms/MacOSX.platform/Developer/SDKs/MacOSX27.0.sdk -o /Users/admin/builder/spi-builder-workspace/.derivedData/SDKStatCaches.noindex/macosx27.0-26A425-e829b21a6f8c9b70876ba0858053c0446a22442a12e9d48fe1a705f55a1adfc4.sdkstatcache
SwiftDriver SpeziHealthKit normal arm64 com.apple.xcode.tools.swift.compiler (in target 'SpeziHealthKit' from project 'SpeziHealthKit')
cd /Users/admin/builder/spi-builder-workspace/.swiftpm/xcode
builtin-SwiftDriver -- /Applications/Xcode-27.0.0-Release.Candidate.app/Contents/Developer/Toolchains/XcodeDefault.xctoolchain/usr/bin/swiftc -parse-as-library -module-name SpeziHealthKit -Onone @/Users/admin/builder/spi-builder-workspace/.derivedData/Build/Intermediates.noindex/SpeziHealthKit.build/Debug-appletvos/SpeziHealthKit-t.build/Objects-normal/arm64/SpeziHealthKit.SwiftFileList -DSWIFT_PACKAGE -DDEBUG -DSWIFT_MODULE_RESOURCE_BUNDLE_AVAILABLE -Xcc -fmodule-map-file\=/Users/admin/builder/spi-builder-workspace/.dependencies/checkouts/zstd/lib/module.modulemap -Xcc -fmodule-map-file\=/Users/admin/builder/spi-builder-workspace/.dependencies/checkouts/swift-atomics/Sources/_AtomicsShims/include/module.modulemap -Xcc -fmodule-map-file\=/Users/admin/builder/spi-builder-workspace/.derivedData/Build/Intermediates.noindex/GeneratedModuleMaps-appletvos/SpeziFoundationObjC.modulemap -Xcc -fmodule-map-file\=/Users/admin/builder/spi-builder-workspace/.dependencies/checkouts/swift-numerics/Sources/_NumericsShims/include/module.modulemap -DXcode -enable-upcoming-feature ExistentialAny -enable-upcoming-feature InternalImportsByDefault -plugin-path /Applications/Xcode-27.0.0-Release.Candidate.app/Contents/Developer/Toolchains/XcodeDefault.xctoolchain/usr/lib/swift/host/plugins/testing -enable-experimental-feature DebugDescriptionMacro -sdk /Applications/Xcode-27.0.0-Release.Candidate.app/Contents/Developer/Platforms/AppleTVOS.platform/Developer/SDKs/AppleTVOS27.0.sdk -target arm64-apple-tvos17.0 -g -module-cache-path /Users/admin/builder/spi-builder-workspace/.derivedData/ModuleCache.noindex -Xfrontend -serialize-debugging-options -profile-coverage-mapping -profile-generate -enable-testing -index-store-path /Users/admin/builder/spi-builder-workspace/.derivedData/Index.noindex/DataStore -Xcc -D_LIBCPP_HARDENING_MODE\=_LIBCPP_HARDENING_MODE_DEBUG -swift-version 6 -I /Users/admin/builder/spi-builder-workspace/.derivedData/Build/Products/Debug-appletvos -Isystem /Applications/Xcode-27.0.0-Release.Candidate.app/Contents/Developer/Platforms/AppleTVOS.platform/Developer/usr/lib -F /Users/admin/builder/spi-builder-workspace/.derivedData/Build/Products/Debug-appletvos/PackageFrameworks -F /Users/admin/builder/spi-builder-workspace/.derivedData/Build/Products/Debug-appletvos -F /Applications/Xcode-27.0.0-Release.Candidate.app/Contents/Developer/Platforms/AppleTVOS.platform/Developer/Library/Frameworks -F /Applications/Xcode-27.0.0-Release.Candidate.app/Contents/Developer/Platforms/AppleTVOS.platform/Developer/SDKs/AppleTVOS27.0.sdk/Developer/Library/Frameworks -Xfrontend -load-plugin-executable -Xfrontend /Users/admin/builder/spi-builder-workspace/.derivedData/Build/Products/Debug/ThreadLocalMacros\#ThreadLocalMacros -emit-localized-strings -emit-localized-strings-path /Users/admin/builder/spi-builder-workspace/.derivedData/Build/Intermediates.noindex/SpeziHealthKit.build/Debug-appletvos/SpeziHealthKit-t.build/Objects-normal/arm64 -c -j10 -enable-batch-mode -incremental -Xcc -ivfsstatcache -Xcc /Users/admin/builder/spi-builder-workspace/.derivedData/SDKStatCaches.noindex/appletvos27.0-24J360-e829b21a6f8c9b70876ba0858053c044b32bfd8d43560033f8d89884cdb90028.sdkstatcache -output-file-map /Users/admin/builder/spi-builder-workspace/.derivedData/Build/Intermediates.noindex/SpeziHealthKit.build/Debug-appletvos/SpeziHealthKit-t.build/Objects-normal/arm64/SpeziHealthKit-OutputFileMap.json -save-temps -no-color-diagnostics -explicit-module-build -module-cache-path /Users/admin/builder/spi-builder-workspace/.derivedData/Build/Intermediates.noindex/SwiftExplicitPrecompiledModules -clang-scanner-module-cache-path /Users/admin/builder/spi-builder-workspace/.derivedData/ModuleCache.noindex -sdk-module-cache-path /Users/admin/builder/spi-builder-workspace/.derivedData/SDKExplicitPrecompiledModules -emit-dependencies -emit-module -emit-module-path /Users/admin/builder/spi-builder-workspace/.derivedData/Build/Intermediates.noindex/SpeziHealthKit.build/Debug-appletvos/SpeziHealthKit-t.build/Objects-normal/arm64/SpeziHealthKit.swiftmodule -serialize-diagnostics -dependency-scan-serialize-diagnostics-path /Users/admin/builder/spi-builder-workspace/.derivedData/Build/Intermediates.noindex/SpeziHealthKit.build/Debug-appletvos/SpeziHealthKit-t.build/Objects-normal/arm64/SpeziHealthKit-dependency-scan.dia -validate-clang-modules-once -clang-build-session-file /Users/admin/builder/spi-builder-workspace/.derivedData/ModuleCache.noindex/Session.modulevalidation -Xcc -fmodules-prune-interval\=86400 -Xcc -fmodules-prune-after\=345600 -package-name spi_builder_workspace -emit-const-values -const-gather-protocols-list /Users/admin/builder/spi-builder-workspace/.derivedData/Build/Intermediates.noindex/SpeziHealthKit.build/Debug-appletvos/SpeziHealthKit-t.build/Objects-normal/arm64/SpeziHealthKit_const_extract_protocols.json -Xcc -I/Users/admin/builder/spi-builder-workspace/.dependencies/checkouts/zstd/lib -Xcc -I/Users/admin/builder/spi-builder-workspace/.dependencies/checkouts/swift-atomics/Sources/_AtomicsShims/include -Xcc -I/Users/admin/builder/spi-builder-workspace/.dependencies/checkouts/SpeziFoundation/Sources/SpeziFoundationObjC/include -Xcc -I/Users/admin/builder/spi-builder-workspace/.dependencies/checkouts/swift-numerics/Sources/_NumericsShims/include -Xcc -I/Users/admin/builder/spi-builder-workspace/.derivedData/Build/Products/Debug-appletvos/include -Xcc -I/Users/admin/builder/spi-builder-workspace/.derivedData/Build/Intermediates.noindex/SpeziHealthKit.build/Debug-appletvos/SpeziHealthKit-t.build/DerivedSources-normal/arm64 -Xcc -I/Users/admin/builder/spi-builder-workspace/.derivedData/Build/Intermediates.noindex/SpeziHealthKit.build/Debug-appletvos/SpeziHealthKit-t.build/DerivedSources/arm64 -Xcc -I/Users/admin/builder/spi-builder-workspace/.derivedData/Build/Intermediates.noindex/SpeziHealthKit.build/Debug-appletvos/SpeziHealthKit-t.build/DerivedSources -Xcc -DSWIFT_PACKAGE -Xcc -DDEBUG\=1 -emit-objc-header -emit-objc-header-path /Users/admin/builder/spi-builder-workspace/.derivedData/Build/Intermediates.noindex/SpeziHealthKit.build/Debug-appletvos/SpeziHealthKit-t.build/Objects-normal/arm64/SpeziHealthKit-Swift.h -working-directory /Users/admin/builder/spi-builder-workspace/.swiftpm/xcode -experimental-emit-module-separately -disable-cmo
SwiftCompile normal arm64 Compiling\ AnySampleType.swift,\ HealthKitCharacteristic.swift /Users/admin/builder/spi-builder-workspace/Sources/SpeziHealthKit/Sample\ Types/AnySampleType.swift /Users/admin/builder/spi-builder-workspace/Sources/SpeziHealthKit/Sample\ Types/HealthKitCharacteristic.swift (in target 'SpeziHealthKit' from project 'SpeziHealthKit')
SwiftCompile normal arm64 /Users/admin/builder/spi-builder-workspace/Sources/SpeziHealthKit/Sample\ Types/AnySampleType.swift (in target 'SpeziHealthKit' from project 'SpeziHealthKit')
cd /Users/admin/builder/spi-builder-workspace/.swiftpm/xcode
builtin-SwiftPerFileCompile AnySampleType.swift
SwiftCompile normal arm64 /Users/admin/builder/spi-builder-workspace/Sources/SpeziHealthKit/Sample\ Types/HealthKitCharacteristic.swift (in target 'SpeziHealthKit' from project 'SpeziHealthKit')
cd /Users/admin/builder/spi-builder-workspace/.swiftpm/xcode
builtin-SwiftPerFileCompile HealthKitCharacteristic.swift
SwiftCompile normal arm64 Compiling\ HKQuantity.swift,\ HKTypeIdentifiers+Linux.swift /Users/admin/builder/spi-builder-workspace/Sources/SpeziHealthKit/Sample\ Types/Linux/HKQuantity.swift /Users/admin/builder/spi-builder-workspace/Sources/SpeziHealthKit/Sample\ Types/Linux/HKTypeIdentifiers+Linux.swift (in target 'SpeziHealthKit' from project 'SpeziHealthKit')
SwiftCompile normal arm64 /Users/admin/builder/spi-builder-workspace/Sources/SpeziHealthKit/Sample\ Types/Linux/HKQuantity.swift (in target 'SpeziHealthKit' from project 'SpeziHealthKit')
cd /Users/admin/builder/spi-builder-workspace/.swiftpm/xcode
builtin-SwiftPerFileCompile HKQuantity.swift
SwiftCompile normal arm64 /Users/admin/builder/spi-builder-workspace/Sources/SpeziHealthKit/Sample\ Types/Linux/HKTypeIdentifiers+Linux.swift (in target 'SpeziHealthKit' from project 'SpeziHealthKit')
cd /Users/admin/builder/spi-builder-workspace/.swiftpm/xcode
builtin-SwiftPerFileCompile HKTypeIdentifiers+Linux.swift
SwiftCompile normal arm64 Compiling\ HKTypes+Linux.swift,\ HKUnit.swift /Users/admin/builder/spi-builder-workspace/Sources/SpeziHealthKit/Sample\ Types/Linux/HKTypes+Linux.swift /Users/admin/builder/spi-builder-workspace/Sources/SpeziHealthKit/Sample\ Types/Linux/HKUnit.swift (in target 'SpeziHealthKit' from project 'SpeziHealthKit')
SwiftCompile normal arm64 /Users/admin/builder/spi-builder-workspace/Sources/SpeziHealthKit/Sample\ Types/Linux/HKTypes+Linux.swift (in target 'SpeziHealthKit' from project 'SpeziHealthKit')
cd /Users/admin/builder/spi-builder-workspace/.swiftpm/xcode
builtin-SwiftPerFileCompile HKTypes+Linux.swift
SwiftCompile normal arm64 /Users/admin/builder/spi-builder-workspace/Sources/SpeziHealthKit/Sample\ Types/Linux/HKUnit.swift (in target 'SpeziHealthKit' from project 'SpeziHealthKit')
cd /Users/admin/builder/spi-builder-workspace/.swiftpm/xcode
builtin-SwiftPerFileCompile HKUnit.swift
SwiftCompile normal arm64 Compiling\ SampleType+Cache.swift,\ SampleType+Localization.swift /Users/admin/builder/spi-builder-workspace/Sources/SpeziHealthKit/Sample\ Types/SampleType+Cache.swift /Users/admin/builder/spi-builder-workspace/Sources/SpeziHealthKit/Sample\ Types/SampleType+Localization.swift (in target 'SpeziHealthKit' from project 'SpeziHealthKit')
SwiftCompile normal arm64 /Users/admin/builder/spi-builder-workspace/Sources/SpeziHealthKit/Sample\ Types/SampleType+Cache.swift (in target 'SpeziHealthKit' from project 'SpeziHealthKit')
cd /Users/admin/builder/spi-builder-workspace/.swiftpm/xcode
builtin-SwiftPerFileCompile SampleType+Cache.swift
SwiftCompile normal arm64 /Users/admin/builder/spi-builder-workspace/Sources/SpeziHealthKit/Sample\ Types/SampleType+Localization.swift (in target 'SpeziHealthKit' from project 'SpeziHealthKit')
cd /Users/admin/builder/spi-builder-workspace/.swiftpm/xcode
builtin-SwiftPerFileCompile SampleType+Localization.swift
SwiftCompile normal arm64 Compiling\ HealthKitStatisticsQuery.swift,\ QueryAnchor.swift /Users/admin/builder/spi-builder-workspace/Sources/SpeziHealthKit/Queries/HealthKitStatisticsQuery.swift /Users/admin/builder/spi-builder-workspace/Sources/SpeziHealthKit/Queries/QueryAnchor.swift (in target 'SpeziHealthKit' from project 'SpeziHealthKit')
SwiftCompile normal arm64 /Users/admin/builder/spi-builder-workspace/Sources/SpeziHealthKit/Queries/HealthKitStatisticsQuery.swift (in target 'SpeziHealthKit' from project 'SpeziHealthKit')
cd /Users/admin/builder/spi-builder-workspace/.swiftpm/xcode
builtin-SwiftPerFileCompile HealthKitStatisticsQuery.swift
SwiftCompile normal arm64 /Users/admin/builder/spi-builder-workspace/Sources/SpeziHealthKit/Queries/QueryAnchor.swift (in target 'SpeziHealthKit' from project 'SpeziHealthKit')
cd /Users/admin/builder/spi-builder-workspace/.swiftpm/xcode
builtin-SwiftPerFileCompile QueryAnchor.swift
SwiftCompile normal arm64 Compiling\ SampleType.swift,\ SampleTypeProxy+Initializers.swift /Users/admin/builder/spi-builder-workspace/Sources/SpeziHealthKit/Sample\ Types/SampleType.swift /Users/admin/builder/spi-builder-workspace/Sources/SpeziHealthKit/Sample\ Types/SampleTypeProxy+Initializers.swift (in target 'SpeziHealthKit' from project 'SpeziHealthKit')
/Users/admin/builder/spi-builder-workspace/Sources/SpeziHealthKit/Sample Types/SampleType.swift:58:23: error: 'LocalizedStringResource' aliases 'Foundation.LocalizedStringResource' and cannot be used here because 'Foundation' was not imported publicly
9 | // swiftlint:disable file_types_order
10 |
11 | import Foundation
| `- note: struct 'LocalizedStringResource' imported as 'internal' from 'Foundation' here
12 | #if canImport(HealthKit)
13 | import HealthKit
:
56 | @usableFromInline init(
57 | _ hkSampleType: Sample._SampleType,
58 | displayTitle: LocalizedStringResource? = nil, // swiftlint:disable:this function_default_parameter_at_end
| `- error: 'LocalizedStringResource' aliases 'Foundation.LocalizedStringResource' and cannot be used here because 'Foundation' was not imported publicly
59 | variant: Variant
60 | ) {
Foundation.LocalizedStringResource:2:15: note: type declared here
1 | @available(macOS 13, iOS 16, tvOS 16, watchOS 9, *)
2 | public struct LocalizedStringResource : Equatable, Codable, CustomLocalizedStringResourceConvertible, ExpressibleByStringInterpolation {
| `- note: type declared here
3 | public let key: String
4 | public let defaultValue: String.LocalizationValue
/Users/admin/builder/spi-builder-workspace/Sources/SpeziHealthKit/Sample Types/SampleType.swift:143:22: error: type alias cannot be declared public because its underlying type uses an internal type
141 | #if canImport(Darwin)
142 | // swiftlint:disable:next missing_docs
143 | public typealias LocalizedStringResource = Foundation.LocalizedStringResource
| `- error: type alias cannot be declared public because its underlying type uses an internal type
144 | #else
145 | // swiftlint:disable:next missing_docs
<unknown>:0: note: type declared here
/Users/admin/builder/spi-builder-workspace/Sources/SpeziHealthKit/Sample Types/SampleType.swift:143:22: note: module 'Foundation' is imported by this file as 'internal' from 'Foundation'
9 | // swiftlint:disable file_types_order
10 |
11 | import Foundation
| `- note: module 'Foundation' imported as 'internal' from 'Foundation' here
12 | #if canImport(HealthKit)
13 | import HealthKit
:
141 | #if canImport(Darwin)
142 | // swiftlint:disable:next missing_docs
143 | public typealias LocalizedStringResource = Foundation.LocalizedStringResource
| `- note: module 'Foundation' is imported by this file as 'internal' from 'Foundation'
144 | #else
145 | // swiftlint:disable:next missing_docs
/Users/admin/builder/spi-builder-workspace/Sources/SpeziHealthKit/Sample Types/SampleType.swift:158:23: error: 'LocalizedStringResource' aliases 'Foundation.LocalizedStringResource' and cannot be used in an '@inlinable' function because 'Foundation' was not imported publicly
9 | // swiftlint:disable file_types_order
10 |
11 | import Foundation
| `- note: struct 'LocalizedStringResource' imported as 'internal' from 'Foundation' here
12 | #if canImport(HealthKit)
13 | import HealthKit
:
156 | @inlinable public static func quantity(
157 | _ identifier: HKQuantityTypeIdentifier,
158 | displayTitle: LocalizedStringResource? = nil, // swiftlint:disable:this function_default_parameter_at_end
| `- error: 'LocalizedStringResource' aliases 'Foundation.LocalizedStringResource' and cannot be used in an '@inlinable' function because 'Foundation' was not imported publicly
159 | displayUnit: HKUnit,
160 | expectedValuesRange: ClosedRange<Double>? = nil
Foundation.LocalizedStringResource:2:15: note: type declared here
1 | @available(macOS 13, iOS 16, tvOS 16, watchOS 9, *)
2 | public struct LocalizedStringResource : Equatable, Codable, CustomLocalizedStringResourceConvertible, ExpressibleByStringInterpolation {
| `- note: type declared here
3 | public let key: String
4 | public let defaultValue: String.LocalizationValue
/Users/admin/builder/spi-builder-workspace/Sources/SpeziHealthKit/Sample Types/SampleType.swift:176:23: error: 'LocalizedStringResource' aliases 'Foundation.LocalizedStringResource' and cannot be used in an '@inlinable' function because 'Foundation' was not imported publicly
9 | // swiftlint:disable file_types_order
10 |
11 | import Foundation
| `- note: struct 'LocalizedStringResource' imported as 'internal' from 'Foundation' here
12 | #if canImport(HealthKit)
13 | import HealthKit
:
174 | @inlinable public static func correlation(
175 | _ identifier: HKCorrelationTypeIdentifier,
176 | displayTitle: LocalizedStringResource? = nil, // swiftlint:disable:this function_default_parameter_at_end
| `- error: 'LocalizedStringResource' aliases 'Foundation.LocalizedStringResource' and cannot be used in an '@inlinable' function because 'Foundation' was not imported publicly
177 | associatedQuantityTypes: Set<SampleType<HKQuantitySample>>
178 | ) -> SampleType<HKCorrelation> {
Foundation.LocalizedStringResource:2:15: note: type declared here
1 | @available(macOS 13, iOS 16, tvOS 16, watchOS 9, *)
2 | public struct LocalizedStringResource : Equatable, Codable, CustomLocalizedStringResourceConvertible, ExpressibleByStringInterpolation {
| `- note: type declared here
3 | public let key: String
4 | public let defaultValue: String.LocalizationValue
/Users/admin/builder/spi-builder-workspace/Sources/SpeziHealthKit/Sample Types/SampleType.swift:188:23: error: 'LocalizedStringResource' aliases 'Foundation.LocalizedStringResource' and cannot be used in an '@inlinable' function because 'Foundation' was not imported publicly
9 | // swiftlint:disable file_types_order
10 |
11 | import Foundation
| `- note: struct 'LocalizedStringResource' imported as 'internal' from 'Foundation' here
12 | #if canImport(HealthKit)
13 | import HealthKit
:
186 | @inlinable public static func category(
187 | _ identifier: HKCategoryTypeIdentifier,
188 | displayTitle: LocalizedStringResource? = nil
| `- error: 'LocalizedStringResource' aliases 'Foundation.LocalizedStringResource' and cannot be used in an '@inlinable' function because 'Foundation' was not imported publicly
189 | ) -> SampleType<HKCategorySample> {
190 | .init(HKCategoryType(identifier), displayTitle: displayTitle, variant: .category)
Foundation.LocalizedStringResource:2:15: note: type declared here
1 | @available(macOS 13, iOS 16, tvOS 16, watchOS 9, *)
2 | public struct LocalizedStringResource : Equatable, Codable, CustomLocalizedStringResourceConvertible, ExpressibleByStringInterpolation {
| `- note: type declared here
3 | public let key: String
4 | public let defaultValue: String.LocalizationValue
/Users/admin/builder/spi-builder-workspace/Sources/SpeziHealthKit/Sample Types/SampleType.swift:200:23: error: 'LocalizedStringResource' aliases 'Foundation.LocalizedStringResource' and cannot be used in an '@inlinable' function because 'Foundation' was not imported publicly
9 | // swiftlint:disable file_types_order
10 |
11 | import Foundation
| `- note: struct 'LocalizedStringResource' imported as 'internal' from 'Foundation' here
12 | #if canImport(HealthKit)
13 | import HealthKit
:
198 | @inlinable public static func clinical(
199 | _ identifier: HKClinicalTypeIdentifier,
200 | displayTitle: LocalizedStringResource? = nil
| `- error: 'LocalizedStringResource' aliases 'Foundation.LocalizedStringResource' and cannot be used in an '@inlinable' function because 'Foundation' was not imported publicly
201 | ) -> SampleType<HKClinicalRecord> {
202 | .init(HKClinicalType(identifier), displayTitle: displayTitle, variant: .other)
Foundation.LocalizedStringResource:2:15: note: type declared here
1 | @available(macOS 13, iOS 16, tvOS 16, watchOS 9, *)
2 | public struct LocalizedStringResource : Equatable, Codable, CustomLocalizedStringResourceConvertible, ExpressibleByStringInterpolation {
| `- note: type declared here
3 | public let key: String
4 | public let defaultValue: String.LocalizationValue
Failed frontend command:
/Applications/Xcode-27.0.0-Release.Candidate.app/Contents/Developer/Toolchains/XcodeDefault.xctoolchain/usr/bin/swift-frontend -frontend -c /Users/admin/builder/spi-builder-workspace/.derivedData/Build/Intermediates.noindex/SpeziHealthKit.build/Debug-appletvos/SpeziHealthKit-t.build/DerivedSources/resource_bundle_accessor.swift /Users/admin/builder/spi-builder-workspace/Sources/SpeziHealthKit/Configuration/HealthKitConfiguration.swift /Users/admin/builder/spi-builder-workspace/Sources/SpeziHealthKit/Configuration/RequestReadAccess.swift /Users/admin/builder/spi-builder-workspace/Sources/SpeziHealthKit/Configuration/RequestWriteAccess.swift /Users/admin/builder/spi-builder-workspace/Sources/SpeziHealthKit/Export.swift /Users/admin/builder/spi-builder-workspace/Sources/SpeziHealthKit/Health\ Data\ Collection/CollectSamples.swift /Users/admin/builder/spi-builder-workspace/Sources/SpeziHealthKit/Health\ Data\ Collection/HealthDataCollector.swift /Users/admin/builder/spi-builder-workspace/Sources/SpeziHealthKit/Health\ Data\ Collection/HealthDataCollectorDeliverySetting.swift /Users/admin/builder/spi-builder-workspace/Sources/SpeziHealthKit/Health\ Data\ Collection/HealthKitSampleCollector.swift /Users/admin/builder/spi-builder-workspace/Sources/SpeziHealthKit/HealthKit\ Extensions/HKBloodType+Extensions.swift /Users/admin/builder/spi-builder-workspace/Sources/SpeziHealthKit/HealthKit\ Extensions/HKElectrocardiogram+RelatedData.swift /Users/admin/builder/spi-builder-workspace/Sources/SpeziHealthKit/HealthKit\ Extensions/HKHealthStore+BackgroundDelivery.swift /Users/admin/builder/spi-builder-workspace/Sources/SpeziHealthKit/HealthKit\ Extensions/HKSample+Identifiable.swift /Users/admin/builder/spi-builder-workspace/Sources/SpeziHealthKit/HealthKit\ Extensions/Sleep\ Sessions/SleepSession.swift /Users/admin/builder/spi-builder-workspace/Sources/SpeziHealthKit/HealthKit\ Extensions/Sleep\ Sessions/SleepSessionsBuilder.swift /Users/admin/builder/spi-builder-workspace/Sources/SpeziHealthKit/HealthKit+Linux.swift /Users/admin/builder/spi-builder-workspace/Sources/SpeziHealthKit/HealthKit.swift /Users/admin/builder/spi-builder-workspace/Sources/SpeziHealthKit/HealthKitConstraint.swift /Users/admin/builder/spi-builder-workspace/Sources/SpeziHealthKit/Queries/HealthKitQuery.swift /Users/admin/builder/spi-builder-workspace/Sources/SpeziHealthKit/Queries/HealthKitQueryTimeRange.swift /Users/admin/builder/spi-builder-workspace/Sources/SpeziHealthKit/Queries/HealthKitStatisticsQuery.swift /Users/admin/builder/spi-builder-workspace/Sources/SpeziHealthKit/Queries/QueryAnchor.swift /Users/admin/builder/spi-builder-workspace/Sources/SpeziHealthKit/Sample\ Types/AnySampleType.swift /Users/admin/builder/spi-builder-workspace/Sources/SpeziHealthKit/Sample\ Types/HealthKitCharacteristic.swift /Users/admin/builder/spi-builder-workspace/Sources/SpeziHealthKit/Sample\ Types/Linux/HKQuantity.swift /Users/admin/builder/spi-builder-workspace/Sources/SpeziHealthKit/Sample\ Types/Linux/HKTypeIdentifiers+Linux.swift /Users/admin/builder/spi-builder-workspace/Sources/SpeziHealthKit/Sample\ Types/Linux/HKTypes+Linux.swift /Users/admin/builder/spi-builder-workspace/Sources/SpeziHealthKit/Sample\ Types/Linux/HKUnit.swift /Users/admin/builder/spi-builder-workspace/Sources/SpeziHealthKit/Sample\ Types/SampleType+Cache.swift /Users/admin/builder/spi-builder-workspace/Sources/SpeziHealthKit/Sample\ Types/SampleType+Localization.swift -primary-file /Users/admin/builder/spi-builder-workspace/Sources/SpeziHealthKit/Sample\ Types/SampleType.swift -primary-file /Users/admin/builder/spi-builder-workspace/Sources/SpeziHealthKit/Sample\ Types/SampleTypeProxy+Initializers.swift /Users/admin/builder/spi-builder-workspace/Sources/SpeziHealthKit/Sample\ Types/SampleTypeProxy.swift /Users/admin/builder/spi-builder-workspace/Sources/SpeziHealthKit/Sample\ Types/SampleTypes.swift /Users/admin/builder/spi-builder-workspace/Sources/SpeziHealthKit/Sample\ Types/SampleTypesCollection.swift /Users/admin/builder/spi-builder-workspace/Sources/SpeziHealthKit/Sample\ Types/_HKSampleTypeWithIdentifierType.swift /Users/admin/builder/spi-builder-workspace/Sources/SpeziHealthKit/Sample\ Types/_HKSampleWithSampleType.swift /Users/admin/builder/spi-builder-workspace/Sources/SpeziHealthKit/SampleTypeScopedLocalStorage.swift -emit-dependencies-path /Users/admin/builder/spi-builder-workspace/.derivedData/Build/Intermediates.noindex/SpeziHealthKit.build/Debug-appletvos/SpeziHealthKit-t.build/Objects-normal/arm64/SampleType.d -emit-const-values-path /Users/admin/builder/spi-builder-workspace/.derivedData/Build/Intermediates.noindex/SpeziHealthKit.build/Debug-appletvos/SpeziHealthKit-t.build/Objects-normal/arm64/SampleType.swiftconstvalues -emit-reference-dependencies-path /Users/admin/builder/spi-builder-workspace/.derivedData/Build/Intermediates.noindex/SpeziHealthKit.build/Debug-appletvos/SpeziHealthKit-t.build/Objects-normal/arm64/SampleType.swiftdeps -serialize-diagnostics-path /Users/admin/builder/spi-builder-workspace/.derivedData/Build/Intermediates.noindex/SpeziHealthKit.build/Debug-appletvos/SpeziHealthKit-t.build/Objects-normal/arm64/SampleType.dia -emit-dependencies-path /Users/admin/builder/spi-builder-workspace/.derivedData/Build/Intermediates.noindex/SpeziHealthKit.build/Debug-appletvos/SpeziHealthKit-t.build/Objects-normal/arm64/SampleTypeProxy+Initializers.d -emit-const-values-path /Users/admin/builder/spi-builder-workspace/.derivedData/Build/Intermediates.noindex/SpeziHealthKit.build/Debug-appletvos/SpeziHealthKit-t.build/Objects-normal/arm64/SampleTypeProxy+Initializers.swiftconstvalues -emit-reference-dependencies-path /Users/admin/builder/spi-builder-workspace/.derivedData/Build/Intermediates.noindex/SpeziHealthKit.build/Debug-appletvos/SpeziHealthKit-t.build/Objects-normal/arm64/SampleTypeProxy+Initializers.swiftdeps -serialize-diagnostics-path /Users/admin/builder/spi-builder-workspace/.derivedData/Build/Intermediates.noindex/SpeziHealthKit.build/Debug-appletvos/SpeziHealthKit-t.build/Objects-normal/arm64/SampleTypeProxy+Initializers.dia -emit-localized-strings -emit-localized-strings-path /Users/admin/builder/spi-builder-workspace/.derivedData/Build/Intermediates.noindex/SpeziHealthKit.build/Debug-appletvos/SpeziHealthKit-t.build/Objects-normal/arm64 -target arm64-apple-tvos17.0 -module-can-import-version Darwin 428.0.10 0 -module-can-import-version ObjectiveC 973.1 0 -module-can-import-version SpeziLocalStorage 2.1.4.0 0 -disable-cross-import-overlay-search -load-resolved-plugin /Applications/Xcode-27.0.0-Release.Candidate.app/Contents/Developer/Platforms/AppleTVOS.platform/Developer/usr/lib/swift/host/plugins/libFoundationMacros.dylib\#/Applications/Xcode-27.0.0-Release.Candidate.app/Contents/Developer/Platforms/AppleTVOS.platform/Developer/usr/bin/swift-plugin-server\#FoundationMacros -load-resolved-plugin /Applications/Xcode-27.0.0-Release.Candidate.app/Contents/Developer/Platforms/AppleTVOS.platform/Developer/usr/lib/swift/host/plugins/libObservationMacros.dylib\#/Applications/Xcode-27.0.0-Release.Candidate.app/Contents/Developer/Platforms/AppleTVOS.platform/Developer/usr/bin/swift-plugin-server\#ObservationMacros -load-resolved-plugin /Applications/Xcode-27.0.0-Release.Candidate.app/Contents/Developer/Platforms/AppleTVOS.platform/Developer/usr/lib/swift/host/plugins/libPreviewsMacros.dylib\#/Applications/Xcode-27.0.0-Release.Candidate.app/Contents/Developer/Platforms/AppleTVOS.platform/Developer/usr/bin/swift-plugin-server\#PreviewsMacros -load-resolved-plugin /Applications/Xcode-27.0.0-Release.Candidate.app/Contents/Developer/Platforms/AppleTVOS.platform/Developer/usr/lib/swift/host/plugins/libSwiftMacros.dylib\#/Applications/Xcode-27.0.0-Release.Candidate.app/Contents/Developer/Platforms/AppleTVOS.platform/Developer/usr/bin/swift-plugin-server\#SwiftMacros -load-resolved-plugin /Applications/Xcode-27.0.0-Release.Candidate.app/Contents/Developer/Platforms/AppleTVOS.platform/Developer/usr/lib/swift/host/plugins/libSwiftUIMacros.dylib\#/Applications/Xcode-27.0.0-Release.Candidate.app/Contents/Developer/Platforms/AppleTVOS.platform/Developer/usr/bin/swift-plugin-server\#SwiftUIMacros -load-resolved-plugin \#/Users/admin/builder/spi-builder-workspace/.derivedData/Build/Products/Debug/ThreadLocalMacros\#ThreadLocalMacros -disable-implicit-swift-modules -Xcc -fno-implicit-modules -Xcc -fno-implicit-module-maps -explicit-swift-module-map-file /Users/admin/builder/spi-builder-workspace/.derivedData/Build/Intermediates.noindex/SpeziHealthKit.build/Debug-appletvos/SpeziHealthKit-t.build/Objects-normal/arm64/SpeziHealthKit-dependencies-1.json -Xllvm -aarch64-use-tbi -enable-objc-interop -stack-check -sdk /Applications/Xcode-27.0.0-Release.Candidate.app/Contents/Developer/Platforms/AppleTVOS.platform/Developer/SDKs/AppleTVOS27.0.sdk -I /Users/admin/builder/spi-builder-workspace/.derivedData/Build/Products/Debug-appletvos -Isystem /Applications/Xcode-27.0.0-Release.Candidate.app/Contents/Developer/Platforms/AppleTVOS.platform/Developer/usr/lib -F /Users/admin/builder/spi-builder-workspace/.derivedData/Build/Products/Debug-appletvos/PackageFrameworks -F /Users/admin/builder/spi-builder-workspace/.derivedData/Build/Products/Debug-appletvos -F /Applications/Xcode-27.0.0-Release.Candidate.app/Contents/Developer/Platforms/AppleTVOS.platform/Developer/Library/Frameworks -F /Applications/Xcode-27.0.0-Release.Candidate.app/Contents/Developer/Platforms/AppleTVOS.platform/Developer/SDKs/AppleTVOS27.0.sdk/Developer/Library/Frameworks -module-cache-path /Users/admin/builder/spi-builder-workspace/.derivedData/Build/Intermediates.noindex/SwiftExplicitPrecompiledModules -no-color-diagnostics -Xcc -fno-color-diagnostics -enable-testing -g -debug-info-format\=dwarf -dwarf-version\=4 -profile-generate -profile-coverage-mapping -swift-version 6 -Onone -D SWIFT_PACKAGE -D DEBUG -D SWIFT_MODULE_RESOURCE_BUNDLE_AVAILABLE -D Xcode -serialize-debugging-options -load-plugin-executable /Users/admin/builder/spi-builder-workspace/.derivedData/Build/Products/Debug/ThreadLocalMacros\#ThreadLocalMacros -enable-upcoming-feature ExistentialAny -enable-upcoming-feature InternalImportsByDefault -enable-experimental-feature DebugDescriptionMacro -empty-abi-descriptor -validate-clang-modules-once -clang-build-session-file /Users/admin/builder/spi-builder-workspace/.derivedData/ModuleCache.noindex/Session.modulevalidation -Xcc -working-directory -Xcc /Users/admin/builder/spi-builder-workspace/.swiftpm/xcode -enable-anonymous-context-mangled-names -file-compilation-dir /Users/admin/builder/spi-builder-workspace/.swiftpm/xcode -Xcc -fmodule-map-file\=/Users/admin/builder/spi-builder-workspace/.dependencies/checkouts/zstd/lib/module.modulemap -Xcc -fmodule-map-file\=/Users/admin/builder/spi-builder-workspace/.dependencies/checkouts/swift-atomics/Sources/_AtomicsShims/include/module.modulemap -Xcc -fmodule-map-file\=/Users/admin/builder/spi-builder-workspace/.derivedData/Build/Intermediates.noindex/GeneratedModuleMaps-appletvos/SpeziFoundationObjC.modulemap -Xcc -fmodule-map-file\=/Users/admin/builder/spi-builder-workspace/.dependencies/checkouts/swift-numerics/Sources/_NumericsShims/include/module.modulemap -Xcc -D_LIBCPP_HARDENING_MODE\=_LIBCPP_HARDENING_MODE_DEBUG -Xcc -ivfsstatcache -Xcc /Users/admin/builder/spi-builder-workspace/.derivedData/SDKStatCaches.noindex/appletvos27.0-24J360-e829b21a6f8c9b70876ba0858053c044b32bfd8d43560033f8d89884cdb90028.sdkstatcache -Xcc -fmodules-prune-interval\=86400 -Xcc -fmodules-prune-after\=345600 -Xcc -I/Users/admin/builder/spi-builder-workspace/.dependencies/checkouts/zstd/lib -Xcc -I/Users/admin/builder/spi-builder-workspace/.dependencies/checkouts/swift-atomics/Sources/_AtomicsShims/include -Xcc -I/Users/admin/builder/spi-builder-workspace/.dependencies/checkouts/SpeziFoundation/Sources/SpeziFoundationObjC/include -Xcc -I/Users/admin/builder/spi-builder-workspace/.dependencies/checkouts/swift-numerics/Sources/_NumericsShims/include -Xcc -I/Users/admin/builder/spi-builder-workspace/.derivedData/Build/Products/Debug-appletvos/include -Xcc -I/Users/admin/builder/spi-builder-workspace/.derivedData/Build/Intermediates.noindex/SpeziHealthKit.build/Debug-appletvos/SpeziHealthKit-t.build/DerivedSources-normal/arm64 -Xcc -I/Users/admin/builder/spi-builder-workspace/.derivedData/Build/Intermediates.noindex/SpeziHealthKit.build/Debug-appletvos/SpeziHealthKit-t.build/DerivedSources/arm64 -Xcc -I/Users/admin/builder/spi-builder-workspace/.derivedData/Build/Intermediates.noindex/SpeziHealthKit.build/Debug-appletvos/SpeziHealthKit-t.build/DerivedSources -Xcc -DSWIFT_PACKAGE -Xcc -DDEBUG\=1 -no-auto-bridging-header-chaining -module-name SpeziHealthKit -package-name spi_builder_workspace -const-gather-protocols-file /Users/admin/builder/spi-builder-workspace/.derivedData/Build/Intermediates.noindex/SpeziHealthKit.build/Debug-appletvos/SpeziHealthKit-t.build/Objects-normal/arm64/SpeziHealthKit_const_extract_protocols.json -disable-clang-spi -clang-target arm64-apple-tvos27.0 -target-sdk-version 27.0 -target-sdk-name appletvos27.0 -in-process-plugin-server-path /Applications/Xcode-27.0.0-Release.Candidate.app/Contents/Developer/Toolchains/XcodeDefault.xctoolchain/usr/lib/swift/host/libSwiftInProcPluginServer.dylib -parse-as-library -o /Users/admin/builder/spi-builder-workspace/.derivedData/Build/Intermediates.noindex/SpeziHealthKit.build/Debug-appletvos/SpeziHealthKit-t.build/Objects-normal/arm64/SampleType.o -o /Users/admin/builder/spi-builder-workspace/.derivedData/Build/Intermediates.noindex/SpeziHealthKit.build/Debug-appletvos/SpeziHealthKit-t.build/Objects-normal/arm64/SampleTypeProxy+Initializers.o -debug-module-path /Users/admin/builder/spi-builder-workspace/.derivedData/Build/Intermediates.noindex/SpeziHealthKit.build/Debug-appletvos/SpeziHealthKit-t.build/Objects-normal/arm64/SpeziHealthKit.swiftmodule -index-unit-output-path /SpeziHealthKit.build/Debug-appletvos/SpeziHealthKit-t.build/Objects-normal/arm64/SampleType.o -index-unit-output-path /SpeziHealthKit.build/Debug-appletvos/SpeziHealthKit-t.build/Objects-normal/arm64/SampleTypeProxy+Initializers.o -index-store-path /Users/admin/builder/spi-builder-workspace/.derivedData/Index.noindex/DataStore -index-system-modules
SwiftCompile normal arm64 /Users/admin/builder/spi-builder-workspace/Sources/SpeziHealthKit/Sample\ Types/SampleType.swift (in target 'SpeziHealthKit' from project 'SpeziHealthKit')
cd /Users/admin/builder/spi-builder-workspace/.swiftpm/xcode
builtin-SwiftPerFileCompile SampleType.swift
SwiftCompile normal arm64 /Users/admin/builder/spi-builder-workspace/Sources/SpeziHealthKit/Sample\ Types/SampleTypeProxy+Initializers.swift (in target 'SpeziHealthKit' from project 'SpeziHealthKit')
cd /Users/admin/builder/spi-builder-workspace/.swiftpm/xcode
builtin-SwiftPerFileCompile SampleTypeProxy+Initializers.swift
SwiftCompile normal arm64 Compiling\ SampleTypeProxy.swift,\ SampleTypes.swift /Users/admin/builder/spi-builder-workspace/Sources/SpeziHealthKit/Sample\ Types/SampleTypeProxy.swift /Users/admin/builder/spi-builder-workspace/Sources/SpeziHealthKit/Sample\ Types/SampleTypes.swift (in target 'SpeziHealthKit' from project 'SpeziHealthKit')
SwiftCompile normal arm64 /Users/admin/builder/spi-builder-workspace/Sources/SpeziHealthKit/Sample\ Types/SampleTypeProxy.swift (in target 'SpeziHealthKit' from project 'SpeziHealthKit')
cd /Users/admin/builder/spi-builder-workspace/.swiftpm/xcode
builtin-SwiftPerFileCompile SampleTypeProxy.swift
SwiftCompile normal arm64 /Users/admin/builder/spi-builder-workspace/Sources/SpeziHealthKit/Sample\ Types/SampleTypes.swift (in target 'SpeziHealthKit' from project 'SpeziHealthKit')
cd /Users/admin/builder/spi-builder-workspace/.swiftpm/xcode
builtin-SwiftPerFileCompile SampleTypes.swift
SwiftCompile normal arm64 Compiling\ SampleTypeScopedLocalStorage.swift /Users/admin/builder/spi-builder-workspace/Sources/SpeziHealthKit/SampleTypeScopedLocalStorage.swift (in target 'SpeziHealthKit' from project 'SpeziHealthKit')
SwiftCompile normal arm64 /Users/admin/builder/spi-builder-workspace/Sources/SpeziHealthKit/SampleTypeScopedLocalStorage.swift (in target 'SpeziHealthKit' from project 'SpeziHealthKit')
cd /Users/admin/builder/spi-builder-workspace/.swiftpm/xcode
builtin-SwiftPerFileCompile SampleTypeScopedLocalStorage.swift
SwiftCompile normal arm64 Compiling\ _HKSampleWithSampleType.swift /Users/admin/builder/spi-builder-workspace/Sources/SpeziHealthKit/Sample\ Types/_HKSampleWithSampleType.swift (in target 'SpeziHealthKit' from project 'SpeziHealthKit')
SwiftCompile normal arm64 /Users/admin/builder/spi-builder-workspace/Sources/SpeziHealthKit/Sample\ Types/_HKSampleWithSampleType.swift (in target 'SpeziHealthKit' from project 'SpeziHealthKit')
cd /Users/admin/builder/spi-builder-workspace/.swiftpm/xcode
builtin-SwiftPerFileCompile _HKSampleWithSampleType.swift
SwiftCompile normal arm64 Compiling\ SampleTypesCollection.swift,\ _HKSampleTypeWithIdentifierType.swift /Users/admin/builder/spi-builder-workspace/Sources/SpeziHealthKit/Sample\ Types/SampleTypesCollection.swift /Users/admin/builder/spi-builder-workspace/Sources/SpeziHealthKit/Sample\ Types/_HKSampleTypeWithIdentifierType.swift (in target 'SpeziHealthKit' from project 'SpeziHealthKit')
SwiftCompile normal arm64 /Users/admin/builder/spi-builder-workspace/Sources/SpeziHealthKit/Sample\ Types/SampleTypesCollection.swift (in target 'SpeziHealthKit' from project 'SpeziHealthKit')
cd /Users/admin/builder/spi-builder-workspace/.swiftpm/xcode
builtin-SwiftPerFileCompile SampleTypesCollection.swift
SwiftCompile normal arm64 /Users/admin/builder/spi-builder-workspace/Sources/SpeziHealthKit/Sample\ Types/_HKSampleTypeWithIdentifierType.swift (in target 'SpeziHealthKit' from project 'SpeziHealthKit')
cd /Users/admin/builder/spi-builder-workspace/.swiftpm/xcode
builtin-SwiftPerFileCompile _HKSampleTypeWithIdentifierType.swift
SwiftEmitModule normal arm64 Emitting\ module\ for\ SpeziHealthKit (in target 'SpeziHealthKit' from project 'SpeziHealthKit')
SwiftCompile normal arm64 (in target 'SpeziHealthKit' from project 'SpeziHealthKit')
cd /Users/admin/builder/spi-builder-workspace/.swiftpm/xcode
SwiftDriverJobDiscovery normal arm64 Compiling HealthKitStatisticsQuery.swift, QueryAnchor.swift (in target 'SpeziHealthKit' from project 'SpeziHealthKit')
SwiftDriverJobDiscovery normal arm64 Compiling _HKSampleWithSampleType.swift (in target 'SpeziHealthKit' from project 'SpeziHealthKit')
SwiftCompile normal arm64 Compiling\ HealthDataCollectorDeliverySetting.swift /Users/admin/builder/spi-builder-workspace/Sources/SpeziHealthKit/Health\ Data\ Collection/HealthDataCollectorDeliverySetting.swift (in target 'SpeziHealthKit' from project 'SpeziHealthKit')
SwiftCompile normal arm64 /Users/admin/builder/spi-builder-workspace/Sources/SpeziHealthKit/Health\ Data\ Collection/HealthDataCollectorDeliverySetting.swift (in target 'SpeziHealthKit' from project 'SpeziHealthKit')
cd /Users/admin/builder/spi-builder-workspace/.swiftpm/xcode
builtin-SwiftPerFileCompile HealthDataCollectorDeliverySetting.swift
PruneExplicitPrecompiledModules /Users/admin/builder/spi-builder-workspace/.derivedData/SDKExplicitPrecompiledModules
PruneExplicitPrecompiledModules /Users/admin/builder/spi-builder-workspace/.derivedData/Build/Intermediates.noindex/SwiftExplicitPrecompiledModules
PruneExplicitPrecompiledModules /Users/admin/builder/spi-builder-workspace/.derivedData/Build/Intermediates.noindex/ExplicitPrecompiledModules
2026-09-24 13:53:09.213 xcodebuild[2059:10852] [MT] IDERunDestination: Supported platforms for the buildables in the current scheme is empty.
** BUILD FAILED **
The following build commands failed:
SwiftCompile normal arm64 Compiling\ SampleType.swift,\ SampleTypeProxy+Initializers.swift /Users/admin/builder/spi-builder-workspace/Sources/SpeziHealthKit/Sample\ Types/SampleType.swift /Users/admin/builder/spi-builder-workspace/Sources/SpeziHealthKit/Sample\ Types/SampleTypeProxy+Initializers.swift (in target 'SpeziHealthKit' from project 'SpeziHealthKit')
SwiftCompile normal arm64 /Users/admin/builder/spi-builder-workspace/Sources/SpeziHealthKit/Sample\ Types/SampleType.swift (in target 'SpeziHealthKit' from project 'SpeziHealthKit')
Building workspace SpeziHealthKit with scheme SpeziHealthKit-Package
(3 failures)
BUILD FAILURE 6.4 tvOS