The Swift Package Index logo.Swift Package Index

Build Information

Failed to build tinyAPI, reference main (e93c7b), with Swift 6.4 for Android on 22 Sep 2026 16:54:12 UTC.

Build Command

bash -c docker run --pull=always --rm -v "checkouts-54344847-1":/host -w "$PWD" -e JAVA_HOME="/root/.sdkman/candidates/java/current" -e SPI_BUILD="1" -e SPI_PROCESSING="1" registry.gitlab.com/saguaro1/spi-images:android-6.4-latest swift build --swift-sdk aarch64-unknown-linux-android28 2>&1

Build Log

========================================
RunAll
========================================
Builder version: 5.1.0
Interrupt handler set up.
========================================
Checkout
========================================
Clone URL: https://github.com/roberthein/tinyAPI.git
Reference: main
Initialized empty Git repository in /host/spi-builder-workspace/.git/
hint: Using 'master' as the name for the initial branch. This default branch name
hint: is subject to change. To configure the initial branch name to use in all
hint: of your new repositories, which will suppress this warning, call:
hint:
hint: 	git config --global init.defaultBranch <name>
hint:
hint: Names commonly chosen instead of 'master' are 'main', 'trunk' and
hint: 'development'. The just-created branch can be renamed via this command:
hint:
hint: 	git branch -m <name>
From https://github.com/roberthein/tinyAPI
 * branch            main       -> FETCH_HEAD
 * [new branch]      main       -> origin/main
HEAD is now at e93c7bd Make public.
Cloned https://github.com/roberthein/tinyAPI.git
Revision (git rev-parse @):
e93c7bd1f7f598b38124b874efa14d5846f7007f
SUCCESS checkout https://github.com/roberthein/tinyAPI.git at main
========================================
Build
========================================
Selected platform:         android
Swift version:             6.4
Building package at path:  $PWD
https://github.com/roberthein/tinyAPI.git
Running build ...
bash -c docker run --pull=always --rm -v "checkouts-54344847-1":/host -w "$PWD" -e JAVA_HOME="/root/.sdkman/candidates/java/current" -e SPI_BUILD="1" -e SPI_PROCESSING="1" registry.gitlab.com/saguaro1/spi-images:android-6.4-latest swift build --swift-sdk aarch64-unknown-linux-android28 2>&1
android-6.4-latest: Pulling from saguaro1/spi-images
Digest: sha256:abadcff584c273feba50641b454858d377ba30b35ea7287a94f45ebd8afd0ea0
Status: Image is up to date for registry.gitlab.com/saguaro1/spi-images:android-6.4-latest
Building for debugging...
[Planning deferred tasks]
error: SwiftCompile normal aarch64 failed with a nonzero exit code. Command line:     cd /host

[21 / 29] tinyAPI
/host/spi-builder-workspace/Sources/tinyAPI/tinyAPI.swift:62:18: error: 'URLSession' is unavailable: This type has moved to the FoundationNetworking module. Import that module to use it.
 60 | // MARK: - Main API Client as Dependency
 61 | public struct TinyAPIClient: Sendable {
 62 |     let session: URLSession
    |                  `- error: 'URLSession' is unavailable: This type has moved to the FoundationNetworking module. Import that module to use it.
 63 |     let decoder: JSONDecoder
 64 |     let encoder: JSONEncoder
Foundation.URLSession:2:18: note: 'URLSession' has been explicitly marked unavailable here
1 | @available(*, unavailable, message: "This type has moved to the FoundationNetworking module. Import that module to use it.")
2 | public typealias URLSession = AnyObject
  |                  `- note: 'URLSession' has been explicitly marked unavailable here
/host/spi-builder-workspace/Sources/tinyAPI/tinyAPI.swift:66:26: error: 'URLSession' is unavailable: This type has moved to the FoundationNetworking module. Import that module to use it.
 64 |     let encoder: JSONEncoder
 65 |
 66 |     public init(session: URLSession = .shared) {
    |                          `- error: 'URLSession' is unavailable: This type has moved to the FoundationNetworking module. Import that module to use it.
 67 |         self.session = session
 68 |         self.decoder = JSONDecoder()
Foundation.URLSession:2:18: note: 'URLSession' has been explicitly marked unavailable here
1 | @available(*, unavailable, message: "This type has moved to the FoundationNetworking module. Import that module to use it.")
2 | public typealias URLSession = AnyObject
  |                  `- note: 'URLSession' has been explicitly marked unavailable here
/host/spi-builder-workspace/Sources/tinyAPI/tinyAPI.swift:66:40: error: type 'URLSession' (aka 'AnyObject') has no member 'shared'
 64 |     let encoder: JSONEncoder
 65 |
 66 |     public init(session: URLSession = .shared) {
    |                                        `- error: type 'URLSession' (aka 'AnyObject') has no member 'shared'
 67 |         self.session = session
 68 |         self.decoder = JSONDecoder()
/host/spi-builder-workspace/Sources/tinyAPI/tinyAPI.swift:66:40: error: value of type '_' expected to be instance of class or class-constrained type
 64 |     let encoder: JSONEncoder
 65 |
 66 |     public init(session: URLSession = .shared) {
    |                                        `- error: value of type '_' expected to be instance of class or class-constrained type
 67 |         self.session = session
 68 |         self.decoder = JSONDecoder()
/host/spi-builder-workspace/Sources/tinyAPI/tinyAPI.swift:127:73: error: cannot find type 'URLRequest' in scope
125 |
126 |     // Build URLRequest from endpoint
127 |     private func buildRequest(from endpoint: TinyAPIEndpoint) throws -> URLRequest {
    |                                                                         `- error: cannot find type 'URLRequest' in scope
128 |         guard var components = URLComponents(string: endpoint.baseURL) else {
129 |             throw TinyAPIError.invalidURL
/host/spi-builder-workspace/Sources/tinyAPI/tinyAPI.swift:62:9: error: stored property 'session' of 'Sendable'-conforming struct 'TinyAPIClient' has non-Sendable type 'AnyObject'
 60 | // MARK: - Main API Client as Dependency
 61 | public struct TinyAPIClient: Sendable {
 62 |     let session: URLSession
    |         `- error: stored property 'session' of 'Sendable'-conforming struct 'TinyAPIClient' has non-Sendable type 'AnyObject'
 63 |     let decoder: JSONDecoder
 64 |     let encoder: JSONEncoder
/host/spi-builder-workspace/Sources/tinyAPI/tinyAPI.swift:185:5: warning: 'public' modifier is redundant for instance method declared in a public extension
183 | public extension TinyAPIClient {
184 |     // GET request
185 |     public func get<T: Codable & Sendable>(
    |     `- warning: 'public' modifier is redundant for instance method declared in a public extension
186 |         from baseURL: String,
187 |         path: String,
/host/spi-builder-workspace/Sources/tinyAPI/tinyAPI.swift:203:5: warning: 'public' modifier is redundant for instance method declared in a public extension
201 |
202 |     // POST request with Codable body
203 |     public func post<T: Codable & Sendable, U: Codable & Sendable>(
    |     `- warning: 'public' modifier is redundant for instance method declared in a public extension
204 |         to baseURL: String,
205 |         path: String,
/host/spi-builder-workspace/Sources/tinyAPI/tinyAPI.swift:222:5: warning: 'public' modifier is redundant for instance method declared in a public extension
220 |
221 |     // PUT request with Codable body
222 |     public func put<T: Codable & Sendable, U: Codable & Sendable>(
    |     `- warning: 'public' modifier is redundant for instance method declared in a public extension
223 |         to baseURL: String,
224 |         path: String,
/host/spi-builder-workspace/Sources/tinyAPI/tinyAPI.swift:241:5: warning: 'public' modifier is redundant for instance method declared in a public extension
239 |
240 |     // DELETE request
241 |     public func delete<T: Codable & Sendable>(
    |     `- warning: 'public' modifier is redundant for instance method declared in a public extension
242 |         from baseURL: String,
243 |         path: String,
/host/spi-builder-workspace/Sources/tinyAPI/tinyAPI.swift:340:5: warning: 'public' modifier is redundant for instance method declared in a public extension
338 |
339 |     // POST request with Codable body
340 |     public func post<T: Codable & Sendable, U: Codable & Sendable>(
    |     `- warning: 'public' modifier is redundant for instance method declared in a public extension
341 |         to baseURL: String,
342 |         path: String,
Failed frontend command:
/root/.local/share/swiftly/toolchains/6.4.x-snapshot-2026-09-04/usr/bin/swift-frontend -frontend -emit-module -experimental-skip-non-inlinable-function-bodies-without-types /host/spi-builder-workspace/Sources/tinyAPI/tinyAPI.swift -target aarch64-unknown-linux-android28 -Xllvm -aarch64-use-tbi -disable-objc-interop -sdk /android-ndk/android-ndk-r27d/toolchains/llvm/prebuilt/linux-x86_64/sysroot -sysroot /android-ndk/android-ndk-r27d/toolchains/llvm/prebuilt/linux-x86_64/sysroot -I /host/spi-builder-workspace/.build/out/Products/Debug-android-aarch64 -module-cache-path /host/spi-builder-workspace/.build/out/ModuleCache.noindex -color-diagnostics -Xcc -fcolor-diagnostics -enable-testing -g -debug-info-format\=dwarf -dwarf-version\=4 -swift-version 6 -Onone -D SWIFT_PACKAGE -D DEBUG -D SWIFT_MODULE_RESOURCE_BUNDLE_UNAVAILABLE -D Xcode -serialize-debugging-options -enable-experimental-feature StrictConcurrency -enable-experimental-feature DebugDescriptionMacro -empty-abi-descriptor -external-plugin-path /root/.local/share/swiftly/toolchains/6.4.x-snapshot-2026-09-04/usr/lib/swift/host/plugins/testing\#/root/.local/share/swiftly/toolchains/6.4.x-snapshot-2026-09-04/usr/bin/swift-plugin-server -validate-clang-modules-once -clang-build-session-file /host/spi-builder-workspace/.build/out/ModuleCache.noindex/Session.modulevalidation -Xcc -working-directory -Xcc /host -resource-dir /root/.swiftpm/swift-sdks/swift-6.4.x-DEVELOPMENT-SNAPSHOT-2026-09-04-a_android.artifactbundle/swift-android/swift-resources/usr/lib/swift-aarch64 -enable-anonymous-context-mangled-names -file-compilation-dir /host -Xcc -resource-dir -Xcc /android-ndk/android-ndk-r27d/toolchains/llvm/prebuilt/linux-x86_64/lib/clang/18 -Xcc -fno-omit-frame-pointer -Xcc -D_LIBCPP_HARDENING_MODE\=_LIBCPP_HARDENING_MODE_DEBUG -Xcc -fmodules-prune-interval\=86400 -Xcc -fmodules-prune-after\=345600 -Xcc -I/host/spi-builder-workspace/.build/out/Products/Debug-android-aarch64/include -Xcc -I/host/spi-builder-workspace/.build/out/Intermediates.noindex/tinyAPI.build/Debug-android-aarch64/tinyAPI-t.build/DerivedSources-normal/aarch64 -Xcc -I/host/spi-builder-workspace/.build/out/Intermediates.noindex/tinyAPI.build/Debug-android-aarch64/tinyAPI-t.build/DerivedSources/aarch64 -Xcc -I/host/spi-builder-workspace/.build/out/Intermediates.noindex/tinyAPI.build/Debug-android-aarch64/tinyAPI-t.build/DerivedSources -Xcc -DSWIFT_PACKAGE -Xcc -DDEBUG\=1 -no-auto-bridging-header-chaining -module-name tinyAPI -package-name spi_builder_workspace -const-gather-protocols-file /host/spi-builder-workspace/.build/out/Intermediates.noindex/tinyAPI.build/Debug-android-aarch64/tinyAPI-t.build/Objects-normal/aarch64/tinyAPI_const_extract_protocols.json -in-process-plugin-server-path /root/.local/share/swiftly/toolchains/6.4.x-snapshot-2026-09-04/usr/lib/swift/host/libSwiftInProcPluginServer.so -plugin-path /root/.local/share/swiftly/toolchains/6.4.x-snapshot-2026-09-04/usr/lib/swift/host/plugins -plugin-path /root/.local/share/swiftly/toolchains/6.4.x-snapshot-2026-09-04/usr/local/lib/swift/host/plugins -emit-module-doc-path /host/spi-builder-workspace/.build/out/Intermediates.noindex/tinyAPI.build/Debug-android-aarch64/tinyAPI-t.build/Objects-normal/aarch64/Modules/tinyAPI.swiftdoc -emit-module-source-info-path /host/spi-builder-workspace/.build/out/Intermediates.noindex/tinyAPI.build/Debug-android-aarch64/tinyAPI-t.build/Objects-normal/aarch64/Modules/tinyAPI.swiftsourceinfo -emit-objc-header-path /host/spi-builder-workspace/.build/out/Intermediates.noindex/tinyAPI.build/Debug-android-aarch64/tinyAPI-t.build/Objects-normal/aarch64/tinyAPI-Swift.h -serialize-diagnostics-path /host/spi-builder-workspace/.build/out/Intermediates.noindex/tinyAPI.build/Debug-android-aarch64/tinyAPI-t.build/Objects-normal/aarch64/tinyAPI-primary-emit-module.dia -emit-dependencies-path /host/spi-builder-workspace/.build/out/Intermediates.noindex/tinyAPI.build/Debug-android-aarch64/tinyAPI-t.build/Objects-normal/aarch64/tinyAPI-primary-emit-module.d -parse-as-library -o /host/spi-builder-workspace/.build/out/Intermediates.noindex/tinyAPI.build/Debug-android-aarch64/tinyAPI-t.build/Objects-normal/aarch64/Modules/tinyAPI.swiftmodule
error: Build failed
BUILD FAILURE 6.4 android