Build Information
Failed to build Connect, reference 1.2.3 (ed5681), with Swift 6.1 for Wasm on 25 Jun 2026 04:12:58 UTC.
Build Command
bash -c docker run --pull=always --rm -v "checkouts-53886768-0":/host -w "$PWD" -e JAVA_HOME="/root/.sdkman/candidates/java/current" -e SPI_BUILD="1" -e SPI_PROCESSING="1" registry.gitlab.com/swiftpackageindex/spi-images:wasm-6.1-latest swift build --swift-sdk wasm32-unknown-wasi 2>&1Build Log
========================================
RunAll
========================================
Builder version: 4071e0796c748d991a0123890d2f0ecadc8fcc8c
Interrupt handler set up.
========================================
Checkout
========================================
Clone URL: https://github.com/connectrpc/connect-swift.git
Reference: 1.2.3
Initialized empty Git repository in /host/spi-builder-workspace/.git/
hint: Using 'master' as the name for the initial branch. This default branch name
hint: is subject to change. To configure the initial branch name to use in all
hint: of your new repositories, which will suppress this warning, call:
hint:
hint: git config --global init.defaultBranch <name>
hint:
hint: Names commonly chosen instead of 'master' are 'main', 'trunk' and
hint: 'development'. The just-created branch can be renamed via this command:
hint:
hint: git branch -m <name>
From https://github.com/connectrpc/connect-swift
* tag 1.2.3 -> FETCH_HEAD
HEAD is now at ed56816 Update podspecs for 1.2.3 (#396)
Cloned https://github.com/connectrpc/connect-swift.git
Revision (git rev-parse @):
ed56816fe90ab872566f09ed73e28ae078057e3d
SUCCESS checkout https://github.com/connectrpc/connect-swift.git at 1.2.3
========================================
Build
========================================
Selected platform: wasm
Swift version: 6.1
Building package at path: $PWD
https://github.com/connectrpc/connect-swift.git
https://github.com/connectrpc/connect-swift.git
WARNING: environment variable SUPPRESS_SWIFT_6_FLAGS is not set
Running build ...
bash -c docker run --pull=always --rm -v "checkouts-53886768-0":/host -w "$PWD" -e JAVA_HOME="/root/.sdkman/candidates/java/current" -e SPI_BUILD="1" -e SPI_PROCESSING="1" registry.gitlab.com/swiftpackageindex/spi-images:wasm-6.1-latest swift build --swift-sdk wasm32-unknown-wasi -Xswiftc -Xfrontend -Xswiftc -stats-output-dir -Xswiftc -Xfrontend -Xswiftc .stats -Xswiftc -strict-concurrency=complete -Xswiftc -enable-upcoming-feature -Xswiftc StrictConcurrency -Xswiftc -enable-upcoming-feature -Xswiftc DisableOutwardActorInference -Xswiftc -enable-upcoming-feature -Xswiftc GlobalActorIsolatedTypesUsability -Xswiftc -enable-upcoming-feature -Xswiftc InferSendableFromCaptures 2>&1
wasm-6.1-latest: Pulling from swiftpackageindex/spi-images
Digest: sha256:87277f180438764e0763769462b4e00642129a1e8364b1cdaa91f88fde66785b
Status: Image is up to date for registry.gitlab.com/swiftpackageindex/spi-images:wasm-6.1-latest
Fetching https://github.com/apple/swift-protobuf.git
Fetching https://github.com/apple/swift-nio-ssl.git
Fetching https://github.com/apple/swift-nio.git
Fetching https://github.com/apple/swift-nio-http2.git
[1/84122] Fetching swift-nio
[843/96245] Fetching swift-nio, swift-nio-http2
[4821/111822] Fetching swift-nio, swift-nio-http2, swift-nio-ssl
[55431/162765] Fetching swift-nio, swift-nio-http2, swift-nio-ssl, swift-protobuf
Fetched https://github.com/apple/swift-nio-ssl.git from cache (3.43s)
Fetched https://github.com/apple/swift-nio.git from cache (3.46s)
Fetched https://github.com/apple/swift-nio-http2.git from cache (3.97s)
Fetched https://github.com/apple/swift-protobuf.git from cache (4.00s)
Computing version for https://github.com/apple/swift-nio-ssl.git
Computed https://github.com/apple/swift-nio-ssl.git at 2.37.1 (4.26s)
Computing version for https://github.com/apple/swift-nio.git
Computed https://github.com/apple/swift-nio.git at 2.101.2 (0.43s)
Fetching https://github.com/apple/swift-system.git
Fetching https://github.com/apple/swift-collections.git
Fetching https://github.com/apple/swift-atomics.git
[1/1868] Fetching swift-atomics
[711/7761] Fetching swift-atomics, swift-system
[7762/33000] Fetching swift-atomics, swift-system, swift-collections
Fetched https://github.com/apple/swift-atomics.git from cache (1.63s)
Fetched https://github.com/apple/swift-system.git from cache (1.63s)
Fetched https://github.com/apple/swift-collections.git from cache (1.64s)
Computing version for https://github.com/apple/swift-atomics.git
Computed https://github.com/apple/swift-atomics.git at 1.3.1 (1.86s)
Computing version for https://github.com/apple/swift-nio-http2.git
Computed https://github.com/apple/swift-nio-http2.git at 1.44.0 (0.23s)
Computing version for https://github.com/apple/swift-system.git
Computed https://github.com/apple/swift-system.git at 1.7.2 (0.25s)
Computing version for https://github.com/apple/swift-collections.git
Computed https://github.com/apple/swift-collections.git at 1.6.0 (0.31s)
Computing version for https://github.com/apple/swift-protobuf.git
Computed https://github.com/apple/swift-protobuf.git at 1.38.1 (0.24s)
Creating working copy for https://github.com/apple/swift-nio-http2.git
Working copy of https://github.com/apple/swift-nio-http2.git resolved at 1.44.0
Creating working copy for https://github.com/apple/swift-nio-ssl.git
Working copy of https://github.com/apple/swift-nio-ssl.git resolved at 2.37.1
Creating working copy for https://github.com/apple/swift-atomics.git
Working copy of https://github.com/apple/swift-atomics.git resolved at 1.3.1
Creating working copy for https://github.com/apple/swift-collections.git
Working copy of https://github.com/apple/swift-collections.git resolved at 1.6.0
Creating working copy for https://github.com/apple/swift-system.git
Working copy of https://github.com/apple/swift-system.git resolved at 1.7.2
Creating working copy for https://github.com/apple/swift-protobuf.git
Working copy of https://github.com/apple/swift-protobuf.git resolved at 1.38.1
Creating working copy for https://github.com/apple/swift-nio.git
Working copy of https://github.com/apple/swift-nio.git resolved at 2.101.2
[1/1] Compiling plugin SwiftProtobufPlugin
Building for debugging...
[1/476] Write sources
[27/476] Compiling CNIOWASI CNIOWASI.c
[27/476] Compiling CNIOWindows WSAStartup.c
[27/476] Compiling CNIOWindows shim.c
[27/476] Compiling CNIOOpenBSD shim.c
[31/476] Compiling CNIOPosix event_loop_id.c
[32/476] Compiling _AtomicsShims.c
[33/476] Compiling CNIOLinux shim.c
[34/476] Compiling CNIOLinux liburing_shims.c
[35/476] Compiling CNIODarwin shim.c
[36/476] Compiling CNIOFreeBSD shim.c
[37/476] Compiling CNIOLLHTTP c_nio_http.c
[38/476] Compiling fiat_p256_adx_mul.S
[39/476] Compiling fiat_p256_adx_sqr.S
[40/476] Compiling fiat_curve25519_adx_square.S
[41/476] Compiling CNIOLLHTTP c_nio_api.c
[42/476] Compiling fiat_curve25519_adx_mul.S
[43/476] Write swift-version-24593BA9C3E375BF.txt
[44/476] Compiling CNIOBoringSSLShims shims.c
[45/480] Compiling CNIOLLHTTP c_nio_llhttp.c
In file included from /host/spi-builder-workspace/.build/checkouts/swift-nio-ssl/Sources/CNIOBoringSSL/ssl/tls13_client.cc:30:
/host/spi-builder-workspace/.build/checkouts/swift-nio-ssl/Sources/CNIOBoringSSL/ssl/../crypto/internal.h:32:10: fatal error: 'pthread.h' file not found
32 | #include <pthread.h>
| ^~~~~~~~~~~
1 error generated.
[46/480] Compiling tls13_client.cc
In file included from /host/spi-builder-workspace/.build/checkouts/swift-nio-ssl/Sources/CNIOBoringSSL/ssl/tls13_enc.cc:34:
/host/spi-builder-workspace/.build/checkouts/swift-nio-ssl/Sources/CNIOBoringSSL/ssl/../crypto/internal.h:32:10: fatal error: 'pthread.h' file not found
32 | #include <pthread.h>
| ^~~~~~~~~~~
1 error generated.
[46/480] Compiling tls13_enc.cc
<unknown>:0: warning: upcoming feature 'InferSendableFromCaptures' is already enabled as of Swift version 6
<unknown>:0: warning: upcoming feature 'GlobalActorIsolatedTypesUsability' is already enabled as of Swift version 6
<unknown>:0: warning: upcoming feature 'DisableOutwardActorInference' is already enabled as of Swift version 6
In file included from /host/spi-builder-workspace/.build/checkouts/swift-nio-ssl/Sources/CNIOBoringSSL/ssl/tls13_server.cc:32:
/host/spi-builder-workspace/.build/checkouts/swift-nio-ssl/Sources/CNIOBoringSSL/ssl/../crypto/internal.h:32:10: fatal error: 'pthread.h' file not found
32 | #include <pthread.h>
| ^~~~~~~~~~~
1 error generated.
[46/480] Compiling tls13_server.cc
In file included from /host/spi-builder-workspace/.build/checkouts/swift-nio-ssl/Sources/CNIOBoringSSL/ssl/tls13_both.cc:29:
/host/spi-builder-workspace/.build/checkouts/swift-nio-ssl/Sources/CNIOBoringSSL/ssl/../crypto/internal.h:32:10: fatal error: 'pthread.h' file not found
32 | #include <pthread.h>
| ^~~~~~~~~~~
[46/480] Compiling tls13_both.cc
In file included from /host/spi-builder-workspace/.build/checkouts/swift-nio-ssl/Sources/CNIOBoringSSL/ssl/tls_record.cc:19:
/host/spi-builder-workspace/.build/checkouts/swift-nio-ssl/Sources/CNIOBoringSSL/ssl/../crypto/internal.h:32:10: fatal error: 'pthread.h' file not found
32 | #include <pthread.h>
| ^~~~~~~~~~~
[46/480] Compiling tls_record.cc
In file included from /host/spi-builder-workspace/.build/checkouts/swift-nio-ssl/Sources/CNIOBoringSSL/ssl/tls_method.cc:17:
/host/spi-builder-workspace/.build/checkouts/swift-nio-ssl/Sources/CNIOBoringSSL/ssl/../crypto/internal.h:32:10: fatal error: 'pthread.h' file not found
32 | #include <pthread.h>
| ^~~~~~~~~~~
[46/480] Compiling tls_method.cc
Running build ...
bash -c docker run --pull=always --rm -v "checkouts-53886768-0":/host -w "$PWD" -e JAVA_HOME="/root/.sdkman/candidates/java/current" -e SPI_BUILD="1" -e SPI_PROCESSING="1" registry.gitlab.com/swiftpackageindex/spi-images:wasm-6.1-latest swift build --swift-sdk wasm32-unknown-wasi 2>&1
wasm-6.1-latest: Pulling from swiftpackageindex/spi-images
Digest: sha256:87277f180438764e0763769462b4e00642129a1e8364b1cdaa91f88fde66785b
Status: Image is up to date for registry.gitlab.com/swiftpackageindex/spi-images:wasm-6.1-latest
[0/1] Planning build
[1/1] Compiling plugin SwiftProtobufPlugin
Building for debugging...
In file included from /host/spi-builder-workspace/.build/checkouts/swift-nio-ssl/Sources/CNIOBoringSSL/ssl/tls13_both.cc:29:
/host/spi-builder-workspace/.build/checkouts/swift-nio-ssl/Sources/CNIOBoringSSL/ssl/../crypto/internal.h:32:10: fatal error: 'pthread.h' file not found
32 | #include <pthread.h>
| ^~~~~~~~~~~
1 error generated.
[1/432] Compiling tls13_both.cc
In file included from /host/spi-builder-workspace/.build/checkouts/swift-nio-ssl/Sources/CNIOBoringSSL/ssl/tls_method.cc:17:
/host/spi-builder-workspace/.build/checkouts/swift-nio-ssl/Sources/CNIOBoringSSL/ssl/../crypto/internal.h:32:10: fatal error: 'pthread.h' file not found
32 | #include <pthread.h>
| ^~~~~~~~~~~
1 error generated.
[1/432] Compiling tls_method.cc
In file included from /host/spi-builder-workspace/.build/checkouts/swift-nio-ssl/Sources/CNIOBoringSSL/ssl/t1_enc.cc:28:
/host/spi-builder-workspace/.build/checkouts/swift-nio-ssl/Sources/CNIOBoringSSL/ssl/../crypto/internal.h:32:10: fatal error: 'pthread.h' file not found
32 | #include <pthread.h>
| ^~~~~~~~~~~
1 error generated.
[1/432] Compiling t1_enc.cc
In file included from /host/spi-builder-workspace/.build/checkouts/swift-nio-ssl/Sources/CNIOBoringSSL/ssl/tls_record.cc:19:
/host/spi-builder-workspace/.build/checkouts/swift-nio-ssl/Sources/CNIOBoringSSL/ssl/../crypto/internal.h:32:10: fatal error: 'pthread.h' file not found
32 | #include <pthread.h>
| ^~~~~~~~~~~
1 error generated.
[1/432] Compiling tls_record.cc
In file included from /host/spi-builder-workspace/.build/checkouts/swift-nio-ssl/Sources/CNIOBoringSSL/ssl/ssl_x509.cc:23:
/host/spi-builder-workspace/.build/checkouts/swift-nio-ssl/Sources/CNIOBoringSSL/ssl/../crypto/internal.h:32:10: fatal error: 'pthread.h' file not found
32 | #include <pthread.h>
| ^~~~~~~~~~~
1 error generated.
[1/432] Compiling ssl_x509.cc
In file included from /host/spi-builder-workspace/.build/checkouts/swift-nio-ssl/Sources/CNIOBoringSSL/ssl/tls13_client.cc:30:
/host/spi-builder-workspace/.build/checkouts/swift-nio-ssl/Sources/CNIOBoringSSL/ssl/../crypto/internal.h:32:10: fatal error: 'pthread.h' file not found
32 | #include <pthread.h>
| ^~~~~~~~~~~
1 error generated.
[1/432] Compiling tls13_client.cc
In file included from /host/spi-builder-workspace/.build/checkouts/swift-nio-ssl/Sources/CNIOBoringSSL/ssl/tls13_enc.cc:34:
/host/spi-builder-workspace/.build/checkouts/swift-nio-ssl/Sources/CNIOBoringSSL/ssl/../crypto/internal.h:32:10: fatal error: 'pthread.h' file not found
32 | #include <pthread.h>
| ^~~~~~~~~~~
In file included from /host/spi-builder-workspace/.build/checkouts/swift-nio-ssl/Sources/CNIOBoringSSL/ssl/tls13_server.cc:32:
/host/spi-builder-workspace/.build/checkouts/swift-nio-ssl/Sources/CNIOBoringSSL/ssl/../crypto/internal.h:32:10: fatal error: 'pthread.h' file not found
32 | #include <pthread.h>
| ^~~~~~~~~~~
[1/432] Compiling tls13_enc.cc
[1/432] Compiling tls13_server.cc
BUILD FAILURE 6.1 wasm