The Swift Package Index logo.Swift Package Index

Build Information

Failed to build Buildable, reference main (da64be), with Swift 6.4 for Wasm on 23 Sep 2026 05:23:51 UTC.

Build Command

bash -c docker run --pull=always --rm -v "checkouts-54344843-1":/host -w "$PWD" -e JAVA_HOME="/root/.sdkman/candidates/java/current" -e SPI_BUILD="1" -e SPI_PROCESSING="1" registry.gitlab.com/saguaro1/spi-images:wasm-6.4-latest swift build --swift-sdk swift-6.4.x-DEVELOPMENT-SNAPSHOT-2026-09-04-a_wasm 2>&1

Build Log

========================================
RunAll
========================================
Builder version: 5.1.0
Interrupt handler set up.
========================================
Checkout
========================================
Clone URL: https://github.com/alschmut/SwiftBuildableMacro.git
Reference: main
Initialized empty Git repository in /host/spi-builder-workspace/.git/
hint: Using 'master' as the name for the initial branch. This default branch name
hint: is subject to change. To configure the initial branch name to use in all
hint: of your new repositories, which will suppress this warning, call:
hint:
hint: 	git config --global init.defaultBranch <name>
hint:
hint: Names commonly chosen instead of 'master' are 'main', 'trunk' and
hint: 'development'. The just-created branch can be renamed via this command:
hint:
hint: 	git branch -m <name>
From https://github.com/alschmut/SwiftBuildableMacro
 * branch            main       -> FETCH_HEAD
 * [new branch]      main       -> origin/main
HEAD is now at da64be9 Do not compile missing type CGVector on Android
Cloned https://github.com/alschmut/SwiftBuildableMacro.git
Revision (git rev-parse @):
da64be9b1cbbe8f4cbed6273704d58407044faa6
SUCCESS checkout https://github.com/alschmut/SwiftBuildableMacro.git at main
========================================
Build
========================================
Selected platform:         wasm
Swift version:             6.4
Building package at path:  $PWD
https://github.com/alschmut/SwiftBuildableMacro.git
Running build ...
bash -c docker run --pull=always --rm -v "checkouts-54344843-1":/host -w "$PWD" -e JAVA_HOME="/root/.sdkman/candidates/java/current" -e SPI_BUILD="1" -e SPI_PROCESSING="1" registry.gitlab.com/saguaro1/spi-images:wasm-6.4-latest swift build --swift-sdk swift-6.4.x-DEVELOPMENT-SNAPSHOT-2026-09-04-a_wasm 2>&1
wasm-6.4-latest: Pulling from saguaro1/spi-images
Digest: sha256:4328fdb43c680d205c1d6761b1e3267aa38277eefdda9ddfb17b6a0f1a77857a
Status: Image is up to date for registry.gitlab.com/saguaro1/spi-images:wasm-6.4-latest
Fetching https://github.com/swiftlang/swift-syntax.git
[1/80014] Fetching swift-syntax
Fetched https://github.com/swiftlang/swift-syntax.git (3.17s)
Computing version for https://github.com/swiftlang/swift-syntax.git
Computed https://github.com/swiftlang/swift-syntax.git at 602.0.0 (4.38s)
Creating working copy for https://github.com/swiftlang/swift-syntax.git
Working copy of https://github.com/swiftlang/swift-syntax.git resolved at 602.0.0
Building for debugging...
[Computing dependencies]
[Provisioning 20 / 25]
[Pre-planning 1 / 649]
[Planning deferred tasks]
[1 / 267]
[141 / 282] SwiftSyntax602
[170 / 283] SwiftSyntax
[174 / 292] SwiftSyntax
[177 / 295] SwiftSyntax
[188 / 297] SwiftSyntax602
[194 / 297] SwiftSyntax
[207 / 325] SwiftParser
[208 / 325] SwiftDiagnostics
[219 / 325] SwiftParser
[220 / 325] SwiftParser
[221 / 325] SwiftParser
[222 / 325] SwiftParser
[223 / 325] SwiftParser
[225 / 325] SwiftParser
[229 / 325] SwiftParser
[230 / 325] SwiftParser
[231 / 325] SwiftDiagnostics
[232 / 325] SwiftDiagnostics
[233 / 325] SwiftOperators
[235 / 325] SwiftDiagnostics
[236 / 325] SwiftDiagnostics
[238 / 325] SwiftDiagnostics
[241 / 325] SwiftBasicFormat
[244 / 327] SwiftParserDiagnostics
[249 / 346] SwiftParserDiagnostics
[250 / 347] SwiftParserDiagnostics
[251 / 348] SwiftParserDiagnostics
[253 / 348] SwiftOperators
[255 / 348] SwiftParserDiagnostics
[267 / 348] SwiftParser
[269 / 348] SwiftParser
[272 / 348] SwiftOperators
[273 / 348] SwiftOperators
[274 / 348] SwiftOperators
[275 / 348] SwiftOperators
[278 / 349] SwiftSyntaxBuilder
[283 / 358] SwiftSyntaxBuilder
[285 / 359] SwiftSyntaxBuilder
[286 / 359] SwiftSyntaxBuilder
[288 / 359] SwiftSyntaxBuilder
[289 / 359] SwiftOperators
[290 / 359] SwiftSyntaxBuilder
[300 / 369] SwiftSyntaxMacros
[302 / 369] SwiftSyntaxMacros
[310 / 370] SwiftSyntaxMacros-product
[315 / 380] SwiftSyntaxMacroExpansion
[317 / 381] SwiftSyntaxMacros
[320 / 381] SwiftSyntaxMacros
[323 / 382] SwiftSyntaxMacroExpansion
[331 / 382] SwiftSyntaxBuilder
[334 / 392] SwiftCompilerPluginMessageHandling
[336 / 392] SwiftCompilerPluginMessageHandling
[339 / 392] SwiftCompilerPluginMessageHandling
[340 / 392] SwiftCompilerPluginMessageHandling
[342 / 392] SwiftCompilerPluginMessageHandling
[349 / 395] SwiftCompilerPlugin
[354 / 395] SwiftCompilerPlugin
[357 / 397] SwiftSyntaxMacroExpansion
[358 / 397] SwiftCompilerPluginMessageHandling
[359 / 398] SwiftCompilerPluginMessageHandling
[360 / 398] SwiftSyntax
[363 / 399] SwiftSyntax
[370 / 399] SwiftSyntaxMacros
[378 / 400] BuildableMacro
[387 / 409] BuildableMacro
[388 / 409] BuildableMacro
[392 / 410] BuildableMacro
[396 / 414] Buildable
error: SwiftCompile normal wasm32 failed with a nonzero exit code. Command line:     cd /host

macro expansion @Buildable:2:21: error: cannot find type 'CGVector' in scope
`- /host/spi-builder-workspace/Sources/BuildableClientTestData/TestData.swift:47:2: note: expanded code originates here
42 |
43 | #if !os(Android)
44 | @Buildable
   | `- note: in expansion of macro 'Buildable' on struct 'NonAndroidObject' here
45 | public struct NonAndroidObject {
46 |     let m23: CGVector
47 | }
   +--- macro expansion @Buildable -------------------------------------
   | 1 | public struct NonAndroidObjectBuilder {
   | 2 |     public var m23: CGVector = CGVector()
   |   |                     `- error: cannot find type 'CGVector' in scope
   | 3 |
   | 4 |     public init(
   +--------------------------------------------------------------------
48 | #endif
49 |
macro expansion @Buildable:2:32: error: cannot find 'CGVector' in scope
`- /host/spi-builder-workspace/Sources/BuildableClientTestData/TestData.swift:47:2: note: expanded code originates here
42 |
43 | #if !os(Android)
44 | @Buildable
   | `- note: in expansion of macro 'Buildable' on struct 'NonAndroidObject' here
45 | public struct NonAndroidObject {
46 |     let m23: CGVector
47 | }
   +--- macro expansion @Buildable -------------------------------------
   | 1 | public struct NonAndroidObjectBuilder {
   | 2 |     public var m23: CGVector = CGVector()
   |   |                                `- error: cannot find 'CGVector' in scope
   | 3 |
   | 4 |     public init(
   +--------------------------------------------------------------------
48 | #endif
49 |
macro expansion @Buildable:5:14: error: cannot find type 'CGVector' in scope
`- /host/spi-builder-workspace/Sources/BuildableClientTestData/TestData.swift:47:2: note: expanded code originates here
42 |
43 | #if !os(Android)
44 | @Buildable
   | `- note: in expansion of macro 'Buildable' on struct 'NonAndroidObject' here
45 | public struct NonAndroidObject {
46 |     let m23: CGVector
47 | }
   +--- macro expansion @Buildable -------------------------------------
   | 3 |
   | 4 |     public init(
   | 5 |         m23: CGVector = CGVector()
   |   |              `- error: cannot find type 'CGVector' in scope
   | 6 |     ) {
   | 7 |         self.m23 = m23
   +--------------------------------------------------------------------
48 | #endif
49 |
/host/spi-builder-workspace/Sources/BuildableClientTestData/TestData.swift:46:14: error: cannot find type 'CGVector' in scope
44 | @Buildable
45 | public struct NonAndroidObject {
46 |     let m23: CGVector
   |              `- error: cannot find type 'CGVector' in scope
47 | }
48 | #endif
Failed frontend command:
/usr/bin/swift-frontend -frontend -emit-module -experimental-skip-non-inlinable-function-bodies-without-types /host/spi-builder-workspace/Sources/BuildableClientTestData/TestData.swift -target wasm32-unknown-wasip1 -disable-objc-interop -sdk /root/.swiftpm/swift-sdks/swift-6.4.x-DEVELOPMENT-SNAPSHOT-2026-09-04-a_wasm.artifactbundle/swift-6.4.x-DEVELOPMENT-SNAPSHOT-2026-09-04-a_wasm/wasm32-unknown-wasip1/WASI.sdk -sysroot /root/.swiftpm/swift-sdks/swift-6.4.x-DEVELOPMENT-SNAPSHOT-2026-09-04-a_wasm.artifactbundle/swift-6.4.x-DEVELOPMENT-SNAPSHOT-2026-09-04-a_wasm/wasm32-unknown-wasip1/WASI.sdk -I /host/spi-builder-workspace/.build/out/Products/Debug-webassembly-wasm32 -module-cache-path /host/spi-builder-workspace/.build/out/ModuleCache.noindex -color-diagnostics -Xcc -fcolor-diagnostics -enable-testing -g -debug-info-format\=dwarf -dwarf-version\=4 -swift-version 6 -Onone -D SWIFT_PACKAGE -D DEBUG -D SWIFT_MODULE_RESOURCE_BUNDLE_UNAVAILABLE -D Xcode -serialize-debugging-options -load-plugin-executable /host/spi-builder-workspace/.build/out/Products/Debug-linux-x86_64/BuildableMacro\#BuildableMacro -enable-upcoming-feature ImmutableWeakCaptures -enable-upcoming-feature InferIsolatedConformances -enable-upcoming-feature NonisolatedNonsendingByDefault -enable-upcoming-feature MemberImportVisibility -enable-upcoming-feature ExistentialAny -enable-experimental-feature DebugDescriptionMacro -empty-abi-descriptor -external-plugin-path /usr/lib/swift/host/plugins/testing\#/usr/bin/swift-plugin-server -validate-clang-modules-once -clang-build-session-file /host/spi-builder-workspace/.build/out/ModuleCache.noindex/Session.modulevalidation -Xcc -working-directory -Xcc /host -resource-dir /root/.swiftpm/swift-sdks/swift-6.4.x-DEVELOPMENT-SNAPSHOT-2026-09-04-a_wasm.artifactbundle/swift-6.4.x-DEVELOPMENT-SNAPSHOT-2026-09-04-a_wasm/wasm32-unknown-wasip1/swift.xctoolchain/usr/lib/swift_static -use-static-resource-dir -enable-anonymous-context-mangled-names -file-compilation-dir /host -Xcc -resource-dir -Xcc /root/.swiftpm/swift-sdks/swift-6.4.x-DEVELOPMENT-SNAPSHOT-2026-09-04-a_wasm.artifactbundle/swift-6.4.x-DEVELOPMENT-SNAPSHOT-2026-09-04-a_wasm/wasm32-unknown-wasip1/swift.xctoolchain/usr/lib/swift_static/clang -Xcc -D_LIBCPP_HARDENING_MODE\=_LIBCPP_HARDENING_MODE_DEBUG -Xcc -fmodules-prune-interval\=86400 -Xcc -fmodules-prune-after\=345600 -Xcc -I/host/spi-builder-workspace/.build/out/Products/Debug-webassembly-wasm32/include -Xcc -I/host/spi-builder-workspace/.build/out/Intermediates.noindex/Buildable.build/Debug-webassembly-wasm32/BuildableClientTestData-t.build/DerivedSources-normal/wasm32 -Xcc -I/host/spi-builder-workspace/.build/out/Intermediates.noindex/Buildable.build/Debug-webassembly-wasm32/BuildableClientTestData-t.build/DerivedSources/wasm32 -Xcc -I/host/spi-builder-workspace/.build/out/Intermediates.noindex/Buildable.build/Debug-webassembly-wasm32/BuildableClientTestData-t.build/DerivedSources -Xcc -DSWIFT_PACKAGE -Xcc -DDEBUG\=1 -no-auto-bridging-header-chaining -module-name BuildableClientTestData -package-name spi_builder_workspace -const-gather-protocols-file /host/spi-builder-workspace/.build/out/Intermediates.noindex/Buildable.build/Debug-webassembly-wasm32/BuildableClientTestData-t.build/Objects-normal/wasm32/BuildableClientTestData_const_extract_protocols.json -in-process-plugin-server-path /usr/lib/swift/host/libSwiftInProcPluginServer.so -plugin-path /usr/lib/swift/host/plugins -plugin-path /usr/local/lib/swift/host/plugins -emit-module-doc-path /host/spi-builder-workspace/.build/out/Intermediates.noindex/Buildable.build/Debug-webassembly-wasm32/BuildableClientTestData-t.build/Objects-normal/wasm32/Modules/BuildableClientTestData.swiftdoc -emit-module-source-info-path /host/spi-builder-workspace/.build/out/Intermediates.noindex/Buildable.build/Debug-webassembly-wasm32/BuildableClientTestData-t.build/Objects-normal/wasm32/Modules/BuildableClientTestData.swiftsourceinfo -emit-objc-header-path /host/spi-builder-workspace/.build/out/Intermediates.noindex/Buildable.build/Debug-webassembly-wasm32/BuildableClientTestData-t.build/Objects-normal/wasm32/BuildableClientTestData-Swift.h -serialize-diagnostics-path /host/spi-builder-workspace/.build/out/Intermediates.noindex/Buildable.build/Debug-webassembly-wasm32/BuildableClientTestData-t.build/Objects-normal/wasm32/BuildableClientTestData-primary-emit-module.dia -emit-dependencies-path /host/spi-builder-workspace/.build/out/Intermediates.noindex/Buildable.build/Debug-webassembly-wasm32/BuildableClientTestData-t.build/Objects-normal/wasm32/BuildableClientTestData-primary-emit-module.d -parse-as-library -o /host/spi-builder-workspace/.build/out/Intermediates.noindex/Buildable.build/Debug-webassembly-wasm32/BuildableClientTestData-t.build/Objects-normal/wasm32/Modules/BuildableClientTestData.swiftmodule
error: Build failed
BUILD FAILURE 6.4 wasm