The Swift Package Index logo.Swift Package Index

Build Information

Failed to build IGListKit, reference main (0a54b4), with Swift 6.1 for Wasm on 25 Oct 2026 09:50:39 UTC.

Build Command

bash -c docker run --pull=always --rm -v "checkouts-53886769-1":/host -w "$PWD" -e JAVA_HOME="/root/.sdkman/candidates/java/current" -e SPI_BUILD="1" -e SPI_PROCESSING="1" registry.gitlab.com/saguaro1/spi-images:wasm-6.1-latest swift build --swift-sdk wasm32-unknown-wasi 2>&1

Build Log

========================================
RunAll
========================================
Builder version: 5.1.3
Interrupt handler set up.
========================================
Checkout
========================================
Clone URL: https://github.com/Instagram/IGListKit.git
Reference: main
Initialized empty Git repository in /host/spi-builder-workspace/.git/
hint: Using 'master' as the name for the initial branch. This default branch name
hint: is subject to change. To configure the initial branch name to use in all
hint: of your new repositories, which will suppress this warning, call:
hint:
hint: 	git config --global init.defaultBranch <name>
hint:
hint: Names commonly chosen instead of 'master' are 'main', 'trunk' and
hint: 'development'. The just-created branch can be renamed via this command:
hint:
hint: 	git branch -m <name>
From https://github.com/Instagram/IGListKit
 * branch            main       -> FETCH_HEAD
 * [new branch]      main       -> origin/main
HEAD is now at 0a54b4d Fix remaining toggle_bool violations in fbobjc
Cloned https://github.com/Instagram/IGListKit.git
Revision (git rev-parse @):
0a54b4d9d66be512b3a312d10fda3cb9591eb6d6
SUCCESS checkout https://github.com/Instagram/IGListKit.git at main
========================================
Build
========================================
Selected platform:         wasm
Swift version:             6.1
Building package at path:  $PWD
https://github.com/Instagram/IGListKit.git
https://github.com/Instagram/IGListKit.git
WARNING: environment variable SUPPRESS_SWIFT_6_FLAGS is not set
Running build ...
bash -c docker run --pull=always --rm -v "checkouts-53886769-1":/host -w "$PWD" -e JAVA_HOME="/root/.sdkman/candidates/java/current" -e SPI_BUILD="1" -e SPI_PROCESSING="1" registry.gitlab.com/saguaro1/spi-images:wasm-6.1-latest swift build --swift-sdk wasm32-unknown-wasi -Xswiftc -Xfrontend -Xswiftc -stats-output-dir -Xswiftc -Xfrontend -Xswiftc .stats -Xswiftc -strict-concurrency=complete -Xswiftc -enable-upcoming-feature -Xswiftc StrictConcurrency -Xswiftc -enable-upcoming-feature -Xswiftc DisableOutwardActorInference -Xswiftc -enable-upcoming-feature -Xswiftc GlobalActorIsolatedTypesUsability -Xswiftc -enable-upcoming-feature -Xswiftc InferSendableFromCaptures 2>&1
wasm-6.1-latest: Pulling from saguaro1/spi-images
Digest: sha256:f257c9b8465670613eb336f6def351d681b1d395aebdb231a45bac980c1f9d3c
Status: Image is up to date for registry.gitlab.com/saguaro1/spi-images:wasm-6.1-latest
Building for debugging...
In file included from /host/spi-builder-workspace/spm/Sources/IGListDiffKit/IGListMoveIndex.m:8:
/host/spi-builder-workspace/spm/Sources/IGListDiffKit/include/IGListMoveIndex.h:8:9: fatal error: 'Foundation/Foundation.h' file not found
    8 | #import <Foundation/Foundation.h>
      |         ^~~~~~~~~~~~~~~~~~~~~~~~~
1 error generated.
[0/51] Compiling IGListDiffKit IGListMoveIndex.m
In file included from /host/spi-builder-workspace/spm/Sources/IGListDiffKit/IGListIndexSetResult.m:8:
/host/spi-builder-workspace/spm/Sources/IGListDiffKit/include/IGListIndexSetResult.h:8:9: fatal error: 'Foundation/Foundation.h' file not found
    8 | #import <Foundation/Foundation.h>
      |         ^~~~~~~~~~~~~~~~~~~~~~~~~
1 error generated.
[0/51] Compiling IGListDiffKit IGListIndexSetResult.m
In file included from /host/spi-builder-workspace/spm/Sources/IGListDiffKit/IGListMoveIndexPath.m:8:
/host/spi-builder-workspace/spm/Sources/IGListDiffKit/include/IGListMoveIndexPath.h:8:9: fatal error: 'Foundation/Foundation.h' file not found
    8 | #import <Foundation/Foundation.h>
      |         ^~~~~~~~~~~~~~~~~~~~~~~~~
1 error generated.
In file included from /host/spi-builder-workspace/spm/Sources/IGListKit/IGListAdapter.m:8:
In file included from /host/spi-builder-workspace/spm/Sources/IGListKit/IGListAdapterInternal.h:8:
/host/spi-builder-workspace/spm/Sources/IGListKit/include/IGListAdapter.h:8:9: fatal error: 'UIKit/UIKit.h' file not found
    8 | #import <UIKit/UIKit.h>
      |         ^~~~~~~~~~~~~~~
[0/51] Compiling IGListDiffKit IGListMoveIndexPath.m
[0/51] Compiling IGListKit IGListAdapter.m
In file included from /host/spi-builder-workspace/spm/Sources/IGListKit/IGListAdapter+UICollectionView.m:8:
/host/spi-builder-workspace/spm/Sources/IGListKit/IGListAdapter+UICollectionView.h:8:9: fatal error: 'UIKit/UIKit.h' file not found
    8 | #import <UIKit/UIKit.h>
      |         ^~~~~~~~~~~~~~~
[0/51] Compiling IGListKit IGListAdapter+UICollectionView.m
/host/spi-builder-workspace/spm/Sources/IGListKit/IGListAdapterDelegateAnnouncer.m:8:9: fatal error: 'Foundation/Foundation.h' file not found
    8 | #import <Foundation/Foundation.h>
      |         ^~~~~~~~~~~~~~~~~~~~~~~~~
1 error generated.
[0/51] Compiling IGListKit IGListAdapterDelegateAnnouncer.m
In file included from /host/spi-builder-workspace/spm/Sources/IGListDiffKit/NSString+IGListDiffable.m:8:
/host/spi-builder-workspace/spm/Sources/IGListDiffKit/include/NSString+IGListDiffable.h:8:9: fatal error: 'Foundation/Foundation.h' file not found
    8 | #import <Foundation/Foundation.h>
      |         ^~~~~~~~~~~~~~~~~~~~~~~~~
1 error generated.
[0/51] Compiling IGListDiffKit NSString+IGListDiffable.m
In file included from /host/spi-builder-workspace/spm/Sources/IGListKit/IGListAdapter+DebugDescription.m:8:
In file included from /host/spi-builder-workspace/spm/Sources/IGListKit/IGListAdapter+DebugDescription.h:8:
/host/spi-builder-workspace/spm/Sources/IGListKit/include/IGListAdapter.h:8:9: fatal error: 'UIKit/UIKit.h' file not found
    8 | #import <UIKit/UIKit.h>
      |         ^~~~~~~~~~~~~~~
[0/51] Compiling IGListKit IGListAdapter+DebugDescription.m
Running build ...
bash -c docker run --pull=always --rm -v "checkouts-53886769-1":/host -w "$PWD" -e JAVA_HOME="/root/.sdkman/candidates/java/current" -e SPI_BUILD="1" -e SPI_PROCESSING="1" registry.gitlab.com/saguaro1/spi-images:wasm-6.1-latest swift build --swift-sdk wasm32-unknown-wasi 2>&1
wasm-6.1-latest: Pulling from saguaro1/spi-images
Digest: sha256:f257c9b8465670613eb336f6def351d681b1d395aebdb231a45bac980c1f9d3c
Status: Image is up to date for registry.gitlab.com/saguaro1/spi-images:wasm-6.1-latest
[0/1] Planning build
Building for debugging...
[0/51] Write sources
In file included from /host/spi-builder-workspace/spm/Sources/IGListKit/UICollectionView+DebugDescription.m:8:
/host/spi-builder-workspace/spm/Sources/IGListKit/UICollectionView+DebugDescription.h:8:9: fatal error: 'UIKit/UIKit.h' file not found
    8 | #import <UIKit/UIKit.h>
      |         ^~~~~~~~~~~~~~~
1 error generated.
[1/51] Compiling IGListKit UICollectionView+DebugDescription.m
In file included from /host/spi-builder-workspace/spm/Sources/IGListKit/UIViewController+IGListAdapter.m:8:
/host/spi-builder-workspace/spm/Sources/IGListKit/include/UIViewController+IGListAdapter.h:8:9: fatal error: 'UIKit/UIKit.h' file not found
    8 | #import <UIKit/UIKit.h>
      |         ^~~~~~~~~~~~~~~
1 error generated.
[1/51] Compiling IGListKit UIViewController+IGListAdapter.m
In file included from /host/spi-builder-workspace/spm/Sources/IGListKit/UICollectionView+IGListBatchUpdateData.m:8:
/host/spi-builder-workspace/spm/Sources/IGListKit/UICollectionView+IGListBatchUpdateData.h:8:9: fatal error: 'UIKit/UIKit.h' file not found
    8 | #import <UIKit/UIKit.h>
      |         ^~~~~~~~~~~~~~~
1 error generated.
[1/51] Compiling IGListKit UICollectionView+IGListBatchUpdateData.m
In file included from /host/spi-builder-workspace/spm/Sources/IGListKit/UICollectionViewLayout+InteractiveReordering.m:8:
/host/spi-builder-workspace/spm/Sources/IGListKit/UICollectionViewLayout+InteractiveReordering.h:8:9: fatal error: 'UIKit/UIKit.h' file not found
    8 | #import <UIKit/UIKit.h>
      |         ^~~~~~~~~~~~~~~
In file included from /host/spi-builder-workspace/spm/Sources/IGListKit/IGListViewVisibilityTracker.m:8:
In file included from /host/spi-builder-workspace/spm/Sources/IGListKit/IGListViewVisibilityTrackerInternal.h:8:
/host/spi-builder-workspace/spm/Sources/IGListKit/IGListViewVisibilityTracker.h:8:9: fatal error: 'UIKit/UIKit.h' file not found
    8 | #import <UIKit/UIKit.h>
      |         ^~~~~~~~~~~~~~~
1 error generated.
[1/51] Compiling IGListKit UICollectionViewLayout+InteractiveReordering.m
[1/51] Compiling IGListKit IGListViewVisibilityTracker.m
In file included from /host/spi-builder-workspace/spm/Sources/IGListKit/IGListWorkingRangeHandler.mm:8:
/host/spi-builder-workspace/spm/Sources/IGListKit/IGListWorkingRangeHandler.h:8:9: fatal error: 'Foundation/Foundation.h' file not found
    8 | #import <Foundation/Foundation.h>
      |         ^~~~~~~~~~~~~~~~~~~~~~~~~
[1/51] Compiling IGListKit IGListWorkingRangeHandler.mm
In file included from /host/spi-builder-workspace/spm/Sources/IGListKit/UIScrollView+IGListKit.m:8:
/host/spi-builder-workspace/spm/Sources/IGListKit/UIScrollView+IGListKit.h:8:9: fatal error: 'UIKit/UIKit.h' file not found
    8 | #import <UIKit/UIKit.h>
      |         ^~~~~~~~~~~~~~~
1 error generated.
[1/51] Compiling IGListKit UIScrollView+IGListKit.m
[1/51] Write swift-version-24593BA9C3E375BF.txt
BUILD FAILURE 6.1 wasm