The Swift Package Index logo.Swift Package Index

Build Information

Failed to build HTTPCookieSync, reference v1.2.0 (464810), with Swift 6.4 for macOS (Xcode) using Xcode 27.0 on 25 Sep 2026 15:48:14 UTC.

Build Command

env DEVELOPER_DIR=/Applications/Xcode-27.0.0-Release.Candidate.app xcrun xcodebuild -IDEClonedSourcePackagesDirPathOverride=$PWD/.dependencies -skipMacroValidation -skipPackagePluginValidation -derivedDataPath $PWD/.derivedData build -scheme HTTPCookieSync -destination platform=macOS,arch=arm64

Build Log

========================================
RunAll
========================================
Builder version: 5.1.0
Interrupt handler set up.
========================================
Checkout
========================================
Clone URL: https://github.com/dmytriigolovanov/http-cookie-sync-ios.git
Reference: v1.2.0
Initialized empty Git repository in /Users/admin/builder/spi-builder-workspace/.git/
From https://github.com/dmytriigolovanov/http-cookie-sync-ios
 * tag               v1.2.0     -> FETCH_HEAD
HEAD is now at 4648103 Setup for v1.2.0 (#22)
Cloned https://github.com/dmytriigolovanov/http-cookie-sync-ios.git
Revision (git rev-parse @):
464810335d7a8a2ba1b15acefa0a2323a6563048
SUCCESS checkout https://github.com/dmytriigolovanov/http-cookie-sync-ios.git at v1.2.0
========================================
Build
========================================
Selected platform:         macosXcodebuild
Swift version:             6.4
Building package at path:  $PWD
https://github.com/dmytriigolovanov/http-cookie-sync-ios.git
Command line invocation:
    /Applications/Xcode-27.0.0-Release.Candidate.app/Contents/Developer/usr/bin/xcodebuild -IDEClonedSourcePackagesDirPathOverride=/Users/admin/builder/spi-builder-workspace/.dependencies -resolvePackageDependencies
resolved source packages:
{
  "dependencies" : [
  ],
  "manifest_display_name" : "HTTPCookieSync",
  "name" : "HTTPCookieSync",
  "path" : "/Users/admin/builder/spi-builder-workspace",
  "platforms" : [
    {
      "name" : "ios",
      "version" : "11.0"
    }
  ],
  "products" : [
    {
      "name" : "HTTPCookieSync",
      "targets" : [
        "HTTPCookieSync"
      ],
      "type" : {
        "library" : [
          "automatic"
        ]
      }
    }
  ],
  "swift_languages_versions" : [
    "5"
  ],
  "targets" : [
    {
      "c99name" : "HTTPCookieSync",
      "module_type" : "SwiftTarget",
      "name" : "HTTPCookieSync",
      "path" : "HTTPCookieSync/Sources",
      "product_memberships" : [
        "HTTPCookieSync"
      ],
      "sources" : [
        "Extensions/DispatchQueue+HTTPCookieSync.swift",
        "Extensions/HTTPCookie+HTTPCookieSync.swift",
        "Extensions/HTTPCookiePropertyKey+HTTPCookieSync.swift",
        "Extensions/HTTPCookieStorage+HTTPCookieSync.swift",
        "Extensions/WKHTTPCookieStore+HTTPCookieSync.swift",
        "HTTPCookieSyncCore.swift",
        "HTTPCookieSyncableStorage.swift",
        "HTTPCookieSyncer.swift"
      ],
      "type" : "library"
    }
  ],
  "tools_version" : "5.3"
}
{
  "project" : {
    "configurations" : [
      "Debug",
      "Release"
    ],
    "name" : "HTTPCookieSync",
    "schemes" : [
      "HTTPCookieSync"
    ],
    "targets" : [
      "HTTPCookieSync"
    ]
  }
}
Running build ...
env DEVELOPER_DIR=/Applications/Xcode-27.0.0-Release.Candidate.app xcrun xcodebuild -IDEClonedSourcePackagesDirPathOverride=$PWD/.dependencies -skipMacroValidation -skipPackagePluginValidation -derivedDataPath $PWD/.derivedData build -scheme HTTPCookieSync -destination platform=macOS,arch=arm64
Command line invocation:
    /Applications/Xcode-27.0.0-Release.Candidate.app/Contents/Developer/usr/bin/xcodebuild -IDEClonedSourcePackagesDirPathOverride=/Users/admin/builder/spi-builder-workspace/.dependencies -skipMacroValidation -skipPackagePluginValidation -derivedDataPath /Users/admin/builder/spi-builder-workspace/.derivedData build -scheme HTTPCookieSync -destination platform=macOS,arch=arm64
ComputePackagePrebuildTargetDependencyGraph
Prepare packages
CreateBuildRequest
SendProjectDescription
CreateBuildOperation
ComputeTargetDependencyGraph
note: Building targets in dependency order
note: Target dependency graph (1 target)
    Target 'HTTPCookieSync' in project 'HTTPCookieSync' (no dependencies)
GatherProvisioningInputs
CreateBuildDescription
ExecuteExternalTool /Applications/Xcode-27.0.0-Release.Candidate.app/Contents/Developer/Toolchains/XcodeDefault.xctoolchain/usr/bin/clang -v -E -dM -isysroot /Applications/Xcode-27.0.0-Release.Candidate.app/Contents/Developer/Platforms/iPhoneOS.platform/Developer/SDKs/iPhoneOS27.0.sdk -x c -c /dev/null
ExecuteExternalTool /Applications/Xcode-27.0.0-Release.Candidate.app/Contents/Developer/Toolchains/XcodeDefault.xctoolchain/usr/bin/clang -v -E -dM -arch arm64 -isysroot /Applications/Xcode-27.0.0-Release.Candidate.app/Contents/Developer/Platforms/iPhoneOS.platform/Developer/SDKs/iPhoneOS27.0.sdk -x c -c /dev/null
ExecuteExternalTool /Applications/Xcode-27.0.0-Release.Candidate.app/Contents/Developer/Toolchains/XcodeDefault.xctoolchain/usr/bin/swiftc --version
ExecuteExternalTool /Applications/Xcode-27.0.0-Release.Candidate.app/Contents/Developer/Toolchains/XcodeDefault.xctoolchain/usr/bin/ld -version_details
Build description signature: f4c391cac9cb12a515b08b331c08884a
Build description path: /Users/admin/builder/spi-builder-workspace/.derivedData/Build/Intermediates.noindex/XCBuildData/f4c391cac9cb12a515b08b331c08884a.xcbuilddata
/Users/admin/builder/spi-builder-workspace/HTTPCookieSync.xcodeproj: error: The iOS deployment target 'IPHONEOS_DEPLOYMENT_TARGET' is set to 11.0, but the range of supported deployment target versions is 15.0 to 27.0.x. (in target 'HTTPCookieSync' from project 'HTTPCookieSync')
warning: Run script build phase 'SwiftLint' will be run during every build because it does not specify any outputs. To address this issue, either add output dependencies to the script phase, or configure it to run in every build by unchecking "Based on dependency analysis" in the script phase. (in target 'HTTPCookieSync' from project 'HTTPCookieSync')
2026-09-25 11:48:09.492 xcodebuild[645:4073] [MT] IDERunDestination: Supported platforms for the buildables in the current scheme is empty.
** BUILD FAILED **
The following build commands failed:
	Building project HTTPCookieSync with scheme HTTPCookieSync
(1 failure)
Command line invocation:
    /Applications/Xcode-27.0.0-Release.Candidate.app/Contents/Developer/usr/bin/xcodebuild -IDEClonedSourcePackagesDirPathOverride=/Users/admin/builder/spi-builder-workspace/.dependencies -resolvePackageDependencies
resolved source packages:
{
  "dependencies" : [
  ],
  "manifest_display_name" : "HTTPCookieSync",
  "name" : "HTTPCookieSync",
  "path" : "/Users/admin/builder/spi-builder-workspace",
  "platforms" : [
    {
      "name" : "ios",
      "version" : "11.0"
    }
  ],
  "products" : [
    {
      "name" : "HTTPCookieSync",
      "targets" : [
        "HTTPCookieSync"
      ],
      "type" : {
        "library" : [
          "automatic"
        ]
      }
    }
  ],
  "swift_languages_versions" : [
    "5"
  ],
  "targets" : [
    {
      "c99name" : "HTTPCookieSync",
      "module_type" : "SwiftTarget",
      "name" : "HTTPCookieSync",
      "path" : "HTTPCookieSync/Sources",
      "product_memberships" : [
        "HTTPCookieSync"
      ],
      "sources" : [
        "Extensions/DispatchQueue+HTTPCookieSync.swift",
        "Extensions/HTTPCookie+HTTPCookieSync.swift",
        "Extensions/HTTPCookiePropertyKey+HTTPCookieSync.swift",
        "Extensions/HTTPCookieStorage+HTTPCookieSync.swift",
        "Extensions/WKHTTPCookieStore+HTTPCookieSync.swift",
        "HTTPCookieSyncCore.swift",
        "HTTPCookieSyncableStorage.swift",
        "HTTPCookieSyncer.swift"
      ],
      "type" : "library"
    }
  ],
  "tools_version" : "5.3"
}
{
  "project" : {
    "configurations" : [
      "Debug",
      "Release"
    ],
    "name" : "HTTPCookieSync",
    "schemes" : [
      "HTTPCookieSync"
    ],
    "targets" : [
      "HTTPCookieSync"
    ]
  }
}
Running build ...
env DEVELOPER_DIR=/Applications/Xcode-27.0.0-Release.Candidate.app xcrun xcodebuild -IDEClonedSourcePackagesDirPathOverride=$PWD/.dependencies -skipMacroValidation -skipPackagePluginValidation -derivedDataPath $PWD/.derivedData build -scheme HTTPCookieSync -destination platform=macOS,arch=arm64
Command line invocation:
    /Applications/Xcode-27.0.0-Release.Candidate.app/Contents/Developer/usr/bin/xcodebuild -IDEClonedSourcePackagesDirPathOverride=/Users/admin/builder/spi-builder-workspace/.dependencies -skipMacroValidation -skipPackagePluginValidation -derivedDataPath /Users/admin/builder/spi-builder-workspace/.derivedData build -scheme HTTPCookieSync -destination platform=macOS,arch=arm64
ComputePackagePrebuildTargetDependencyGraph
Prepare packages
CreateBuildRequest
SendProjectDescription
CreateBuildOperation
ComputeTargetDependencyGraph
note: Building targets in dependency order
note: Target dependency graph (1 target)
    Target 'HTTPCookieSync' in project 'HTTPCookieSync' (no dependencies)
GatherProvisioningInputs
CreateBuildDescription
/Users/admin/builder/spi-builder-workspace/HTTPCookieSync.xcodeproj: error: The iOS deployment target 'IPHONEOS_DEPLOYMENT_TARGET' is set to 11.0, but the range of supported deployment target versions is 15.0 to 27.0.x. (in target 'HTTPCookieSync' from project 'HTTPCookieSync')
warning: Run script build phase 'SwiftLint' will be run during every build because it does not specify any outputs. To address this issue, either add output dependencies to the script phase, or configure it to run in every build by unchecking "Based on dependency analysis" in the script phase. (in target 'HTTPCookieSync' from project 'HTTPCookieSync')
2026-09-25 11:48:13.663 xcodebuild[662:4222] [MT] IDERunDestination: Supported platforms for the buildables in the current scheme is empty.
** BUILD FAILED **
The following build commands failed:
	Building project HTTPCookieSync with scheme HTTPCookieSync
(1 failure)
BUILD FAILURE 6.4 macosXcodebuild