Build Information
Failed to build Tuplé, reference v0.2.2 (9193b1), with Swift 6.4 for watchOS using Xcode 27.0 on 21 Sep 2026 01:02:13 UTC.
Build Command
env DEVELOPER_DIR=/Applications/Xcode-27.0.0-Release.Candidate.app xcrun xcodebuild -IDEClonedSourcePackagesDirPathOverride=$PWD/.dependencies -skipMacroValidation -skipPackagePluginValidation -derivedDataPath $PWD/.derivedData build -scheme Tuplé -destination generic/platform=watchOSBuild Log
========================================
RunAll
========================================
Builder version: 5.1.0
Interrupt handler set up.
========================================
Checkout
========================================
Clone URL: https://github.com/Catterwaul/Tuplay.git
Reference: v0.2.2
Initialized empty Git repository in /Users/admin/builder/spi-builder-workspace/.git/
From https://github.com/Catterwaul/Tuplay
* tag v0.2.2 -> FETCH_HEAD
HEAD is now at 9193b16 Require minimum platforms for opaque types
Cloned https://github.com/Catterwaul/Tuplay.git
Revision (git rev-parse @):
9193b1611664565788ffc3ae3a94c9b3db942563
SPI manifest file found: $PWD/.spi.yml
SUCCESS checkout https://github.com/Catterwaul/Tuplay.git at v0.2.2
========================================
Build
========================================
Selected platform: watchOS
Swift version: 6.4
Building package at path: $PWD
https://github.com/Catterwaul/Tuplay.git
Command line invocation:
/Applications/Xcode-27.0.0-Release.Candidate.app/Contents/Developer/usr/bin/xcodebuild -IDEClonedSourcePackagesDirPathOverride=/Users/admin/builder/spi-builder-workspace/.dependencies -resolvePackageDependencies
Resolve Package Graph
Fetching from https://github.com/swiftlang/swift-docc-plugin
Fetching from https://github.com/Catterwaul/Thrappture
Fetching from https://github.com/swiftlang/swift-docc-symbolkit
Creating working copy of package ‘swift-docc-plugin’
Checking out main (647c708) of package ‘swift-docc-plugin’
Creating working copy of package ‘Thrappture’
Checking out main (cc102d9) of package ‘Thrappture’
Creating working copy of package ‘swift-docc-symbolkit’
Checking out 1.0.0 of package ‘swift-docc-symbolkit’
Resolve Package Graph
Resolved source packages:
SymbolKit: https://github.com/swiftlang/swift-docc-symbolkit @ 1.0.0
Tuplé: /Users/admin/builder/spi-builder-workspace
Thrappture: https://github.com/Catterwaul/Thrappture @ main (cc102d9)
SwiftDocCPlugin: https://github.com/swiftlang/swift-docc-plugin @ main (647c708)
resolved source packages: SymbolKit, Tuplé, Thrappture, SwiftDocCPlugin
2026-09-20 21:00:40.730 xcodebuild[525:3012] [MT] IDERunDestination: Supported platforms for the buildables in the current scheme is empty.
{
"dependencies" : [
{
"identity" : "swift-docc-plugin",
"requirement" : {
"branch" : [
"main"
]
},
"type" : "sourceControl",
"url" : "https://github.com/swiftlang/swift-docc-plugin"
},
{
"identity" : "thrappture",
"requirement" : {
"branch" : [
"main"
]
},
"type" : "sourceControl",
"url" : "https://github.com/Catterwaul/Thrappture"
}
],
"manifest_display_name" : "Tuplé",
"name" : "Tuplé",
"path" : "/Users/admin/builder/spi-builder-workspace",
"platforms" : [
{
"name" : "ios",
"version" : "13.0"
},
{
"name" : "macos",
"version" : "10.15"
}
],
"products" : [
{
"name" : "Tuplé",
"targets" : [
"Tuplé"
],
"type" : {
"library" : [
"automatic"
]
}
}
],
"targets" : [
{
"c99name" : "Tuplé_Tests",
"module_type" : "SwiftTarget",
"name" : "Tuplé.Tests",
"path" : "Tests",
"sources" : [
"FunctionTests.swift",
"Methods/InstanceMethodTests.swift",
"Methods/TypeMethodTests.swift",
"PropertyTests.swift",
"SequenceTests.swift"
],
"target_dependencies" : [
"Tuplé"
],
"type" : "test"
},
{
"c99name" : "Tuplé",
"module_type" : "SwiftTarget",
"name" : "Tuplé",
"path" : "Sources",
"product_dependencies" : [
"Thrappture"
],
"product_memberships" : [
"Tuplé"
],
"sources" : [
"Extensions/Sequence.swift",
"Functions.swift",
"Methods/Instance Methods/Explicit-Count Overloads/map.swift",
"Methods/Instance Methods/Instance Methods.swift",
"Methods/Operators.swift",
"Methods/Type Methods.swift",
"Properties/Explicit-Count Overloads/prefix.swift",
"Properties/Explicit-Count Overloads/reversed.swift",
"Properties/Explicit-Count Overloads/suffix.swift",
"Properties/Explicit-Count Overloads/unlabeled.swift",
"Properties/Properties.swift",
"Type Aliases.swift"
],
"type" : "library"
}
],
"tools_version" : "6.0"
}
{
"workspace" : {
"name" : "Tuplé",
"schemes" : [
"Tuplé"
]
}
}
2026-09-20 21:01:34.551 xcodebuild[851:5258] [MT] IDERunDestination: Supported platforms for the buildables in the current scheme is empty.
Running build ...
env DEVELOPER_DIR=/Applications/Xcode-27.0.0-Release.Candidate.app xcrun xcodebuild -IDEClonedSourcePackagesDirPathOverride=$PWD/.dependencies -skipMacroValidation -skipPackagePluginValidation -derivedDataPath $PWD/.derivedData build -scheme Tuplé -destination generic/platform=watchOS
Command line invocation:
/Applications/Xcode-27.0.0-Release.Candidate.app/Contents/Developer/usr/bin/xcodebuild -IDEClonedSourcePackagesDirPathOverride=/Users/admin/builder/spi-builder-workspace/.dependencies -skipMacroValidation -skipPackagePluginValidation -derivedDataPath /Users/admin/builder/spi-builder-workspace/.derivedData build -scheme Tuplé -destination generic/platform=watchOS
Resolve Package Graph
Resolve Package Graph
Resolved source packages:
SymbolKit: https://github.com/swiftlang/swift-docc-symbolkit @ 1.0.0
Thrappture: https://github.com/Catterwaul/Thrappture @ main (cc102d9)
Tuplé: /Users/admin/builder/spi-builder-workspace
SwiftDocCPlugin: https://github.com/swiftlang/swift-docc-plugin @ main (647c708)
ComputePackagePrebuildTargetDependencyGraph
Prepare packages
CreateBuildRequest
SendProjectDescription
CreateBuildOperation
ComputeTargetDependencyGraph
note: Building targets in dependency order
note: Target dependency graph (4 targets)
Target 'Tuplé-product' in project 'Tuplé'
➜ Explicit dependency on target 'Tuplé' in project 'Tuplé'
➜ Explicit dependency on target 'Thrappture-product' in project 'Thrappture'
Target 'Tuplé' in project 'Tuplé'
➜ Explicit dependency on target 'Thrappture-product' in project 'Thrappture'
Target 'Thrappture-product' in project 'Thrappture'
➜ Explicit dependency on target 'Thrappture' in project 'Thrappture'
Target 'Thrappture' in project 'Thrappture' (no dependencies)
GatherProvisioningInputs
CreateBuildDescription
ExecuteExternalTool /Applications/Xcode-27.0.0-Release.Candidate.app/Contents/Developer/Toolchains/XcodeDefault.xctoolchain/usr/bin/clang -v -E -dM -isysroot /Applications/Xcode-27.0.0-Release.Candidate.app/Contents/Developer/Platforms/WatchOS.platform/Developer/SDKs/WatchOS27.0.sdk -x c -c /dev/null
ExecuteExternalTool /Applications/Xcode-27.0.0-Release.Candidate.app/Contents/Developer/Toolchains/XcodeDefault.xctoolchain/usr/bin/swiftc --version
ExecuteExternalTool /Applications/Xcode-27.0.0-Release.Candidate.app/Contents/Developer/Toolchains/XcodeDefault.xctoolchain/usr/bin/ld -version_details
ReadFileContents /Applications/Xcode-27.0.0-Release.Candidate.app/Contents/Developer/Toolchains/XcodeDefault.xctoolchain/usr/share/docc/features.json
Build description signature: 069d5647dc53d2c4622c0b18e5d9f78e
Build description path: /Users/admin/builder/spi-builder-workspace/.derivedData/Build/Intermediates.noindex/XCBuildData/069d5647dc53d2c4622c0b18e5d9f78e.xcbuilddata
CreateBuildDirectory /Users/admin/builder/spi-builder-workspace/.derivedData/SDKExplicitPrecompiledModules
cd /Users/admin/builder/spi-builder-workspace/.swiftpm/xcode
builtin-create-build-directory /Users/admin/builder/spi-builder-workspace/.derivedData/SDKExplicitPrecompiledModules
CreateBuildDirectory /Users/admin/builder/spi-builder-workspace/.derivedData/ModuleCache.noindex
cd /Users/admin/builder/spi-builder-workspace/.swiftpm/xcode
builtin-create-build-directory /Users/admin/builder/spi-builder-workspace/.derivedData/ModuleCache.noindex
CreateBuildDirectory /Users/admin/builder/spi-builder-workspace/.derivedData/CompilationCache.noindex
cd /Users/admin/builder/spi-builder-workspace/.swiftpm/xcode
builtin-create-build-directory /Users/admin/builder/spi-builder-workspace/.derivedData/CompilationCache.noindex
ClangStatCache /Applications/Xcode-27.0.0-Release.Candidate.app/Contents/Developer/Toolchains/XcodeDefault.xctoolchain/usr/bin/clang-stat-cache /Applications/Xcode-27.0.0-Release.Candidate.app/Contents/Developer/Platforms/WatchOS.platform/Developer/SDKs/WatchOS27.0.sdk /Users/admin/builder/spi-builder-workspace/.derivedData/SDKStatCaches.noindex/watchos27.0-24R360-e829b21a6f8c9b70876ba0858053c04477534ef55a1706bf4c1112bbb242f0a2.sdkstatcache
cd /Users/admin/builder/spi-builder-workspace/.swiftpm/xcode
/Applications/Xcode-27.0.0-Release.Candidate.app/Contents/Developer/Toolchains/XcodeDefault.xctoolchain/usr/bin/clang-stat-cache /Applications/Xcode-27.0.0-Release.Candidate.app/Contents/Developer/Platforms/WatchOS.platform/Developer/SDKs/WatchOS27.0.sdk -o /Users/admin/builder/spi-builder-workspace/.derivedData/SDKStatCaches.noindex/watchos27.0-24R360-e829b21a6f8c9b70876ba0858053c04477534ef55a1706bf4c1112bbb242f0a2.sdkstatcache
CreateBuildDirectory /Users/admin/builder/spi-builder-workspace/.derivedData/Build/Intermediates.noindex
cd /Users/admin/builder/spi-builder-workspace/.swiftpm/xcode
builtin-create-build-directory /Users/admin/builder/spi-builder-workspace/.derivedData/Build/Intermediates.noindex
CreateBuildDirectory /Users/admin/builder/spi-builder-workspace/.derivedData/Build/Products
cd /Users/admin/builder/spi-builder-workspace/.swiftpm/xcode
builtin-create-build-directory /Users/admin/builder/spi-builder-workspace/.derivedData/Build/Products
CreateBuildDirectory /Users/admin/builder/spi-builder-workspace/.derivedData/Build/Intermediates.noindex/SwiftExplicitPrecompiledModules
cd /Users/admin/builder/spi-builder-workspace/.swiftpm/xcode
builtin-create-build-directory /Users/admin/builder/spi-builder-workspace/.derivedData/Build/Intermediates.noindex/SwiftExplicitPrecompiledModules
CreateBuildDirectory /Users/admin/builder/spi-builder-workspace/.derivedData/Build/Intermediates.noindex/ExplicitPrecompiledModules
cd /Users/admin/builder/spi-builder-workspace/.swiftpm/xcode
builtin-create-build-directory /Users/admin/builder/spi-builder-workspace/.derivedData/Build/Intermediates.noindex/ExplicitPrecompiledModules
CreateBuildDirectory /Users/admin/builder/spi-builder-workspace/.derivedData/Build/Intermediates.noindex/PrecompiledHeaders
cd /Users/admin/builder/spi-builder-workspace/.swiftpm/xcode
builtin-create-build-directory /Users/admin/builder/spi-builder-workspace/.derivedData/Build/Intermediates.noindex/PrecompiledHeaders
CreateBuildDirectory /Users/admin/builder/spi-builder-workspace/.derivedData/Build/Intermediates.noindex/EagerLinkingTBDs/Debug-watchos
cd /Users/admin/builder/spi-builder-workspace/.swiftpm/xcode
builtin-create-build-directory /Users/admin/builder/spi-builder-workspace/.derivedData/Build/Intermediates.noindex/EagerLinkingTBDs/Debug-watchos
CreateBuildDirectory /Users/admin/builder/spi-builder-workspace/.derivedData/Build/Products/Debug-watchos
cd /Users/admin/builder/spi-builder-workspace/.swiftpm/xcode
builtin-create-build-directory /Users/admin/builder/spi-builder-workspace/.derivedData/Build/Products/Debug-watchos
CreateBuildDirectory /Users/admin/builder/spi-builder-workspace/.derivedData/Build/Products/Debug-watchos/PackageFrameworks
cd /Users/admin/builder/spi-builder-workspace/.swiftpm/xcode
builtin-create-build-directory /Users/admin/builder/spi-builder-workspace/.derivedData/Build/Products/Debug-watchos/PackageFrameworks
WriteAuxiliaryFile /Users/admin/builder/spi-builder-workspace/.derivedData/Build/Intermediates.noindex/Tuplé.build/Debug-watchos/Tuplé-t.build/Tuplé.DependencyStaticMetadataFileList (in target 'Tuplé' from project 'Tuplé')
cd /Users/admin/builder/spi-builder-workspace
write-file /Users/admin/builder/spi-builder-workspace/.derivedData/Build/Intermediates.noindex/Tuplé.build/Debug-watchos/Tuplé-t.build/Tuplé.DependencyStaticMetadataFileList
WriteAuxiliaryFile /Users/admin/builder/spi-builder-workspace/.derivedData/Build/Intermediates.noindex/Tuplé.build/Debug-watchos/Tuplé-t.build/Tuplé.modulemap (in target 'Tuplé' from project 'Tuplé')
cd /Users/admin/builder/spi-builder-workspace
write-file /Users/admin/builder/spi-builder-workspace/.derivedData/Build/Intermediates.noindex/Tuplé.build/Debug-watchos/Tuplé-t.build/Tuplé.modulemap
WriteAuxiliaryFile /Users/admin/builder/spi-builder-workspace/.derivedData/Build/Intermediates.noindex/Tuplé.build/Debug-watchos/Tuplé-t.build/Objects-normal/arm64_32/Tuplé_const_extract_protocols.json (in target 'Tuplé' from project 'Tuplé')
cd /Users/admin/builder/spi-builder-workspace
write-file /Users/admin/builder/spi-builder-workspace/.derivedData/Build/Intermediates.noindex/Tuplé.build/Debug-watchos/Tuplé-t.build/Objects-normal/arm64_32/Tuplé_const_extract_protocols.json
WriteAuxiliaryFile /Users/admin/builder/spi-builder-workspace/.derivedData/Build/Intermediates.noindex/Tuplé.build/Debug-watchos/Tuplé-t.build/Objects-normal/arm64_32/Tuplé-OutputFileMap.json (in target 'Tuplé' from project 'Tuplé')
cd /Users/admin/builder/spi-builder-workspace
write-file /Users/admin/builder/spi-builder-workspace/.derivedData/Build/Intermediates.noindex/Tuplé.build/Debug-watchos/Tuplé-t.build/Objects-normal/arm64_32/Tuplé-OutputFileMap.json
WriteAuxiliaryFile /Users/admin/builder/spi-builder-workspace/.derivedData/Build/Intermediates.noindex/Tuplé.build/Debug-watchos/Tuplé-t.build/Objects-normal/arm64_32/Tuplé.SwiftFileList (in target 'Tuplé' from project 'Tuplé')
cd /Users/admin/builder/spi-builder-workspace
write-file /Users/admin/builder/spi-builder-workspace/.derivedData/Build/Intermediates.noindex/Tuplé.build/Debug-watchos/Tuplé-t.build/Objects-normal/arm64_32/Tuplé.SwiftFileList
WriteAuxiliaryFile /Users/admin/builder/spi-builder-workspace/.derivedData/Build/Intermediates.noindex/Tuplé.build/Debug-watchos/Tuplé-t.build/Objects-normal/arm64_32/Tuplé.SwiftConstValuesFileList (in target 'Tuplé' from project 'Tuplé')
cd /Users/admin/builder/spi-builder-workspace
write-file /Users/admin/builder/spi-builder-workspace/.derivedData/Build/Intermediates.noindex/Tuplé.build/Debug-watchos/Tuplé-t.build/Objects-normal/arm64_32/Tuplé.SwiftConstValuesFileList
WriteAuxiliaryFile /Users/admin/builder/spi-builder-workspace/.derivedData/Build/Intermediates.noindex/Tuplé.build/Debug-watchos/Tuplé-t.build/Objects-normal/arm64/Tuplé_const_extract_protocols.json (in target 'Tuplé' from project 'Tuplé')
cd /Users/admin/builder/spi-builder-workspace
write-file /Users/admin/builder/spi-builder-workspace/.derivedData/Build/Intermediates.noindex/Tuplé.build/Debug-watchos/Tuplé-t.build/Objects-normal/arm64/Tuplé_const_extract_protocols.json
WriteAuxiliaryFile /Users/admin/builder/spi-builder-workspace/.derivedData/Build/Intermediates.noindex/Tuplé.build/Debug-watchos/Tuplé-t.build/Objects-normal/arm64/Tuplé-OutputFileMap.json (in target 'Tuplé' from project 'Tuplé')
cd /Users/admin/builder/spi-builder-workspace
write-file /Users/admin/builder/spi-builder-workspace/.derivedData/Build/Intermediates.noindex/Tuplé.build/Debug-watchos/Tuplé-t.build/Objects-normal/arm64/Tuplé-OutputFileMap.json
WriteAuxiliaryFile /Users/admin/builder/spi-builder-workspace/.derivedData/Build/Intermediates.noindex/Tuplé.build/Debug-watchos/Tuplé-t.build/Tuplé.DependencyMetadataFileList (in target 'Tuplé' from project 'Tuplé')
cd /Users/admin/builder/spi-builder-workspace
write-file /Users/admin/builder/spi-builder-workspace/.derivedData/Build/Intermediates.noindex/Tuplé.build/Debug-watchos/Tuplé-t.build/Tuplé.DependencyMetadataFileList
WriteAuxiliaryFile /Users/admin/builder/spi-builder-workspace/.derivedData/Build/Intermediates.noindex/Tuplé.build/Debug-watchos/Tuplé-t.build/Objects-normal/arm64_32/Tuplé.LinkFileList (in target 'Tuplé' from project 'Tuplé')
cd /Users/admin/builder/spi-builder-workspace
write-file /Users/admin/builder/spi-builder-workspace/.derivedData/Build/Intermediates.noindex/Tuplé.build/Debug-watchos/Tuplé-t.build/Objects-normal/arm64_32/Tuplé.LinkFileList
WriteAuxiliaryFile /Users/admin/builder/spi-builder-workspace/.derivedData/Build/Intermediates.noindex/Tuplé.build/Debug-watchos/Tuplé-t.build/Objects-normal/arm64/Tuplé.SwiftFileList (in target 'Tuplé' from project 'Tuplé')
cd /Users/admin/builder/spi-builder-workspace
write-file /Users/admin/builder/spi-builder-workspace/.derivedData/Build/Intermediates.noindex/Tuplé.build/Debug-watchos/Tuplé-t.build/Objects-normal/arm64/Tuplé.SwiftFileList
WriteAuxiliaryFile /Users/admin/builder/spi-builder-workspace/.derivedData/Build/Intermediates.noindex/Tuplé.build/Debug-watchos/Tuplé-t.build/Objects-normal/arm64/Tuplé.SwiftConstValuesFileList (in target 'Tuplé' from project 'Tuplé')
cd /Users/admin/builder/spi-builder-workspace
write-file /Users/admin/builder/spi-builder-workspace/.derivedData/Build/Intermediates.noindex/Tuplé.build/Debug-watchos/Tuplé-t.build/Objects-normal/arm64/Tuplé.SwiftConstValuesFileList
WriteAuxiliaryFile /Users/admin/builder/spi-builder-workspace/.derivedData/Build/Intermediates.noindex/Tuplé.build/Debug-watchos/Tuplé-t.build/Objects-normal/arm64/Tuplé.LinkFileList (in target 'Tuplé' from project 'Tuplé')
cd /Users/admin/builder/spi-builder-workspace
write-file /Users/admin/builder/spi-builder-workspace/.derivedData/Build/Intermediates.noindex/Tuplé.build/Debug-watchos/Tuplé-t.build/Objects-normal/arm64/Tuplé.LinkFileList
Copy /Users/admin/builder/spi-builder-workspace/.derivedData/Build/Intermediates.noindex/GeneratedModuleMaps-watchos/Tuplé.modulemap /Users/admin/builder/spi-builder-workspace/.derivedData/Build/Intermediates.noindex/Tuplé.build/Debug-watchos/Tuplé-t.build/Tuplé.modulemap (in target 'Tuplé' from project 'Tuplé')
cd /Users/admin/builder/spi-builder-workspace
builtin-copy -exclude .DS_Store -exclude CVS -exclude .svn -exclude .git -exclude .hg -resolve-src-symlinks /Users/admin/builder/spi-builder-workspace/.derivedData/Build/Intermediates.noindex/Tuplé.build/Debug-watchos/Tuplé-t.build/Tuplé.modulemap /Users/admin/builder/spi-builder-workspace/.derivedData/Build/Intermediates.noindex/GeneratedModuleMaps-watchos
WriteAuxiliaryFile /Users/admin/builder/spi-builder-workspace/.derivedData/Build/Intermediates.noindex/Thrappture.build/Debug-watchos/Thrappture-t.build/Thrappture.DependencyStaticMetadataFileList (in target 'Thrappture' from project 'Thrappture')
cd /Users/admin/builder/spi-builder-workspace/.dependencies/checkouts/Thrappture
write-file /Users/admin/builder/spi-builder-workspace/.derivedData/Build/Intermediates.noindex/Thrappture.build/Debug-watchos/Thrappture-t.build/Thrappture.DependencyStaticMetadataFileList
WriteAuxiliaryFile /Users/admin/builder/spi-builder-workspace/.derivedData/Build/Intermediates.noindex/Thrappture.build/Debug-watchos/Thrappture-t.build/Thrappture.modulemap (in target 'Thrappture' from project 'Thrappture')
cd /Users/admin/builder/spi-builder-workspace/.dependencies/checkouts/Thrappture
write-file /Users/admin/builder/spi-builder-workspace/.derivedData/Build/Intermediates.noindex/Thrappture.build/Debug-watchos/Thrappture-t.build/Thrappture.modulemap
WriteAuxiliaryFile /Users/admin/builder/spi-builder-workspace/.derivedData/Build/Intermediates.noindex/Thrappture.build/Debug-watchos/Thrappture-t.build/Thrappture.DependencyMetadataFileList (in target 'Thrappture' from project 'Thrappture')
cd /Users/admin/builder/spi-builder-workspace/.dependencies/checkouts/Thrappture
write-file /Users/admin/builder/spi-builder-workspace/.derivedData/Build/Intermediates.noindex/Thrappture.build/Debug-watchos/Thrappture-t.build/Thrappture.DependencyMetadataFileList
WriteAuxiliaryFile /Users/admin/builder/spi-builder-workspace/.derivedData/Build/Intermediates.noindex/Thrappture.build/Debug-watchos/Thrappture-t.build/Objects-normal/arm64_32/Thrappture_const_extract_protocols.json (in target 'Thrappture' from project 'Thrappture')
cd /Users/admin/builder/spi-builder-workspace/.dependencies/checkouts/Thrappture
write-file /Users/admin/builder/spi-builder-workspace/.derivedData/Build/Intermediates.noindex/Thrappture.build/Debug-watchos/Thrappture-t.build/Objects-normal/arm64_32/Thrappture_const_extract_protocols.json
WriteAuxiliaryFile /Users/admin/builder/spi-builder-workspace/.derivedData/Build/Intermediates.noindex/Thrappture.build/Debug-watchos/Thrappture-t.build/Objects-normal/arm64_32/Thrappture.SwiftFileList (in target 'Thrappture' from project 'Thrappture')
cd /Users/admin/builder/spi-builder-workspace/.dependencies/checkouts/Thrappture
write-file /Users/admin/builder/spi-builder-workspace/.derivedData/Build/Intermediates.noindex/Thrappture.build/Debug-watchos/Thrappture-t.build/Objects-normal/arm64_32/Thrappture.SwiftFileList
WriteAuxiliaryFile /Users/admin/builder/spi-builder-workspace/.derivedData/Build/Intermediates.noindex/Thrappture.build/Debug-watchos/Thrappture-t.build/Objects-normal/arm64_32/Thrappture.SwiftConstValuesFileList (in target 'Thrappture' from project 'Thrappture')
cd /Users/admin/builder/spi-builder-workspace/.dependencies/checkouts/Thrappture
write-file /Users/admin/builder/spi-builder-workspace/.derivedData/Build/Intermediates.noindex/Thrappture.build/Debug-watchos/Thrappture-t.build/Objects-normal/arm64_32/Thrappture.SwiftConstValuesFileList
WriteAuxiliaryFile /Users/admin/builder/spi-builder-workspace/.derivedData/Build/Intermediates.noindex/Thrappture.build/Debug-watchos/Thrappture-t.build/Objects-normal/arm64_32/Thrappture.LinkFileList (in target 'Thrappture' from project 'Thrappture')
cd /Users/admin/builder/spi-builder-workspace/.dependencies/checkouts/Thrappture
write-file /Users/admin/builder/spi-builder-workspace/.derivedData/Build/Intermediates.noindex/Thrappture.build/Debug-watchos/Thrappture-t.build/Objects-normal/arm64_32/Thrappture.LinkFileList
WriteAuxiliaryFile /Users/admin/builder/spi-builder-workspace/.derivedData/Build/Intermediates.noindex/Thrappture.build/Debug-watchos/Thrappture-t.build/Objects-normal/arm64_32/Thrappture-OutputFileMap.json (in target 'Thrappture' from project 'Thrappture')
cd /Users/admin/builder/spi-builder-workspace/.dependencies/checkouts/Thrappture
write-file /Users/admin/builder/spi-builder-workspace/.derivedData/Build/Intermediates.noindex/Thrappture.build/Debug-watchos/Thrappture-t.build/Objects-normal/arm64_32/Thrappture-OutputFileMap.json
WriteAuxiliaryFile /Users/admin/builder/spi-builder-workspace/.derivedData/Build/Intermediates.noindex/Thrappture.build/Debug-watchos/Thrappture-t.build/Objects-normal/arm64/Thrappture_const_extract_protocols.json (in target 'Thrappture' from project 'Thrappture')
cd /Users/admin/builder/spi-builder-workspace/.dependencies/checkouts/Thrappture
write-file /Users/admin/builder/spi-builder-workspace/.derivedData/Build/Intermediates.noindex/Thrappture.build/Debug-watchos/Thrappture-t.build/Objects-normal/arm64/Thrappture_const_extract_protocols.json
WriteAuxiliaryFile /Users/admin/builder/spi-builder-workspace/.derivedData/Build/Intermediates.noindex/Thrappture.build/Debug-watchos/Thrappture-t.build/Objects-normal/arm64/Thrappture.SwiftConstValuesFileList (in target 'Thrappture' from project 'Thrappture')
cd /Users/admin/builder/spi-builder-workspace/.dependencies/checkouts/Thrappture
write-file /Users/admin/builder/spi-builder-workspace/.derivedData/Build/Intermediates.noindex/Thrappture.build/Debug-watchos/Thrappture-t.build/Objects-normal/arm64/Thrappture.SwiftConstValuesFileList
WriteAuxiliaryFile /Users/admin/builder/spi-builder-workspace/.derivedData/Build/Intermediates.noindex/Thrappture.build/Debug-watchos/Thrappture-t.build/Objects-normal/arm64/Thrappture.SwiftFileList (in target 'Thrappture' from project 'Thrappture')
cd /Users/admin/builder/spi-builder-workspace/.dependencies/checkouts/Thrappture
write-file /Users/admin/builder/spi-builder-workspace/.derivedData/Build/Intermediates.noindex/Thrappture.build/Debug-watchos/Thrappture-t.build/Objects-normal/arm64/Thrappture.SwiftFileList
WriteAuxiliaryFile /Users/admin/builder/spi-builder-workspace/.derivedData/Build/Intermediates.noindex/Thrappture.build/Debug-watchos/Thrappture-t.build/Objects-normal/arm64/Thrappture.LinkFileList (in target 'Thrappture' from project 'Thrappture')
cd /Users/admin/builder/spi-builder-workspace/.dependencies/checkouts/Thrappture
write-file /Users/admin/builder/spi-builder-workspace/.derivedData/Build/Intermediates.noindex/Thrappture.build/Debug-watchos/Thrappture-t.build/Objects-normal/arm64/Thrappture.LinkFileList
WriteAuxiliaryFile /Users/admin/builder/spi-builder-workspace/.derivedData/Build/Intermediates.noindex/Thrappture.build/Debug-watchos/Thrappture-t.build/Objects-normal/arm64/Thrappture-OutputFileMap.json (in target 'Thrappture' from project 'Thrappture')
cd /Users/admin/builder/spi-builder-workspace/.dependencies/checkouts/Thrappture
write-file /Users/admin/builder/spi-builder-workspace/.derivedData/Build/Intermediates.noindex/Thrappture.build/Debug-watchos/Thrappture-t.build/Objects-normal/arm64/Thrappture-OutputFileMap.json
Copy /Users/admin/builder/spi-builder-workspace/.derivedData/Build/Intermediates.noindex/GeneratedModuleMaps-watchos/Thrappture.modulemap /Users/admin/builder/spi-builder-workspace/.derivedData/Build/Intermediates.noindex/Thrappture.build/Debug-watchos/Thrappture-t.build/Thrappture.modulemap (in target 'Thrappture' from project 'Thrappture')
cd /Users/admin/builder/spi-builder-workspace/.dependencies/checkouts/Thrappture
builtin-copy -exclude .DS_Store -exclude CVS -exclude .svn -exclude .git -exclude .hg -resolve-src-symlinks /Users/admin/builder/spi-builder-workspace/.derivedData/Build/Intermediates.noindex/Thrappture.build/Debug-watchos/Thrappture-t.build/Thrappture.modulemap /Users/admin/builder/spi-builder-workspace/.derivedData/Build/Intermediates.noindex/GeneratedModuleMaps-watchos
SwiftDriver Thrappture normal arm64_32 com.apple.xcode.tools.swift.compiler (in target 'Thrappture' from project 'Thrappture')
cd /Users/admin/builder/spi-builder-workspace/.swiftpm/xcode
builtin-SwiftDriver -- /Applications/Xcode-27.0.0-Release.Candidate.app/Contents/Developer/Toolchains/XcodeDefault.xctoolchain/usr/bin/swiftc -parse-as-library -module-name Thrappture -Onone @/Users/admin/builder/spi-builder-workspace/.derivedData/Build/Intermediates.noindex/Thrappture.build/Debug-watchos/Thrappture-t.build/Objects-normal/arm64_32/Thrappture.SwiftFileList -DSWIFT_PACKAGE -DDEBUG -DSWIFT_MODULE_RESOURCE_BUNDLE_UNAVAILABLE -DXcode -plugin-path /Applications/Xcode-27.0.0-Release.Candidate.app/Contents/Developer/Toolchains/XcodeDefault.xctoolchain/usr/lib/swift/host/plugins/testing -enable-experimental-feature DebugDescriptionMacro -sdk /Applications/Xcode-27.0.0-Release.Candidate.app/Contents/Developer/Platforms/WatchOS.platform/Developer/SDKs/WatchOS27.0.sdk -target arm64_32-apple-watchos9.0 -g -module-cache-path /Users/admin/builder/spi-builder-workspace/.derivedData/ModuleCache.noindex -Xfrontend -serialize-debugging-options -profile-coverage-mapping -profile-generate -enable-testing -suppress-warnings -index-store-path /Users/admin/builder/spi-builder-workspace/.derivedData/Index.noindex/DataStore -Xcc -D_LIBCPP_HARDENING_MODE\=_LIBCPP_HARDENING_MODE_DEBUG -swift-version 6 -I /Users/admin/builder/spi-builder-workspace/.derivedData/Build/Products/Debug-watchos -Isystem /Applications/Xcode-27.0.0-Release.Candidate.app/Contents/Developer/Platforms/WatchOS.platform/Developer/usr/lib -F /Users/admin/builder/spi-builder-workspace/.derivedData/Build/Products/Debug-watchos -F /Applications/Xcode-27.0.0-Release.Candidate.app/Contents/Developer/Platforms/WatchOS.platform/Developer/Library/Frameworks -F /Applications/Xcode-27.0.0-Release.Candidate.app/Contents/Developer/Platforms/WatchOS.platform/Developer/SDKs/WatchOS27.0.sdk/Developer/Library/Frameworks -c -j10 -enable-batch-mode -incremental -Xcc -ivfsstatcache -Xcc /Users/admin/builder/spi-builder-workspace/.derivedData/SDKStatCaches.noindex/watchos27.0-24R360-e829b21a6f8c9b70876ba0858053c04477534ef55a1706bf4c1112bbb242f0a2.sdkstatcache -output-file-map /Users/admin/builder/spi-builder-workspace/.derivedData/Build/Intermediates.noindex/Thrappture.build/Debug-watchos/Thrappture-t.build/Objects-normal/arm64_32/Thrappture-OutputFileMap.json -save-temps -no-color-diagnostics -explicit-module-build -module-cache-path /Users/admin/builder/spi-builder-workspace/.derivedData/Build/Intermediates.noindex/SwiftExplicitPrecompiledModules -clang-scanner-module-cache-path /Users/admin/builder/spi-builder-workspace/.derivedData/ModuleCache.noindex -sdk-module-cache-path /Users/admin/builder/spi-builder-workspace/.derivedData/SDKExplicitPrecompiledModules -emit-dependencies -emit-module -emit-module-path /Users/admin/builder/spi-builder-workspace/.derivedData/Build/Intermediates.noindex/Thrappture.build/Debug-watchos/Thrappture-t.build/Objects-normal/arm64_32/Thrappture.swiftmodule -serialize-diagnostics -dependency-scan-serialize-diagnostics-path /Users/admin/builder/spi-builder-workspace/.derivedData/Build/Intermediates.noindex/Thrappture.build/Debug-watchos/Thrappture-t.build/Objects-normal/arm64_32/Thrappture-dependency-scan.dia -validate-clang-modules-once -clang-build-session-file /Users/admin/builder/spi-builder-workspace/.derivedData/ModuleCache.noindex/Session.modulevalidation -Xcc -fmodules-prune-interval\=86400 -Xcc -fmodules-prune-after\=345600 -package-name thrappture -emit-const-values -const-gather-protocols-list /Users/admin/builder/spi-builder-workspace/.derivedData/Build/Intermediates.noindex/Thrappture.build/Debug-watchos/Thrappture-t.build/Objects-normal/arm64_32/Thrappture_const_extract_protocols.json -Xcc -I/Users/admin/builder/spi-builder-workspace/.derivedData/Build/Products/Debug-watchos/include -Xcc -I/Users/admin/builder/spi-builder-workspace/.derivedData/Build/Intermediates.noindex/Thrappture.build/Debug-watchos/Thrappture-t.build/DerivedSources-normal/arm64_32 -Xcc -I/Users/admin/builder/spi-builder-workspace/.derivedData/Build/Intermediates.noindex/Thrappture.build/Debug-watchos/Thrappture-t.build/DerivedSources/arm64_32 -Xcc -I/Users/admin/builder/spi-builder-workspace/.derivedData/Build/Intermediates.noindex/Thrappture.build/Debug-watchos/Thrappture-t.build/DerivedSources -Xcc -DSWIFT_PACKAGE -Xcc -DDEBUG\=1 -emit-objc-header -emit-objc-header-path /Users/admin/builder/spi-builder-workspace/.derivedData/Build/Intermediates.noindex/Thrappture.build/Debug-watchos/Thrappture-t.build/Objects-normal/arm64_32/Thrappture-Swift.h -working-directory /Users/admin/builder/spi-builder-workspace/.swiftpm/xcode -experimental-emit-module-separately -disable-cmo
SwiftDriver Thrappture normal arm64 com.apple.xcode.tools.swift.compiler (in target 'Thrappture' from project 'Thrappture')
cd /Users/admin/builder/spi-builder-workspace/.swiftpm/xcode
builtin-SwiftDriver -- /Applications/Xcode-27.0.0-Release.Candidate.app/Contents/Developer/Toolchains/XcodeDefault.xctoolchain/usr/bin/swiftc -parse-as-library -module-name Thrappture -Onone @/Users/admin/builder/spi-builder-workspace/.derivedData/Build/Intermediates.noindex/Thrappture.build/Debug-watchos/Thrappture-t.build/Objects-normal/arm64/Thrappture.SwiftFileList -DSWIFT_PACKAGE -DDEBUG -DSWIFT_MODULE_RESOURCE_BUNDLE_UNAVAILABLE -DXcode -plugin-path /Applications/Xcode-27.0.0-Release.Candidate.app/Contents/Developer/Toolchains/XcodeDefault.xctoolchain/usr/lib/swift/host/plugins/testing -enable-experimental-feature DebugDescriptionMacro -sdk /Applications/Xcode-27.0.0-Release.Candidate.app/Contents/Developer/Platforms/WatchOS.platform/Developer/SDKs/WatchOS27.0.sdk -target arm64-apple-watchos9.0 -g -module-cache-path /Users/admin/builder/spi-builder-workspace/.derivedData/ModuleCache.noindex -Xfrontend -serialize-debugging-options -profile-coverage-mapping -profile-generate -enable-testing -suppress-warnings -index-store-path /Users/admin/builder/spi-builder-workspace/.derivedData/Index.noindex/DataStore -Xcc -D_LIBCPP_HARDENING_MODE\=_LIBCPP_HARDENING_MODE_DEBUG -swift-version 6 -I /Users/admin/builder/spi-builder-workspace/.derivedData/Build/Products/Debug-watchos -Isystem /Applications/Xcode-27.0.0-Release.Candidate.app/Contents/Developer/Platforms/WatchOS.platform/Developer/usr/lib -F /Users/admin/builder/spi-builder-workspace/.derivedData/Build/Products/Debug-watchos -F /Applications/Xcode-27.0.0-Release.Candidate.app/Contents/Developer/Platforms/WatchOS.platform/Developer/Library/Frameworks -F /Applications/Xcode-27.0.0-Release.Candidate.app/Contents/Developer/Platforms/WatchOS.platform/Developer/SDKs/WatchOS27.0.sdk/Developer/Library/Frameworks -c -j10 -enable-batch-mode -incremental -Xcc -ivfsstatcache -Xcc /Users/admin/builder/spi-builder-workspace/.derivedData/SDKStatCaches.noindex/watchos27.0-24R360-e829b21a6f8c9b70876ba0858053c04477534ef55a1706bf4c1112bbb242f0a2.sdkstatcache -output-file-map /Users/admin/builder/spi-builder-workspace/.derivedData/Build/Intermediates.noindex/Thrappture.build/Debug-watchos/Thrappture-t.build/Objects-normal/arm64/Thrappture-OutputFileMap.json -save-temps -no-color-diagnostics -explicit-module-build -module-cache-path /Users/admin/builder/spi-builder-workspace/.derivedData/Build/Intermediates.noindex/SwiftExplicitPrecompiledModules -clang-scanner-module-cache-path /Users/admin/builder/spi-builder-workspace/.derivedData/ModuleCache.noindex -sdk-module-cache-path /Users/admin/builder/spi-builder-workspace/.derivedData/SDKExplicitPrecompiledModules -emit-dependencies -emit-module -emit-module-path /Users/admin/builder/spi-builder-workspace/.derivedData/Build/Intermediates.noindex/Thrappture.build/Debug-watchos/Thrappture-t.build/Objects-normal/arm64/Thrappture.swiftmodule -serialize-diagnostics -dependency-scan-serialize-diagnostics-path /Users/admin/builder/spi-builder-workspace/.derivedData/Build/Intermediates.noindex/Thrappture.build/Debug-watchos/Thrappture-t.build/Objects-normal/arm64/Thrappture-dependency-scan.dia -validate-clang-modules-once -clang-build-session-file /Users/admin/builder/spi-builder-workspace/.derivedData/ModuleCache.noindex/Session.modulevalidation -Xcc -fmodules-prune-interval\=86400 -Xcc -fmodules-prune-after\=345600 -package-name thrappture -emit-const-values -const-gather-protocols-list /Users/admin/builder/spi-builder-workspace/.derivedData/Build/Intermediates.noindex/Thrappture.build/Debug-watchos/Thrappture-t.build/Objects-normal/arm64/Thrappture_const_extract_protocols.json -Xcc -I/Users/admin/builder/spi-builder-workspace/.derivedData/Build/Products/Debug-watchos/include -Xcc -I/Users/admin/builder/spi-builder-workspace/.derivedData/Build/Intermediates.noindex/Thrappture.build/Debug-watchos/Thrappture-t.build/DerivedSources-normal/arm64 -Xcc -I/Users/admin/builder/spi-builder-workspace/.derivedData/Build/Intermediates.noindex/Thrappture.build/Debug-watchos/Thrappture-t.build/DerivedSources/arm64 -Xcc -I/Users/admin/builder/spi-builder-workspace/.derivedData/Build/Intermediates.noindex/Thrappture.build/Debug-watchos/Thrappture-t.build/DerivedSources -Xcc -DSWIFT_PACKAGE -Xcc -DDEBUG\=1 -emit-objc-header -emit-objc-header-path /Users/admin/builder/spi-builder-workspace/.derivedData/Build/Intermediates.noindex/Thrappture.build/Debug-watchos/Thrappture-t.build/Objects-normal/arm64/Thrappture-Swift.h -working-directory /Users/admin/builder/spi-builder-workspace/.swiftpm/xcode -experimental-emit-module-separately -disable-cmo
SwiftExplicitDependencyGeneratePcm arm64 /Users/admin/builder/spi-builder-workspace/.derivedData/SDKExplicitPrecompiledModules/SwiftShims-AJ4AZYHQNC33R5RLN7AGEIOMP.pcm
SwiftExplicitDependencyGeneratePcm arm64_32 /Users/admin/builder/spi-builder-workspace/.derivedData/SDKExplicitPrecompiledModules/_SwiftConcurrencyShims-58G4ISYSYDV3AT1DDGEE0QCUF.pcm
SwiftExplicitDependencyGeneratePcm arm64_32 /Users/admin/builder/spi-builder-workspace/.derivedData/SDKExplicitPrecompiledModules/SwiftShims-D9VBB138U50XYYGW2C2V21N3L.pcm
SwiftExplicitDependencyGeneratePcm arm64 /Users/admin/builder/spi-builder-workspace/.derivedData/SDKExplicitPrecompiledModules/_SwiftConcurrencyShims-CTPSFSTDCBVSSQFHL6I305U72.pcm
SwiftCompile normal arm64_32 Compiling\ Result.swift /Users/admin/builder/spi-builder-workspace/.dependencies/checkouts/Thrappture/Sources/Result.swift (in target 'Thrappture' from project 'Thrappture')
SwiftCompile normal arm64_32 /Users/admin/builder/spi-builder-workspace/.dependencies/checkouts/Thrappture/Sources/Result.swift (in target 'Thrappture' from project 'Thrappture')
cd /Users/admin/builder/spi-builder-workspace/.swiftpm/xcode
builtin-SwiftPerFileCompile Result.swift
SwiftEmitModule normal arm64_32 Emitting\ module\ for\ Thrappture (in target 'Thrappture' from project 'Thrappture')
SwiftCompile normal arm64_32 (in target 'Thrappture' from project 'Thrappture')
cd /Users/admin/builder/spi-builder-workspace/.swiftpm/xcode
SwiftCompile normal arm64_32 Compiling\ ThrowingPropertyWrapper.swift /Users/admin/builder/spi-builder-workspace/.dependencies/checkouts/Thrappture/Sources/ThrowingPropertyWrapper.swift (in target 'Thrappture' from project 'Thrappture')
SwiftCompile normal arm64_32 /Users/admin/builder/spi-builder-workspace/.dependencies/checkouts/Thrappture/Sources/ThrowingPropertyWrapper.swift (in target 'Thrappture' from project 'Thrappture')
cd /Users/admin/builder/spi-builder-workspace/.swiftpm/xcode
builtin-SwiftPerFileCompile ThrowingPropertyWrapper.swift
SwiftCompile normal arm64_32 Compiling\ Optional.Nil.swift /Users/admin/builder/spi-builder-workspace/.dependencies/checkouts/Thrappture/Sources/Optional/Optional.Nil.swift (in target 'Thrappture' from project 'Thrappture')
SwiftCompile normal arm64_32 /Users/admin/builder/spi-builder-workspace/.dependencies/checkouts/Thrappture/Sources/Optional/Optional.Nil.swift (in target 'Thrappture' from project 'Thrappture')
cd /Users/admin/builder/spi-builder-workspace/.swiftpm/xcode
builtin-SwiftPerFileCompile Optional.Nil.swift
SwiftCompile normal arm64_32 Compiling\ Optional.swift /Users/admin/builder/spi-builder-workspace/.dependencies/checkouts/Thrappture/Sources/Optional/Optional.swift (in target 'Thrappture' from project 'Thrappture')
SwiftCompile normal arm64_32 /Users/admin/builder/spi-builder-workspace/.dependencies/checkouts/Thrappture/Sources/Optional/Optional.swift (in target 'Thrappture' from project 'Thrappture')
cd /Users/admin/builder/spi-builder-workspace/.swiftpm/xcode
builtin-SwiftPerFileCompile Optional.swift
SwiftCompile normal arm64 Compiling\ Optional.Nil.swift /Users/admin/builder/spi-builder-workspace/.dependencies/checkouts/Thrappture/Sources/Optional/Optional.Nil.swift (in target 'Thrappture' from project 'Thrappture')
SwiftCompile normal arm64 /Users/admin/builder/spi-builder-workspace/.dependencies/checkouts/Thrappture/Sources/Optional/Optional.Nil.swift (in target 'Thrappture' from project 'Thrappture')
cd /Users/admin/builder/spi-builder-workspace/.swiftpm/xcode
builtin-SwiftPerFileCompile Optional.Nil.swift
SwiftCompile normal arm64 Compiling\ Optional.swift /Users/admin/builder/spi-builder-workspace/.dependencies/checkouts/Thrappture/Sources/Optional/Optional.swift (in target 'Thrappture' from project 'Thrappture')
SwiftCompile normal arm64 /Users/admin/builder/spi-builder-workspace/.dependencies/checkouts/Thrappture/Sources/Optional/Optional.swift (in target 'Thrappture' from project 'Thrappture')
cd /Users/admin/builder/spi-builder-workspace/.swiftpm/xcode
builtin-SwiftPerFileCompile Optional.swift
SwiftEmitModule normal arm64 Emitting\ module\ for\ Thrappture (in target 'Thrappture' from project 'Thrappture')
SwiftCompile normal arm64 (in target 'Thrappture' from project 'Thrappture')
cd /Users/admin/builder/spi-builder-workspace/.swiftpm/xcode
SwiftCompile normal arm64 Compiling\ Result.swift /Users/admin/builder/spi-builder-workspace/.dependencies/checkouts/Thrappture/Sources/Result.swift (in target 'Thrappture' from project 'Thrappture')
SwiftCompile normal arm64 /Users/admin/builder/spi-builder-workspace/.dependencies/checkouts/Thrappture/Sources/Result.swift (in target 'Thrappture' from project 'Thrappture')
cd /Users/admin/builder/spi-builder-workspace/.swiftpm/xcode
builtin-SwiftPerFileCompile Result.swift
SwiftCompile normal arm64 Compiling\ ThrowingPropertyWrapper.swift /Users/admin/builder/spi-builder-workspace/.dependencies/checkouts/Thrappture/Sources/ThrowingPropertyWrapper.swift (in target 'Thrappture' from project 'Thrappture')
SwiftCompile normal arm64 /Users/admin/builder/spi-builder-workspace/.dependencies/checkouts/Thrappture/Sources/ThrowingPropertyWrapper.swift (in target 'Thrappture' from project 'Thrappture')
cd /Users/admin/builder/spi-builder-workspace/.swiftpm/xcode
builtin-SwiftPerFileCompile ThrowingPropertyWrapper.swift
SwiftDriverJobDiscovery normal arm64_32 Emitting module for Thrappture (in target 'Thrappture' from project 'Thrappture')
SwiftDriverJobDiscovery normal arm64 Emitting module for Thrappture (in target 'Thrappture' from project 'Thrappture')
SwiftDriver\ Compilation\ Requirements Thrappture normal arm64_32 com.apple.xcode.tools.swift.compiler (in target 'Thrappture' from project 'Thrappture')
cd /Users/admin/builder/spi-builder-workspace/.swiftpm/xcode
builtin-Swift-Compilation-Requirements -- /Applications/Xcode-27.0.0-Release.Candidate.app/Contents/Developer/Toolchains/XcodeDefault.xctoolchain/usr/bin/swiftc -parse-as-library -module-name Thrappture -Onone @/Users/admin/builder/spi-builder-workspace/.derivedData/Build/Intermediates.noindex/Thrappture.build/Debug-watchos/Thrappture-t.build/Objects-normal/arm64_32/Thrappture.SwiftFileList -DSWIFT_PACKAGE -DDEBUG -DSWIFT_MODULE_RESOURCE_BUNDLE_UNAVAILABLE -DXcode -plugin-path /Applications/Xcode-27.0.0-Release.Candidate.app/Contents/Developer/Toolchains/XcodeDefault.xctoolchain/usr/lib/swift/host/plugins/testing -enable-experimental-feature DebugDescriptionMacro -sdk /Applications/Xcode-27.0.0-Release.Candidate.app/Contents/Developer/Platforms/WatchOS.platform/Developer/SDKs/WatchOS27.0.sdk -target arm64_32-apple-watchos9.0 -g -module-cache-path /Users/admin/builder/spi-builder-workspace/.derivedData/ModuleCache.noindex -Xfrontend -serialize-debugging-options -profile-coverage-mapping -profile-generate -enable-testing -suppress-warnings -index-store-path /Users/admin/builder/spi-builder-workspace/.derivedData/Index.noindex/DataStore -Xcc -D_LIBCPP_HARDENING_MODE\=_LIBCPP_HARDENING_MODE_DEBUG -swift-version 6 -I /Users/admin/builder/spi-builder-workspace/.derivedData/Build/Products/Debug-watchos -Isystem /Applications/Xcode-27.0.0-Release.Candidate.app/Contents/Developer/Platforms/WatchOS.platform/Developer/usr/lib -F /Users/admin/builder/spi-builder-workspace/.derivedData/Build/Products/Debug-watchos -F /Applications/Xcode-27.0.0-Release.Candidate.app/Contents/Developer/Platforms/WatchOS.platform/Developer/Library/Frameworks -F /Applications/Xcode-27.0.0-Release.Candidate.app/Contents/Developer/Platforms/WatchOS.platform/Developer/SDKs/WatchOS27.0.sdk/Developer/Library/Frameworks -c -j10 -enable-batch-mode -incremental -Xcc -ivfsstatcache -Xcc /Users/admin/builder/spi-builder-workspace/.derivedData/SDKStatCaches.noindex/watchos27.0-24R360-e829b21a6f8c9b70876ba0858053c04477534ef55a1706bf4c1112bbb242f0a2.sdkstatcache -output-file-map /Users/admin/builder/spi-builder-workspace/.derivedData/Build/Intermediates.noindex/Thrappture.build/Debug-watchos/Thrappture-t.build/Objects-normal/arm64_32/Thrappture-OutputFileMap.json -save-temps -no-color-diagnostics -explicit-module-build -module-cache-path /Users/admin/builder/spi-builder-workspace/.derivedData/Build/Intermediates.noindex/SwiftExplicitPrecompiledModules -clang-scanner-module-cache-path /Users/admin/builder/spi-builder-workspace/.derivedData/ModuleCache.noindex -sdk-module-cache-path /Users/admin/builder/spi-builder-workspace/.derivedData/SDKExplicitPrecompiledModules -emit-dependencies -emit-module -emit-module-path /Users/admin/builder/spi-builder-workspace/.derivedData/Build/Intermediates.noindex/Thrappture.build/Debug-watchos/Thrappture-t.build/Objects-normal/arm64_32/Thrappture.swiftmodule -serialize-diagnostics -dependency-scan-serialize-diagnostics-path /Users/admin/builder/spi-builder-workspace/.derivedData/Build/Intermediates.noindex/Thrappture.build/Debug-watchos/Thrappture-t.build/Objects-normal/arm64_32/Thrappture-dependency-scan.dia -validate-clang-modules-once -clang-build-session-file /Users/admin/builder/spi-builder-workspace/.derivedData/ModuleCache.noindex/Session.modulevalidation -Xcc -fmodules-prune-interval\=86400 -Xcc -fmodules-prune-after\=345600 -package-name thrappture -emit-const-values -const-gather-protocols-list /Users/admin/builder/spi-builder-workspace/.derivedData/Build/Intermediates.noindex/Thrappture.build/Debug-watchos/Thrappture-t.build/Objects-normal/arm64_32/Thrappture_const_extract_protocols.json -Xcc -I/Users/admin/builder/spi-builder-workspace/.derivedData/Build/Products/Debug-watchos/include -Xcc -I/Users/admin/builder/spi-builder-workspace/.derivedData/Build/Intermediates.noindex/Thrappture.build/Debug-watchos/Thrappture-t.build/DerivedSources-normal/arm64_32 -Xcc -I/Users/admin/builder/spi-builder-workspace/.derivedData/Build/Intermediates.noindex/Thrappture.build/Debug-watchos/Thrappture-t.build/DerivedSources/arm64_32 -Xcc -I/Users/admin/builder/spi-builder-workspace/.derivedData/Build/Intermediates.noindex/Thrappture.build/Debug-watchos/Thrappture-t.build/DerivedSources -Xcc -DSWIFT_PACKAGE -Xcc -DDEBUG\=1 -emit-objc-header -emit-objc-header-path /Users/admin/builder/spi-builder-workspace/.derivedData/Build/Intermediates.noindex/Thrappture.build/Debug-watchos/Thrappture-t.build/Objects-normal/arm64_32/Thrappture-Swift.h -working-directory /Users/admin/builder/spi-builder-workspace/.swiftpm/xcode -experimental-emit-module-separately -disable-cmo
SwiftDriver\ Compilation\ Requirements Thrappture normal arm64 com.apple.xcode.tools.swift.compiler (in target 'Thrappture' from project 'Thrappture')
cd /Users/admin/builder/spi-builder-workspace/.swiftpm/xcode
builtin-Swift-Compilation-Requirements -- /Applications/Xcode-27.0.0-Release.Candidate.app/Contents/Developer/Toolchains/XcodeDefault.xctoolchain/usr/bin/swiftc -parse-as-library -module-name Thrappture -Onone @/Users/admin/builder/spi-builder-workspace/.derivedData/Build/Intermediates.noindex/Thrappture.build/Debug-watchos/Thrappture-t.build/Objects-normal/arm64/Thrappture.SwiftFileList -DSWIFT_PACKAGE -DDEBUG -DSWIFT_MODULE_RESOURCE_BUNDLE_UNAVAILABLE -DXcode -plugin-path /Applications/Xcode-27.0.0-Release.Candidate.app/Contents/Developer/Toolchains/XcodeDefault.xctoolchain/usr/lib/swift/host/plugins/testing -enable-experimental-feature DebugDescriptionMacro -sdk /Applications/Xcode-27.0.0-Release.Candidate.app/Contents/Developer/Platforms/WatchOS.platform/Developer/SDKs/WatchOS27.0.sdk -target arm64-apple-watchos9.0 -g -module-cache-path /Users/admin/builder/spi-builder-workspace/.derivedData/ModuleCache.noindex -Xfrontend -serialize-debugging-options -profile-coverage-mapping -profile-generate -enable-testing -suppress-warnings -index-store-path /Users/admin/builder/spi-builder-workspace/.derivedData/Index.noindex/DataStore -Xcc -D_LIBCPP_HARDENING_MODE\=_LIBCPP_HARDENING_MODE_DEBUG -swift-version 6 -I /Users/admin/builder/spi-builder-workspace/.derivedData/Build/Products/Debug-watchos -Isystem /Applications/Xcode-27.0.0-Release.Candidate.app/Contents/Developer/Platforms/WatchOS.platform/Developer/usr/lib -F /Users/admin/builder/spi-builder-workspace/.derivedData/Build/Products/Debug-watchos -F /Applications/Xcode-27.0.0-Release.Candidate.app/Contents/Developer/Platforms/WatchOS.platform/Developer/Library/Frameworks -F /Applications/Xcode-27.0.0-Release.Candidate.app/Contents/Developer/Platforms/WatchOS.platform/Developer/SDKs/WatchOS27.0.sdk/Developer/Library/Frameworks -c -j10 -enable-batch-mode -incremental -Xcc -ivfsstatcache -Xcc /Users/admin/builder/spi-builder-workspace/.derivedData/SDKStatCaches.noindex/watchos27.0-24R360-e829b21a6f8c9b70876ba0858053c04477534ef55a1706bf4c1112bbb242f0a2.sdkstatcache -output-file-map /Users/admin/builder/spi-builder-workspace/.derivedData/Build/Intermediates.noindex/Thrappture.build/Debug-watchos/Thrappture-t.build/Objects-normal/arm64/Thrappture-OutputFileMap.json -save-temps -no-color-diagnostics -explicit-module-build -module-cache-path /Users/admin/builder/spi-builder-workspace/.derivedData/Build/Intermediates.noindex/SwiftExplicitPrecompiledModules -clang-scanner-module-cache-path /Users/admin/builder/spi-builder-workspace/.derivedData/ModuleCache.noindex -sdk-module-cache-path /Users/admin/builder/spi-builder-workspace/.derivedData/SDKExplicitPrecompiledModules -emit-dependencies -emit-module -emit-module-path /Users/admin/builder/spi-builder-workspace/.derivedData/Build/Intermediates.noindex/Thrappture.build/Debug-watchos/Thrappture-t.build/Objects-normal/arm64/Thrappture.swiftmodule -serialize-diagnostics -dependency-scan-serialize-diagnostics-path /Users/admin/builder/spi-builder-workspace/.derivedData/Build/Intermediates.noindex/Thrappture.build/Debug-watchos/Thrappture-t.build/Objects-normal/arm64/Thrappture-dependency-scan.dia -validate-clang-modules-once -clang-build-session-file /Users/admin/builder/spi-builder-workspace/.derivedData/ModuleCache.noindex/Session.modulevalidation -Xcc -fmodules-prune-interval\=86400 -Xcc -fmodules-prune-after\=345600 -package-name thrappture -emit-const-values -const-gather-protocols-list /Users/admin/builder/spi-builder-workspace/.derivedData/Build/Intermediates.noindex/Thrappture.build/Debug-watchos/Thrappture-t.build/Objects-normal/arm64/Thrappture_const_extract_protocols.json -Xcc -I/Users/admin/builder/spi-builder-workspace/.derivedData/Build/Products/Debug-watchos/include -Xcc -I/Users/admin/builder/spi-builder-workspace/.derivedData/Build/Intermediates.noindex/Thrappture.build/Debug-watchos/Thrappture-t.build/DerivedSources-normal/arm64 -Xcc -I/Users/admin/builder/spi-builder-workspace/.derivedData/Build/Intermediates.noindex/Thrappture.build/Debug-watchos/Thrappture-t.build/DerivedSources/arm64 -Xcc -I/Users/admin/builder/spi-builder-workspace/.derivedData/Build/Intermediates.noindex/Thrappture.build/Debug-watchos/Thrappture-t.build/DerivedSources -Xcc -DSWIFT_PACKAGE -Xcc -DDEBUG\=1 -emit-objc-header -emit-objc-header-path /Users/admin/builder/spi-builder-workspace/.derivedData/Build/Intermediates.noindex/Thrappture.build/Debug-watchos/Thrappture-t.build/Objects-normal/arm64/Thrappture-Swift.h -working-directory /Users/admin/builder/spi-builder-workspace/.swiftpm/xcode -experimental-emit-module-separately -disable-cmo
Copy /Users/admin/builder/spi-builder-workspace/.derivedData/Build/Products/Debug-watchos/Thrappture.swiftmodule/arm64_32-apple-watchos.swiftmodule /Users/admin/builder/spi-builder-workspace/.derivedData/Build/Intermediates.noindex/Thrappture.build/Debug-watchos/Thrappture-t.build/Objects-normal/arm64_32/Thrappture.swiftmodule (in target 'Thrappture' from project 'Thrappture')
cd /Users/admin/builder/spi-builder-workspace/.dependencies/checkouts/Thrappture
builtin-copy -exclude .DS_Store -exclude CVS -exclude .svn -exclude .git -exclude .hg -resolve-src-symlinks -rename /Users/admin/builder/spi-builder-workspace/.derivedData/Build/Intermediates.noindex/Thrappture.build/Debug-watchos/Thrappture-t.build/Objects-normal/arm64_32/Thrappture.swiftmodule /Users/admin/builder/spi-builder-workspace/.derivedData/Build/Products/Debug-watchos/Thrappture.swiftmodule/arm64_32-apple-watchos.swiftmodule
Copy /Users/admin/builder/spi-builder-workspace/.derivedData/Build/Products/Debug-watchos/Thrappture.swiftmodule/arm64_32-apple-watchos.swiftdoc /Users/admin/builder/spi-builder-workspace/.derivedData/Build/Intermediates.noindex/Thrappture.build/Debug-watchos/Thrappture-t.build/Objects-normal/arm64_32/Thrappture.swiftdoc (in target 'Thrappture' from project 'Thrappture')
cd /Users/admin/builder/spi-builder-workspace/.dependencies/checkouts/Thrappture
builtin-copy -exclude .DS_Store -exclude CVS -exclude .svn -exclude .git -exclude .hg -resolve-src-symlinks -rename /Users/admin/builder/spi-builder-workspace/.derivedData/Build/Intermediates.noindex/Thrappture.build/Debug-watchos/Thrappture-t.build/Objects-normal/arm64_32/Thrappture.swiftdoc /Users/admin/builder/spi-builder-workspace/.derivedData/Build/Products/Debug-watchos/Thrappture.swiftmodule/arm64_32-apple-watchos.swiftdoc
SwiftMergeGeneratedHeaders /Users/admin/builder/spi-builder-workspace/.derivedData/Build/Intermediates.noindex/GeneratedModuleMaps-watchos/Thrappture-Swift.h /Users/admin/builder/spi-builder-workspace/.derivedData/Build/Intermediates.noindex/Thrappture.build/Debug-watchos/Thrappture-t.build/Objects-normal/arm64/Thrappture-Swift.h /Users/admin/builder/spi-builder-workspace/.derivedData/Build/Intermediates.noindex/Thrappture.build/Debug-watchos/Thrappture-t.build/Objects-normal/arm64_32/Thrappture-Swift.h (in target 'Thrappture' from project 'Thrappture')
cd /Users/admin/builder/spi-builder-workspace/.dependencies/checkouts/Thrappture
builtin-swiftHeaderTool -arch arm64 /Users/admin/builder/spi-builder-workspace/.derivedData/Build/Intermediates.noindex/Thrappture.build/Debug-watchos/Thrappture-t.build/Objects-normal/arm64/Thrappture-Swift.h -arch arm64_32 /Users/admin/builder/spi-builder-workspace/.derivedData/Build/Intermediates.noindex/Thrappture.build/Debug-watchos/Thrappture-t.build/Objects-normal/arm64_32/Thrappture-Swift.h -o /Users/admin/builder/spi-builder-workspace/.derivedData/Build/Intermediates.noindex/GeneratedModuleMaps-watchos/Thrappture-Swift.h
Copy /Users/admin/builder/spi-builder-workspace/.derivedData/Build/Products/Debug-watchos/Thrappture.swiftmodule/arm64_32-apple-watchos.abi.json /Users/admin/builder/spi-builder-workspace/.derivedData/Build/Intermediates.noindex/Thrappture.build/Debug-watchos/Thrappture-t.build/Objects-normal/arm64_32/Thrappture.abi.json (in target 'Thrappture' from project 'Thrappture')
cd /Users/admin/builder/spi-builder-workspace/.dependencies/checkouts/Thrappture
builtin-copy -exclude .DS_Store -exclude CVS -exclude .svn -exclude .git -exclude .hg -resolve-src-symlinks -rename /Users/admin/builder/spi-builder-workspace/.derivedData/Build/Intermediates.noindex/Thrappture.build/Debug-watchos/Thrappture-t.build/Objects-normal/arm64_32/Thrappture.abi.json /Users/admin/builder/spi-builder-workspace/.derivedData/Build/Products/Debug-watchos/Thrappture.swiftmodule/arm64_32-apple-watchos.abi.json
Copy /Users/admin/builder/spi-builder-workspace/.derivedData/Build/Products/Debug-watchos/Thrappture.swiftmodule/arm64-apple-watchos.swiftmodule /Users/admin/builder/spi-builder-workspace/.derivedData/Build/Intermediates.noindex/Thrappture.build/Debug-watchos/Thrappture-t.build/Objects-normal/arm64/Thrappture.swiftmodule (in target 'Thrappture' from project 'Thrappture')
cd /Users/admin/builder/spi-builder-workspace/.dependencies/checkouts/Thrappture
builtin-copy -exclude .DS_Store -exclude CVS -exclude .svn -exclude .git -exclude .hg -resolve-src-symlinks -rename /Users/admin/builder/spi-builder-workspace/.derivedData/Build/Intermediates.noindex/Thrappture.build/Debug-watchos/Thrappture-t.build/Objects-normal/arm64/Thrappture.swiftmodule /Users/admin/builder/spi-builder-workspace/.derivedData/Build/Products/Debug-watchos/Thrappture.swiftmodule/arm64-apple-watchos.swiftmodule
Copy /Users/admin/builder/spi-builder-workspace/.derivedData/Build/Products/Debug-watchos/Thrappture.swiftmodule/arm64-apple-watchos.swiftdoc /Users/admin/builder/spi-builder-workspace/.derivedData/Build/Intermediates.noindex/Thrappture.build/Debug-watchos/Thrappture-t.build/Objects-normal/arm64/Thrappture.swiftdoc (in target 'Thrappture' from project 'Thrappture')
cd /Users/admin/builder/spi-builder-workspace/.dependencies/checkouts/Thrappture
builtin-copy -exclude .DS_Store -exclude CVS -exclude .svn -exclude .git -exclude .hg -resolve-src-symlinks -rename /Users/admin/builder/spi-builder-workspace/.derivedData/Build/Intermediates.noindex/Thrappture.build/Debug-watchos/Thrappture-t.build/Objects-normal/arm64/Thrappture.swiftdoc /Users/admin/builder/spi-builder-workspace/.derivedData/Build/Products/Debug-watchos/Thrappture.swiftmodule/arm64-apple-watchos.swiftdoc
Copy /Users/admin/builder/spi-builder-workspace/.derivedData/Build/Products/Debug-watchos/Thrappture.swiftmodule/arm64-apple-watchos.abi.json /Users/admin/builder/spi-builder-workspace/.derivedData/Build/Intermediates.noindex/Thrappture.build/Debug-watchos/Thrappture-t.build/Objects-normal/arm64/Thrappture.abi.json (in target 'Thrappture' from project 'Thrappture')
cd /Users/admin/builder/spi-builder-workspace/.dependencies/checkouts/Thrappture
builtin-copy -exclude .DS_Store -exclude CVS -exclude .svn -exclude .git -exclude .hg -resolve-src-symlinks -rename /Users/admin/builder/spi-builder-workspace/.derivedData/Build/Intermediates.noindex/Thrappture.build/Debug-watchos/Thrappture-t.build/Objects-normal/arm64/Thrappture.abi.json /Users/admin/builder/spi-builder-workspace/.derivedData/Build/Products/Debug-watchos/Thrappture.swiftmodule/arm64-apple-watchos.abi.json
Copy /Users/admin/builder/spi-builder-workspace/.derivedData/Build/Products/Debug-watchos/Thrappture.swiftmodule/Project/arm64_32-apple-watchos.swiftsourceinfo /Users/admin/builder/spi-builder-workspace/.derivedData/Build/Intermediates.noindex/Thrappture.build/Debug-watchos/Thrappture-t.build/Objects-normal/arm64_32/Thrappture.swiftsourceinfo (in target 'Thrappture' from project 'Thrappture')
cd /Users/admin/builder/spi-builder-workspace/.dependencies/checkouts/Thrappture
builtin-copy -exclude .DS_Store -exclude CVS -exclude .svn -exclude .git -exclude .hg -resolve-src-symlinks -rename /Users/admin/builder/spi-builder-workspace/.derivedData/Build/Intermediates.noindex/Thrappture.build/Debug-watchos/Thrappture-t.build/Objects-normal/arm64_32/Thrappture.swiftsourceinfo /Users/admin/builder/spi-builder-workspace/.derivedData/Build/Products/Debug-watchos/Thrappture.swiftmodule/Project/arm64_32-apple-watchos.swiftsourceinfo
Copy /Users/admin/builder/spi-builder-workspace/.derivedData/Build/Products/Debug-watchos/Thrappture.swiftmodule/Project/arm64-apple-watchos.swiftsourceinfo /Users/admin/builder/spi-builder-workspace/.derivedData/Build/Intermediates.noindex/Thrappture.build/Debug-watchos/Thrappture-t.build/Objects-normal/arm64/Thrappture.swiftsourceinfo (in target 'Thrappture' from project 'Thrappture')
cd /Users/admin/builder/spi-builder-workspace/.dependencies/checkouts/Thrappture
builtin-copy -exclude .DS_Store -exclude CVS -exclude .svn -exclude .git -exclude .hg -resolve-src-symlinks -rename /Users/admin/builder/spi-builder-workspace/.derivedData/Build/Intermediates.noindex/Thrappture.build/Debug-watchos/Thrappture-t.build/Objects-normal/arm64/Thrappture.swiftsourceinfo /Users/admin/builder/spi-builder-workspace/.derivedData/Build/Products/Debug-watchos/Thrappture.swiftmodule/Project/arm64-apple-watchos.swiftsourceinfo
SwiftDriver Tuplé normal arm64_32 com.apple.xcode.tools.swift.compiler (in target 'Tuplé' from project 'Tuplé')
cd /Users/admin/builder/spi-builder-workspace/.swiftpm/xcode
builtin-SwiftDriver -- /Applications/Xcode-27.0.0-Release.Candidate.app/Contents/Developer/Toolchains/XcodeDefault.xctoolchain/usr/bin/swiftc -parse-as-library -module-name Tuplé -Onone @/Users/admin/builder/spi-builder-workspace/.derivedData/Build/Intermediates.noindex/Tuplé.build/Debug-watchos/Tuplé-t.build/Objects-normal/arm64_32/Tuplé.SwiftFileList -DSWIFT_PACKAGE -DDEBUG -DSWIFT_MODULE_RESOURCE_BUNDLE_UNAVAILABLE -DXcode -plugin-path /Applications/Xcode-27.0.0-Release.Candidate.app/Contents/Developer/Toolchains/XcodeDefault.xctoolchain/usr/lib/swift/host/plugins/testing -enable-experimental-feature DebugDescriptionMacro -sdk /Applications/Xcode-27.0.0-Release.Candidate.app/Contents/Developer/Platforms/WatchOS.platform/Developer/SDKs/WatchOS27.0.sdk -target arm64_32-apple-watchos9.0 -g -module-cache-path /Users/admin/builder/spi-builder-workspace/.derivedData/ModuleCache.noindex -Xfrontend -serialize-debugging-options -profile-coverage-mapping -profile-generate -enable-testing -index-store-path /Users/admin/builder/spi-builder-workspace/.derivedData/Index.noindex/DataStore -Xcc -D_LIBCPP_HARDENING_MODE\=_LIBCPP_HARDENING_MODE_DEBUG -swift-version 6 -I /Users/admin/builder/spi-builder-workspace/.derivedData/Build/Products/Debug-watchos -Isystem /Applications/Xcode-27.0.0-Release.Candidate.app/Contents/Developer/Platforms/WatchOS.platform/Developer/usr/lib -F /Users/admin/builder/spi-builder-workspace/.derivedData/Build/Products/Debug-watchos/PackageFrameworks -F /Users/admin/builder/spi-builder-workspace/.derivedData/Build/Products/Debug-watchos -F /Applications/Xcode-27.0.0-Release.Candidate.app/Contents/Developer/Platforms/WatchOS.platform/Developer/Library/Frameworks -F /Applications/Xcode-27.0.0-Release.Candidate.app/Contents/Developer/Platforms/WatchOS.platform/Developer/SDKs/WatchOS27.0.sdk/Developer/Library/Frameworks -c -j10 -enable-batch-mode -incremental -Xcc -ivfsstatcache -Xcc /Users/admin/builder/spi-builder-workspace/.derivedData/SDKStatCaches.noindex/watchos27.0-24R360-e829b21a6f8c9b70876ba0858053c04477534ef55a1706bf4c1112bbb242f0a2.sdkstatcache -output-file-map /Users/admin/builder/spi-builder-workspace/.derivedData/Build/Intermediates.noindex/Tuplé.build/Debug-watchos/Tuplé-t.build/Objects-normal/arm64_32/Tuplé-OutputFileMap.json -save-temps -no-color-diagnostics -explicit-module-build -module-cache-path /Users/admin/builder/spi-builder-workspace/.derivedData/Build/Intermediates.noindex/SwiftExplicitPrecompiledModules -clang-scanner-module-cache-path /Users/admin/builder/spi-builder-workspace/.derivedData/ModuleCache.noindex -sdk-module-cache-path /Users/admin/builder/spi-builder-workspace/.derivedData/SDKExplicitPrecompiledModules -emit-dependencies -emit-module -emit-module-path /Users/admin/builder/spi-builder-workspace/.derivedData/Build/Intermediates.noindex/Tuplé.build/Debug-watchos/Tuplé-t.build/Objects-normal/arm64_32/Tuplé.swiftmodule -serialize-diagnostics -dependency-scan-serialize-diagnostics-path /Users/admin/builder/spi-builder-workspace/.derivedData/Build/Intermediates.noindex/Tuplé.build/Debug-watchos/Tuplé-t.build/Objects-normal/arm64_32/Tuplé-dependency-scan.dia -validate-clang-modules-once -clang-build-session-file /Users/admin/builder/spi-builder-workspace/.derivedData/ModuleCache.noindex/Session.modulevalidation -Xcc -fmodules-prune-interval\=86400 -Xcc -fmodules-prune-after\=345600 -package-name spi_builder_workspace -emit-const-values -const-gather-protocols-list /Users/admin/builder/spi-builder-workspace/.derivedData/Build/Intermediates.noindex/Tuplé.build/Debug-watchos/Tuplé-t.build/Objects-normal/arm64_32/Tuplé_const_extract_protocols.json -Xcc -I/Users/admin/builder/spi-builder-workspace/.derivedData/Build/Products/Debug-watchos/include -Xcc -I/Users/admin/builder/spi-builder-workspace/.derivedData/Build/Intermediates.noindex/Tuplé.build/Debug-watchos/Tuplé-t.build/DerivedSources-normal/arm64_32 -Xcc -I/Users/admin/builder/spi-builder-workspace/.derivedData/Build/Intermediates.noindex/Tuplé.build/Debug-watchos/Tuplé-t.build/DerivedSources/arm64_32 -Xcc -I/Users/admin/builder/spi-builder-workspace/.derivedData/Build/Intermediates.noindex/Tuplé.build/Debug-watchos/Tuplé-t.build/DerivedSources -Xcc -DSWIFT_PACKAGE -Xcc -DDEBUG\=1 -emit-objc-header -emit-objc-header-path /Users/admin/builder/spi-builder-workspace/.derivedData/Build/Intermediates.noindex/Tuplé.build/Debug-watchos/Tuplé-t.build/Objects-normal/arm64_32/Tuplé-Swift.h -working-directory /Users/admin/builder/spi-builder-workspace/.swiftpm/xcode -experimental-emit-module-separately -disable-cmo
SwiftDriver Tuplé normal arm64 com.apple.xcode.tools.swift.compiler (in target 'Tuplé' from project 'Tuplé')
cd /Users/admin/builder/spi-builder-workspace/.swiftpm/xcode
builtin-SwiftDriver -- /Applications/Xcode-27.0.0-Release.Candidate.app/Contents/Developer/Toolchains/XcodeDefault.xctoolchain/usr/bin/swiftc -parse-as-library -module-name Tuplé -Onone @/Users/admin/builder/spi-builder-workspace/.derivedData/Build/Intermediates.noindex/Tuplé.build/Debug-watchos/Tuplé-t.build/Objects-normal/arm64/Tuplé.SwiftFileList -DSWIFT_PACKAGE -DDEBUG -DSWIFT_MODULE_RESOURCE_BUNDLE_UNAVAILABLE -DXcode -plugin-path /Applications/Xcode-27.0.0-Release.Candidate.app/Contents/Developer/Toolchains/XcodeDefault.xctoolchain/usr/lib/swift/host/plugins/testing -enable-experimental-feature DebugDescriptionMacro -sdk /Applications/Xcode-27.0.0-Release.Candidate.app/Contents/Developer/Platforms/WatchOS.platform/Developer/SDKs/WatchOS27.0.sdk -target arm64-apple-watchos9.0 -g -module-cache-path /Users/admin/builder/spi-builder-workspace/.derivedData/ModuleCache.noindex -Xfrontend -serialize-debugging-options -profile-coverage-mapping -profile-generate -enable-testing -index-store-path /Users/admin/builder/spi-builder-workspace/.derivedData/Index.noindex/DataStore -Xcc -D_LIBCPP_HARDENING_MODE\=_LIBCPP_HARDENING_MODE_DEBUG -swift-version 6 -I /Users/admin/builder/spi-builder-workspace/.derivedData/Build/Products/Debug-watchos -Isystem /Applications/Xcode-27.0.0-Release.Candidate.app/Contents/Developer/Platforms/WatchOS.platform/Developer/usr/lib -F /Users/admin/builder/spi-builder-workspace/.derivedData/Build/Products/Debug-watchos/PackageFrameworks -F /Users/admin/builder/spi-builder-workspace/.derivedData/Build/Products/Debug-watchos -F /Applications/Xcode-27.0.0-Release.Candidate.app/Contents/Developer/Platforms/WatchOS.platform/Developer/Library/Frameworks -F /Applications/Xcode-27.0.0-Release.Candidate.app/Contents/Developer/Platforms/WatchOS.platform/Developer/SDKs/WatchOS27.0.sdk/Developer/Library/Frameworks -c -j10 -enable-batch-mode -incremental -Xcc -ivfsstatcache -Xcc /Users/admin/builder/spi-builder-workspace/.derivedData/SDKStatCaches.noindex/watchos27.0-24R360-e829b21a6f8c9b70876ba0858053c04477534ef55a1706bf4c1112bbb242f0a2.sdkstatcache -output-file-map /Users/admin/builder/spi-builder-workspace/.derivedData/Build/Intermediates.noindex/Tuplé.build/Debug-watchos/Tuplé-t.build/Objects-normal/arm64/Tuplé-OutputFileMap.json -save-temps -no-color-diagnostics -explicit-module-build -module-cache-path /Users/admin/builder/spi-builder-workspace/.derivedData/Build/Intermediates.noindex/SwiftExplicitPrecompiledModules -clang-scanner-module-cache-path /Users/admin/builder/spi-builder-workspace/.derivedData/ModuleCache.noindex -sdk-module-cache-path /Users/admin/builder/spi-builder-workspace/.derivedData/SDKExplicitPrecompiledModules -emit-dependencies -emit-module -emit-module-path /Users/admin/builder/spi-builder-workspace/.derivedData/Build/Intermediates.noindex/Tuplé.build/Debug-watchos/Tuplé-t.build/Objects-normal/arm64/Tuplé.swiftmodule -serialize-diagnostics -dependency-scan-serialize-diagnostics-path /Users/admin/builder/spi-builder-workspace/.derivedData/Build/Intermediates.noindex/Tuplé.build/Debug-watchos/Tuplé-t.build/Objects-normal/arm64/Tuplé-dependency-scan.dia -validate-clang-modules-once -clang-build-session-file /Users/admin/builder/spi-builder-workspace/.derivedData/ModuleCache.noindex/Session.modulevalidation -Xcc -fmodules-prune-interval\=86400 -Xcc -fmodules-prune-after\=345600 -package-name spi_builder_workspace -emit-const-values -const-gather-protocols-list /Users/admin/builder/spi-builder-workspace/.derivedData/Build/Intermediates.noindex/Tuplé.build/Debug-watchos/Tuplé-t.build/Objects-normal/arm64/Tuplé_const_extract_protocols.json -Xcc -I/Users/admin/builder/spi-builder-workspace/.derivedData/Build/Products/Debug-watchos/include -Xcc -I/Users/admin/builder/spi-builder-workspace/.derivedData/Build/Intermediates.noindex/Tuplé.build/Debug-watchos/Tuplé-t.build/DerivedSources-normal/arm64 -Xcc -I/Users/admin/builder/spi-builder-workspace/.derivedData/Build/Intermediates.noindex/Tuplé.build/Debug-watchos/Tuplé-t.build/DerivedSources/arm64 -Xcc -I/Users/admin/builder/spi-builder-workspace/.derivedData/Build/Intermediates.noindex/Tuplé.build/Debug-watchos/Tuplé-t.build/DerivedSources -Xcc -DSWIFT_PACKAGE -Xcc -DDEBUG\=1 -emit-objc-header -emit-objc-header-path /Users/admin/builder/spi-builder-workspace/.derivedData/Build/Intermediates.noindex/Tuplé.build/Debug-watchos/Tuplé-t.build/Objects-normal/arm64/Tuplé-Swift.h -working-directory /Users/admin/builder/spi-builder-workspace/.swiftpm/xcode -experimental-emit-module-separately -disable-cmo
SwiftEmitModule normal arm64_32 Emitting\ module\ for\ Tuplé (in target 'Tuplé' from project 'Tuplé')
SwiftCompile normal arm64_32 (in target 'Tuplé' from project 'Tuplé')
cd /Users/admin/builder/spi-builder-workspace/.swiftpm/xcode
SwiftCompile normal arm64_32 Compiling\ Sequence.swift,\ Functions.swift /Users/admin/builder/spi-builder-workspace/Sources/Extensions/Sequence.swift /Users/admin/builder/spi-builder-workspace/Sources/Functions.swift (in target 'Tuplé' from project 'Tuplé')
SwiftCompile normal arm64_32 /Users/admin/builder/spi-builder-workspace/Sources/Extensions/Sequence.swift (in target 'Tuplé' from project 'Tuplé')
cd /Users/admin/builder/spi-builder-workspace/.swiftpm/xcode
builtin-SwiftPerFileCompile Sequence.swift
SwiftCompile normal arm64_32 /Users/admin/builder/spi-builder-workspace/Sources/Functions.swift (in target 'Tuplé' from project 'Tuplé')
cd /Users/admin/builder/spi-builder-workspace/.swiftpm/xcode
builtin-SwiftPerFileCompile Functions.swift
/Users/admin/builder/spi-builder-workspace/Sources/Extensions/Sequence.swift:36:40: error: value of type 'Self.Element?' has no member 'wrappedValue'
34 | do {
35 | func next() throws -> Self.Element {
36 | let next = try iterator.next().wrappedValue()
| `- error: value of type 'Self.Element?' has no member 'wrappedValue'
37 | actualCount += 1
38 | return next
Failed frontend command:
/Applications/Xcode-27.0.0-Release.Candidate.app/Contents/Developer/Toolchains/XcodeDefault.xctoolchain/usr/bin/swift-frontend -frontend -c -primary-file /Users/admin/builder/spi-builder-workspace/Sources/Extensions/Sequence.swift -primary-file /Users/admin/builder/spi-builder-workspace/Sources/Functions.swift /Users/admin/builder/spi-builder-workspace/Sources/Methods/Instance\ Methods/Explicit-Count\ Overloads/map.swift /Users/admin/builder/spi-builder-workspace/Sources/Methods/Instance\ Methods/Instance\ Methods.swift /Users/admin/builder/spi-builder-workspace/Sources/Methods/Operators.swift /Users/admin/builder/spi-builder-workspace/Sources/Methods/Type\ Methods.swift /Users/admin/builder/spi-builder-workspace/Sources/Properties/Explicit-Count\ Overloads/prefix.swift /Users/admin/builder/spi-builder-workspace/Sources/Properties/Explicit-Count\ Overloads/reversed.swift /Users/admin/builder/spi-builder-workspace/Sources/Properties/Explicit-Count\ Overloads/suffix.swift /Users/admin/builder/spi-builder-workspace/Sources/Properties/Explicit-Count\ Overloads/unlabeled.swift /Users/admin/builder/spi-builder-workspace/Sources/Properties/Properties.swift /Users/admin/builder/spi-builder-workspace/Sources/Type\ Aliases.swift -emit-dependencies-path /Users/admin/builder/spi-builder-workspace/.derivedData/Build/Intermediates.noindex/Tuplé.build/Debug-watchos/Tuplé-t.build/Objects-normal/arm64_32/Sequence.d -emit-const-values-path /Users/admin/builder/spi-builder-workspace/.derivedData/Build/Intermediates.noindex/Tuplé.build/Debug-watchos/Tuplé-t.build/Objects-normal/arm64_32/Sequence.swiftconstvalues -emit-reference-dependencies-path /Users/admin/builder/spi-builder-workspace/.derivedData/Build/Intermediates.noindex/Tuplé.build/Debug-watchos/Tuplé-t.build/Objects-normal/arm64_32/Sequence.swiftdeps -serialize-diagnostics-path /Users/admin/builder/spi-builder-workspace/.derivedData/Build/Intermediates.noindex/Tuplé.build/Debug-watchos/Tuplé-t.build/Objects-normal/arm64_32/Sequence.dia -emit-dependencies-path /Users/admin/builder/spi-builder-workspace/.derivedData/Build/Intermediates.noindex/Tuplé.build/Debug-watchos/Tuplé-t.build/Objects-normal/arm64_32/Functions.d -emit-const-values-path /Users/admin/builder/spi-builder-workspace/.derivedData/Build/Intermediates.noindex/Tuplé.build/Debug-watchos/Tuplé-t.build/Objects-normal/arm64_32/Functions.swiftconstvalues -emit-reference-dependencies-path /Users/admin/builder/spi-builder-workspace/.derivedData/Build/Intermediates.noindex/Tuplé.build/Debug-watchos/Tuplé-t.build/Objects-normal/arm64_32/Functions.swiftdeps -serialize-diagnostics-path /Users/admin/builder/spi-builder-workspace/.derivedData/Build/Intermediates.noindex/Tuplé.build/Debug-watchos/Tuplé-t.build/Objects-normal/arm64_32/Functions.dia -target arm64_32-apple-watchos9.0 -disable-cross-import-overlay-search -load-resolved-plugin /Applications/Xcode-27.0.0-Release.Candidate.app/Contents/Developer/Platforms/WatchOS.platform/Developer/usr/lib/swift/host/plugins/libSwiftMacros.dylib\#/Applications/Xcode-27.0.0-Release.Candidate.app/Contents/Developer/Platforms/WatchOS.platform/Developer/usr/bin/swift-plugin-server\#SwiftMacros -disable-implicit-swift-modules -Xcc -fno-implicit-modules -Xcc -fno-implicit-module-maps -explicit-swift-module-map-file /Users/admin/builder/spi-builder-workspace/.derivedData/Build/Intermediates.noindex/Tuplé.build/Debug-watchos/Tuplé-t.build/Objects-normal/arm64_32/Tuplé-dependencies-1.json -enable-objc-interop -sdk /Applications/Xcode-27.0.0-Release.Candidate.app/Contents/Developer/Platforms/WatchOS.platform/Developer/SDKs/WatchOS27.0.sdk -I /Users/admin/builder/spi-builder-workspace/.derivedData/Build/Products/Debug-watchos -Isystem /Applications/Xcode-27.0.0-Release.Candidate.app/Contents/Developer/Platforms/WatchOS.platform/Developer/usr/lib -F /Users/admin/builder/spi-builder-workspace/.derivedData/Build/Products/Debug-watchos/PackageFrameworks -F /Users/admin/builder/spi-builder-workspace/.derivedData/Build/Products/Debug-watchos -F /Applications/Xcode-27.0.0-Release.Candidate.app/Contents/Developer/Platforms/WatchOS.platform/Developer/Library/Frameworks -F /Applications/Xcode-27.0.0-Release.Candidate.app/Contents/Developer/Platforms/WatchOS.platform/Developer/SDKs/WatchOS27.0.sdk/Developer/Library/Frameworks -module-cache-path /Users/admin/builder/spi-builder-workspace/.derivedData/Build/Intermediates.noindex/SwiftExplicitPrecompiledModules -no-color-diagnostics -Xcc -fno-color-diagnostics -enable-testing -g -debug-info-format\=dwarf -dwarf-version\=4 -profile-generate -profile-coverage-mapping -swift-version 6 -Onone -D SWIFT_PACKAGE -D DEBUG -D SWIFT_MODULE_RESOURCE_BUNDLE_UNAVAILABLE -D Xcode -serialize-debugging-options -enable-experimental-feature DebugDescriptionMacro -empty-abi-descriptor -validate-clang-modules-once -clang-build-session-file /Users/admin/builder/spi-builder-workspace/.derivedData/ModuleCache.noindex/Session.modulevalidation -Xcc -working-directory -Xcc /Users/admin/builder/spi-builder-workspace/.swiftpm/xcode -enable-anonymous-context-mangled-names -file-compilation-dir /Users/admin/builder/spi-builder-workspace/.swiftpm/xcode -Xcc -D_LIBCPP_HARDENING_MODE\=_LIBCPP_HARDENING_MODE_DEBUG -Xcc -ivfsstatcache -Xcc /Users/admin/builder/spi-builder-workspace/.derivedData/SDKStatCaches.noindex/watchos27.0-24R360-e829b21a6f8c9b70876ba0858053c04477534ef55a1706bf4c1112bbb242f0a2.sdkstatcache -Xcc -fmodules-prune-interval\=86400 -Xcc -fmodules-prune-after\=345600 -Xcc -I/Users/admin/builder/spi-builder-workspace/.derivedData/Build/Products/Debug-watchos/include -Xcc -I/Users/admin/builder/spi-builder-workspace/.derivedData/Build/Intermediates.noindex/Tuplé.build/Debug-watchos/Tuplé-t.build/DerivedSources-normal/arm64_32 -Xcc -I/Users/admin/builder/spi-builder-workspace/.derivedData/Build/Intermediates.noindex/Tuplé.build/Debug-watchos/Tuplé-t.build/DerivedSources/arm64_32 -Xcc -I/Users/admin/builder/spi-builder-workspace/.derivedData/Build/Intermediates.noindex/Tuplé.build/Debug-watchos/Tuplé-t.build/DerivedSources -Xcc -DSWIFT_PACKAGE -Xcc -DDEBUG\=1 -no-auto-bridging-header-chaining -module-name Tuplé -package-name spi_builder_workspace -const-gather-protocols-file /Users/admin/builder/spi-builder-workspace/.derivedData/Build/Intermediates.noindex/Tuplé.build/Debug-watchos/Tuplé-t.build/Objects-normal/arm64_32/Tuplé_const_extract_protocols.json -disable-clang-spi -clang-target arm64_32-apple-watchos27.0 -target-sdk-version 27.0 -target-sdk-name watchos27.0 -in-process-plugin-server-path /Applications/Xcode-27.0.0-Release.Candidate.app/Contents/Developer/Toolchains/XcodeDefault.xctoolchain/usr/lib/swift/host/libSwiftInProcPluginServer.dylib -parse-as-library -o /Users/admin/builder/spi-builder-workspace/.derivedData/Build/Intermediates.noindex/Tuplé.build/Debug-watchos/Tuplé-t.build/Objects-normal/arm64_32/Sequence.o -o /Users/admin/builder/spi-builder-workspace/.derivedData/Build/Intermediates.noindex/Tuplé.build/Debug-watchos/Tuplé-t.build/Objects-normal/arm64_32/Functions.o -debug-module-path /Users/admin/builder/spi-builder-workspace/.derivedData/Build/Intermediates.noindex/Tuplé.build/Debug-watchos/Tuplé-t.build/Objects-normal/arm64_32/Tuplé.swiftmodule -index-unit-output-path /Tuplé.build/Debug-watchos/Tuplé-t.build/Objects-normal/arm64_32/Sequence.o -index-unit-output-path /Tuplé.build/Debug-watchos/Tuplé-t.build/Objects-normal/arm64_32/Functions.o -index-store-path /Users/admin/builder/spi-builder-workspace/.derivedData/Index.noindex/DataStore -index-system-modules
SwiftEmitModule normal arm64 Emitting\ module\ for\ Tuplé (in target 'Tuplé' from project 'Tuplé')
SwiftCompile normal arm64 (in target 'Tuplé' from project 'Tuplé')
cd /Users/admin/builder/spi-builder-workspace/.swiftpm/xcode
SwiftDriverJobDiscovery normal arm64_32 Emitting module for Tuplé (in target 'Tuplé' from project 'Tuplé')
SwiftDriver\ Compilation\ Requirements Tuplé normal arm64_32 com.apple.xcode.tools.swift.compiler (in target 'Tuplé' from project 'Tuplé')
cd /Users/admin/builder/spi-builder-workspace/.swiftpm/xcode
builtin-Swift-Compilation-Requirements -- /Applications/Xcode-27.0.0-Release.Candidate.app/Contents/Developer/Toolchains/XcodeDefault.xctoolchain/usr/bin/swiftc -parse-as-library -module-name Tuplé -Onone @/Users/admin/builder/spi-builder-workspace/.derivedData/Build/Intermediates.noindex/Tuplé.build/Debug-watchos/Tuplé-t.build/Objects-normal/arm64_32/Tuplé.SwiftFileList -DSWIFT_PACKAGE -DDEBUG -DSWIFT_MODULE_RESOURCE_BUNDLE_UNAVAILABLE -DXcode -plugin-path /Applications/Xcode-27.0.0-Release.Candidate.app/Contents/Developer/Toolchains/XcodeDefault.xctoolchain/usr/lib/swift/host/plugins/testing -enable-experimental-feature DebugDescriptionMacro -sdk /Applications/Xcode-27.0.0-Release.Candidate.app/Contents/Developer/Platforms/WatchOS.platform/Developer/SDKs/WatchOS27.0.sdk -target arm64_32-apple-watchos9.0 -g -module-cache-path /Users/admin/builder/spi-builder-workspace/.derivedData/ModuleCache.noindex -Xfrontend -serialize-debugging-options -profile-coverage-mapping -profile-generate -enable-testing -index-store-path /Users/admin/builder/spi-builder-workspace/.derivedData/Index.noindex/DataStore -Xcc -D_LIBCPP_HARDENING_MODE\=_LIBCPP_HARDENING_MODE_DEBUG -swift-version 6 -I /Users/admin/builder/spi-builder-workspace/.derivedData/Build/Products/Debug-watchos -Isystem /Applications/Xcode-27.0.0-Release.Candidate.app/Contents/Developer/Platforms/WatchOS.platform/Developer/usr/lib -F /Users/admin/builder/spi-builder-workspace/.derivedData/Build/Products/Debug-watchos/PackageFrameworks -F /Users/admin/builder/spi-builder-workspace/.derivedData/Build/Products/Debug-watchos -F /Applications/Xcode-27.0.0-Release.Candidate.app/Contents/Developer/Platforms/WatchOS.platform/Developer/Library/Frameworks -F /Applications/Xcode-27.0.0-Release.Candidate.app/Contents/Developer/Platforms/WatchOS.platform/Developer/SDKs/WatchOS27.0.sdk/Developer/Library/Frameworks -c -j10 -enable-batch-mode -incremental -Xcc -ivfsstatcache -Xcc /Users/admin/builder/spi-builder-workspace/.derivedData/SDKStatCaches.noindex/watchos27.0-24R360-e829b21a6f8c9b70876ba0858053c04477534ef55a1706bf4c1112bbb242f0a2.sdkstatcache -output-file-map /Users/admin/builder/spi-builder-workspace/.derivedData/Build/Intermediates.noindex/Tuplé.build/Debug-watchos/Tuplé-t.build/Objects-normal/arm64_32/Tuplé-OutputFileMap.json -save-temps -no-color-diagnostics -explicit-module-build -module-cache-path /Users/admin/builder/spi-builder-workspace/.derivedData/Build/Intermediates.noindex/SwiftExplicitPrecompiledModules -clang-scanner-module-cache-path /Users/admin/builder/spi-builder-workspace/.derivedData/ModuleCache.noindex -sdk-module-cache-path /Users/admin/builder/spi-builder-workspace/.derivedData/SDKExplicitPrecompiledModules -emit-dependencies -emit-module -emit-module-path /Users/admin/builder/spi-builder-workspace/.derivedData/Build/Intermediates.noindex/Tuplé.build/Debug-watchos/Tuplé-t.build/Objects-normal/arm64_32/Tuplé.swiftmodule -serialize-diagnostics -dependency-scan-serialize-diagnostics-path /Users/admin/builder/spi-builder-workspace/.derivedData/Build/Intermediates.noindex/Tuplé.build/Debug-watchos/Tuplé-t.build/Objects-normal/arm64_32/Tuplé-dependency-scan.dia -validate-clang-modules-once -clang-build-session-file /Users/admin/builder/spi-builder-workspace/.derivedData/ModuleCache.noindex/Session.modulevalidation -Xcc -fmodules-prune-interval\=86400 -Xcc -fmodules-prune-after\=345600 -package-name spi_builder_workspace -emit-const-values -const-gather-protocols-list /Users/admin/builder/spi-builder-workspace/.derivedData/Build/Intermediates.noindex/Tuplé.build/Debug-watchos/Tuplé-t.build/Objects-normal/arm64_32/Tuplé_const_extract_protocols.json -Xcc -I/Users/admin/builder/spi-builder-workspace/.derivedData/Build/Products/Debug-watchos/include -Xcc -I/Users/admin/builder/spi-builder-workspace/.derivedData/Build/Intermediates.noindex/Tuplé.build/Debug-watchos/Tuplé-t.build/DerivedSources-normal/arm64_32 -Xcc -I/Users/admin/builder/spi-builder-workspace/.derivedData/Build/Intermediates.noindex/Tuplé.build/Debug-watchos/Tuplé-t.build/DerivedSources/arm64_32 -Xcc -I/Users/admin/builder/spi-builder-workspace/.derivedData/Build/Intermediates.noindex/Tuplé.build/Debug-watchos/Tuplé-t.build/DerivedSources -Xcc -DSWIFT_PACKAGE -Xcc -DDEBUG\=1 -emit-objc-header -emit-objc-header-path /Users/admin/builder/spi-builder-workspace/.derivedData/Build/Intermediates.noindex/Tuplé.build/Debug-watchos/Tuplé-t.build/Objects-normal/arm64_32/Tuplé-Swift.h -working-directory /Users/admin/builder/spi-builder-workspace/.swiftpm/xcode -experimental-emit-module-separately -disable-cmo
SwiftDriverJobDiscovery normal arm64 Emitting module for Tuplé (in target 'Tuplé' from project 'Tuplé')
SwiftDriver\ Compilation\ Requirements Tuplé normal arm64 com.apple.xcode.tools.swift.compiler (in target 'Tuplé' from project 'Tuplé')
cd /Users/admin/builder/spi-builder-workspace/.swiftpm/xcode
builtin-Swift-Compilation-Requirements -- /Applications/Xcode-27.0.0-Release.Candidate.app/Contents/Developer/Toolchains/XcodeDefault.xctoolchain/usr/bin/swiftc -parse-as-library -module-name Tuplé -Onone @/Users/admin/builder/spi-builder-workspace/.derivedData/Build/Intermediates.noindex/Tuplé.build/Debug-watchos/Tuplé-t.build/Objects-normal/arm64/Tuplé.SwiftFileList -DSWIFT_PACKAGE -DDEBUG -DSWIFT_MODULE_RESOURCE_BUNDLE_UNAVAILABLE -DXcode -plugin-path /Applications/Xcode-27.0.0-Release.Candidate.app/Contents/Developer/Toolchains/XcodeDefault.xctoolchain/usr/lib/swift/host/plugins/testing -enable-experimental-feature DebugDescriptionMacro -sdk /Applications/Xcode-27.0.0-Release.Candidate.app/Contents/Developer/Platforms/WatchOS.platform/Developer/SDKs/WatchOS27.0.sdk -target arm64-apple-watchos9.0 -g -module-cache-path /Users/admin/builder/spi-builder-workspace/.derivedData/ModuleCache.noindex -Xfrontend -serialize-debugging-options -profile-coverage-mapping -profile-generate -enable-testing -index-store-path /Users/admin/builder/spi-builder-workspace/.derivedData/Index.noindex/DataStore -Xcc -D_LIBCPP_HARDENING_MODE\=_LIBCPP_HARDENING_MODE_DEBUG -swift-version 6 -I /Users/admin/builder/spi-builder-workspace/.derivedData/Build/Products/Debug-watchos -Isystem /Applications/Xcode-27.0.0-Release.Candidate.app/Contents/Developer/Platforms/WatchOS.platform/Developer/usr/lib -F /Users/admin/builder/spi-builder-workspace/.derivedData/Build/Products/Debug-watchos/PackageFrameworks -F /Users/admin/builder/spi-builder-workspace/.derivedData/Build/Products/Debug-watchos -F /Applications/Xcode-27.0.0-Release.Candidate.app/Contents/Developer/Platforms/WatchOS.platform/Developer/Library/Frameworks -F /Applications/Xcode-27.0.0-Release.Candidate.app/Contents/Developer/Platforms/WatchOS.platform/Developer/SDKs/WatchOS27.0.sdk/Developer/Library/Frameworks -c -j10 -enable-batch-mode -incremental -Xcc -ivfsstatcache -Xcc /Users/admin/builder/spi-builder-workspace/.derivedData/SDKStatCaches.noindex/watchos27.0-24R360-e829b21a6f8c9b70876ba0858053c04477534ef55a1706bf4c1112bbb242f0a2.sdkstatcache -output-file-map /Users/admin/builder/spi-builder-workspace/.derivedData/Build/Intermediates.noindex/Tuplé.build/Debug-watchos/Tuplé-t.build/Objects-normal/arm64/Tuplé-OutputFileMap.json -save-temps -no-color-diagnostics -explicit-module-build -module-cache-path /Users/admin/builder/spi-builder-workspace/.derivedData/Build/Intermediates.noindex/SwiftExplicitPrecompiledModules -clang-scanner-module-cache-path /Users/admin/builder/spi-builder-workspace/.derivedData/ModuleCache.noindex -sdk-module-cache-path /Users/admin/builder/spi-builder-workspace/.derivedData/SDKExplicitPrecompiledModules -emit-dependencies -emit-module -emit-module-path /Users/admin/builder/spi-builder-workspace/.derivedData/Build/Intermediates.noindex/Tuplé.build/Debug-watchos/Tuplé-t.build/Objects-normal/arm64/Tuplé.swiftmodule -serialize-diagnostics -dependency-scan-serialize-diagnostics-path /Users/admin/builder/spi-builder-workspace/.derivedData/Build/Intermediates.noindex/Tuplé.build/Debug-watchos/Tuplé-t.build/Objects-normal/arm64/Tuplé-dependency-scan.dia -validate-clang-modules-once -clang-build-session-file /Users/admin/builder/spi-builder-workspace/.derivedData/ModuleCache.noindex/Session.modulevalidation -Xcc -fmodules-prune-interval\=86400 -Xcc -fmodules-prune-after\=345600 -package-name spi_builder_workspace -emit-const-values -const-gather-protocols-list /Users/admin/builder/spi-builder-workspace/.derivedData/Build/Intermediates.noindex/Tuplé.build/Debug-watchos/Tuplé-t.build/Objects-normal/arm64/Tuplé_const_extract_protocols.json -Xcc -I/Users/admin/builder/spi-builder-workspace/.derivedData/Build/Products/Debug-watchos/include -Xcc -I/Users/admin/builder/spi-builder-workspace/.derivedData/Build/Intermediates.noindex/Tuplé.build/Debug-watchos/Tuplé-t.build/DerivedSources-normal/arm64 -Xcc -I/Users/admin/builder/spi-builder-workspace/.derivedData/Build/Intermediates.noindex/Tuplé.build/Debug-watchos/Tuplé-t.build/DerivedSources/arm64 -Xcc -I/Users/admin/builder/spi-builder-workspace/.derivedData/Build/Intermediates.noindex/Tuplé.build/Debug-watchos/Tuplé-t.build/DerivedSources -Xcc -DSWIFT_PACKAGE -Xcc -DDEBUG\=1 -emit-objc-header -emit-objc-header-path /Users/admin/builder/spi-builder-workspace/.derivedData/Build/Intermediates.noindex/Tuplé.build/Debug-watchos/Tuplé-t.build/Objects-normal/arm64/Tuplé-Swift.h -working-directory /Users/admin/builder/spi-builder-workspace/.swiftpm/xcode -experimental-emit-module-separately -disable-cmo
Copy /Users/admin/builder/spi-builder-workspace/.derivedData/Build/Products/Debug-watchos/Tuplé.swiftmodule/arm64_32-apple-watchos.swiftmodule /Users/admin/builder/spi-builder-workspace/.derivedData/Build/Intermediates.noindex/Tuplé.build/Debug-watchos/Tuplé-t.build/Objects-normal/arm64_32/Tuplé.swiftmodule (in target 'Tuplé' from project 'Tuplé')
cd /Users/admin/builder/spi-builder-workspace
builtin-copy -exclude .DS_Store -exclude CVS -exclude .svn -exclude .git -exclude .hg -resolve-src-symlinks -rename /Users/admin/builder/spi-builder-workspace/.derivedData/Build/Intermediates.noindex/Tuplé.build/Debug-watchos/Tuplé-t.build/Objects-normal/arm64_32/Tuplé.swiftmodule /Users/admin/builder/spi-builder-workspace/.derivedData/Build/Products/Debug-watchos/Tuplé.swiftmodule/arm64_32-apple-watchos.swiftmodule
SwiftMergeGeneratedHeaders /Users/admin/builder/spi-builder-workspace/.derivedData/Build/Intermediates.noindex/GeneratedModuleMaps-watchos/Tuplé-Swift.h /Users/admin/builder/spi-builder-workspace/.derivedData/Build/Intermediates.noindex/Tuplé.build/Debug-watchos/Tuplé-t.build/Objects-normal/arm64/Tuplé-Swift.h /Users/admin/builder/spi-builder-workspace/.derivedData/Build/Intermediates.noindex/Tuplé.build/Debug-watchos/Tuplé-t.build/Objects-normal/arm64_32/Tuplé-Swift.h (in target 'Tuplé' from project 'Tuplé')
cd /Users/admin/builder/spi-builder-workspace
builtin-swiftHeaderTool -arch arm64 /Users/admin/builder/spi-builder-workspace/.derivedData/Build/Intermediates.noindex/Tuplé.build/Debug-watchos/Tuplé-t.build/Objects-normal/arm64/Tuplé-Swift.h -arch arm64_32 /Users/admin/builder/spi-builder-workspace/.derivedData/Build/Intermediates.noindex/Tuplé.build/Debug-watchos/Tuplé-t.build/Objects-normal/arm64_32/Tuplé-Swift.h -o /Users/admin/builder/spi-builder-workspace/.derivedData/Build/Intermediates.noindex/GeneratedModuleMaps-watchos/Tuplé-Swift.h
Copy /Users/admin/builder/spi-builder-workspace/.derivedData/Build/Products/Debug-watchos/Tuplé.swiftmodule/arm64_32-apple-watchos.swiftdoc /Users/admin/builder/spi-builder-workspace/.derivedData/Build/Intermediates.noindex/Tuplé.build/Debug-watchos/Tuplé-t.build/Objects-normal/arm64_32/Tuplé.swiftdoc (in target 'Tuplé' from project 'Tuplé')
cd /Users/admin/builder/spi-builder-workspace
builtin-copy -exclude .DS_Store -exclude CVS -exclude .svn -exclude .git -exclude .hg -resolve-src-symlinks -rename /Users/admin/builder/spi-builder-workspace/.derivedData/Build/Intermediates.noindex/Tuplé.build/Debug-watchos/Tuplé-t.build/Objects-normal/arm64_32/Tuplé.swiftdoc /Users/admin/builder/spi-builder-workspace/.derivedData/Build/Products/Debug-watchos/Tuplé.swiftmodule/arm64_32-apple-watchos.swiftdoc
Copy /Users/admin/builder/spi-builder-workspace/.derivedData/Build/Products/Debug-watchos/Tuplé.swiftmodule/arm64_32-apple-watchos.abi.json /Users/admin/builder/spi-builder-workspace/.derivedData/Build/Intermediates.noindex/Tuplé.build/Debug-watchos/Tuplé-t.build/Objects-normal/arm64_32/Tuplé.abi.json (in target 'Tuplé' from project 'Tuplé')
cd /Users/admin/builder/spi-builder-workspace
builtin-copy -exclude .DS_Store -exclude CVS -exclude .svn -exclude .git -exclude .hg -resolve-src-symlinks -rename /Users/admin/builder/spi-builder-workspace/.derivedData/Build/Intermediates.noindex/Tuplé.build/Debug-watchos/Tuplé-t.build/Objects-normal/arm64_32/Tuplé.abi.json /Users/admin/builder/spi-builder-workspace/.derivedData/Build/Products/Debug-watchos/Tuplé.swiftmodule/arm64_32-apple-watchos.abi.json
Copy /Users/admin/builder/spi-builder-workspace/.derivedData/Build/Products/Debug-watchos/Tuplé.swiftmodule/arm64-apple-watchos.swiftmodule /Users/admin/builder/spi-builder-workspace/.derivedData/Build/Intermediates.noindex/Tuplé.build/Debug-watchos/Tuplé-t.build/Objects-normal/arm64/Tuplé.swiftmodule (in target 'Tuplé' from project 'Tuplé')
cd /Users/admin/builder/spi-builder-workspace
builtin-copy -exclude .DS_Store -exclude CVS -exclude .svn -exclude .git -exclude .hg -resolve-src-symlinks -rename /Users/admin/builder/spi-builder-workspace/.derivedData/Build/Intermediates.noindex/Tuplé.build/Debug-watchos/Tuplé-t.build/Objects-normal/arm64/Tuplé.swiftmodule /Users/admin/builder/spi-builder-workspace/.derivedData/Build/Products/Debug-watchos/Tuplé.swiftmodule/arm64-apple-watchos.swiftmodule
SwiftDriverJobDiscovery normal arm64 Compiling ThrowingPropertyWrapper.swift (in target 'Thrappture' from project 'Thrappture')
Copy /Users/admin/builder/spi-builder-workspace/.derivedData/Build/Products/Debug-watchos/Tuplé.swiftmodule/arm64-apple-watchos.swiftdoc /Users/admin/builder/spi-builder-workspace/.derivedData/Build/Intermediates.noindex/Tuplé.build/Debug-watchos/Tuplé-t.build/Objects-normal/arm64/Tuplé.swiftdoc (in target 'Tuplé' from project 'Tuplé')
cd /Users/admin/builder/spi-builder-workspace
builtin-copy -exclude .DS_Store -exclude CVS -exclude .svn -exclude .git -exclude .hg -resolve-src-symlinks -rename /Users/admin/builder/spi-builder-workspace/.derivedData/Build/Intermediates.noindex/Tuplé.build/Debug-watchos/Tuplé-t.build/Objects-normal/arm64/Tuplé.swiftdoc /Users/admin/builder/spi-builder-workspace/.derivedData/Build/Products/Debug-watchos/Tuplé.swiftmodule/arm64-apple-watchos.swiftdoc
Copy /Users/admin/builder/spi-builder-workspace/.derivedData/Build/Products/Debug-watchos/Tuplé.swiftmodule/arm64-apple-watchos.abi.json /Users/admin/builder/spi-builder-workspace/.derivedData/Build/Intermediates.noindex/Tuplé.build/Debug-watchos/Tuplé-t.build/Objects-normal/arm64/Tuplé.abi.json (in target 'Tuplé' from project 'Tuplé')
cd /Users/admin/builder/spi-builder-workspace
builtin-copy -exclude .DS_Store -exclude CVS -exclude .svn -exclude .git -exclude .hg -resolve-src-symlinks -rename /Users/admin/builder/spi-builder-workspace/.derivedData/Build/Intermediates.noindex/Tuplé.build/Debug-watchos/Tuplé-t.build/Objects-normal/arm64/Tuplé.abi.json /Users/admin/builder/spi-builder-workspace/.derivedData/Build/Products/Debug-watchos/Tuplé.swiftmodule/arm64-apple-watchos.abi.json
Copy /Users/admin/builder/spi-builder-workspace/.derivedData/Build/Products/Debug-watchos/Tuplé.swiftmodule/Project/arm64_32-apple-watchos.swiftsourceinfo /Users/admin/builder/spi-builder-workspace/.derivedData/Build/Intermediates.noindex/Tuplé.build/Debug-watchos/Tuplé-t.build/Objects-normal/arm64_32/Tuplé.swiftsourceinfo (in target 'Tuplé' from project 'Tuplé')
cd /Users/admin/builder/spi-builder-workspace
builtin-copy -exclude .DS_Store -exclude CVS -exclude .svn -exclude .git -exclude .hg -resolve-src-symlinks -rename /Users/admin/builder/spi-builder-workspace/.derivedData/Build/Intermediates.noindex/Tuplé.build/Debug-watchos/Tuplé-t.build/Objects-normal/arm64_32/Tuplé.swiftsourceinfo /Users/admin/builder/spi-builder-workspace/.derivedData/Build/Products/Debug-watchos/Tuplé.swiftmodule/Project/arm64_32-apple-watchos.swiftsourceinfo
SwiftDriverJobDiscovery normal arm64_32 Compiling Optional.Nil.swift (in target 'Thrappture' from project 'Thrappture')
Copy /Users/admin/builder/spi-builder-workspace/.derivedData/Build/Products/Debug-watchos/Tuplé.swiftmodule/Project/arm64-apple-watchos.swiftsourceinfo /Users/admin/builder/spi-builder-workspace/.derivedData/Build/Intermediates.noindex/Tuplé.build/Debug-watchos/Tuplé-t.build/Objects-normal/arm64/Tuplé.swiftsourceinfo (in target 'Tuplé' from project 'Tuplé')
cd /Users/admin/builder/spi-builder-workspace
builtin-copy -exclude .DS_Store -exclude CVS -exclude .svn -exclude .git -exclude .hg -resolve-src-symlinks -rename /Users/admin/builder/spi-builder-workspace/.derivedData/Build/Intermediates.noindex/Tuplé.build/Debug-watchos/Tuplé-t.build/Objects-normal/arm64/Tuplé.swiftsourceinfo /Users/admin/builder/spi-builder-workspace/.derivedData/Build/Products/Debug-watchos/Tuplé.swiftmodule/Project/arm64-apple-watchos.swiftsourceinfo
SwiftCompile normal arm64_32 Compiling\ suffix.swift /Users/admin/builder/spi-builder-workspace/Sources/Properties/Explicit-Count\ Overloads/suffix.swift (in target 'Tuplé' from project 'Tuplé')
SwiftCompile normal arm64_32 /Users/admin/builder/spi-builder-workspace/Sources/Properties/Explicit-Count\ Overloads/suffix.swift (in target 'Tuplé' from project 'Tuplé')
cd /Users/admin/builder/spi-builder-workspace/.swiftpm/xcode
builtin-SwiftPerFileCompile suffix.swift
SwiftCompile normal arm64_32 Compiling\ Properties.swift /Users/admin/builder/spi-builder-workspace/Sources/Properties/Properties.swift (in target 'Tuplé' from project 'Tuplé')
SwiftCompile normal arm64_32 /Users/admin/builder/spi-builder-workspace/Sources/Properties/Properties.swift (in target 'Tuplé' from project 'Tuplé')
cd /Users/admin/builder/spi-builder-workspace/.swiftpm/xcode
builtin-SwiftPerFileCompile Properties.swift
SwiftCompile normal arm64 Compiling\ Properties.swift /Users/admin/builder/spi-builder-workspace/Sources/Properties/Properties.swift (in target 'Tuplé' from project 'Tuplé')
SwiftCompile normal arm64 /Users/admin/builder/spi-builder-workspace/Sources/Properties/Properties.swift (in target 'Tuplé' from project 'Tuplé')
cd /Users/admin/builder/spi-builder-workspace/.swiftpm/xcode
builtin-SwiftPerFileCompile Properties.swift
SwiftCompile normal arm64 Compiling\ Type\ Aliases.swift /Users/admin/builder/spi-builder-workspace/Sources/Type\ Aliases.swift (in target 'Tuplé' from project 'Tuplé')
SwiftCompile normal arm64 /Users/admin/builder/spi-builder-workspace/Sources/Type\ Aliases.swift (in target 'Tuplé' from project 'Tuplé')
cd /Users/admin/builder/spi-builder-workspace/.swiftpm/xcode
builtin-SwiftPerFileCompile Type\ Aliases.swift
SwiftDriverJobDiscovery normal arm64 Compiling Optional.swift (in target 'Thrappture' from project 'Thrappture')
SwiftCompile normal arm64 Compiling\ Type\ Methods.swift /Users/admin/builder/spi-builder-workspace/Sources/Methods/Type\ Methods.swift (in target 'Tuplé' from project 'Tuplé')
SwiftCompile normal arm64 /Users/admin/builder/spi-builder-workspace/Sources/Methods/Type\ Methods.swift (in target 'Tuplé' from project 'Tuplé')
cd /Users/admin/builder/spi-builder-workspace/.swiftpm/xcode
builtin-SwiftPerFileCompile Type\ Methods.swift
SwiftCompile normal arm64_32 Compiling\ Type\ Aliases.swift /Users/admin/builder/spi-builder-workspace/Sources/Type\ Aliases.swift (in target 'Tuplé' from project 'Tuplé')
SwiftCompile normal arm64_32 /Users/admin/builder/spi-builder-workspace/Sources/Type\ Aliases.swift (in target 'Tuplé' from project 'Tuplé')
cd /Users/admin/builder/spi-builder-workspace/.swiftpm/xcode
builtin-SwiftPerFileCompile Type\ Aliases.swift
SwiftCompile normal arm64 Compiling\ suffix.swift /Users/admin/builder/spi-builder-workspace/Sources/Properties/Explicit-Count\ Overloads/suffix.swift (in target 'Tuplé' from project 'Tuplé')
SwiftCompile normal arm64 /Users/admin/builder/spi-builder-workspace/Sources/Properties/Explicit-Count\ Overloads/suffix.swift (in target 'Tuplé' from project 'Tuplé')
cd /Users/admin/builder/spi-builder-workspace/.swiftpm/xcode
builtin-SwiftPerFileCompile suffix.swift
SwiftDriverJobDiscovery normal arm64_32 Compiling ThrowingPropertyWrapper.swift (in target 'Thrappture' from project 'Thrappture')
SwiftCompile normal arm64_32 Compiling\ unlabeled.swift /Users/admin/builder/spi-builder-workspace/Sources/Properties/Explicit-Count\ Overloads/unlabeled.swift (in target 'Tuplé' from project 'Tuplé')
SwiftCompile normal arm64_32 /Users/admin/builder/spi-builder-workspace/Sources/Properties/Explicit-Count\ Overloads/unlabeled.swift (in target 'Tuplé' from project 'Tuplé')
cd /Users/admin/builder/spi-builder-workspace/.swiftpm/xcode
builtin-SwiftPerFileCompile unlabeled.swift
SwiftCompile normal arm64 Compiling\ unlabeled.swift /Users/admin/builder/spi-builder-workspace/Sources/Properties/Explicit-Count\ Overloads/unlabeled.swift (in target 'Tuplé' from project 'Tuplé')
SwiftCompile normal arm64 /Users/admin/builder/spi-builder-workspace/Sources/Properties/Explicit-Count\ Overloads/unlabeled.swift (in target 'Tuplé' from project 'Tuplé')
cd /Users/admin/builder/spi-builder-workspace/.swiftpm/xcode
builtin-SwiftPerFileCompile unlabeled.swift
SwiftDriverJobDiscovery normal arm64_32 Compiling Result.swift (in target 'Thrappture' from project 'Thrappture')
SwiftDriverJobDiscovery normal arm64 Compiling Result.swift (in target 'Thrappture' from project 'Thrappture')
SwiftDriverJobDiscovery normal arm64_32 Compiling Optional.swift (in target 'Thrappture' from project 'Thrappture')
SwiftDriverJobDiscovery normal arm64 Compiling Optional.Nil.swift (in target 'Thrappture' from project 'Thrappture')
SwiftDriverJobDiscovery normal arm64 Compiling Type Aliases.swift (in target 'Tuplé' from project 'Tuplé')
SwiftCompile normal arm64_32 Compiling\ Operators.swift /Users/admin/builder/spi-builder-workspace/Sources/Methods/Operators.swift (in target 'Tuplé' from project 'Tuplé')
SwiftCompile normal arm64_32 /Users/admin/builder/spi-builder-workspace/Sources/Methods/Operators.swift (in target 'Tuplé' from project 'Tuplé')
cd /Users/admin/builder/spi-builder-workspace/.swiftpm/xcode
builtin-SwiftPerFileCompile Operators.swift
SwiftCompile normal arm64 Compiling\ Sequence.swift,\ Functions.swift /Users/admin/builder/spi-builder-workspace/Sources/Extensions/Sequence.swift /Users/admin/builder/spi-builder-workspace/Sources/Functions.swift (in target 'Tuplé' from project 'Tuplé')
SwiftCompile normal arm64 /Users/admin/builder/spi-builder-workspace/Sources/Extensions/Sequence.swift (in target 'Tuplé' from project 'Tuplé')
cd /Users/admin/builder/spi-builder-workspace/.swiftpm/xcode
builtin-SwiftPerFileCompile Sequence.swift
SwiftCompile normal arm64 /Users/admin/builder/spi-builder-workspace/Sources/Functions.swift (in target 'Tuplé' from project 'Tuplé')
cd /Users/admin/builder/spi-builder-workspace/.swiftpm/xcode
builtin-SwiftPerFileCompile Functions.swift
SwiftDriverJobDiscovery normal arm64_32 Compiling Type Aliases.swift (in target 'Tuplé' from project 'Tuplé')
SwiftDriverJobDiscovery normal arm64_32 Compiling suffix.swift (in target 'Tuplé' from project 'Tuplé')
SwiftCompile normal arm64_32 Compiling\ Type\ Methods.swift /Users/admin/builder/spi-builder-workspace/Sources/Methods/Type\ Methods.swift (in target 'Tuplé' from project 'Tuplé')
SwiftCompile normal arm64_32 /Users/admin/builder/spi-builder-workspace/Sources/Methods/Type\ Methods.swift (in target 'Tuplé' from project 'Tuplé')
cd /Users/admin/builder/spi-builder-workspace/.swiftpm/xcode
builtin-SwiftPerFileCompile Type\ Methods.swift
SwiftDriverJobDiscovery normal arm64 Compiling Type Methods.swift (in target 'Tuplé' from project 'Tuplé')
SwiftCompile normal arm64 Compiling\ prefix.swift /Users/admin/builder/spi-builder-workspace/Sources/Properties/Explicit-Count\ Overloads/prefix.swift (in target 'Tuplé' from project 'Tuplé')
SwiftCompile normal arm64 /Users/admin/builder/spi-builder-workspace/Sources/Properties/Explicit-Count\ Overloads/prefix.swift (in target 'Tuplé' from project 'Tuplé')
cd /Users/admin/builder/spi-builder-workspace/.swiftpm/xcode
builtin-SwiftPerFileCompile prefix.swift
SwiftDriverJobDiscovery normal arm64 Compiling unlabeled.swift (in target 'Tuplé' from project 'Tuplé')
SwiftCompile normal arm64_32 Compiling\ map.swift,\ Instance\ Methods.swift /Users/admin/builder/spi-builder-workspace/Sources/Methods/Instance\ Methods/Explicit-Count\ Overloads/map.swift /Users/admin/builder/spi-builder-workspace/Sources/Methods/Instance\ Methods/Instance\ Methods.swift (in target 'Tuplé' from project 'Tuplé')
SwiftCompile normal arm64_32 /Users/admin/builder/spi-builder-workspace/Sources/Methods/Instance\ Methods/Explicit-Count\ Overloads/map.swift (in target 'Tuplé' from project 'Tuplé')
cd /Users/admin/builder/spi-builder-workspace/.swiftpm/xcode
builtin-SwiftPerFileCompile map.swift
SwiftCompile normal arm64_32 /Users/admin/builder/spi-builder-workspace/Sources/Methods/Instance\ Methods/Instance\ Methods.swift (in target 'Tuplé' from project 'Tuplé')
cd /Users/admin/builder/spi-builder-workspace/.swiftpm/xcode
builtin-SwiftPerFileCompile Instance\ Methods.swift
SwiftCompile normal arm64 Compiling\ Operators.swift /Users/admin/builder/spi-builder-workspace/Sources/Methods/Operators.swift (in target 'Tuplé' from project 'Tuplé')
SwiftCompile normal arm64 /Users/admin/builder/spi-builder-workspace/Sources/Methods/Operators.swift (in target 'Tuplé' from project 'Tuplé')
cd /Users/admin/builder/spi-builder-workspace/.swiftpm/xcode
builtin-SwiftPerFileCompile Operators.swift
SwiftCompile normal arm64 Compiling\ reversed.swift /Users/admin/builder/spi-builder-workspace/Sources/Properties/Explicit-Count\ Overloads/reversed.swift (in target 'Tuplé' from project 'Tuplé')
SwiftCompile normal arm64 /Users/admin/builder/spi-builder-workspace/Sources/Properties/Explicit-Count\ Overloads/reversed.swift (in target 'Tuplé' from project 'Tuplé')
cd /Users/admin/builder/spi-builder-workspace/.swiftpm/xcode
builtin-SwiftPerFileCompile reversed.swift
SwiftDriverJobDiscovery normal arm64_32 Compiling unlabeled.swift (in target 'Tuplé' from project 'Tuplé')
SwiftDriverJobDiscovery normal arm64 Compiling suffix.swift (in target 'Tuplé' from project 'Tuplé')
SwiftCompile normal arm64 Compiling\ map.swift,\ Instance\ Methods.swift /Users/admin/builder/spi-builder-workspace/Sources/Methods/Instance\ Methods/Explicit-Count\ Overloads/map.swift /Users/admin/builder/spi-builder-workspace/Sources/Methods/Instance\ Methods/Instance\ Methods.swift (in target 'Tuplé' from project 'Tuplé')
SwiftCompile normal arm64 /Users/admin/builder/spi-builder-workspace/Sources/Methods/Instance\ Methods/Explicit-Count\ Overloads/map.swift (in target 'Tuplé' from project 'Tuplé')
cd /Users/admin/builder/spi-builder-workspace/.swiftpm/xcode
builtin-SwiftPerFileCompile map.swift
SwiftCompile normal arm64 /Users/admin/builder/spi-builder-workspace/Sources/Methods/Instance\ Methods/Instance\ Methods.swift (in target 'Tuplé' from project 'Tuplé')
cd /Users/admin/builder/spi-builder-workspace/.swiftpm/xcode
builtin-SwiftPerFileCompile Instance\ Methods.swift
SwiftDriverJobDiscovery normal arm64_32 Compiling Properties.swift (in target 'Tuplé' from project 'Tuplé')
SwiftCompile normal arm64_32 Compiling\ prefix.swift /Users/admin/builder/spi-builder-workspace/Sources/Properties/Explicit-Count\ Overloads/prefix.swift (in target 'Tuplé' from project 'Tuplé')
SwiftCompile normal arm64_32 /Users/admin/builder/spi-builder-workspace/Sources/Properties/Explicit-Count\ Overloads/prefix.swift (in target 'Tuplé' from project 'Tuplé')
cd /Users/admin/builder/spi-builder-workspace/.swiftpm/xcode
builtin-SwiftPerFileCompile prefix.swift
SwiftDriverJobDiscovery normal arm64 Compiling Properties.swift (in target 'Tuplé' from project 'Tuplé')
SwiftCompile normal arm64_32 Compiling\ reversed.swift /Users/admin/builder/spi-builder-workspace/Sources/Properties/Explicit-Count\ Overloads/reversed.swift (in target 'Tuplé' from project 'Tuplé')
SwiftCompile normal arm64_32 /Users/admin/builder/spi-builder-workspace/Sources/Properties/Explicit-Count\ Overloads/reversed.swift (in target 'Tuplé' from project 'Tuplé')
cd /Users/admin/builder/spi-builder-workspace/.swiftpm/xcode
builtin-SwiftPerFileCompile reversed.swift
PruneExplicitPrecompiledModules /Users/admin/builder/spi-builder-workspace/.derivedData/Build/Intermediates.noindex/ExplicitPrecompiledModules
PruneExplicitPrecompiledModules /Users/admin/builder/spi-builder-workspace/.derivedData/SDKExplicitPrecompiledModules
PruneExplicitPrecompiledModules /Users/admin/builder/spi-builder-workspace/.derivedData/Build/Intermediates.noindex/SwiftExplicitPrecompiledModules
2026-09-20 21:01:43.574 xcodebuild[902:5630] [MT] IDERunDestination: Supported platforms for the buildables in the current scheme is empty.
** BUILD FAILED **
The following build commands failed:
SwiftCompile normal arm64_32 /Users/admin/builder/spi-builder-workspace/Sources/Extensions/Sequence.swift (in target 'Tuplé' from project 'Tuplé')
SwiftCompile normal arm64_32 Compiling\ Sequence.swift,\ Functions.swift /Users/admin/builder/spi-builder-workspace/Sources/Extensions/Sequence.swift /Users/admin/builder/spi-builder-workspace/Sources/Functions.swift (in target 'Tuplé' from project 'Tuplé')
Building workspace Tuplé with scheme Tuplé
(3 failures)
Command line invocation:
/Applications/Xcode-27.0.0-Release.Candidate.app/Contents/Developer/usr/bin/xcodebuild -IDEClonedSourcePackagesDirPathOverride=/Users/admin/builder/spi-builder-workspace/.dependencies -resolvePackageDependencies
Resolve Package Graph
Resolved source packages:
Tuplé: /Users/admin/builder/spi-builder-workspace
SwiftDocCPlugin: https://github.com/swiftlang/swift-docc-plugin @ main (647c708)
SymbolKit: https://github.com/swiftlang/swift-docc-symbolkit @ 1.0.0
Thrappture: https://github.com/Catterwaul/Thrappture @ main (cc102d9)
resolved source packages: Tuplé, SwiftDocCPlugin, SymbolKit, Thrappture
2026-09-20 21:01:58.561 xcodebuild[1076:6658] [MT] IDERunDestination: Supported platforms for the buildables in the current scheme is empty.
{
"dependencies" : [
{
"identity" : "swift-docc-plugin",
"requirement" : {
"branch" : [
"main"
]
},
"type" : "sourceControl",
"url" : "https://github.com/swiftlang/swift-docc-plugin"
},
{
"identity" : "thrappture",
"requirement" : {
"branch" : [
"main"
]
},
"type" : "sourceControl",
"url" : "https://github.com/Catterwaul/Thrappture"
}
],
"manifest_display_name" : "Tuplé",
"name" : "Tuplé",
"path" : "/Users/admin/builder/spi-builder-workspace",
"platforms" : [
{
"name" : "ios",
"version" : "13.0"
},
{
"name" : "macos",
"version" : "10.15"
}
],
"products" : [
{
"name" : "Tuplé",
"targets" : [
"Tuplé"
],
"type" : {
"library" : [
"automatic"
]
}
}
],
"targets" : [
{
"c99name" : "Tuplé_Tests",
"module_type" : "SwiftTarget",
"name" : "Tuplé.Tests",
"path" : "Tests",
"sources" : [
"FunctionTests.swift",
"Methods/InstanceMethodTests.swift",
"Methods/TypeMethodTests.swift",
"PropertyTests.swift",
"SequenceTests.swift"
],
"target_dependencies" : [
"Tuplé"
],
"type" : "test"
},
{
"c99name" : "Tuplé",
"module_type" : "SwiftTarget",
"name" : "Tuplé",
"path" : "Sources",
"product_dependencies" : [
"Thrappture"
],
"product_memberships" : [
"Tuplé"
],
"sources" : [
"Extensions/Sequence.swift",
"Functions.swift",
"Methods/Instance Methods/Explicit-Count Overloads/map.swift",
"Methods/Instance Methods/Instance Methods.swift",
"Methods/Operators.swift",
"Methods/Type Methods.swift",
"Properties/Explicit-Count Overloads/prefix.swift",
"Properties/Explicit-Count Overloads/reversed.swift",
"Properties/Explicit-Count Overloads/suffix.swift",
"Properties/Explicit-Count Overloads/unlabeled.swift",
"Properties/Properties.swift",
"Type Aliases.swift"
],
"type" : "library"
}
],
"tools_version" : "6.0"
}
{
"workspace" : {
"name" : "Tuplé",
"schemes" : [
"Tuplé"
]
}
}
2026-09-20 21:02:05.894 xcodebuild[1134:7039] [MT] IDERunDestination: Supported platforms for the buildables in the current scheme is empty.
Running build ...
env DEVELOPER_DIR=/Applications/Xcode-27.0.0-Release.Candidate.app xcrun xcodebuild -IDEClonedSourcePackagesDirPathOverride=$PWD/.dependencies -skipMacroValidation -skipPackagePluginValidation -derivedDataPath $PWD/.derivedData build -scheme Tuplé -destination generic/platform=watchOS
Command line invocation:
/Applications/Xcode-27.0.0-Release.Candidate.app/Contents/Developer/usr/bin/xcodebuild -IDEClonedSourcePackagesDirPathOverride=/Users/admin/builder/spi-builder-workspace/.dependencies -skipMacroValidation -skipPackagePluginValidation -derivedDataPath /Users/admin/builder/spi-builder-workspace/.derivedData build -scheme Tuplé -destination generic/platform=watchOS
Resolve Package Graph
Resolved source packages:
Tuplé: /Users/admin/builder/spi-builder-workspace
SymbolKit: https://github.com/swiftlang/swift-docc-symbolkit @ 1.0.0
SwiftDocCPlugin: https://github.com/swiftlang/swift-docc-plugin @ main (647c708)
Thrappture: https://github.com/Catterwaul/Thrappture @ main (cc102d9)
ComputePackagePrebuildTargetDependencyGraph
Prepare packages
CreateBuildRequest
SendProjectDescription
CreateBuildOperation
ComputeTargetDependencyGraph
note: Building targets in dependency order
note: Target dependency graph (4 targets)
Target 'Tuplé-product' in project 'Tuplé'
➜ Explicit dependency on target 'Tuplé' in project 'Tuplé'
➜ Explicit dependency on target 'Thrappture-product' in project 'Thrappture'
Target 'Tuplé' in project 'Tuplé'
➜ Explicit dependency on target 'Thrappture-product' in project 'Thrappture'
Target 'Thrappture-product' in project 'Thrappture'
➜ Explicit dependency on target 'Thrappture' in project 'Thrappture'
Target 'Thrappture' in project 'Thrappture' (no dependencies)
GatherProvisioningInputs
CreateBuildDescription
ClangStatCache /Applications/Xcode-27.0.0-Release.Candidate.app/Contents/Developer/Toolchains/XcodeDefault.xctoolchain/usr/bin/clang-stat-cache /Applications/Xcode-27.0.0-Release.Candidate.app/Contents/Developer/Platforms/WatchOS.platform/Developer/SDKs/WatchOS27.0.sdk /Users/admin/builder/spi-builder-workspace/.derivedData/SDKStatCaches.noindex/watchos27.0-24R360-e829b21a6f8c9b70876ba0858053c04477534ef55a1706bf4c1112bbb242f0a2.sdkstatcache
cd /Users/admin/builder/spi-builder-workspace/.swiftpm/xcode
/Applications/Xcode-27.0.0-Release.Candidate.app/Contents/Developer/Toolchains/XcodeDefault.xctoolchain/usr/bin/clang-stat-cache /Applications/Xcode-27.0.0-Release.Candidate.app/Contents/Developer/Platforms/WatchOS.platform/Developer/SDKs/WatchOS27.0.sdk -o /Users/admin/builder/spi-builder-workspace/.derivedData/SDKStatCaches.noindex/watchos27.0-24R360-e829b21a6f8c9b70876ba0858053c04477534ef55a1706bf4c1112bbb242f0a2.sdkstatcache
SwiftDriver Tuplé normal arm64_32 com.apple.xcode.tools.swift.compiler (in target 'Tuplé' from project 'Tuplé')
cd /Users/admin/builder/spi-builder-workspace/.swiftpm/xcode
builtin-SwiftDriver -- /Applications/Xcode-27.0.0-Release.Candidate.app/Contents/Developer/Toolchains/XcodeDefault.xctoolchain/usr/bin/swiftc -parse-as-library -module-name Tuplé -Onone @/Users/admin/builder/spi-builder-workspace/.derivedData/Build/Intermediates.noindex/Tuplé.build/Debug-watchos/Tuplé-t.build/Objects-normal/arm64_32/Tuplé.SwiftFileList -DSWIFT_PACKAGE -DDEBUG -DSWIFT_MODULE_RESOURCE_BUNDLE_UNAVAILABLE -DXcode -plugin-path /Applications/Xcode-27.0.0-Release.Candidate.app/Contents/Developer/Toolchains/XcodeDefault.xctoolchain/usr/lib/swift/host/plugins/testing -enable-experimental-feature DebugDescriptionMacro -sdk /Applications/Xcode-27.0.0-Release.Candidate.app/Contents/Developer/Platforms/WatchOS.platform/Developer/SDKs/WatchOS27.0.sdk -target arm64_32-apple-watchos9.0 -g -module-cache-path /Users/admin/builder/spi-builder-workspace/.derivedData/ModuleCache.noindex -Xfrontend -serialize-debugging-options -profile-coverage-mapping -profile-generate -enable-testing -index-store-path /Users/admin/builder/spi-builder-workspace/.derivedData/Index.noindex/DataStore -Xcc -D_LIBCPP_HARDENING_MODE\=_LIBCPP_HARDENING_MODE_DEBUG -swift-version 6 -I /Users/admin/builder/spi-builder-workspace/.derivedData/Build/Products/Debug-watchos -Isystem /Applications/Xcode-27.0.0-Release.Candidate.app/Contents/Developer/Platforms/WatchOS.platform/Developer/usr/lib -F /Users/admin/builder/spi-builder-workspace/.derivedData/Build/Products/Debug-watchos/PackageFrameworks -F /Users/admin/builder/spi-builder-workspace/.derivedData/Build/Products/Debug-watchos -F /Applications/Xcode-27.0.0-Release.Candidate.app/Contents/Developer/Platforms/WatchOS.platform/Developer/Library/Frameworks -F /Applications/Xcode-27.0.0-Release.Candidate.app/Contents/Developer/Platforms/WatchOS.platform/Developer/SDKs/WatchOS27.0.sdk/Developer/Library/Frameworks -c -j10 -enable-batch-mode -incremental -Xcc -ivfsstatcache -Xcc /Users/admin/builder/spi-builder-workspace/.derivedData/SDKStatCaches.noindex/watchos27.0-24R360-e829b21a6f8c9b70876ba0858053c04477534ef55a1706bf4c1112bbb242f0a2.sdkstatcache -output-file-map /Users/admin/builder/spi-builder-workspace/.derivedData/Build/Intermediates.noindex/Tuplé.build/Debug-watchos/Tuplé-t.build/Objects-normal/arm64_32/Tuplé-OutputFileMap.json -save-temps -no-color-diagnostics -explicit-module-build -module-cache-path /Users/admin/builder/spi-builder-workspace/.derivedData/Build/Intermediates.noindex/SwiftExplicitPrecompiledModules -clang-scanner-module-cache-path /Users/admin/builder/spi-builder-workspace/.derivedData/ModuleCache.noindex -sdk-module-cache-path /Users/admin/builder/spi-builder-workspace/.derivedData/SDKExplicitPrecompiledModules -emit-dependencies -emit-module -emit-module-path /Users/admin/builder/spi-builder-workspace/.derivedData/Build/Intermediates.noindex/Tuplé.build/Debug-watchos/Tuplé-t.build/Objects-normal/arm64_32/Tuplé.swiftmodule -serialize-diagnostics -dependency-scan-serialize-diagnostics-path /Users/admin/builder/spi-builder-workspace/.derivedData/Build/Intermediates.noindex/Tuplé.build/Debug-watchos/Tuplé-t.build/Objects-normal/arm64_32/Tuplé-dependency-scan.dia -validate-clang-modules-once -clang-build-session-file /Users/admin/builder/spi-builder-workspace/.derivedData/ModuleCache.noindex/Session.modulevalidation -Xcc -fmodules-prune-interval\=86400 -Xcc -fmodules-prune-after\=345600 -package-name spi_builder_workspace -emit-const-values -const-gather-protocols-list /Users/admin/builder/spi-builder-workspace/.derivedData/Build/Intermediates.noindex/Tuplé.build/Debug-watchos/Tuplé-t.build/Objects-normal/arm64_32/Tuplé_const_extract_protocols.json -Xcc -I/Users/admin/builder/spi-builder-workspace/.derivedData/Build/Products/Debug-watchos/include -Xcc -I/Users/admin/builder/spi-builder-workspace/.derivedData/Build/Intermediates.noindex/Tuplé.build/Debug-watchos/Tuplé-t.build/DerivedSources-normal/arm64_32 -Xcc -I/Users/admin/builder/spi-builder-workspace/.derivedData/Build/Intermediates.noindex/Tuplé.build/Debug-watchos/Tuplé-t.build/DerivedSources/arm64_32 -Xcc -I/Users/admin/builder/spi-builder-workspace/.derivedData/Build/Intermediates.noindex/Tuplé.build/Debug-watchos/Tuplé-t.build/DerivedSources -Xcc -DSWIFT_PACKAGE -Xcc -DDEBUG\=1 -emit-objc-header -emit-objc-header-path /Users/admin/builder/spi-builder-workspace/.derivedData/Build/Intermediates.noindex/Tuplé.build/Debug-watchos/Tuplé-t.build/Objects-normal/arm64_32/Tuplé-Swift.h -working-directory /Users/admin/builder/spi-builder-workspace/.swiftpm/xcode -experimental-emit-module-separately -disable-cmo
SwiftDriver Tuplé normal arm64 com.apple.xcode.tools.swift.compiler (in target 'Tuplé' from project 'Tuplé')
cd /Users/admin/builder/spi-builder-workspace/.swiftpm/xcode
builtin-SwiftDriver -- /Applications/Xcode-27.0.0-Release.Candidate.app/Contents/Developer/Toolchains/XcodeDefault.xctoolchain/usr/bin/swiftc -parse-as-library -module-name Tuplé -Onone @/Users/admin/builder/spi-builder-workspace/.derivedData/Build/Intermediates.noindex/Tuplé.build/Debug-watchos/Tuplé-t.build/Objects-normal/arm64/Tuplé.SwiftFileList -DSWIFT_PACKAGE -DDEBUG -DSWIFT_MODULE_RESOURCE_BUNDLE_UNAVAILABLE -DXcode -plugin-path /Applications/Xcode-27.0.0-Release.Candidate.app/Contents/Developer/Toolchains/XcodeDefault.xctoolchain/usr/lib/swift/host/plugins/testing -enable-experimental-feature DebugDescriptionMacro -sdk /Applications/Xcode-27.0.0-Release.Candidate.app/Contents/Developer/Platforms/WatchOS.platform/Developer/SDKs/WatchOS27.0.sdk -target arm64-apple-watchos9.0 -g -module-cache-path /Users/admin/builder/spi-builder-workspace/.derivedData/ModuleCache.noindex -Xfrontend -serialize-debugging-options -profile-coverage-mapping -profile-generate -enable-testing -index-store-path /Users/admin/builder/spi-builder-workspace/.derivedData/Index.noindex/DataStore -Xcc -D_LIBCPP_HARDENING_MODE\=_LIBCPP_HARDENING_MODE_DEBUG -swift-version 6 -I /Users/admin/builder/spi-builder-workspace/.derivedData/Build/Products/Debug-watchos -Isystem /Applications/Xcode-27.0.0-Release.Candidate.app/Contents/Developer/Platforms/WatchOS.platform/Developer/usr/lib -F /Users/admin/builder/spi-builder-workspace/.derivedData/Build/Products/Debug-watchos/PackageFrameworks -F /Users/admin/builder/spi-builder-workspace/.derivedData/Build/Products/Debug-watchos -F /Applications/Xcode-27.0.0-Release.Candidate.app/Contents/Developer/Platforms/WatchOS.platform/Developer/Library/Frameworks -F /Applications/Xcode-27.0.0-Release.Candidate.app/Contents/Developer/Platforms/WatchOS.platform/Developer/SDKs/WatchOS27.0.sdk/Developer/Library/Frameworks -c -j10 -enable-batch-mode -incremental -Xcc -ivfsstatcache -Xcc /Users/admin/builder/spi-builder-workspace/.derivedData/SDKStatCaches.noindex/watchos27.0-24R360-e829b21a6f8c9b70876ba0858053c04477534ef55a1706bf4c1112bbb242f0a2.sdkstatcache -output-file-map /Users/admin/builder/spi-builder-workspace/.derivedData/Build/Intermediates.noindex/Tuplé.build/Debug-watchos/Tuplé-t.build/Objects-normal/arm64/Tuplé-OutputFileMap.json -save-temps -no-color-diagnostics -explicit-module-build -module-cache-path /Users/admin/builder/spi-builder-workspace/.derivedData/Build/Intermediates.noindex/SwiftExplicitPrecompiledModules -clang-scanner-module-cache-path /Users/admin/builder/spi-builder-workspace/.derivedData/ModuleCache.noindex -sdk-module-cache-path /Users/admin/builder/spi-builder-workspace/.derivedData/SDKExplicitPrecompiledModules -emit-dependencies -emit-module -emit-module-path /Users/admin/builder/spi-builder-workspace/.derivedData/Build/Intermediates.noindex/Tuplé.build/Debug-watchos/Tuplé-t.build/Objects-normal/arm64/Tuplé.swiftmodule -serialize-diagnostics -dependency-scan-serialize-diagnostics-path /Users/admin/builder/spi-builder-workspace/.derivedData/Build/Intermediates.noindex/Tuplé.build/Debug-watchos/Tuplé-t.build/Objects-normal/arm64/Tuplé-dependency-scan.dia -validate-clang-modules-once -clang-build-session-file /Users/admin/builder/spi-builder-workspace/.derivedData/ModuleCache.noindex/Session.modulevalidation -Xcc -fmodules-prune-interval\=86400 -Xcc -fmodules-prune-after\=345600 -package-name spi_builder_workspace -emit-const-values -const-gather-protocols-list /Users/admin/builder/spi-builder-workspace/.derivedData/Build/Intermediates.noindex/Tuplé.build/Debug-watchos/Tuplé-t.build/Objects-normal/arm64/Tuplé_const_extract_protocols.json -Xcc -I/Users/admin/builder/spi-builder-workspace/.derivedData/Build/Products/Debug-watchos/include -Xcc -I/Users/admin/builder/spi-builder-workspace/.derivedData/Build/Intermediates.noindex/Tuplé.build/Debug-watchos/Tuplé-t.build/DerivedSources-normal/arm64 -Xcc -I/Users/admin/builder/spi-builder-workspace/.derivedData/Build/Intermediates.noindex/Tuplé.build/Debug-watchos/Tuplé-t.build/DerivedSources/arm64 -Xcc -I/Users/admin/builder/spi-builder-workspace/.derivedData/Build/Intermediates.noindex/Tuplé.build/Debug-watchos/Tuplé-t.build/DerivedSources -Xcc -DSWIFT_PACKAGE -Xcc -DDEBUG\=1 -emit-objc-header -emit-objc-header-path /Users/admin/builder/spi-builder-workspace/.derivedData/Build/Intermediates.noindex/Tuplé.build/Debug-watchos/Tuplé-t.build/Objects-normal/arm64/Tuplé-Swift.h -working-directory /Users/admin/builder/spi-builder-workspace/.swiftpm/xcode -experimental-emit-module-separately -disable-cmo
SwiftDriver Thrappture normal arm64_32 com.apple.xcode.tools.swift.compiler (in target 'Thrappture' from project 'Thrappture')
cd /Users/admin/builder/spi-builder-workspace/.swiftpm/xcode
builtin-SwiftDriver -- /Applications/Xcode-27.0.0-Release.Candidate.app/Contents/Developer/Toolchains/XcodeDefault.xctoolchain/usr/bin/swiftc -parse-as-library -module-name Thrappture -Onone @/Users/admin/builder/spi-builder-workspace/.derivedData/Build/Intermediates.noindex/Thrappture.build/Debug-watchos/Thrappture-t.build/Objects-normal/arm64_32/Thrappture.SwiftFileList -DSWIFT_PACKAGE -DDEBUG -DSWIFT_MODULE_RESOURCE_BUNDLE_UNAVAILABLE -DXcode -plugin-path /Applications/Xcode-27.0.0-Release.Candidate.app/Contents/Developer/Toolchains/XcodeDefault.xctoolchain/usr/lib/swift/host/plugins/testing -enable-experimental-feature DebugDescriptionMacro -sdk /Applications/Xcode-27.0.0-Release.Candidate.app/Contents/Developer/Platforms/WatchOS.platform/Developer/SDKs/WatchOS27.0.sdk -target arm64_32-apple-watchos9.0 -g -module-cache-path /Users/admin/builder/spi-builder-workspace/.derivedData/ModuleCache.noindex -Xfrontend -serialize-debugging-options -profile-coverage-mapping -profile-generate -enable-testing -suppress-warnings -index-store-path /Users/admin/builder/spi-builder-workspace/.derivedData/Index.noindex/DataStore -Xcc -D_LIBCPP_HARDENING_MODE\=_LIBCPP_HARDENING_MODE_DEBUG -swift-version 6 -I /Users/admin/builder/spi-builder-workspace/.derivedData/Build/Products/Debug-watchos -Isystem /Applications/Xcode-27.0.0-Release.Candidate.app/Contents/Developer/Platforms/WatchOS.platform/Developer/usr/lib -F /Users/admin/builder/spi-builder-workspace/.derivedData/Build/Products/Debug-watchos -F /Applications/Xcode-27.0.0-Release.Candidate.app/Contents/Developer/Platforms/WatchOS.platform/Developer/Library/Frameworks -F /Applications/Xcode-27.0.0-Release.Candidate.app/Contents/Developer/Platforms/WatchOS.platform/Developer/SDKs/WatchOS27.0.sdk/Developer/Library/Frameworks -c -j10 -enable-batch-mode -incremental -Xcc -ivfsstatcache -Xcc /Users/admin/builder/spi-builder-workspace/.derivedData/SDKStatCaches.noindex/watchos27.0-24R360-e829b21a6f8c9b70876ba0858053c04477534ef55a1706bf4c1112bbb242f0a2.sdkstatcache -output-file-map /Users/admin/builder/spi-builder-workspace/.derivedData/Build/Intermediates.noindex/Thrappture.build/Debug-watchos/Thrappture-t.build/Objects-normal/arm64_32/Thrappture-OutputFileMap.json -save-temps -no-color-diagnostics -explicit-module-build -module-cache-path /Users/admin/builder/spi-builder-workspace/.derivedData/Build/Intermediates.noindex/SwiftExplicitPrecompiledModules -clang-scanner-module-cache-path /Users/admin/builder/spi-builder-workspace/.derivedData/ModuleCache.noindex -sdk-module-cache-path /Users/admin/builder/spi-builder-workspace/.derivedData/SDKExplicitPrecompiledModules -emit-dependencies -emit-module -emit-module-path /Users/admin/builder/spi-builder-workspace/.derivedData/Build/Intermediates.noindex/Thrappture.build/Debug-watchos/Thrappture-t.build/Objects-normal/arm64_32/Thrappture.swiftmodule -serialize-diagnostics -dependency-scan-serialize-diagnostics-path /Users/admin/builder/spi-builder-workspace/.derivedData/Build/Intermediates.noindex/Thrappture.build/Debug-watchos/Thrappture-t.build/Objects-normal/arm64_32/Thrappture-dependency-scan.dia -validate-clang-modules-once -clang-build-session-file /Users/admin/builder/spi-builder-workspace/.derivedData/ModuleCache.noindex/Session.modulevalidation -Xcc -fmodules-prune-interval\=86400 -Xcc -fmodules-prune-after\=345600 -package-name thrappture -emit-const-values -const-gather-protocols-list /Users/admin/builder/spi-builder-workspace/.derivedData/Build/Intermediates.noindex/Thrappture.build/Debug-watchos/Thrappture-t.build/Objects-normal/arm64_32/Thrappture_const_extract_protocols.json -Xcc -I/Users/admin/builder/spi-builder-workspace/.derivedData/Build/Products/Debug-watchos/include -Xcc -I/Users/admin/builder/spi-builder-workspace/.derivedData/Build/Intermediates.noindex/Thrappture.build/Debug-watchos/Thrappture-t.build/DerivedSources-normal/arm64_32 -Xcc -I/Users/admin/builder/spi-builder-workspace/.derivedData/Build/Intermediates.noindex/Thrappture.build/Debug-watchos/Thrappture-t.build/DerivedSources/arm64_32 -Xcc -I/Users/admin/builder/spi-builder-workspace/.derivedData/Build/Intermediates.noindex/Thrappture.build/Debug-watchos/Thrappture-t.build/DerivedSources -Xcc -DSWIFT_PACKAGE -Xcc -DDEBUG\=1 -emit-objc-header -emit-objc-header-path /Users/admin/builder/spi-builder-workspace/.derivedData/Build/Intermediates.noindex/Thrappture.build/Debug-watchos/Thrappture-t.build/Objects-normal/arm64_32/Thrappture-Swift.h -working-directory /Users/admin/builder/spi-builder-workspace/.swiftpm/xcode -experimental-emit-module-separately -disable-cmo
SwiftDriver Thrappture normal arm64 com.apple.xcode.tools.swift.compiler (in target 'Thrappture' from project 'Thrappture')
cd /Users/admin/builder/spi-builder-workspace/.swiftpm/xcode
builtin-SwiftDriver -- /Applications/Xcode-27.0.0-Release.Candidate.app/Contents/Developer/Toolchains/XcodeDefault.xctoolchain/usr/bin/swiftc -parse-as-library -module-name Thrappture -Onone @/Users/admin/builder/spi-builder-workspace/.derivedData/Build/Intermediates.noindex/Thrappture.build/Debug-watchos/Thrappture-t.build/Objects-normal/arm64/Thrappture.SwiftFileList -DSWIFT_PACKAGE -DDEBUG -DSWIFT_MODULE_RESOURCE_BUNDLE_UNAVAILABLE -DXcode -plugin-path /Applications/Xcode-27.0.0-Release.Candidate.app/Contents/Developer/Toolchains/XcodeDefault.xctoolchain/usr/lib/swift/host/plugins/testing -enable-experimental-feature DebugDescriptionMacro -sdk /Applications/Xcode-27.0.0-Release.Candidate.app/Contents/Developer/Platforms/WatchOS.platform/Developer/SDKs/WatchOS27.0.sdk -target arm64-apple-watchos9.0 -g -module-cache-path /Users/admin/builder/spi-builder-workspace/.derivedData/ModuleCache.noindex -Xfrontend -serialize-debugging-options -profile-coverage-mapping -profile-generate -enable-testing -suppress-warnings -index-store-path /Users/admin/builder/spi-builder-workspace/.derivedData/Index.noindex/DataStore -Xcc -D_LIBCPP_HARDENING_MODE\=_LIBCPP_HARDENING_MODE_DEBUG -swift-version 6 -I /Users/admin/builder/spi-builder-workspace/.derivedData/Build/Products/Debug-watchos -Isystem /Applications/Xcode-27.0.0-Release.Candidate.app/Contents/Developer/Platforms/WatchOS.platform/Developer/usr/lib -F /Users/admin/builder/spi-builder-workspace/.derivedData/Build/Products/Debug-watchos -F /Applications/Xcode-27.0.0-Release.Candidate.app/Contents/Developer/Platforms/WatchOS.platform/Developer/Library/Frameworks -F /Applications/Xcode-27.0.0-Release.Candidate.app/Contents/Developer/Platforms/WatchOS.platform/Developer/SDKs/WatchOS27.0.sdk/Developer/Library/Frameworks -c -j10 -enable-batch-mode -incremental -Xcc -ivfsstatcache -Xcc /Users/admin/builder/spi-builder-workspace/.derivedData/SDKStatCaches.noindex/watchos27.0-24R360-e829b21a6f8c9b70876ba0858053c04477534ef55a1706bf4c1112bbb242f0a2.sdkstatcache -output-file-map /Users/admin/builder/spi-builder-workspace/.derivedData/Build/Intermediates.noindex/Thrappture.build/Debug-watchos/Thrappture-t.build/Objects-normal/arm64/Thrappture-OutputFileMap.json -save-temps -no-color-diagnostics -explicit-module-build -module-cache-path /Users/admin/builder/spi-builder-workspace/.derivedData/Build/Intermediates.noindex/SwiftExplicitPrecompiledModules -clang-scanner-module-cache-path /Users/admin/builder/spi-builder-workspace/.derivedData/ModuleCache.noindex -sdk-module-cache-path /Users/admin/builder/spi-builder-workspace/.derivedData/SDKExplicitPrecompiledModules -emit-dependencies -emit-module -emit-module-path /Users/admin/builder/spi-builder-workspace/.derivedData/Build/Intermediates.noindex/Thrappture.build/Debug-watchos/Thrappture-t.build/Objects-normal/arm64/Thrappture.swiftmodule -serialize-diagnostics -dependency-scan-serialize-diagnostics-path /Users/admin/builder/spi-builder-workspace/.derivedData/Build/Intermediates.noindex/Thrappture.build/Debug-watchos/Thrappture-t.build/Objects-normal/arm64/Thrappture-dependency-scan.dia -validate-clang-modules-once -clang-build-session-file /Users/admin/builder/spi-builder-workspace/.derivedData/ModuleCache.noindex/Session.modulevalidation -Xcc -fmodules-prune-interval\=86400 -Xcc -fmodules-prune-after\=345600 -package-name thrappture -emit-const-values -const-gather-protocols-list /Users/admin/builder/spi-builder-workspace/.derivedData/Build/Intermediates.noindex/Thrappture.build/Debug-watchos/Thrappture-t.build/Objects-normal/arm64/Thrappture_const_extract_protocols.json -Xcc -I/Users/admin/builder/spi-builder-workspace/.derivedData/Build/Products/Debug-watchos/include -Xcc -I/Users/admin/builder/spi-builder-workspace/.derivedData/Build/Intermediates.noindex/Thrappture.build/Debug-watchos/Thrappture-t.build/DerivedSources-normal/arm64 -Xcc -I/Users/admin/builder/spi-builder-workspace/.derivedData/Build/Intermediates.noindex/Thrappture.build/Debug-watchos/Thrappture-t.build/DerivedSources/arm64 -Xcc -I/Users/admin/builder/spi-builder-workspace/.derivedData/Build/Intermediates.noindex/Thrappture.build/Debug-watchos/Thrappture-t.build/DerivedSources -Xcc -DSWIFT_PACKAGE -Xcc -DDEBUG\=1 -emit-objc-header -emit-objc-header-path /Users/admin/builder/spi-builder-workspace/.derivedData/Build/Intermediates.noindex/Thrappture.build/Debug-watchos/Thrappture-t.build/Objects-normal/arm64/Thrappture-Swift.h -working-directory /Users/admin/builder/spi-builder-workspace/.swiftpm/xcode -experimental-emit-module-separately -disable-cmo
SwiftDriver\ Compilation Thrappture normal arm64 com.apple.xcode.tools.swift.compiler (in target 'Thrappture' from project 'Thrappture')
cd /Users/admin/builder/spi-builder-workspace/.swiftpm/xcode
builtin-Swift-Compilation -- /Applications/Xcode-27.0.0-Release.Candidate.app/Contents/Developer/Toolchains/XcodeDefault.xctoolchain/usr/bin/swiftc -parse-as-library -module-name Thrappture -Onone @/Users/admin/builder/spi-builder-workspace/.derivedData/Build/Intermediates.noindex/Thrappture.build/Debug-watchos/Thrappture-t.build/Objects-normal/arm64/Thrappture.SwiftFileList -DSWIFT_PACKAGE -DDEBUG -DSWIFT_MODULE_RESOURCE_BUNDLE_UNAVAILABLE -DXcode -plugin-path /Applications/Xcode-27.0.0-Release.Candidate.app/Contents/Developer/Toolchains/XcodeDefault.xctoolchain/usr/lib/swift/host/plugins/testing -enable-experimental-feature DebugDescriptionMacro -sdk /Applications/Xcode-27.0.0-Release.Candidate.app/Contents/Developer/Platforms/WatchOS.platform/Developer/SDKs/WatchOS27.0.sdk -target arm64-apple-watchos9.0 -g -module-cache-path /Users/admin/builder/spi-builder-workspace/.derivedData/ModuleCache.noindex -Xfrontend -serialize-debugging-options -profile-coverage-mapping -profile-generate -enable-testing -suppress-warnings -index-store-path /Users/admin/builder/spi-builder-workspace/.derivedData/Index.noindex/DataStore -Xcc -D_LIBCPP_HARDENING_MODE\=_LIBCPP_HARDENING_MODE_DEBUG -swift-version 6 -I /Users/admin/builder/spi-builder-workspace/.derivedData/Build/Products/Debug-watchos -Isystem /Applications/Xcode-27.0.0-Release.Candidate.app/Contents/Developer/Platforms/WatchOS.platform/Developer/usr/lib -F /Users/admin/builder/spi-builder-workspace/.derivedData/Build/Products/Debug-watchos -F /Applications/Xcode-27.0.0-Release.Candidate.app/Contents/Developer/Platforms/WatchOS.platform/Developer/Library/Frameworks -F /Applications/Xcode-27.0.0-Release.Candidate.app/Contents/Developer/Platforms/WatchOS.platform/Developer/SDKs/WatchOS27.0.sdk/Developer/Library/Frameworks -c -j10 -enable-batch-mode -incremental -Xcc -ivfsstatcache -Xcc /Users/admin/builder/spi-builder-workspace/.derivedData/SDKStatCaches.noindex/watchos27.0-24R360-e829b21a6f8c9b70876ba0858053c04477534ef55a1706bf4c1112bbb242f0a2.sdkstatcache -output-file-map /Users/admin/builder/spi-builder-workspace/.derivedData/Build/Intermediates.noindex/Thrappture.build/Debug-watchos/Thrappture-t.build/Objects-normal/arm64/Thrappture-OutputFileMap.json -save-temps -no-color-diagnostics -explicit-module-build -module-cache-path /Users/admin/builder/spi-builder-workspace/.derivedData/Build/Intermediates.noindex/SwiftExplicitPrecompiledModules -clang-scanner-module-cache-path /Users/admin/builder/spi-builder-workspace/.derivedData/ModuleCache.noindex -sdk-module-cache-path /Users/admin/builder/spi-builder-workspace/.derivedData/SDKExplicitPrecompiledModules -emit-dependencies -emit-module -emit-module-path /Users/admin/builder/spi-builder-workspace/.derivedData/Build/Intermediates.noindex/Thrappture.build/Debug-watchos/Thrappture-t.build/Objects-normal/arm64/Thrappture.swiftmodule -serialize-diagnostics -dependency-scan-serialize-diagnostics-path /Users/admin/builder/spi-builder-workspace/.derivedData/Build/Intermediates.noindex/Thrappture.build/Debug-watchos/Thrappture-t.build/Objects-normal/arm64/Thrappture-dependency-scan.dia -validate-clang-modules-once -clang-build-session-file /Users/admin/builder/spi-builder-workspace/.derivedData/ModuleCache.noindex/Session.modulevalidation -Xcc -fmodules-prune-interval\=86400 -Xcc -fmodules-prune-after\=345600 -package-name thrappture -emit-const-values -const-gather-protocols-list /Users/admin/builder/spi-builder-workspace/.derivedData/Build/Intermediates.noindex/Thrappture.build/Debug-watchos/Thrappture-t.build/Objects-normal/arm64/Thrappture_const_extract_protocols.json -Xcc -I/Users/admin/builder/spi-builder-workspace/.derivedData/Build/Products/Debug-watchos/include -Xcc -I/Users/admin/builder/spi-builder-workspace/.derivedData/Build/Intermediates.noindex/Thrappture.build/Debug-watchos/Thrappture-t.build/DerivedSources-normal/arm64 -Xcc -I/Users/admin/builder/spi-builder-workspace/.derivedData/Build/Intermediates.noindex/Thrappture.build/Debug-watchos/Thrappture-t.build/DerivedSources/arm64 -Xcc -I/Users/admin/builder/spi-builder-workspace/.derivedData/Build/Intermediates.noindex/Thrappture.build/Debug-watchos/Thrappture-t.build/DerivedSources -Xcc -DSWIFT_PACKAGE -Xcc -DDEBUG\=1 -emit-objc-header -emit-objc-header-path /Users/admin/builder/spi-builder-workspace/.derivedData/Build/Intermediates.noindex/Thrappture.build/Debug-watchos/Thrappture-t.build/Objects-normal/arm64/Thrappture-Swift.h -working-directory /Users/admin/builder/spi-builder-workspace/.swiftpm/xcode -experimental-emit-module-separately -disable-cmo
SwiftDriver\ Compilation Thrappture normal arm64_32 com.apple.xcode.tools.swift.compiler (in target 'Thrappture' from project 'Thrappture')
cd /Users/admin/builder/spi-builder-workspace/.swiftpm/xcode
builtin-Swift-Compilation -- /Applications/Xcode-27.0.0-Release.Candidate.app/Contents/Developer/Toolchains/XcodeDefault.xctoolchain/usr/bin/swiftc -parse-as-library -module-name Thrappture -Onone @/Users/admin/builder/spi-builder-workspace/.derivedData/Build/Intermediates.noindex/Thrappture.build/Debug-watchos/Thrappture-t.build/Objects-normal/arm64_32/Thrappture.SwiftFileList -DSWIFT_PACKAGE -DDEBUG -DSWIFT_MODULE_RESOURCE_BUNDLE_UNAVAILABLE -DXcode -plugin-path /Applications/Xcode-27.0.0-Release.Candidate.app/Contents/Developer/Toolchains/XcodeDefault.xctoolchain/usr/lib/swift/host/plugins/testing -enable-experimental-feature DebugDescriptionMacro -sdk /Applications/Xcode-27.0.0-Release.Candidate.app/Contents/Developer/Platforms/WatchOS.platform/Developer/SDKs/WatchOS27.0.sdk -target arm64_32-apple-watchos9.0 -g -module-cache-path /Users/admin/builder/spi-builder-workspace/.derivedData/ModuleCache.noindex -Xfrontend -serialize-debugging-options -profile-coverage-mapping -profile-generate -enable-testing -suppress-warnings -index-store-path /Users/admin/builder/spi-builder-workspace/.derivedData/Index.noindex/DataStore -Xcc -D_LIBCPP_HARDENING_MODE\=_LIBCPP_HARDENING_MODE_DEBUG -swift-version 6 -I /Users/admin/builder/spi-builder-workspace/.derivedData/Build/Products/Debug-watchos -Isystem /Applications/Xcode-27.0.0-Release.Candidate.app/Contents/Developer/Platforms/WatchOS.platform/Developer/usr/lib -F /Users/admin/builder/spi-builder-workspace/.derivedData/Build/Products/Debug-watchos -F /Applications/Xcode-27.0.0-Release.Candidate.app/Contents/Developer/Platforms/WatchOS.platform/Developer/Library/Frameworks -F /Applications/Xcode-27.0.0-Release.Candidate.app/Contents/Developer/Platforms/WatchOS.platform/Developer/SDKs/WatchOS27.0.sdk/Developer/Library/Frameworks -c -j10 -enable-batch-mode -incremental -Xcc -ivfsstatcache -Xcc /Users/admin/builder/spi-builder-workspace/.derivedData/SDKStatCaches.noindex/watchos27.0-24R360-e829b21a6f8c9b70876ba0858053c04477534ef55a1706bf4c1112bbb242f0a2.sdkstatcache -output-file-map /Users/admin/builder/spi-builder-workspace/.derivedData/Build/Intermediates.noindex/Thrappture.build/Debug-watchos/Thrappture-t.build/Objects-normal/arm64_32/Thrappture-OutputFileMap.json -save-temps -no-color-diagnostics -explicit-module-build -module-cache-path /Users/admin/builder/spi-builder-workspace/.derivedData/Build/Intermediates.noindex/SwiftExplicitPrecompiledModules -clang-scanner-module-cache-path /Users/admin/builder/spi-builder-workspace/.derivedData/ModuleCache.noindex -sdk-module-cache-path /Users/admin/builder/spi-builder-workspace/.derivedData/SDKExplicitPrecompiledModules -emit-dependencies -emit-module -emit-module-path /Users/admin/builder/spi-builder-workspace/.derivedData/Build/Intermediates.noindex/Thrappture.build/Debug-watchos/Thrappture-t.build/Objects-normal/arm64_32/Thrappture.swiftmodule -serialize-diagnostics -dependency-scan-serialize-diagnostics-path /Users/admin/builder/spi-builder-workspace/.derivedData/Build/Intermediates.noindex/Thrappture.build/Debug-watchos/Thrappture-t.build/Objects-normal/arm64_32/Thrappture-dependency-scan.dia -validate-clang-modules-once -clang-build-session-file /Users/admin/builder/spi-builder-workspace/.derivedData/ModuleCache.noindex/Session.modulevalidation -Xcc -fmodules-prune-interval\=86400 -Xcc -fmodules-prune-after\=345600 -package-name thrappture -emit-const-values -const-gather-protocols-list /Users/admin/builder/spi-builder-workspace/.derivedData/Build/Intermediates.noindex/Thrappture.build/Debug-watchos/Thrappture-t.build/Objects-normal/arm64_32/Thrappture_const_extract_protocols.json -Xcc -I/Users/admin/builder/spi-builder-workspace/.derivedData/Build/Products/Debug-watchos/include -Xcc -I/Users/admin/builder/spi-builder-workspace/.derivedData/Build/Intermediates.noindex/Thrappture.build/Debug-watchos/Thrappture-t.build/DerivedSources-normal/arm64_32 -Xcc -I/Users/admin/builder/spi-builder-workspace/.derivedData/Build/Intermediates.noindex/Thrappture.build/Debug-watchos/Thrappture-t.build/DerivedSources/arm64_32 -Xcc -I/Users/admin/builder/spi-builder-workspace/.derivedData/Build/Intermediates.noindex/Thrappture.build/Debug-watchos/Thrappture-t.build/DerivedSources -Xcc -DSWIFT_PACKAGE -Xcc -DDEBUG\=1 -emit-objc-header -emit-objc-header-path /Users/admin/builder/spi-builder-workspace/.derivedData/Build/Intermediates.noindex/Thrappture.build/Debug-watchos/Thrappture-t.build/Objects-normal/arm64_32/Thrappture-Swift.h -working-directory /Users/admin/builder/spi-builder-workspace/.swiftpm/xcode -experimental-emit-module-separately -disable-cmo
Ld /Users/admin/builder/spi-builder-workspace/.derivedData/Build/Intermediates.noindex/Thrappture.build/Debug-watchos/Thrappture-t.build/Objects-normal/arm64/Binary/Thrappture.o normal arm64 (in target 'Thrappture' from project 'Thrappture')
cd /Users/admin/builder/spi-builder-workspace/.dependencies/checkouts/Thrappture
/Applications/Xcode-27.0.0-Release.Candidate.app/Contents/Developer/Toolchains/XcodeDefault.xctoolchain/usr/bin/clang -Xlinker -reproducible -target arm64-apple-watchos9.0 -r -isysroot /Applications/Xcode-27.0.0-Release.Candidate.app/Contents/Developer/Platforms/WatchOS.platform/Developer/SDKs/WatchOS27.0.sdk -O0 -w -Xlinker -no_warn_duplicate_libraries -F/Users/admin/builder/spi-builder-workspace/.derivedData/Build/Intermediates.noindex/EagerLinkingTBDs/Debug-watchos -F/Users/admin/builder/spi-builder-workspace/.derivedData/Build/Products/Debug-watchos -iframework /Applications/Xcode-27.0.0-Release.Candidate.app/Contents/Developer/Platforms/WatchOS.platform/Developer/Library/Frameworks -iframework /Applications/Xcode-27.0.0-Release.Candidate.app/Contents/Developer/Platforms/WatchOS.platform/Developer/SDKs/WatchOS27.0.sdk/Developer/Library/Frameworks -filelist /Users/admin/builder/spi-builder-workspace/.derivedData/Build/Intermediates.noindex/Thrappture.build/Debug-watchos/Thrappture-t.build/Objects-normal/arm64/Thrappture.LinkFileList -nostdlib -Xlinker -object_path_lto -Xlinker /Users/admin/builder/spi-builder-workspace/.derivedData/Build/Intermediates.noindex/Thrappture.build/Debug-watchos/Thrappture-t.build/Objects-normal/arm64/Thrappture_lto.o -Xlinker -no_deduplicate -Xlinker -debug_variant -Xlinker -dependency_info -Xlinker /Users/admin/builder/spi-builder-workspace/.derivedData/Build/Intermediates.noindex/Thrappture.build/Debug-watchos/Thrappture-t.build/Objects-normal/arm64/Thrappture_dependency_info.dat -fobjc-link-runtime -L/Applications/Xcode-27.0.0-Release.Candidate.app/Contents/Developer/Toolchains/XcodeDefault.xctoolchain/usr/lib/swift/watchos -L/usr/lib/swift -Xlinker -add_ast_path -Xlinker /Users/admin/builder/spi-builder-workspace/.derivedData/Build/Intermediates.noindex/Thrappture.build/Debug-watchos/Thrappture-t.build/Objects-normal/arm64/Thrappture.swiftmodule -o /Users/admin/builder/spi-builder-workspace/.derivedData/Build/Intermediates.noindex/Thrappture.build/Debug-watchos/Thrappture-t.build/Objects-normal/arm64/Binary/Thrappture.o
Ld /Users/admin/builder/spi-builder-workspace/.derivedData/Build/Intermediates.noindex/Thrappture.build/Debug-watchos/Thrappture-t.build/Objects-normal/arm64_32/Binary/Thrappture.o normal arm64_32 (in target 'Thrappture' from project 'Thrappture')
cd /Users/admin/builder/spi-builder-workspace/.dependencies/checkouts/Thrappture
/Applications/Xcode-27.0.0-Release.Candidate.app/Contents/Developer/Toolchains/XcodeDefault.xctoolchain/usr/bin/clang -Xlinker -reproducible -target arm64_32-apple-watchos9.0 -r -isysroot /Applications/Xcode-27.0.0-Release.Candidate.app/Contents/Developer/Platforms/WatchOS.platform/Developer/SDKs/WatchOS27.0.sdk -O0 -w -Xlinker -no_warn_duplicate_libraries -F/Users/admin/builder/spi-builder-workspace/.derivedData/Build/Intermediates.noindex/EagerLinkingTBDs/Debug-watchos -F/Users/admin/builder/spi-builder-workspace/.derivedData/Build/Products/Debug-watchos -iframework /Applications/Xcode-27.0.0-Release.Candidate.app/Contents/Developer/Platforms/WatchOS.platform/Developer/Library/Frameworks -iframework /Applications/Xcode-27.0.0-Release.Candidate.app/Contents/Developer/Platforms/WatchOS.platform/Developer/SDKs/WatchOS27.0.sdk/Developer/Library/Frameworks -filelist /Users/admin/builder/spi-builder-workspace/.derivedData/Build/Intermediates.noindex/Thrappture.build/Debug-watchos/Thrappture-t.build/Objects-normal/arm64_32/Thrappture.LinkFileList -nostdlib -Xlinker -object_path_lto -Xlinker /Users/admin/builder/spi-builder-workspace/.derivedData/Build/Intermediates.noindex/Thrappture.build/Debug-watchos/Thrappture-t.build/Objects-normal/arm64_32/Thrappture_lto.o -Xlinker -no_deduplicate -Xlinker -debug_variant -Xlinker -dependency_info -Xlinker /Users/admin/builder/spi-builder-workspace/.derivedData/Build/Intermediates.noindex/Thrappture.build/Debug-watchos/Thrappture-t.build/Objects-normal/arm64_32/Thrappture_dependency_info.dat -fobjc-link-runtime -L/Applications/Xcode-27.0.0-Release.Candidate.app/Contents/Developer/Toolchains/XcodeDefault.xctoolchain/usr/lib/swift/watchos -L/usr/lib/swift -Xlinker -add_ast_path -Xlinker /Users/admin/builder/spi-builder-workspace/.derivedData/Build/Intermediates.noindex/Thrappture.build/Debug-watchos/Thrappture-t.build/Objects-normal/arm64_32/Thrappture.swiftmodule -o /Users/admin/builder/spi-builder-workspace/.derivedData/Build/Intermediates.noindex/Thrappture.build/Debug-watchos/Thrappture-t.build/Objects-normal/arm64_32/Binary/Thrappture.o
SwiftCompile normal arm64_32 Compiling\ Functions.swift /Users/admin/builder/spi-builder-workspace/Sources/Functions.swift (in target 'Tuplé' from project 'Tuplé')
SwiftCompile normal arm64_32 /Users/admin/builder/spi-builder-workspace/Sources/Functions.swift (in target 'Tuplé' from project 'Tuplé')
cd /Users/admin/builder/spi-builder-workspace/.swiftpm/xcode
builtin-SwiftPerFileCompile Functions.swift
SwiftCompile normal arm64_32 Compiling\ map.swift /Users/admin/builder/spi-builder-workspace/Sources/Methods/Instance\ Methods/Explicit-Count\ Overloads/map.swift (in target 'Tuplé' from project 'Tuplé')
SwiftCompile normal arm64_32 /Users/admin/builder/spi-builder-workspace/Sources/Methods/Instance\ Methods/Explicit-Count\ Overloads/map.swift (in target 'Tuplé' from project 'Tuplé')
cd /Users/admin/builder/spi-builder-workspace/.swiftpm/xcode
builtin-SwiftPerFileCompile map.swift
SwiftEmitModule normal arm64_32 Emitting\ module\ for\ Tuplé (in target 'Tuplé' from project 'Tuplé')
SwiftCompile normal arm64_32 (in target 'Tuplé' from project 'Tuplé')
cd /Users/admin/builder/spi-builder-workspace/.swiftpm/xcode
SwiftCompile normal arm64_32 Compiling\ Type\ Methods.swift /Users/admin/builder/spi-builder-workspace/Sources/Methods/Type\ Methods.swift (in target 'Tuplé' from project 'Tuplé')
SwiftCompile normal arm64_32 /Users/admin/builder/spi-builder-workspace/Sources/Methods/Type\ Methods.swift (in target 'Tuplé' from project 'Tuplé')
cd /Users/admin/builder/spi-builder-workspace/.swiftpm/xcode
builtin-SwiftPerFileCompile Type\ Methods.swift
SwiftCompile normal arm64_32 Compiling\ Operators.swift /Users/admin/builder/spi-builder-workspace/Sources/Methods/Operators.swift (in target 'Tuplé' from project 'Tuplé')
SwiftCompile normal arm64_32 /Users/admin/builder/spi-builder-workspace/Sources/Methods/Operators.swift (in target 'Tuplé' from project 'Tuplé')
cd /Users/admin/builder/spi-builder-workspace/.swiftpm/xcode
builtin-SwiftPerFileCompile Operators.swift
SwiftCompile normal arm64_32 Compiling\ prefix.swift /Users/admin/builder/spi-builder-workspace/Sources/Properties/Explicit-Count\ Overloads/prefix.swift (in target 'Tuplé' from project 'Tuplé')
SwiftCompile normal arm64_32 /Users/admin/builder/spi-builder-workspace/Sources/Properties/Explicit-Count\ Overloads/prefix.swift (in target 'Tuplé' from project 'Tuplé')
cd /Users/admin/builder/spi-builder-workspace/.swiftpm/xcode
builtin-SwiftPerFileCompile prefix.swift
SwiftCompile normal arm64_32 Compiling\ Sequence.swift /Users/admin/builder/spi-builder-workspace/Sources/Extensions/Sequence.swift (in target 'Tuplé' from project 'Tuplé')
/Users/admin/builder/spi-builder-workspace/Sources/Extensions/Sequence.swift:36:40: error: value of type 'Self.Element?' has no member 'wrappedValue'
34 | do {
35 | func next() throws -> Self.Element {
36 | let next = try iterator.next().wrappedValue()
| `- error: value of type 'Self.Element?' has no member 'wrappedValue'
37 | actualCount += 1
38 | return next
Failed frontend command:
/Applications/Xcode-27.0.0-Release.Candidate.app/Contents/Developer/Toolchains/XcodeDefault.xctoolchain/usr/bin/swift-frontend -frontend -c -primary-file /Users/admin/builder/spi-builder-workspace/Sources/Extensions/Sequence.swift /Users/admin/builder/spi-builder-workspace/Sources/Functions.swift /Users/admin/builder/spi-builder-workspace/Sources/Methods/Instance\ Methods/Explicit-Count\ Overloads/map.swift /Users/admin/builder/spi-builder-workspace/Sources/Methods/Instance\ Methods/Instance\ Methods.swift /Users/admin/builder/spi-builder-workspace/Sources/Methods/Operators.swift /Users/admin/builder/spi-builder-workspace/Sources/Methods/Type\ Methods.swift /Users/admin/builder/spi-builder-workspace/Sources/Properties/Explicit-Count\ Overloads/prefix.swift /Users/admin/builder/spi-builder-workspace/Sources/Properties/Explicit-Count\ Overloads/reversed.swift /Users/admin/builder/spi-builder-workspace/Sources/Properties/Explicit-Count\ Overloads/suffix.swift /Users/admin/builder/spi-builder-workspace/Sources/Properties/Explicit-Count\ Overloads/unlabeled.swift /Users/admin/builder/spi-builder-workspace/Sources/Properties/Properties.swift /Users/admin/builder/spi-builder-workspace/Sources/Type\ Aliases.swift -emit-dependencies-path /Users/admin/builder/spi-builder-workspace/.derivedData/Build/Intermediates.noindex/Tuplé.build/Debug-watchos/Tuplé-t.build/Objects-normal/arm64_32/Sequence.d -emit-const-values-path /Users/admin/builder/spi-builder-workspace/.derivedData/Build/Intermediates.noindex/Tuplé.build/Debug-watchos/Tuplé-t.build/Objects-normal/arm64_32/Sequence.swiftconstvalues -emit-reference-dependencies-path /Users/admin/builder/spi-builder-workspace/.derivedData/Build/Intermediates.noindex/Tuplé.build/Debug-watchos/Tuplé-t.build/Objects-normal/arm64_32/Sequence.swiftdeps -serialize-diagnostics-path /Users/admin/builder/spi-builder-workspace/.derivedData/Build/Intermediates.noindex/Tuplé.build/Debug-watchos/Tuplé-t.build/Objects-normal/arm64_32/Sequence.dia -target arm64_32-apple-watchos9.0 -disable-cross-import-overlay-search -load-resolved-plugin /Applications/Xcode-27.0.0-Release.Candidate.app/Contents/Developer/Platforms/WatchOS.platform/Developer/usr/lib/swift/host/plugins/libSwiftMacros.dylib\#/Applications/Xcode-27.0.0-Release.Candidate.app/Contents/Developer/Platforms/WatchOS.platform/Developer/usr/bin/swift-plugin-server\#SwiftMacros -disable-implicit-swift-modules -Xcc -fno-implicit-modules -Xcc -fno-implicit-module-maps -explicit-swift-module-map-file /Users/admin/builder/spi-builder-workspace/.derivedData/Build/Intermediates.noindex/Tuplé.build/Debug-watchos/Tuplé-t.build/Objects-normal/arm64_32/Tuplé-dependencies-1.json -enable-objc-interop -sdk /Applications/Xcode-27.0.0-Release.Candidate.app/Contents/Developer/Platforms/WatchOS.platform/Developer/SDKs/WatchOS27.0.sdk -I /Users/admin/builder/spi-builder-workspace/.derivedData/Build/Products/Debug-watchos -Isystem /Applications/Xcode-27.0.0-Release.Candidate.app/Contents/Developer/Platforms/WatchOS.platform/Developer/usr/lib -F /Users/admin/builder/spi-builder-workspace/.derivedData/Build/Products/Debug-watchos/PackageFrameworks -F /Users/admin/builder/spi-builder-workspace/.derivedData/Build/Products/Debug-watchos -F /Applications/Xcode-27.0.0-Release.Candidate.app/Contents/Developer/Platforms/WatchOS.platform/Developer/Library/Frameworks -F /Applications/Xcode-27.0.0-Release.Candidate.app/Contents/Developer/Platforms/WatchOS.platform/Developer/SDKs/WatchOS27.0.sdk/Developer/Library/Frameworks -module-cache-path /Users/admin/builder/spi-builder-workspace/.derivedData/Build/Intermediates.noindex/SwiftExplicitPrecompiledModules -no-color-diagnostics -Xcc -fno-color-diagnostics -enable-testing -g -debug-info-format\=dwarf -dwarf-version\=4 -profile-generate -profile-coverage-mapping -swift-version 6 -Onone -D SWIFT_PACKAGE -D DEBUG -D SWIFT_MODULE_RESOURCE_BUNDLE_UNAVAILABLE -D Xcode -serialize-debugging-options -enable-experimental-feature DebugDescriptionMacro -empty-abi-descriptor -validate-clang-modules-once -clang-build-session-file /Users/admin/builder/spi-builder-workspace/.derivedData/ModuleCache.noindex/Session.modulevalidation -Xcc -working-directory -Xcc /Users/admin/builder/spi-builder-workspace/.swiftpm/xcode -enable-anonymous-context-mangled-names -file-compilation-dir /Users/admin/builder/spi-builder-workspace/.swiftpm/xcode -Xcc -D_LIBCPP_HARDENING_MODE\=_LIBCPP_HARDENING_MODE_DEBUG -Xcc -ivfsstatcache -Xcc /Users/admin/builder/spi-builder-workspace/.derivedData/SDKStatCaches.noindex/watchos27.0-24R360-e829b21a6f8c9b70876ba0858053c04477534ef55a1706bf4c1112bbb242f0a2.sdkstatcache -Xcc -fmodules-prune-interval\=86400 -Xcc -fmodules-prune-after\=345600 -Xcc -I/Users/admin/builder/spi-builder-workspace/.derivedData/Build/Products/Debug-watchos/include -Xcc -I/Users/admin/builder/spi-builder-workspace/.derivedData/Build/Intermediates.noindex/Tuplé.build/Debug-watchos/Tuplé-t.build/DerivedSources-normal/arm64_32 -Xcc -I/Users/admin/builder/spi-builder-workspace/.derivedData/Build/Intermediates.noindex/Tuplé.build/Debug-watchos/Tuplé-t.build/DerivedSources/arm64_32 -Xcc -I/Users/admin/builder/spi-builder-workspace/.derivedData/Build/Intermediates.noindex/Tuplé.build/Debug-watchos/Tuplé-t.build/DerivedSources -Xcc -DSWIFT_PACKAGE -Xcc -DDEBUG\=1 -no-auto-bridging-header-chaining -module-name Tuplé -package-name spi_builder_workspace -const-gather-protocols-file /Users/admin/builder/spi-builder-workspace/.derivedData/Build/Intermediates.noindex/Tuplé.build/Debug-watchos/Tuplé-t.build/Objects-normal/arm64_32/Tuplé_const_extract_protocols.json -disable-clang-spi -clang-target arm64_32-apple-watchos27.0 -target-sdk-version 27.0 -target-sdk-name watchos27.0 -in-process-plugin-server-path /Applications/Xcode-27.0.0-Release.Candidate.app/Contents/Developer/Toolchains/XcodeDefault.xctoolchain/usr/lib/swift/host/libSwiftInProcPluginServer.dylib -parse-as-library -o /Users/admin/builder/spi-builder-workspace/.derivedData/Build/Intermediates.noindex/Tuplé.build/Debug-watchos/Tuplé-t.build/Objects-normal/arm64_32/Sequence.o -debug-module-path /Users/admin/builder/spi-builder-workspace/.derivedData/Build/Intermediates.noindex/Tuplé.build/Debug-watchos/Tuplé-t.build/Objects-normal/arm64_32/Tuplé.swiftmodule -index-unit-output-path /Tuplé.build/Debug-watchos/Tuplé-t.build/Objects-normal/arm64_32/Sequence.o -index-store-path /Users/admin/builder/spi-builder-workspace/.derivedData/Index.noindex/DataStore -index-system-modules
SwiftCompile normal arm64_32 /Users/admin/builder/spi-builder-workspace/Sources/Extensions/Sequence.swift (in target 'Tuplé' from project 'Tuplé')
cd /Users/admin/builder/spi-builder-workspace/.swiftpm/xcode
builtin-SwiftPerFileCompile Sequence.swift
SwiftCompile normal arm64_32 Compiling\ Instance\ Methods.swift /Users/admin/builder/spi-builder-workspace/Sources/Methods/Instance\ Methods/Instance\ Methods.swift (in target 'Tuplé' from project 'Tuplé')
SwiftCompile normal arm64_32 /Users/admin/builder/spi-builder-workspace/Sources/Methods/Instance\ Methods/Instance\ Methods.swift (in target 'Tuplé' from project 'Tuplé')
cd /Users/admin/builder/spi-builder-workspace/.swiftpm/xcode
builtin-SwiftPerFileCompile Instance\ Methods.swift
SwiftEmitModule normal arm64 Emitting\ module\ for\ Tuplé (in target 'Tuplé' from project 'Tuplé')
SwiftCompile normal arm64 (in target 'Tuplé' from project 'Tuplé')
cd /Users/admin/builder/spi-builder-workspace/.swiftpm/xcode
SwiftCompile normal arm64 Compiling\ reversed.swift /Users/admin/builder/spi-builder-workspace/Sources/Properties/Explicit-Count\ Overloads/reversed.swift (in target 'Tuplé' from project 'Tuplé')
SwiftCompile normal arm64 /Users/admin/builder/spi-builder-workspace/Sources/Properties/Explicit-Count\ Overloads/reversed.swift (in target 'Tuplé' from project 'Tuplé')
cd /Users/admin/builder/spi-builder-workspace/.swiftpm/xcode
builtin-SwiftPerFileCompile reversed.swift
CreateUniversalBinary /Users/admin/builder/spi-builder-workspace/.derivedData/Build/Products/Debug-watchos/Thrappture.o normal arm64\ arm64_32 (in target 'Thrappture' from project 'Thrappture')
cd /Users/admin/builder/spi-builder-workspace/.dependencies/checkouts/Thrappture
/Applications/Xcode-27.0.0-Release.Candidate.app/Contents/Developer/Toolchains/XcodeDefault.xctoolchain/usr/bin/lipo -create /Users/admin/builder/spi-builder-workspace/.derivedData/Build/Intermediates.noindex/Thrappture.build/Debug-watchos/Thrappture-t.build/Objects-normal/arm64/Binary/Thrappture.o /Users/admin/builder/spi-builder-workspace/.derivedData/Build/Intermediates.noindex/Thrappture.build/Debug-watchos/Thrappture-t.build/Objects-normal/arm64_32/Binary/Thrappture.o -output /Users/admin/builder/spi-builder-workspace/.derivedData/Build/Products/Debug-watchos/Thrappture.o
SwiftDriverJobDiscovery normal arm64_32 Compiling Type Methods.swift (in target 'Tuplé' from project 'Tuplé')
SwiftCompile normal arm64 Compiling\ Sequence.swift /Users/admin/builder/spi-builder-workspace/Sources/Extensions/Sequence.swift (in target 'Tuplé' from project 'Tuplé')
SwiftCompile normal arm64 /Users/admin/builder/spi-builder-workspace/Sources/Extensions/Sequence.swift (in target 'Tuplé' from project 'Tuplé')
cd /Users/admin/builder/spi-builder-workspace/.swiftpm/xcode
builtin-SwiftPerFileCompile Sequence.swift
SwiftDriverJobDiscovery normal arm64_32 Compiling Functions.swift (in target 'Tuplé' from project 'Tuplé')
SwiftCompile normal arm64 Compiling\ Functions.swift /Users/admin/builder/spi-builder-workspace/Sources/Functions.swift (in target 'Tuplé' from project 'Tuplé')
SwiftCompile normal arm64 /Users/admin/builder/spi-builder-workspace/Sources/Functions.swift (in target 'Tuplé' from project 'Tuplé')
cd /Users/admin/builder/spi-builder-workspace/.swiftpm/xcode
builtin-SwiftPerFileCompile Functions.swift
SwiftDriverJobDiscovery normal arm64_32 Compiling prefix.swift (in target 'Tuplé' from project 'Tuplé')
SwiftCompile normal arm64 Compiling\ Instance\ Methods.swift /Users/admin/builder/spi-builder-workspace/Sources/Methods/Instance\ Methods/Instance\ Methods.swift (in target 'Tuplé' from project 'Tuplé')
SwiftCompile normal arm64 /Users/admin/builder/spi-builder-workspace/Sources/Methods/Instance\ Methods/Instance\ Methods.swift (in target 'Tuplé' from project 'Tuplé')
cd /Users/admin/builder/spi-builder-workspace/.swiftpm/xcode
builtin-SwiftPerFileCompile Instance\ Methods.swift
SwiftCompile normal arm64 Compiling\ map.swift /Users/admin/builder/spi-builder-workspace/Sources/Methods/Instance\ Methods/Explicit-Count\ Overloads/map.swift (in target 'Tuplé' from project 'Tuplé')
SwiftCompile normal arm64 /Users/admin/builder/spi-builder-workspace/Sources/Methods/Instance\ Methods/Explicit-Count\ Overloads/map.swift (in target 'Tuplé' from project 'Tuplé')
cd /Users/admin/builder/spi-builder-workspace/.swiftpm/xcode
builtin-SwiftPerFileCompile map.swift
PruneExplicitPrecompiledModules /Users/admin/builder/spi-builder-workspace/.derivedData/SDKExplicitPrecompiledModules
PruneExplicitPrecompiledModules /Users/admin/builder/spi-builder-workspace/.derivedData/Build/Intermediates.noindex/SwiftExplicitPrecompiledModules
PruneExplicitPrecompiledModules /Users/admin/builder/spi-builder-workspace/.derivedData/Build/Intermediates.noindex/ExplicitPrecompiledModules
2026-09-20 21:02:12.866 xcodebuild[1185:7400] [MT] IDERunDestination: Supported platforms for the buildables in the current scheme is empty.
** BUILD FAILED **
The following build commands failed:
SwiftCompile normal arm64_32 Compiling\ Sequence.swift /Users/admin/builder/spi-builder-workspace/Sources/Extensions/Sequence.swift (in target 'Tuplé' from project 'Tuplé')
SwiftCompile normal arm64_32 /Users/admin/builder/spi-builder-workspace/Sources/Extensions/Sequence.swift (in target 'Tuplé' from project 'Tuplé')
Building workspace Tuplé with scheme Tuplé
(3 failures)
BUILD FAILURE 6.4 watchOS