The Swift Package Index logo.Swift Package Index

Build Information

Failed to build UXCam, reference 3.9.0 (bc257e), with Swift 6.1 for macOS (Xcode) using Xcode 16.3 on 23 Jul 2026 01:33:27 UTC.

Build Command

env DEVELOPER_DIR=/Applications/Xcode-16.3.0.app xcrun xcodebuild -IDEClonedSourcePackagesDirPathOverride=$PWD/.dependencies -skipMacroValidation -skipPackagePluginValidation -derivedDataPath $PWD/.derivedData build -scheme UXCam -destination platform=macOS,arch=arm64

Build Log

========================================
RunAll
========================================
Builder version: undefined version: run 'make version' to update
Interrupt handler set up.
========================================
Checkout
========================================
Clone URL: https://github.com/uxcam/uxcam-ios-sdk.git
Reference: 3.9.0
Initialized empty Git repository in /Users/admin/builder/spi-builder-workspace/.git/
From https://github.com/uxcam/uxcam-ios-sdk
 * tag               3.9.0      -> FETCH_HEAD
HEAD is now at bc257e1 Merge pull request #54 from uxcam/develop
Cloned https://github.com/uxcam/uxcam-ios-sdk.git
Revision (git rev-parse @):
bc257e16b5e223615741bfa4481e82f7d17a7cab
SUCCESS checkout https://github.com/uxcam/uxcam-ios-sdk.git at 3.9.0
========================================
Build
========================================
Selected platform:         macosXcodebuild
Swift version:             6.1
Building package at path:  $PWD
https://github.com/uxcam/uxcam-ios-sdk.git
https://github.com/uxcam/uxcam-ios-sdk.git
{
  "dependencies" : [
  ],
  "manifest_display_name" : "UXCam",
  "name" : "UXCam",
  "path" : "/Users/admin/builder/spi-builder-workspace",
  "platforms" : [
    {
      "name" : "ios",
      "version" : "12.0"
    }
  ],
  "products" : [
    {
      "name" : "UXCam",
      "targets" : [
        "UXCamWrapper",
        "UXCam"
      ],
      "type" : {
        "library" : [
          "automatic"
        ]
      }
    }
  ],
  "targets" : [
    {
      "c99name" : "UXCamWrapper",
      "module_type" : "SwiftTarget",
      "name" : "UXCamWrapper",
      "path" : "UXCamWrapper",
      "product_memberships" : [
        "UXCam"
      ],
      "sources" : [
        "EmptyFile.swift"
      ],
      "type" : "library"
    },
    {
      "c99name" : "UXCam",
      "module_type" : "BinaryTarget",
      "name" : "UXCam",
      "path" : "remote/archive/UXCam.xcframework.zip",
      "product_memberships" : [
        "UXCam"
      ],
      "sources" : [
      ],
      "type" : "binary"
    }
  ],
  "tools_version" : "5.3"
}
Command line invocation:
    /Applications/Xcode-16.3.0.app/Contents/Developer/usr/bin/xcodebuild -IDEClonedSourcePackagesDirPathOverride=/Users/admin/builder/spi-builder-workspace/.dependencies -resolvePackageDependencies
Resolve Package Graph
Resolve Package Graph
Resolved source packages:
  UXCam: /Users/admin/builder/spi-builder-workspace
resolved source packages: UXCam
2026-07-22 18:33:22.912 xcodebuild[528:3062] [MT] DVTAssertions: Warning in IDEFrameworks/IDEFoundation/Execution/RunContextManager/IDERunContextManager.m:851
Details:  Error deleting scheme: Cannot modify data because the process disallows saving.
Object:   <IDERunContextManager: 0x6000017c4160>
Method:   -deleteRunContexts:completionQueue:completionBlock:
Thread:   <_NSMainThread: 0x6000035d8200>{number = 1, name = main}
Please file a bug at https://feedbackassistant.apple.com with this warning message and any useful information you can provide.
2026-07-22 18:33:22.913 xcodebuild[528:3062] could not delete old scheme: Error Domain=DVTCustomDataStoringErrors Code=0 "Cannot modify data because the process disallows saving." UserInfo={NSLocalizedDescription=Cannot modify data because the process disallows saving.}
{
  "dependencies" : [
  ],
  "manifest_display_name" : "UXCam",
  "name" : "UXCam",
  "path" : "/Users/admin/builder/spi-builder-workspace",
  "platforms" : [
    {
      "name" : "ios",
      "version" : "12.0"
    }
  ],
  "products" : [
    {
      "name" : "UXCam",
      "targets" : [
        "UXCamWrapper",
        "UXCam"
      ],
      "type" : {
        "library" : [
          "automatic"
        ]
      }
    }
  ],
  "targets" : [
    {
      "c99name" : "UXCamWrapper",
      "module_type" : "SwiftTarget",
      "name" : "UXCamWrapper",
      "path" : "UXCamWrapper",
      "product_memberships" : [
        "UXCam"
      ],
      "sources" : [
        "EmptyFile.swift"
      ],
      "type" : "library"
    },
    {
      "c99name" : "UXCam",
      "module_type" : "BinaryTarget",
      "name" : "UXCam",
      "path" : "remote/archive/UXCam.xcframework.zip",
      "product_memberships" : [
        "UXCam"
      ],
      "sources" : [
      ],
      "type" : "binary"
    }
  ],
  "tools_version" : "5.3"
}
{
  "workspace" : {
    "name" : "spi-builder-workspace",
    "schemes" : [
      "UXCam"
    ]
  }
}
Running build ...
env DEVELOPER_DIR=/Applications/Xcode-16.3.0.app xcrun xcodebuild -IDEClonedSourcePackagesDirPathOverride=$PWD/.dependencies -skipMacroValidation -skipPackagePluginValidation -derivedDataPath $PWD/.derivedData build -scheme UXCam -destination platform=macOS,arch=arm64 OTHER_SWIFT_FLAGS=-stats-output-dir .stats -strict-concurrency=complete -enable-upcoming-feature StrictConcurrency -enable-upcoming-feature DisableOutwardActorInference -enable-upcoming-feature GlobalActorIsolatedTypesUsability -enable-upcoming-feature InferSendableFromCaptures
Command line invocation:
    /Applications/Xcode-16.3.0.app/Contents/Developer/usr/bin/xcodebuild -IDEClonedSourcePackagesDirPathOverride=/Users/admin/builder/spi-builder-workspace/.dependencies -skipMacroValidation -skipPackagePluginValidation -derivedDataPath /Users/admin/builder/spi-builder-workspace/.derivedData build -scheme UXCam -destination platform=macOS,arch=arm64 "OTHER_SWIFT_FLAGS=-stats-output-dir .stats -strict-concurrency=complete -enable-upcoming-feature StrictConcurrency -enable-upcoming-feature DisableOutwardActorInference -enable-upcoming-feature GlobalActorIsolatedTypesUsability -enable-upcoming-feature InferSendableFromCaptures"
Build settings from command line:
    OTHER_SWIFT_FLAGS = -stats-output-dir .stats -strict-concurrency=complete -enable-upcoming-feature StrictConcurrency -enable-upcoming-feature DisableOutwardActorInference -enable-upcoming-feature GlobalActorIsolatedTypesUsability -enable-upcoming-feature InferSendableFromCaptures
Resolve Package Graph
Resolved source packages:
  UXCam: /Users/admin/builder/spi-builder-workspace
ComputePackagePrebuildTargetDependencyGraph
Prepare packages
CreateBuildRequest
SendProjectDescription
CreateBuildOperation
ComputeTargetDependencyGraph
note: Building targets in dependency order
note: Target dependency graph (2 targets)
    Target 'UXCam' in project 'UXCam'
        ➜ Explicit dependency on target 'UXCamWrapper' in project 'UXCam'
    Target 'UXCamWrapper' in project 'UXCam' (no dependencies)
GatherProvisioningInputs
CreateBuildDescription
ExecuteExternalTool /Applications/Xcode-16.3.0.app/Contents/Developer/Toolchains/XcodeDefault.xctoolchain/usr/bin/clang -v -E -dM -isysroot /Applications/Xcode-16.3.0.app/Contents/Developer/Platforms/MacOSX.platform/Developer/SDKs/MacOSX15.4.sdk -x c -c /dev/null
ExecuteExternalTool /Applications/Xcode-16.3.0.app/Contents/Developer/Toolchains/XcodeDefault.xctoolchain/usr/bin/swiftc --version
ExecuteExternalTool /Applications/Xcode-16.3.0.app/Contents/Developer/Toolchains/XcodeDefault.xctoolchain/usr/bin/ld -version_details
Build description signature: 33b48fe9bccb326751802a88af17a968
Build description path: /Users/admin/builder/spi-builder-workspace/.derivedData/Build/Intermediates.noindex/XCBuildData/33b48fe9bccb326751802a88af17a968.xcbuilddata
/Users/admin/builder/spi-builder-workspace/.dependencies/artifacts/spi-builder-workspace/UXCam/UXCam.xcframework:1:1: error: While building for macOS, no library for this platform was found in '/Users/admin/builder/spi-builder-workspace/.dependencies/artifacts/spi-builder-workspace/UXCam/UXCam.xcframework'. (in target 'UXCam' from project 'UXCam')
--- xcodebuild: WARNING: Using the first of multiple matching destinations:
{ platform:macOS, arch:arm64, id:e6db171b0f9215971b1c90ba29ed6edbf552842f, name:My Mac }
{ platform:macOS, arch:arm64, variant:Mac Catalyst, id:e6db171b0f9215971b1c90ba29ed6edbf552842f, name:My Mac }
{ platform:macOS, arch:arm64, variant:DriverKit, id:e6db171b0f9215971b1c90ba29ed6edbf552842f, name:My Mac }
{ platform:macOS, arch:arm64, variant:Designed for [iPad,iPhone], id:e6db171b0f9215971b1c90ba29ed6edbf552842f, name:My Mac }
** BUILD FAILED **
The following build commands failed:
	Building workspace spi-builder-workspace with scheme UXCam
(1 failure)
Command line invocation:
    /Applications/Xcode-16.3.0.app/Contents/Developer/usr/bin/xcodebuild -IDEClonedSourcePackagesDirPathOverride=/Users/admin/builder/spi-builder-workspace/.dependencies -resolvePackageDependencies
Resolve Package Graph
Resolved source packages:
  UXCam: /Users/admin/builder/spi-builder-workspace
resolved source packages: UXCam
{
  "dependencies" : [
  ],
  "manifest_display_name" : "UXCam",
  "name" : "UXCam",
  "path" : "/Users/admin/builder/spi-builder-workspace",
  "platforms" : [
    {
      "name" : "ios",
      "version" : "12.0"
    }
  ],
  "products" : [
    {
      "name" : "UXCam",
      "targets" : [
        "UXCamWrapper",
        "UXCam"
      ],
      "type" : {
        "library" : [
          "automatic"
        ]
      }
    }
  ],
  "targets" : [
    {
      "c99name" : "UXCamWrapper",
      "module_type" : "SwiftTarget",
      "name" : "UXCamWrapper",
      "path" : "UXCamWrapper",
      "product_memberships" : [
        "UXCam"
      ],
      "sources" : [
        "EmptyFile.swift"
      ],
      "type" : "library"
    },
    {
      "c99name" : "UXCam",
      "module_type" : "BinaryTarget",
      "name" : "UXCam",
      "path" : "remote/archive/UXCam.xcframework.zip",
      "product_memberships" : [
        "UXCam"
      ],
      "sources" : [
      ],
      "type" : "binary"
    }
  ],
  "tools_version" : "5.3"
}
{
  "workspace" : {
    "name" : "spi-builder-workspace",
    "schemes" : [
      "UXCam"
    ]
  }
}
Running build ...
env DEVELOPER_DIR=/Applications/Xcode-16.3.0.app xcrun xcodebuild -IDEClonedSourcePackagesDirPathOverride=$PWD/.dependencies -skipMacroValidation -skipPackagePluginValidation -derivedDataPath $PWD/.derivedData build -scheme UXCam -destination platform=macOS,arch=arm64
Command line invocation:
    /Applications/Xcode-16.3.0.app/Contents/Developer/usr/bin/xcodebuild -IDEClonedSourcePackagesDirPathOverride=/Users/admin/builder/spi-builder-workspace/.dependencies -skipMacroValidation -skipPackagePluginValidation -derivedDataPath /Users/admin/builder/spi-builder-workspace/.derivedData build -scheme UXCam -destination platform=macOS,arch=arm64
Resolve Package Graph
Resolved source packages:
  UXCam: /Users/admin/builder/spi-builder-workspace
ComputePackagePrebuildTargetDependencyGraph
Prepare packages
CreateBuildRequest
SendProjectDescription
CreateBuildOperation
ComputeTargetDependencyGraph
note: Building targets in dependency order
note: Target dependency graph (2 targets)
    Target 'UXCam' in project 'UXCam'
        ➜ Explicit dependency on target 'UXCamWrapper' in project 'UXCam'
    Target 'UXCamWrapper' in project 'UXCam' (no dependencies)
GatherProvisioningInputs
CreateBuildDescription
ExecuteExternalTool /Applications/Xcode-16.3.0.app/Contents/Developer/Toolchains/XcodeDefault.xctoolchain/usr/bin/clang -v -E -dM -isysroot /Applications/Xcode-16.3.0.app/Contents/Developer/Platforms/MacOSX.platform/Developer/SDKs/MacOSX15.4.sdk -x c -c /dev/null
ExecuteExternalTool /Applications/Xcode-16.3.0.app/Contents/Developer/Toolchains/XcodeDefault.xctoolchain/usr/bin/swiftc --version
ExecuteExternalTool /Applications/Xcode-16.3.0.app/Contents/Developer/Toolchains/XcodeDefault.xctoolchain/usr/bin/ld -version_details
Build description signature: 695daf02967a76811fa7d65c0b4d76ab
Build description path: /Users/admin/builder/spi-builder-workspace/.derivedData/Build/Intermediates.noindex/XCBuildData/695daf02967a76811fa7d65c0b4d76ab.xcbuilddata
/Users/admin/builder/spi-builder-workspace/.dependencies/artifacts/spi-builder-workspace/UXCam/UXCam.xcframework:1:1: error: While building for macOS, no library for this platform was found in '/Users/admin/builder/spi-builder-workspace/.dependencies/artifacts/spi-builder-workspace/UXCam/UXCam.xcframework'. (in target 'UXCam' from project 'UXCam')
--- xcodebuild: WARNING: Using the first of multiple matching destinations:
{ platform:macOS, arch:arm64, id:e6db171b0f9215971b1c90ba29ed6edbf552842f, name:My Mac }
{ platform:macOS, arch:arm64, variant:Mac Catalyst, id:e6db171b0f9215971b1c90ba29ed6edbf552842f, name:My Mac }
{ platform:macOS, arch:arm64, variant:DriverKit, id:e6db171b0f9215971b1c90ba29ed6edbf552842f, name:My Mac }
{ platform:macOS, arch:arm64, variant:Designed for [iPad,iPhone], id:e6db171b0f9215971b1c90ba29ed6edbf552842f, name:My Mac }
** BUILD FAILED **
The following build commands failed:
	Building workspace spi-builder-workspace with scheme UXCam
(1 failure)
BUILD FAILURE 6.1 macosXcodebuild