Build Information
Failed to build DecartSDK, reference v0.7.2 (e936ec), with Swift 6.3 for watchOS using Xcode 26.4 on 14 Oct 2026 03:40:36 UTC.
Build Command
env DEVELOPER_DIR=/Applications/Xcode-26.5.0.app xcrun xcodebuild -IDEClonedSourcePackagesDirPathOverride=$PWD/.dependencies -skipMacroValidation -skipPackagePluginValidation -derivedDataPath $PWD/.derivedData build -scheme DecartSDK -destination generic/platform=watchOSBuild Log
========================================
RunAll
========================================
Builder version: 5.1.2
Interrupt handler set up.
========================================
Checkout
========================================
Clone URL: https://github.com/DecartAI/decart-ios.git
Reference: v0.7.2
Initialized empty Git repository in /Users/admin/builder/spi-builder-workspace/.git/
From https://github.com/DecartAI/decart-ios
* tag v0.7.2 -> FETCH_HEAD
HEAD is now at e936ece chore: bump version to 0.7.2 (#50)
Cloned https://github.com/DecartAI/decart-ios.git
Revision (git rev-parse @):
e936ece88228a5bae6035b78072b5b79d0a951ae
SUCCESS checkout https://github.com/DecartAI/decart-ios.git at v0.7.2
========================================
Build
========================================
Selected platform: watchOS
Swift version: 6.3
Building package at path: $PWD
https://github.com/DecartAI/decart-ios.git
Command line invocation:
/Applications/Xcode-26.5.0.app/Contents/Developer/usr/bin/xcodebuild -IDEClonedSourcePackagesDirPathOverride=/Users/admin/builder/spi-builder-workspace/.dependencies -resolvePackageDependencies
Resolve Package Graph
Fetching from https://github.com/apple/swift-protobuf.git
Fetching from https://github.com/livekit/webrtc-xcframework.git
Fetching from https://github.com/shareup/dispatch-timer.git
Fetching from https://github.com/shareup/websocket-apple.git
Fetching from https://github.com/livekit/client-sdk-swift.git
Fetching from https://github.com/shareup/synchronized.git
Fetching from https://github.com/shareup/async-extensions.git
Fetching from https://github.com/livekit/livekit-uniffi-xcframework.git
Fetching from https://github.com/hmlongco/Factory.git
Creating working copy of package ‘Factory’
Checking out 2.5.3 of package ‘Factory’
Creating working copy of package ‘websocket-apple’
Checking out 4.1.0 of package ‘websocket-apple’
Creating working copy of package ‘client-sdk-swift’
Checking out 2.14.1 of package ‘client-sdk-swift’
Creating working copy of package ‘webrtc-xcframework’
Checking out 144.7559.6 of package ‘webrtc-xcframework’
Creating working copy of package ‘async-extensions’
Checking out 4.4.0 of package ‘async-extensions’
Creating working copy of package ‘synchronized’
Checking out 4.0.1 of package ‘synchronized’
Creating working copy of package ‘swift-protobuf’
Checking out 1.38.0 of package ‘swift-protobuf’
Creating working copy of package ‘dispatch-timer’
Checking out 3.0.1 of package ‘dispatch-timer’
Creating working copy of package ‘livekit-uniffi-xcframework’
Checking out 0.0.6 of package ‘livekit-uniffi-xcframework’
Resolved source packages:
DecartSDK: /Users/admin/builder/spi-builder-workspace @ local
Synchronized: https://github.com/shareup/synchronized.git @ 4.0.1
WebSocket: https://github.com/shareup/websocket-apple.git @ 4.1.0
DispatchTimer: https://github.com/shareup/dispatch-timer.git @ 3.0.1
LiveKit: https://github.com/livekit/client-sdk-swift.git @ 2.14.1
LiveKitWebRTC: https://github.com/livekit/webrtc-xcframework.git @ 144.7559.6
Factory: https://github.com/hmlongco/Factory.git @ 2.5.3
SwiftProtobuf: https://github.com/apple/swift-protobuf.git @ 1.38.0
AsyncExtensions: https://github.com/shareup/async-extensions.git @ 4.4.0
LiveKitUniFFI: https://github.com/livekit/livekit-uniffi-xcframework.git @ 0.0.6
resolved source packages: DecartSDK, Synchronized, WebSocket, DispatchTimer, LiveKit, LiveKitWebRTC, Factory, SwiftProtobuf, AsyncExtensions, LiveKitUniFFI
{
"dependencies" : [
{
"identity" : "client-sdk-swift",
"requirement" : {
"range" : [
{
"lower_bound" : "2.5.0",
"upper_bound" : "3.0.0"
}
]
},
"type" : "sourceControl",
"url" : "https://github.com/livekit/client-sdk-swift.git"
},
{
"identity" : "websocket-apple",
"requirement" : {
"range" : [
{
"lower_bound" : "4.1.0",
"upper_bound" : "5.0.0"
}
]
},
"type" : "sourceControl",
"url" : "https://github.com/shareup/websocket-apple.git"
}
],
"manifest_display_name" : "DecartSDK",
"name" : "DecartSDK",
"path" : "/Users/admin/builder/spi-builder-workspace",
"platforms" : [
{
"name" : "ios",
"version" : "17.0"
},
{
"name" : "macos",
"version" : "12.0"
}
],
"products" : [
{
"name" : "DecartSDK",
"targets" : [
"DecartSDK"
],
"type" : {
"library" : [
"automatic"
]
}
}
],
"targets" : [
{
"c99name" : "DecartSDKTests",
"module_type" : "SwiftTarget",
"name" : "DecartSDKTests",
"path" : "Tests/DecartSDKTests",
"sources" : [
"ConnectionQualityTests.swift",
"GlassToGlassTests.swift",
"MirroringVideoProcessorTests.swift",
"ModelConfigTests.swift",
"PixelMarkerTests.swift",
"PreflightClassifierTests.swift",
"PromptAckTests.swift",
"SignalingModelTests.swift",
"SignalingURLTests.swift"
],
"target_dependencies" : [
"DecartSDK"
],
"type" : "test"
},
{
"c99name" : "DecartSDK",
"module_type" : "SwiftTarget",
"name" : "DecartSDK",
"path" : "Sources/DecartSDK",
"product_dependencies" : [
"LiveKit",
"WebSocket"
],
"product_memberships" : [
"DecartSDK"
],
"sources" : [
"API/DecartClient.swift",
"API/DecartConfiguration.swift",
"Capture/CameraError.swift",
"Models/Inputs/InputSupport.swift",
"Models/Inputs/ModelInputs.swift",
"Models/Inputs/ModelsInputFactory.swift",
"Models/ModelDataTypes.swift",
"Models/Models.swift",
"Process/ProcessClient.swift",
"Queue/QueueClient.swift",
"Queue/QueueTypes.swift",
"Realtime/Connectivity/ConnectivityTypes.swift",
"Realtime/Connectivity/Preflight.swift",
"Realtime/Connectivity/STUNProbe.swift",
"Realtime/DecartRealtimeManager.swift",
"Realtime/LiveKit/LiveKitMediaChannel.swift",
"Realtime/LiveKit/MarkerReader.swift",
"Realtime/LiveKit/MirroringVideoProcessor.swift",
"Realtime/LiveKit/StampingVideoProcessor.swift",
"Realtime/LiveKit/SyntheticVideoSource.swift",
"Realtime/LiveKit/VideoBufferUtils.swift",
"Realtime/Models/DecartPrompt.swift",
"Realtime/Models/DecartRealtimeState.swift",
"Realtime/Models/RealtimeConnectionState.swift",
"Realtime/Models/RealtimeMediaStream.swift",
"Realtime/Models/RealtimeServiceStatus.swift",
"Realtime/Observability/ConnectionQuality.swift",
"Realtime/Observability/ConnectionQualityEvaluator.swift",
"Realtime/Observability/ConnectionQualityScoring.swift",
"Realtime/Observability/ConnectionQualityStatsCollector.swift",
"Realtime/Observability/ConnectionQualityThresholds.swift",
"Realtime/Observability/ConnectionQualityTypes.swift",
"Realtime/Observability/GlassToGlass.swift",
"Realtime/Observability/PixelMarker.swift",
"Realtime/Observability/RingBuffer.swift",
"Realtime/RealtimeConfig.swift",
"Realtime/RealtimeConfiguration.swift",
"Realtime/Transport/WebSocket/SignalingModel.swift",
"Realtime/Transport/WebSocket/WebSocketClient.swift",
"Shared/DecartError.swift",
"Shared/Logger.swift",
"SwiftUI/Realtime/RTCMLVideoViewWrapper.swift"
],
"type" : "library"
}
],
"tools_version" : "6.2.1"
}
{
"project" : {
"configurations" : [
"Debug",
"Release"
],
"name" : "Example",
"schemes" : [
"DecartSDK",
"Example"
],
"targets" : [
"Example"
]
}
}
{
"workspace" : {
"name" : "spi-builder-workspace",
"schemes" : [
"DecartSDK"
]
}
}
2026-10-13 23:40:23.070 xcodebuild[1064:5777] [MT] IDERunDestination: Supported platforms for the buildables in the current scheme is empty.
Running build ...
env DEVELOPER_DIR=/Applications/Xcode-26.5.0.app xcrun xcodebuild -IDEClonedSourcePackagesDirPathOverride=$PWD/.dependencies -skipMacroValidation -skipPackagePluginValidation -derivedDataPath $PWD/.derivedData build -scheme DecartSDK -destination generic/platform=watchOS
Command line invocation:
/Applications/Xcode-26.5.0.app/Contents/Developer/usr/bin/xcodebuild -IDEClonedSourcePackagesDirPathOverride=/Users/admin/builder/spi-builder-workspace/.dependencies -skipMacroValidation -skipPackagePluginValidation -derivedDataPath /Users/admin/builder/spi-builder-workspace/.derivedData build -scheme DecartSDK -destination generic/platform=watchOS
Resolve Package Graph
Resolve Package Graph
Resolved source packages:
WebSocket: https://github.com/shareup/websocket-apple.git @ 4.1.0
LiveKitWebRTC: https://github.com/livekit/webrtc-xcframework.git @ 144.7559.6
LiveKitUniFFI: https://github.com/livekit/livekit-uniffi-xcframework.git @ 0.0.6
DispatchTimer: https://github.com/shareup/dispatch-timer.git @ 3.0.1
AsyncExtensions: https://github.com/shareup/async-extensions.git @ 4.4.0
LiveKit: https://github.com/livekit/client-sdk-swift.git @ 2.14.1
DecartSDK: /Users/admin/builder/spi-builder-workspace
Synchronized: https://github.com/shareup/synchronized.git @ 4.0.1
SwiftProtobuf: https://github.com/apple/swift-protobuf.git @ 1.38.0
ComputePackagePrebuildTargetDependencyGraph
Prepare packages
CreateBuildRequest
SendProjectDescription
CreateBuildOperation
ComputeTargetDependencyGraph
note: Building targets in dependency order
note: Target dependency graph (20 targets)
Target 'DecartSDK' in project 'DecartSDK'
➜ Explicit dependency on target 'DecartSDK' in project 'DecartSDK'
➜ Explicit dependency on target 'LiveKit' in project 'LiveKit'
➜ Explicit dependency on target 'WebSocket' in project 'WebSocket'
Target 'DecartSDK' in project 'DecartSDK'
➜ Explicit dependency on target 'LiveKit' in project 'LiveKit'
➜ Explicit dependency on target 'WebSocket' in project 'WebSocket'
Target 'WebSocket' in project 'WebSocket'
➜ Explicit dependency on target 'WebSocket' in project 'WebSocket'
➜ Explicit dependency on target 'AsyncExtensions' in project 'AsyncExtensions'
➜ Explicit dependency on target 'DispatchTimer' in project 'DispatchTimer'
Target 'WebSocket' in project 'WebSocket'
➜ Explicit dependency on target 'AsyncExtensions' in project 'AsyncExtensions'
➜ Explicit dependency on target 'DispatchTimer' in project 'DispatchTimer'
Target 'DispatchTimer' in project 'DispatchTimer'
➜ Explicit dependency on target 'DispatchTimer' in project 'DispatchTimer'
➜ Explicit dependency on target 'Synchronized' in project 'Synchronized'
Target 'DispatchTimer' in project 'DispatchTimer'
➜ Explicit dependency on target 'Synchronized' in project 'Synchronized'
Target 'AsyncExtensions' in project 'AsyncExtensions'
➜ Explicit dependency on target 'AsyncExtensions' in project 'AsyncExtensions'
➜ Explicit dependency on target 'Synchronized' in project 'Synchronized'
Target 'AsyncExtensions' in project 'AsyncExtensions'
➜ Explicit dependency on target 'Synchronized' in project 'Synchronized'
Target 'Synchronized' in project 'Synchronized'
➜ Explicit dependency on target 'Synchronized' in project 'Synchronized'
Target 'Synchronized' in project 'Synchronized' (no dependencies)
Target 'LiveKit' in project 'LiveKit'
➜ Explicit dependency on target 'LiveKit' in project 'LiveKit'
➜ Explicit dependency on target 'LiveKit_LiveKit' in project 'LiveKit'
➜ Explicit dependency on target 'LKObjCHelpers' in project 'LiveKit'
➜ Explicit dependency on target 'LiveKitWebRTC' in project 'LiveKitWebRTC'
➜ Explicit dependency on target 'LiveKitUniFFI' in project 'LiveKitUniFFI'
➜ Explicit dependency on target 'SwiftProtobuf' in project 'SwiftProtobuf'
Target 'LiveKit' in project 'LiveKit'
➜ Explicit dependency on target 'LiveKit_LiveKit' in project 'LiveKit'
➜ Explicit dependency on target 'LKObjCHelpers' in project 'LiveKit'
➜ Explicit dependency on target 'LiveKitWebRTC' in project 'LiveKitWebRTC'
➜ Explicit dependency on target 'LiveKitUniFFI' in project 'LiveKitUniFFI'
➜ Explicit dependency on target 'SwiftProtobuf' in project 'SwiftProtobuf'
Target 'SwiftProtobuf' in project 'SwiftProtobuf'
➜ Explicit dependency on target 'SwiftProtobuf' in project 'SwiftProtobuf'
➜ Explicit dependency on target 'SwiftProtobuf_SwiftProtobuf' in project 'SwiftProtobuf'
Target 'SwiftProtobuf' in project 'SwiftProtobuf'
➜ Explicit dependency on target 'SwiftProtobuf_SwiftProtobuf' in project 'SwiftProtobuf'
Target 'SwiftProtobuf_SwiftProtobuf' in project 'SwiftProtobuf' (no dependencies)
Target 'LiveKitUniFFI' in project 'LiveKitUniFFI'
➜ Explicit dependency on target 'LiveKitUniFFI' in project 'LiveKitUniFFI'
Target 'LiveKitUniFFI' in project 'LiveKitUniFFI' (no dependencies)
Target 'LiveKitWebRTC' in project 'LiveKitWebRTC' (no dependencies)
Target 'LKObjCHelpers' in project 'LiveKit' (no dependencies)
Target 'LiveKit_LiveKit' in project 'LiveKit' (no dependencies)
GatherProvisioningInputs
CreateBuildDescription
ExecuteExternalTool /Applications/Xcode-26.5.0.app/Contents/Developer/Toolchains/XcodeDefault.xctoolchain/usr/bin/clang -v -E -dM -arch arm64 -isysroot /Applications/Xcode-26.5.0.app/Contents/Developer/Platforms/WatchOS.platform/Developer/SDKs/WatchOS26.5.sdk -x objective-c -c /dev/null
ExecuteExternalTool /Applications/Xcode-26.5.0.app/Contents/Developer/Toolchains/XcodeDefault.xctoolchain/usr/bin/swiftc --version
ExecuteExternalTool /Applications/Xcode-26.5.0.app/Contents/Developer/Toolchains/XcodeDefault.xctoolchain/usr/bin/clang -v -E -dM -isysroot /Applications/Xcode-26.5.0.app/Contents/Developer/Platforms/WatchOS.platform/Developer/SDKs/WatchOS26.5.sdk -x c -c /dev/null
ExecuteExternalTool /Applications/Xcode-26.5.0.app/Contents/Developer/Toolchains/XcodeDefault.xctoolchain/usr/bin/clang -v -E -dM -arch arm64 -isysroot /Applications/Xcode-26.5.0.app/Contents/Developer/Platforms/WatchOS.platform/Developer/SDKs/WatchOS26.5.sdk -x c -c /dev/null
ExecuteExternalTool /Applications/Xcode-26.5.0.app/Contents/Developer/Toolchains/XcodeDefault.xctoolchain/usr/bin/ld -version_details
ExecuteExternalTool /Applications/Xcode-26.5.0.app/Contents/Developer/Toolchains/XcodeDefault.xctoolchain/usr/bin/clang -v -E -dM -arch armv7k -isysroot /Applications/Xcode-26.5.0.app/Contents/Developer/Platforms/WatchOS.platform/Developer/SDKs/WatchOS26.5.sdk -x objective-c -c /dev/null
ExecuteExternalTool /Applications/Xcode-26.5.0.app/Contents/Developer/Toolchains/XcodeDefault.xctoolchain/usr/bin/clang -v -E -dM -arch armv7k -isysroot /Applications/Xcode-26.5.0.app/Contents/Developer/Platforms/WatchOS.platform/Developer/SDKs/WatchOS26.5.sdk -x c -c /dev/null
ExecuteExternalTool /Applications/Xcode-26.5.0.app/Contents/Developer/Toolchains/XcodeDefault.xctoolchain/usr/bin/clang -v -E -dM -arch arm64_32 -isysroot /Applications/Xcode-26.5.0.app/Contents/Developer/Platforms/WatchOS.platform/Developer/SDKs/WatchOS26.5.sdk -x objective-c -c /dev/null
ReadFileContents /Applications/Xcode-26.5.0.app/Contents/Developer/Toolchains/XcodeDefault.xctoolchain/usr/share/docc/features.json
ExecuteExternalTool /Applications/Xcode-26.5.0.app/Contents/Developer/Toolchains/XcodeDefault.xctoolchain/usr/bin/clang -v -E -dM -arch arm64_32 -isysroot /Applications/Xcode-26.5.0.app/Contents/Developer/Platforms/WatchOS.platform/Developer/SDKs/WatchOS26.5.sdk -x c -c /dev/null
Build description signature: 2adfd9a22dcde050a4b25582efbd77fa
Build description path: /Users/admin/builder/spi-builder-workspace/.derivedData/Build/Intermediates.noindex/XCBuildData/2adfd9a22dcde050a4b25582efbd77fa.xcbuilddata
/Users/admin/builder/spi-builder-workspace/.dependencies/artifacts/webrtc-xcframework/LiveKitWebRTC/LiveKitWebRTC.xcframework:1:1: error: While building for watchOS, no library for this platform was found in '/Users/admin/builder/spi-builder-workspace/.dependencies/artifacts/webrtc-xcframework/LiveKitWebRTC/LiveKitWebRTC.xcframework'. (in target 'DecartSDK' from project 'DecartSDK')
/Users/admin/builder/spi-builder-workspace/.dependencies/artifacts/webrtc-xcframework/LiveKitWebRTC/LiveKitWebRTC.xcframework:1:1: error: While building for watchOS, no library for this platform was found in '/Users/admin/builder/spi-builder-workspace/.dependencies/artifacts/webrtc-xcframework/LiveKitWebRTC/LiveKitWebRTC.xcframework'. (in target 'DecartSDK' from project 'DecartSDK')
/Users/admin/builder/spi-builder-workspace/.dependencies/artifacts/livekit-uniffi-xcframework/RustLiveKitUniFFI/RustLiveKitUniFFI.xcframework:1:1: error: While building for watchOS, no library for this platform was found in '/Users/admin/builder/spi-builder-workspace/.dependencies/artifacts/livekit-uniffi-xcframework/RustLiveKitUniFFI/RustLiveKitUniFFI.xcframework'. (in target 'DecartSDK' from project 'DecartSDK')
/Users/admin/builder/spi-builder-workspace/.dependencies/artifacts/webrtc-xcframework/LiveKitWebRTC/LiveKitWebRTC.xcframework:1:1: error: While building for watchOS, no library for this platform was found in '/Users/admin/builder/spi-builder-workspace/.dependencies/artifacts/webrtc-xcframework/LiveKitWebRTC/LiveKitWebRTC.xcframework'. (in target 'LiveKit' from project 'LiveKit')
/Users/admin/builder/spi-builder-workspace/.dependencies/artifacts/webrtc-xcframework/LiveKitWebRTC/LiveKitWebRTC.xcframework:1:1: error: While building for watchOS, no library for this platform was found in '/Users/admin/builder/spi-builder-workspace/.dependencies/artifacts/webrtc-xcframework/LiveKitWebRTC/LiveKitWebRTC.xcframework'. (in target 'LiveKit' from project 'LiveKit')
/Users/admin/builder/spi-builder-workspace/.dependencies/artifacts/livekit-uniffi-xcframework/RustLiveKitUniFFI/RustLiveKitUniFFI.xcframework:1:1: error: While building for watchOS, no library for this platform was found in '/Users/admin/builder/spi-builder-workspace/.dependencies/artifacts/livekit-uniffi-xcframework/RustLiveKitUniFFI/RustLiveKitUniFFI.xcframework'. (in target 'LiveKit' from project 'LiveKit')
/Users/admin/builder/spi-builder-workspace/.dependencies/artifacts/livekit-uniffi-xcframework/RustLiveKitUniFFI/RustLiveKitUniFFI.xcframework:1:1: error: While building for watchOS, no library for this platform was found in '/Users/admin/builder/spi-builder-workspace/.dependencies/artifacts/livekit-uniffi-xcframework/RustLiveKitUniFFI/RustLiveKitUniFFI.xcframework'. (in target 'LiveKitUniFFI' from project 'LiveKitUniFFI')
/Users/admin/builder/spi-builder-workspace/.dependencies/artifacts/webrtc-xcframework/LiveKitWebRTC/LiveKitWebRTC.xcframework:1:1: error: While building for watchOS, no library for this platform was found in '/Users/admin/builder/spi-builder-workspace/.dependencies/artifacts/webrtc-xcframework/LiveKitWebRTC/LiveKitWebRTC.xcframework'. (in target 'LiveKit' from project 'LiveKit')
/Users/admin/builder/spi-builder-workspace/.dependencies/artifacts/livekit-uniffi-xcframework/RustLiveKitUniFFI/RustLiveKitUniFFI.xcframework:1:1: error: While building for watchOS, no library for this platform was found in '/Users/admin/builder/spi-builder-workspace/.dependencies/artifacts/livekit-uniffi-xcframework/RustLiveKitUniFFI/RustLiveKitUniFFI.xcframework'. (in target 'LiveKitUniFFI' from project 'LiveKitUniFFI')
/Users/admin/builder/spi-builder-workspace/.dependencies/artifacts/webrtc-xcframework/LiveKitWebRTC/LiveKitWebRTC.xcframework:1:1: error: While building for watchOS, no library for this platform was found in '/Users/admin/builder/spi-builder-workspace/.dependencies/artifacts/webrtc-xcframework/LiveKitWebRTC/LiveKitWebRTC.xcframework'. (in target 'LiveKitWebRTC' from project 'LiveKitWebRTC')
2026-10-13 23:40:27.863 xcodebuild[1068:5820] [MT] IDERunDestination: Supported platforms for the buildables in the current scheme is empty.
** BUILD FAILED **
The following build commands failed:
Building workspace spi-builder-workspace with scheme DecartSDK
(1 failure)
Command line invocation:
/Applications/Xcode-26.5.0.app/Contents/Developer/usr/bin/xcodebuild -IDEClonedSourcePackagesDirPathOverride=/Users/admin/builder/spi-builder-workspace/.dependencies -resolvePackageDependencies
Resolve Package Graph
Resolved source packages:
WebSocket: https://github.com/shareup/websocket-apple.git @ 4.1.0
DispatchTimer: https://github.com/shareup/dispatch-timer.git @ 3.0.1
DecartSDK: /Users/admin/builder/spi-builder-workspace
SwiftProtobuf: https://github.com/apple/swift-protobuf.git @ 1.38.0
LiveKitUniFFI: https://github.com/livekit/livekit-uniffi-xcframework.git @ 0.0.6
LiveKit: https://github.com/livekit/client-sdk-swift.git @ 2.14.1
Synchronized: https://github.com/shareup/synchronized.git @ 4.0.1
LiveKitWebRTC: https://github.com/livekit/webrtc-xcframework.git @ 144.7559.6
AsyncExtensions: https://github.com/shareup/async-extensions.git @ 4.4.0
resolved source packages: WebSocket, DispatchTimer, DecartSDK, SwiftProtobuf, LiveKitUniFFI, LiveKit, Synchronized, LiveKitWebRTC, AsyncExtensions
2026-10-13 23:40:31.798 xcodebuild[1211:6445] [MT] IDERunDestination: Supported platforms for the buildables in the current scheme is empty.
{
"dependencies" : [
{
"identity" : "client-sdk-swift",
"requirement" : {
"range" : [
{
"lower_bound" : "2.5.0",
"upper_bound" : "3.0.0"
}
]
},
"type" : "sourceControl",
"url" : "https://github.com/livekit/client-sdk-swift.git"
},
{
"identity" : "websocket-apple",
"requirement" : {
"range" : [
{
"lower_bound" : "4.1.0",
"upper_bound" : "5.0.0"
}
]
},
"type" : "sourceControl",
"url" : "https://github.com/shareup/websocket-apple.git"
}
],
"manifest_display_name" : "DecartSDK",
"name" : "DecartSDK",
"path" : "/Users/admin/builder/spi-builder-workspace",
"platforms" : [
{
"name" : "ios",
"version" : "17.0"
},
{
"name" : "macos",
"version" : "12.0"
}
],
"products" : [
{
"name" : "DecartSDK",
"targets" : [
"DecartSDK"
],
"type" : {
"library" : [
"automatic"
]
}
}
],
"targets" : [
{
"c99name" : "DecartSDKTests",
"module_type" : "SwiftTarget",
"name" : "DecartSDKTests",
"path" : "Tests/DecartSDKTests",
"sources" : [
"ConnectionQualityTests.swift",
"GlassToGlassTests.swift",
"MirroringVideoProcessorTests.swift",
"ModelConfigTests.swift",
"PixelMarkerTests.swift",
"PreflightClassifierTests.swift",
"PromptAckTests.swift",
"SignalingModelTests.swift",
"SignalingURLTests.swift"
],
"target_dependencies" : [
"DecartSDK"
],
"type" : "test"
},
{
"c99name" : "DecartSDK",
"module_type" : "SwiftTarget",
"name" : "DecartSDK",
"path" : "Sources/DecartSDK",
"product_dependencies" : [
"LiveKit",
"WebSocket"
],
"product_memberships" : [
"DecartSDK"
],
"sources" : [
"API/DecartClient.swift",
"API/DecartConfiguration.swift",
"Capture/CameraError.swift",
"Models/Inputs/InputSupport.swift",
"Models/Inputs/ModelInputs.swift",
"Models/Inputs/ModelsInputFactory.swift",
"Models/ModelDataTypes.swift",
"Models/Models.swift",
"Process/ProcessClient.swift",
"Queue/QueueClient.swift",
"Queue/QueueTypes.swift",
"Realtime/Connectivity/ConnectivityTypes.swift",
"Realtime/Connectivity/Preflight.swift",
"Realtime/Connectivity/STUNProbe.swift",
"Realtime/DecartRealtimeManager.swift",
"Realtime/LiveKit/LiveKitMediaChannel.swift",
"Realtime/LiveKit/MarkerReader.swift",
"Realtime/LiveKit/MirroringVideoProcessor.swift",
"Realtime/LiveKit/StampingVideoProcessor.swift",
"Realtime/LiveKit/SyntheticVideoSource.swift",
"Realtime/LiveKit/VideoBufferUtils.swift",
"Realtime/Models/DecartPrompt.swift",
"Realtime/Models/DecartRealtimeState.swift",
"Realtime/Models/RealtimeConnectionState.swift",
"Realtime/Models/RealtimeMediaStream.swift",
"Realtime/Models/RealtimeServiceStatus.swift",
"Realtime/Observability/ConnectionQuality.swift",
"Realtime/Observability/ConnectionQualityEvaluator.swift",
"Realtime/Observability/ConnectionQualityScoring.swift",
"Realtime/Observability/ConnectionQualityStatsCollector.swift",
"Realtime/Observability/ConnectionQualityThresholds.swift",
"Realtime/Observability/ConnectionQualityTypes.swift",
"Realtime/Observability/GlassToGlass.swift",
"Realtime/Observability/PixelMarker.swift",
"Realtime/Observability/RingBuffer.swift",
"Realtime/RealtimeConfig.swift",
"Realtime/RealtimeConfiguration.swift",
"Realtime/Transport/WebSocket/SignalingModel.swift",
"Realtime/Transport/WebSocket/WebSocketClient.swift",
"Shared/DecartError.swift",
"Shared/Logger.swift",
"SwiftUI/Realtime/RTCMLVideoViewWrapper.swift"
],
"type" : "library"
}
],
"tools_version" : "6.2.1"
}
{
"workspace" : {
"name" : "spi-builder-workspace",
"schemes" : [
"DecartSDK"
]
}
}
2026-10-13 23:40:33.742 xcodebuild[1246:6598] [MT] IDERunDestination: Supported platforms for the buildables in the current scheme is empty.
Running build ...
env DEVELOPER_DIR=/Applications/Xcode-26.5.0.app xcrun xcodebuild -IDEClonedSourcePackagesDirPathOverride=$PWD/.dependencies -skipMacroValidation -skipPackagePluginValidation -derivedDataPath $PWD/.derivedData build -scheme DecartSDK -destination generic/platform=watchOS
Command line invocation:
/Applications/Xcode-26.5.0.app/Contents/Developer/usr/bin/xcodebuild -IDEClonedSourcePackagesDirPathOverride=/Users/admin/builder/spi-builder-workspace/.dependencies -skipMacroValidation -skipPackagePluginValidation -derivedDataPath /Users/admin/builder/spi-builder-workspace/.derivedData build -scheme DecartSDK -destination generic/platform=watchOS
Resolve Package Graph
Resolved source packages:
AsyncExtensions: https://github.com/shareup/async-extensions.git @ 4.4.0
SwiftProtobuf: https://github.com/apple/swift-protobuf.git @ 1.38.0
Synchronized: https://github.com/shareup/synchronized.git @ 4.0.1
LiveKitWebRTC: https://github.com/livekit/webrtc-xcframework.git @ 144.7559.6
WebSocket: https://github.com/shareup/websocket-apple.git @ 4.1.0
DecartSDK: /Users/admin/builder/spi-builder-workspace
LiveKit: https://github.com/livekit/client-sdk-swift.git @ 2.14.1
LiveKitUniFFI: https://github.com/livekit/livekit-uniffi-xcframework.git @ 0.0.6
DispatchTimer: https://github.com/shareup/dispatch-timer.git @ 3.0.1
ComputePackagePrebuildTargetDependencyGraph
Prepare packages
CreateBuildRequest
SendProjectDescription
CreateBuildOperation
ComputeTargetDependencyGraph
note: Building targets in dependency order
note: Target dependency graph (20 targets)
Target 'DecartSDK' in project 'DecartSDK'
➜ Explicit dependency on target 'DecartSDK' in project 'DecartSDK'
➜ Explicit dependency on target 'LiveKit' in project 'LiveKit'
➜ Explicit dependency on target 'WebSocket' in project 'WebSocket'
Target 'DecartSDK' in project 'DecartSDK'
➜ Explicit dependency on target 'LiveKit' in project 'LiveKit'
➜ Explicit dependency on target 'WebSocket' in project 'WebSocket'
Target 'WebSocket' in project 'WebSocket'
➜ Explicit dependency on target 'WebSocket' in project 'WebSocket'
➜ Explicit dependency on target 'AsyncExtensions' in project 'AsyncExtensions'
➜ Explicit dependency on target 'DispatchTimer' in project 'DispatchTimer'
Target 'WebSocket' in project 'WebSocket'
➜ Explicit dependency on target 'AsyncExtensions' in project 'AsyncExtensions'
➜ Explicit dependency on target 'DispatchTimer' in project 'DispatchTimer'
Target 'DispatchTimer' in project 'DispatchTimer'
➜ Explicit dependency on target 'DispatchTimer' in project 'DispatchTimer'
➜ Explicit dependency on target 'Synchronized' in project 'Synchronized'
Target 'DispatchTimer' in project 'DispatchTimer'
➜ Explicit dependency on target 'Synchronized' in project 'Synchronized'
Target 'AsyncExtensions' in project 'AsyncExtensions'
➜ Explicit dependency on target 'AsyncExtensions' in project 'AsyncExtensions'
➜ Explicit dependency on target 'Synchronized' in project 'Synchronized'
Target 'AsyncExtensions' in project 'AsyncExtensions'
➜ Explicit dependency on target 'Synchronized' in project 'Synchronized'
Target 'Synchronized' in project 'Synchronized'
➜ Explicit dependency on target 'Synchronized' in project 'Synchronized'
Target 'Synchronized' in project 'Synchronized' (no dependencies)
Target 'LiveKit' in project 'LiveKit'
➜ Explicit dependency on target 'LiveKit' in project 'LiveKit'
➜ Explicit dependency on target 'LiveKit_LiveKit' in project 'LiveKit'
➜ Explicit dependency on target 'LKObjCHelpers' in project 'LiveKit'
➜ Explicit dependency on target 'LiveKitWebRTC' in project 'LiveKitWebRTC'
➜ Explicit dependency on target 'LiveKitUniFFI' in project 'LiveKitUniFFI'
➜ Explicit dependency on target 'SwiftProtobuf' in project 'SwiftProtobuf'
Target 'LiveKit' in project 'LiveKit'
➜ Explicit dependency on target 'LiveKit_LiveKit' in project 'LiveKit'
➜ Explicit dependency on target 'LKObjCHelpers' in project 'LiveKit'
➜ Explicit dependency on target 'LiveKitWebRTC' in project 'LiveKitWebRTC'
➜ Explicit dependency on target 'LiveKitUniFFI' in project 'LiveKitUniFFI'
➜ Explicit dependency on target 'SwiftProtobuf' in project 'SwiftProtobuf'
Target 'SwiftProtobuf' in project 'SwiftProtobuf'
➜ Explicit dependency on target 'SwiftProtobuf' in project 'SwiftProtobuf'
➜ Explicit dependency on target 'SwiftProtobuf_SwiftProtobuf' in project 'SwiftProtobuf'
Target 'SwiftProtobuf' in project 'SwiftProtobuf'
➜ Explicit dependency on target 'SwiftProtobuf_SwiftProtobuf' in project 'SwiftProtobuf'
Target 'SwiftProtobuf_SwiftProtobuf' in project 'SwiftProtobuf' (no dependencies)
Target 'LiveKitUniFFI' in project 'LiveKitUniFFI'
➜ Explicit dependency on target 'LiveKitUniFFI' in project 'LiveKitUniFFI'
Target 'LiveKitUniFFI' in project 'LiveKitUniFFI' (no dependencies)
Target 'LiveKitWebRTC' in project 'LiveKitWebRTC' (no dependencies)
Target 'LKObjCHelpers' in project 'LiveKit' (no dependencies)
Target 'LiveKit_LiveKit' in project 'LiveKit' (no dependencies)
GatherProvisioningInputs
CreateBuildDescription
ExecuteExternalTool /Applications/Xcode-26.5.0.app/Contents/Developer/Toolchains/XcodeDefault.xctoolchain/usr/bin/clang -v -E -dM -arch arm64 -isysroot /Applications/Xcode-26.5.0.app/Contents/Developer/Platforms/WatchOS.platform/Developer/SDKs/WatchOS26.5.sdk -x objective-c -c /dev/null
ExecuteExternalTool /Applications/Xcode-26.5.0.app/Contents/Developer/Toolchains/XcodeDefault.xctoolchain/usr/bin/swiftc --version
ExecuteExternalTool /Applications/Xcode-26.5.0.app/Contents/Developer/Toolchains/XcodeDefault.xctoolchain/usr/bin/clang -v -E -dM -isysroot /Applications/Xcode-26.5.0.app/Contents/Developer/Platforms/WatchOS.platform/Developer/SDKs/WatchOS26.5.sdk -x c -c /dev/null
ExecuteExternalTool /Applications/Xcode-26.5.0.app/Contents/Developer/Toolchains/XcodeDefault.xctoolchain/usr/bin/clang -v -E -dM -arch arm64 -isysroot /Applications/Xcode-26.5.0.app/Contents/Developer/Platforms/WatchOS.platform/Developer/SDKs/WatchOS26.5.sdk -x c -c /dev/null
ExecuteExternalTool /Applications/Xcode-26.5.0.app/Contents/Developer/Toolchains/XcodeDefault.xctoolchain/usr/bin/ld -version_details
ExecuteExternalTool /Applications/Xcode-26.5.0.app/Contents/Developer/Toolchains/XcodeDefault.xctoolchain/usr/bin/clang -v -E -dM -arch armv7k -isysroot /Applications/Xcode-26.5.0.app/Contents/Developer/Platforms/WatchOS.platform/Developer/SDKs/WatchOS26.5.sdk -x objective-c -c /dev/null
ExecuteExternalTool /Applications/Xcode-26.5.0.app/Contents/Developer/Toolchains/XcodeDefault.xctoolchain/usr/bin/clang -v -E -dM -arch armv7k -isysroot /Applications/Xcode-26.5.0.app/Contents/Developer/Platforms/WatchOS.platform/Developer/SDKs/WatchOS26.5.sdk -x c -c /dev/null
ExecuteExternalTool /Applications/Xcode-26.5.0.app/Contents/Developer/Toolchains/XcodeDefault.xctoolchain/usr/bin/clang -v -E -dM -arch arm64_32 -isysroot /Applications/Xcode-26.5.0.app/Contents/Developer/Platforms/WatchOS.platform/Developer/SDKs/WatchOS26.5.sdk -x objective-c -c /dev/null
ReadFileContents /Applications/Xcode-26.5.0.app/Contents/Developer/Toolchains/XcodeDefault.xctoolchain/usr/share/docc/features.json
ExecuteExternalTool /Applications/Xcode-26.5.0.app/Contents/Developer/Toolchains/XcodeDefault.xctoolchain/usr/bin/clang -v -E -dM -arch arm64_32 -isysroot /Applications/Xcode-26.5.0.app/Contents/Developer/Platforms/WatchOS.platform/Developer/SDKs/WatchOS26.5.sdk -x c -c /dev/null
Build description signature: 2adfd9a22dcde050a4b25582efbd77fa
Build description path: /Users/admin/builder/spi-builder-workspace/.derivedData/Build/Intermediates.noindex/XCBuildData/2adfd9a22dcde050a4b25582efbd77fa.xcbuilddata
/Users/admin/builder/spi-builder-workspace/.dependencies/artifacts/webrtc-xcframework/LiveKitWebRTC/LiveKitWebRTC.xcframework:1:1: error: While building for watchOS, no library for this platform was found in '/Users/admin/builder/spi-builder-workspace/.dependencies/artifacts/webrtc-xcframework/LiveKitWebRTC/LiveKitWebRTC.xcframework'. (in target 'LiveKit' from project 'LiveKit')
/Users/admin/builder/spi-builder-workspace/.dependencies/artifacts/livekit-uniffi-xcframework/RustLiveKitUniFFI/RustLiveKitUniFFI.xcframework:1:1: error: While building for watchOS, no library for this platform was found in '/Users/admin/builder/spi-builder-workspace/.dependencies/artifacts/livekit-uniffi-xcframework/RustLiveKitUniFFI/RustLiveKitUniFFI.xcframework'. (in target 'LiveKitUniFFI' from project 'LiveKitUniFFI')
/Users/admin/builder/spi-builder-workspace/.dependencies/artifacts/webrtc-xcframework/LiveKitWebRTC/LiveKitWebRTC.xcframework:1:1: error: While building for watchOS, no library for this platform was found in '/Users/admin/builder/spi-builder-workspace/.dependencies/artifacts/webrtc-xcframework/LiveKitWebRTC/LiveKitWebRTC.xcframework'. (in target 'LiveKitWebRTC' from project 'LiveKitWebRTC')
/Users/admin/builder/spi-builder-workspace/.dependencies/artifacts/webrtc-xcframework/LiveKitWebRTC/LiveKitWebRTC.xcframework:1:1: error: While building for watchOS, no library for this platform was found in '/Users/admin/builder/spi-builder-workspace/.dependencies/artifacts/webrtc-xcframework/LiveKitWebRTC/LiveKitWebRTC.xcframework'. (in target 'LiveKit' from project 'LiveKit')
/Users/admin/builder/spi-builder-workspace/.dependencies/artifacts/webrtc-xcframework/LiveKitWebRTC/LiveKitWebRTC.xcframework:1:1: error: While building for watchOS, no library for this platform was found in '/Users/admin/builder/spi-builder-workspace/.dependencies/artifacts/webrtc-xcframework/LiveKitWebRTC/LiveKitWebRTC.xcframework'. (in target 'LiveKit' from project 'LiveKit')
/Users/admin/builder/spi-builder-workspace/.dependencies/artifacts/livekit-uniffi-xcframework/RustLiveKitUniFFI/RustLiveKitUniFFI.xcframework:1:1: error: While building for watchOS, no library for this platform was found in '/Users/admin/builder/spi-builder-workspace/.dependencies/artifacts/livekit-uniffi-xcframework/RustLiveKitUniFFI/RustLiveKitUniFFI.xcframework'. (in target 'LiveKit' from project 'LiveKit')
/Users/admin/builder/spi-builder-workspace/.dependencies/artifacts/webrtc-xcframework/LiveKitWebRTC/LiveKitWebRTC.xcframework:1:1: error: While building for watchOS, no library for this platform was found in '/Users/admin/builder/spi-builder-workspace/.dependencies/artifacts/webrtc-xcframework/LiveKitWebRTC/LiveKitWebRTC.xcframework'. (in target 'DecartSDK' from project 'DecartSDK')
/Users/admin/builder/spi-builder-workspace/.dependencies/artifacts/webrtc-xcframework/LiveKitWebRTC/LiveKitWebRTC.xcframework:1:1: error: While building for watchOS, no library for this platform was found in '/Users/admin/builder/spi-builder-workspace/.dependencies/artifacts/webrtc-xcframework/LiveKitWebRTC/LiveKitWebRTC.xcframework'. (in target 'DecartSDK' from project 'DecartSDK')
/Users/admin/builder/spi-builder-workspace/.dependencies/artifacts/livekit-uniffi-xcframework/RustLiveKitUniFFI/RustLiveKitUniFFI.xcframework:1:1: error: While building for watchOS, no library for this platform was found in '/Users/admin/builder/spi-builder-workspace/.dependencies/artifacts/livekit-uniffi-xcframework/RustLiveKitUniFFI/RustLiveKitUniFFI.xcframework'. (in target 'DecartSDK' from project 'DecartSDK')
/Users/admin/builder/spi-builder-workspace/.dependencies/artifacts/livekit-uniffi-xcframework/RustLiveKitUniFFI/RustLiveKitUniFFI.xcframework:1:1: error: While building for watchOS, no library for this platform was found in '/Users/admin/builder/spi-builder-workspace/.dependencies/artifacts/livekit-uniffi-xcframework/RustLiveKitUniFFI/RustLiveKitUniFFI.xcframework'. (in target 'LiveKitUniFFI' from project 'LiveKitUniFFI')
2026-10-13 23:40:35.412 xcodebuild[1274:6715] [MT] IDERunDestination: Supported platforms for the buildables in the current scheme is empty.
** BUILD FAILED **
The following build commands failed:
Building workspace spi-builder-workspace with scheme DecartSDK
(1 failure)
BUILD FAILURE 6.3 watchOS